HEX
Server: nginx/1.18.0
System: Linux ip-172-31-28-230 6.8.0-1039-aws #41~22.04.1-Ubuntu SMP Thu Sep 11 10:54:48 UTC 2025 x86_64
User: ubuntu (1000)
PHP: 8.2.26
Disabled: NONE
Upload Files
File: //var/log/nginx/earthpayments_access.log.1
13.127.223.153 - - [01/Jun/2026:00:00:57 +0000] "GET / HTTP/1.1" 200 73287 "-" "Uptime-Kuma/1.23.11"
13.127.223.153 - - [01/Jun/2026:00:00:57 +0000] "GET / HTTP/1.1" 200 73287 "-" "Uptime-Kuma/1.23.11"
13.127.223.153 - - [01/Jun/2026:00:01:59 +0000] "GET / HTTP/1.1" 200 73287 "-" "Uptime-Kuma/1.23.11"
13.127.223.153 - - [01/Jun/2026:00:01:59 +0000] "GET / HTTP/1.1" 200 73287 "-" "Uptime-Kuma/1.23.11"
45.24.222.113 - - [01/Jun/2026:00:02:39 +0000] "GET /how-it-works/ HTTP/1.1" 404 9386 "-" "Mozilla/5.0 (Macintosh; Intel Mac OS X 14_4_0) AppleWebKit/537.36 (KHTML, like Gecko) Chrome/128.0.6613.84 Safari/537.36"
13.127.223.153 - - [01/Jun/2026:00:03:00 +0000] "GET / HTTP/1.1" 200 73287 "-" "Uptime-Kuma/1.23.11"
13.127.223.153 - - [01/Jun/2026:00:03:00 +0000] "GET / HTTP/1.1" 200 73287 "-" "Uptime-Kuma/1.23.11"
64.62.156.142 - - [01/Jun/2026:00:03:02 +0000] "GET / HTTP/1.1" 301 5 "-" "Mozilla/5.0 (X11; Linux x86_64) AppleWebKit/537.36 (KHTML, like Gecko) Chrome/128.0.0.0 Safari/537.36"
192.178.6.41 - - [01/Jun/2026:00:03:33 +0000] "GET /gaining-confidence-with-mostbet-kod-promocyjny-bez-depozytu-2/ HTTP/1.1" 200 12922 "-" "Mozilla/5.0 (Linux; Android 6.0.1; Nexus 5X Build/MMB29P) AppleWebKit/537.36 (KHTML, like Gecko) Chrome/148.0.7778.96 Mobile Safari/537.36 (compatible; GoogleOther)"
192.178.6.32 - - [01/Jun/2026:00:03:35 +0000] "GET /wp-content/themes/hello-elementor/style.min.css?ver=3.2.1 HTTP/1.1" 200 1980 "https://earthpayments.com/gaining-confidence-with-mostbet-kod-promocyjny-bez-depozytu-2/" "Mozilla/5.0 (Linux; Android 6.0.1; Nexus 5X Build/MMB29P) AppleWebKit/537.36 (KHTML, like Gecko) Chrome/148.0.7778.96 Mobile Safari/537.36 (compatible; GoogleOther)"
192.178.6.33 - - [01/Jun/2026:00:03:35 +0000] "GET /wp-content/plugins/elementor/assets/lib/font-awesome/js/v4-shims.min.js?ver=3.25.5 HTTP/1.1" 200 4828 "https://earthpayments.com/gaining-confidence-with-mostbet-kod-promocyjny-bez-depozytu-2/" "Mozilla/5.0 (Linux; Android 6.0.1; Nexus 5X Build/MMB29P) AppleWebKit/537.36 (KHTML, like Gecko) Chrome/148.0.7778.96 Mobile Safari/537.36 (compatible; GoogleOther)"
192.178.6.41 - - [01/Jun/2026:00:03:36 +0000] "GET /wp-content/plugins/elementor-pro/assets/css/conditionals/popup.min.css?ver=3.25.5 HTTP/1.1" 200 995 "https://earthpayments.com/gaining-confidence-with-mostbet-kod-promocyjny-bez-depozytu-2/" "Mozilla/5.0 (Linux; Android 6.0.1; Nexus 5X Build/MMB29P) AppleWebKit/537.36 (KHTML, like Gecko) Chrome/148.0.7778.96 Mobile Safari/537.36 (compatible; GoogleOther)"
192.178.6.41 - - [01/Jun/2026:00:03:36 +0000] "GET /wp-content/plugins/elementor/assets/css/widget-text-editor.min.css?ver=3.25.5 HTTP/1.1" 200 704 "https://earthpayments.com/gaining-confidence-with-mostbet-kod-promocyjny-bez-depozytu-2/" "Mozilla/5.0 (Linux; Android 6.0.1; Nexus 5X Build/MMB29P) AppleWebKit/537.36 (KHTML, like Gecko) Chrome/148.0.7778.96 Mobile Safari/537.36 (compatible; GoogleOther)"
192.178.6.32 - - [01/Jun/2026:00:03:37 +0000] "GET /wp-content/plugins/elementor/assets/lib/font-awesome/css/all.min.css?ver=3.25.5 HTTP/1.1" 200 14781 "https://earthpayments.com/gaining-confidence-with-mostbet-kod-promocyjny-bez-depozytu-2/" "Mozilla/5.0 (Linux; Android 6.0.1; Nexus 5X Build/MMB29P) AppleWebKit/537.36 (KHTML, like Gecko) Chrome/148.0.7778.96 Mobile Safari/537.36 (compatible; GoogleOther)"
192.178.6.32 - - [01/Jun/2026:00:03:37 +0000] "GET /wp-content/plugins/metform/public/assets/lib/cute-alert/cute-alert.js?ver=4.1.2 HTTP/1.1" 200 1274 "https://earthpayments.com/gaining-confidence-with-mostbet-kod-promocyjny-bez-depozytu-2/" "Mozilla/5.0 (Linux; Android 6.0.1; Nexus 5X Build/MMB29P) AppleWebKit/537.36 (KHTML, like Gecko) Chrome/148.0.7778.96 Mobile Safari/537.36 (compatible; GoogleOther)"
192.178.6.41 - - [01/Jun/2026:00:03:38 +0000] "GET /wp-content/plugins/elementor/assets/lib/swiper/v8/css/swiper.min.css?ver=8.4.5 HTTP/1.1" 200 5189 "https://earthpayments.com/gaining-confidence-with-mostbet-kod-promocyjny-bez-depozytu-2/" "Mozilla/5.0 (Linux; Android 6.0.1; Nexus 5X Build/MMB29P) AppleWebKit/537.36 (KHTML, like Gecko) Chrome/148.0.7778.96 Mobile Safari/537.36 (compatible; GoogleOther)"
192.178.6.32 - - [01/Jun/2026:00:03:38 +0000] "GET /wp-content/plugins/metform/public/assets/lib/cute-alert/style.css?ver=4.1.2 HTTP/1.1" 200 1352 "https://earthpayments.com/gaining-confidence-with-mostbet-kod-promocyjny-bez-depozytu-2/" "Mozilla/5.0 (Linux; Android 6.0.1; Nexus 5X Build/MMB29P) AppleWebKit/537.36 (KHTML, like Gecko) Chrome/148.0.7778.96 Mobile Safari/537.36 (compatible; GoogleOther)"
13.127.223.153 - - [01/Jun/2026:00:04:01 +0000] "GET / HTTP/1.1" 200 73287 "-" "Uptime-Kuma/1.23.11"
13.127.223.153 - - [01/Jun/2026:00:04:01 +0000] "GET / HTTP/1.1" 200 73287 "-" "Uptime-Kuma/1.23.11"
208.84.101.224 - - [01/Jun/2026:00:04:12 +0000] "GET / HTTP/1.1" 200 17314 "-" "Mozilla/5.0 (Macintosh; Intel Mac OS X 10_15_7) AppleWebKit/605.1.15 (KHTML, like Gecko) Version/17.6 Safari/605.1.15"
208.84.101.224 - - [01/Jun/2026:00:04:16 +0000] "GET /secrets.json HTTP/1.1" 404 9386 "-" "Mozilla/5.0 (compatible; Amazonbot/0.1; +https://developer.amazon.com/support/amazonbot)"
208.84.101.224 - - [01/Jun/2026:00:04:20 +0000] "GET /secrets.yml HTTP/1.1" 404 9386 "-" "Mozilla/5.0 (compatible; Applebot/0.1; +http://www.apple.com/go/applebot)"
208.84.101.224 - - [01/Jun/2026:00:04:21 +0000] "GET /storage/logs/laravel.log HTTP/1.1" 404 9386 "-" "Mozilla/5.0 AppleWebKit/537.36 (KHTML, like Gecko); compatible; OAI-SearchBot/1.0; +https://openai.com/searchbot"
208.84.101.224 - - [01/Jun/2026:00:04:21 +0000] "GET /application.yml HTTP/1.1" 404 9386 "-" "Mozilla/5.0 AppleWebKit/537.36 (KHTML, like Gecko); compatible; ClaudeBot/1.0; +mailto:support@anthropic.com"
208.84.101.224 - - [01/Jun/2026:00:04:26 +0000] "GET /config/application.properties HTTP/1.1" 404 9386 "-" "Mozilla/5.0 AppleWebKit/537.36 (KHTML, like Gecko); compatible; Perplexity-User/1.0; +https://perplexity.ai/perplexity-user"
208.84.101.224 - - [01/Jun/2026:00:04:27 +0000] "GET /application.properties HTTP/1.1" 404 9386 "-" "Mozilla/5.0 AppleWebKit/537.36 (KHTML, like Gecko); compatible; ClaudeBot/1.0; +mailto:support@anthropic.com"
208.84.101.224 - - [01/Jun/2026:00:04:29 +0000] "GET /config/secrets.yml HTTP/1.1" 404 9386 "-" "Mozilla/5.0 AppleWebKit/537.36 (KHTML, like Gecko); compatible; ClaudeBot/1.0; +mailto:support@anthropic.com"
208.84.101.224 - - [01/Jun/2026:00:04:34 +0000] "GET /config.env HTTP/1.1" 404 9386 "-" "Mozilla/5.0 (compatible; Google-Extended/1.0; +http://www.google.com/bot.html)"
208.84.101.224 - - [01/Jun/2026:00:04:37 +0000] "GET /wp-includes/js/dist/i18n.min.js?ver=c26c3dc7bed366793375 HTTP/1.1" 200 2367 "-" "Mozilla/5.0 (Macintosh; Intel Mac OS X 10_15_7) AppleWebKit/537.36 (KHTML, like Gecko) Chrome/131.0.0.0 Safari/537.36 Edg/131.0.0.0"
208.84.101.224 - - [01/Jun/2026:00:04:37 +0000] "GET /wp-includes/js/dist/hooks.min.js?ver=dd5603f07f9220ed27f1 HTTP/1.1" 200 2075 "-" "Mozilla/5.0 (Linux; U; Android 14; zh-CN; SM-S921B Build/UP1A.231005.007) AppleWebKit/537.36 (KHTML, like Gecko) Version/4.0 Chrome/131.0.0.0 MQQBrowser/14.5 Mobile Safari/537.36"
208.84.101.224 - - [01/Jun/2026:00:04:37 +0000] "GET /wp-content/plugins/elementor-pro/assets/js/frontend.min.js?ver=3.25.5 HTTP/1.1" 200 7762 "-" "Mozilla/5.0 (Linux; Android 13; SM-G998B) AppleWebKit/537.36 (KHTML, like Gecko) SamsungBrowser/26.0 Chrome/122.0.0.0 Mobile Safari/537.36"
208.84.101.224 - - [01/Jun/2026:00:04:49 +0000] "GET /config.js HTTP/1.1" 404 162 "-" "Mozilla/5.0 AppleWebKit/537.36 (KHTML, like Gecko); compatible; GPTBot/1.2; +https://openai.com/gptbot"
208.84.101.224 - - [01/Jun/2026:00:04:49 +0000] "GET /config.json HTTP/1.1" 404 9386 "-" "Mozilla/5.0 AppleWebKit/537.36 (KHTML, like Gecko); compatible; OAI-SearchBot/1.0; +https://openai.com/searchbot"
208.84.101.224 - - [01/Jun/2026:00:04:49 +0000] "GET /__/firebase/init.json HTTP/1.1" 404 9386 "-" "CCBot/2.0 (https://commoncrawl.org/faq/)"
208.84.101.224 - - [01/Jun/2026:00:04:49 +0000] "GET /v1/graphql HTTP/1.1" 404 9386 "-" "meta-externalagent/1.1 (+https://developers.facebook.com/docs/sharing/webmasters/crawler)"
208.84.101.224 - - [01/Jun/2026:00:04:50 +0000] "GET /api/config HTTP/1.1" 404 9386 "-" "anthropic-ai"
208.84.101.224 - - [01/Jun/2026:00:04:51 +0000] "GET /api/settings HTTP/1.1" 404 9386 "-" "Mozilla/5.0 (compatible; Googlebot/2.1; +http://www.google.com/bot.html)"
208.84.101.224 - - [01/Jun/2026:00:04:53 +0000] "GET /firebase-config.json HTTP/1.1" 404 9386 "-" "Mozilla/5.0 AppleWebKit/537.36 (KHTML, like Gecko); compatible; GPTBot/1.2; +https://openai.com/gptbot"
208.84.101.224 - - [01/Jun/2026:00:04:53 +0000] "GET /env.js HTTP/1.1" 404 162 "-" "CCBot/2.0 (https://commoncrawl.org/faq/)"
208.84.101.224 - - [01/Jun/2026:00:04:53 +0000] "GET /env.json HTTP/1.1" 404 9386 "-" "CCBot/2.0 (https://commoncrawl.org/faq/)"
208.84.101.224 - - [01/Jun/2026:00:04:53 +0000] "GET /settings.json HTTP/1.1" 404 9386 "-" "Mozilla/5.0 AppleWebKit/537.36 (KHTML, like Gecko); compatible; GPTBot/1.2; +https://openai.com/gptbot"
208.84.101.224 - - [01/Jun/2026:00:04:53 +0000] "GET /api/v1/settings HTTP/1.1" 404 9386 "-" "Mozilla/5.0 (compatible; Googlebot/2.1; +http://www.google.com/bot.html)"
208.84.101.224 - - [01/Jun/2026:00:04:54 +0000] "GET /api/v2/config HTTP/1.1" 404 9386 "-" "Mozilla/5.0 (compatible; Google-Extended/1.0; +http://www.google.com/bot.html)"
208.84.101.224 - - [01/Jun/2026:00:04:54 +0000] "GET /api/v1/config HTTP/1.1" 404 9386 "-" "Mozilla/5.0 AppleWebKit/537.36 (KHTML, like Gecko); compatible; OAI-SearchBot/1.0; +https://openai.com/searchbot"
208.84.101.224 - - [01/Jun/2026:00:04:55 +0000] "GET /runtime-config.js HTTP/1.1" 404 162 "-" "Mozilla/5.0 AppleWebKit/537.36 (KHTML, like Gecko); compatible; GPTBot/1.2; +https://openai.com/gptbot"
208.84.101.224 - - [01/Jun/2026:00:04:55 +0000] "GET /api/env HTTP/1.1" 404 9386 "-" "Mozilla/5.0 AppleWebKit/537.36 (KHTML, like Gecko); compatible; Perplexity-User/1.0; +https://perplexity.ai/perplexity-user"
208.84.101.224 - - [01/Jun/2026:00:04:56 +0000] "GET /manifest.webmanifest HTTP/1.1" 404 9386 "-" "Mozilla/5.0 AppleWebKit/537.36 (KHTML, like Gecko); compatible; PerplexityBot/1.0; +https://perplexity.ai/perplexitybot"
208.84.101.224 - - [01/Jun/2026:00:04:56 +0000] "GET /openapi.json HTTP/1.1" 404 9386 "-" "CCBot/2.0 (https://commoncrawl.org/faq/)"
208.84.101.224 - - [01/Jun/2026:00:04:57 +0000] "GET /api/v2/settings HTTP/1.1" 404 9386 "-" "anthropic-ai"
208.84.101.224 - - [01/Jun/2026:00:04:57 +0000] "GET /api/openapi.json HTTP/1.1" 404 9386 "-" "CCBot/2.0 (https://commoncrawl.org/faq/)"
208.84.101.224 - - [01/Jun/2026:00:04:57 +0000] "GET /api/health HTTP/1.1" 404 9386 "-" "CCBot/2.0 (https://commoncrawl.org/faq/)"
208.84.101.224 - - [01/Jun/2026:00:04:57 +0000] "GET /api/account HTTP/1.1" 404 9386 "-" "Mozilla/5.0 (compatible; Applebot/0.1; +http://www.apple.com/go/applebot)"
208.84.101.224 - - [01/Jun/2026:00:04:58 +0000] "GET /app-config.json HTTP/1.1" 404 9386 "-" "Mozilla/5.0 AppleWebKit/537.36 (KHTML, like Gecko); compatible; OAI-SearchBot/1.0; +https://openai.com/searchbot"
208.84.101.224 - - [01/Jun/2026:00:04:59 +0000] "GET /health HTTP/1.1" 404 9386 "-" "anthropic-ai"
208.84.101.224 - - [01/Jun/2026:00:04:59 +0000] "GET /__env.js HTTP/1.1" 404 162 "-" "meta-externalagent/1.1 (+https://developers.facebook.com/docs/sharing/webmasters/crawler)"
146.174.161.78 - - [01/Jun/2026:00:05:01 +0000] "GET /hello-world/ HTTP/1.1" 404 9386 "-" "Mozilla/5.0 (Windows NT 10.0; Win64; x64) AppleWebKit/537.36 (KHTML, like Gecko) Chrome/129.0.6668.29 Safari/537.36"
13.127.223.153 - - [01/Jun/2026:00:05:02 +0000] "GET / HTTP/1.1" 200 73287 "-" "Uptime-Kuma/1.23.11"
13.127.223.153 - - [01/Jun/2026:00:05:02 +0000] "GET / HTTP/1.1" 200 73287 "-" "Uptime-Kuma/1.23.11"
208.84.101.224 - - [01/Jun/2026:00:05:04 +0000] "GET /sitemap.xml HTTP/1.1" 404 162 "-" "Mozilla/5.0 (Macintosh; Intel Mac OS X 14.6; rv:132.0) Gecko/20100101 Firefox/132.0"
208.84.101.224 - - [01/Jun/2026:00:05:12 +0000] "GET /webpack-stats.json HTTP/1.1" 404 9386 "-" "Mozilla/5.0 (Linux; Android 14; Pixel 8) AppleWebKit/537.36 (KHTML, like Gecko) Version/4.0 Chrome/131.0.0.0 Mobile Safari/537.36 AliApp(DingTalk/7.5.30) com.alibaba.android.rimet/35900215 Channel/201200"
208.84.101.224 - - [01/Jun/2026:00:05:12 +0000] "GET /manifest.json HTTP/1.1" 404 9386 "-" "Mozilla/5.0 (Macintosh; Intel Mac OS X 10_15_7) AppleWebKit/537.36 (KHTML, like Gecko) Chrome/131.0.0.0 Safari/537.36"
208.84.101.224 - - [01/Jun/2026:00:05:12 +0000] "GET /asset-manifest.json HTTP/1.1" 404 9386 "-" "Mozilla/5.0 (iPhone; CPU iPhone OS 18_1 like Mac OS X) AppleWebKit/605.1.15 (KHTML, like Gecko) Mobile/15E148 DingTalk(2.7.10) com.laiwang.DingTalk/35900215 Channel/201200 language/zh-Hans-CN"
208.84.101.224 - - [01/Jun/2026:00:05:19 +0000] "GET /_next/build-manifest.json HTTP/1.1" 404 9386 "-" "Mozilla/5.0 (Windows NT 10.0; Win64; x64) AppleWebKit/537.36 (KHTML, like Gecko) Chrome/131.0.0.0 Safari/537.36 Vivaldi/7.0.3495.27"
208.84.101.224 - - [01/Jun/2026:00:05:19 +0000] "GET /build-manifest.json HTTP/1.1" 404 9386 "-" "Mozilla/5.0 (Windows NT 10.0; Win64; x64) AppleWebKit/537.36 (KHTML, like Gecko) Chrome/129.0.0.0 Safari/537.36"
208.84.101.224 - - [01/Jun/2026:00:05:20 +0000] "GET /_next/static/buildManifest.js HTTP/1.1" 404 162 "-" "Mozilla/5.0 (iPhone; CPU iPhone OS 17_7 like Mac OS X) AppleWebKit/605.1.15 (KHTML, like Gecko) Version/17.7 Mobile/15E148 Safari/604.1"
208.84.101.224 - - [01/Jun/2026:00:05:24 +0000] "GET /dist/manifest.json HTTP/1.1" 404 9386 "-" "Mozilla/5.0 (Macintosh; Intel Mac OS X 10_15_7) AppleWebKit/605.1.15 (KHTML, like Gecko) Version/17.6 Safari/605.1.15"
208.84.101.224 - - [01/Jun/2026:00:05:25 +0000] "GET /build/manifest.json HTTP/1.1" 404 9386 "-" "Mozilla/5.0 (iPad; CPU OS 18_1 like Mac OS X) AppleWebKit/605.1.15 (KHTML, like Gecko) Version/18.1 Mobile/15E148 Safari/604.1"
208.84.101.224 - - [01/Jun/2026:00:05:27 +0000] "GET /_nuxt/builds/latest.json HTTP/1.1" 404 9386 "-" "Mozilla/5.0 (Windows NT 10.0; WOW64) AppleWebKit/537.36 (KHTML, like Gecko) Chrome/107.0.5304.141 Safari/537.36 MicroMessenger/3.9.10.27135 NetType/WIFI WindowsWechat"
13.127.223.153 - - [01/Jun/2026:00:06:03 +0000] "GET / HTTP/1.1" 200 73287 "-" "Uptime-Kuma/1.23.11"
13.127.223.153 - - [01/Jun/2026:00:06:03 +0000] "GET / HTTP/1.1" 200 73287 "-" "Uptime-Kuma/1.23.11"
13.127.223.153 - - [01/Jun/2026:00:07:05 +0000] "GET / HTTP/1.1" 200 73287 "-" "Uptime-Kuma/1.23.11"
13.127.223.153 - - [01/Jun/2026:00:07:05 +0000] "GET / HTTP/1.1" 200 73287 "-" "Uptime-Kuma/1.23.11"
13.127.223.153 - - [01/Jun/2026:00:08:06 +0000] "GET / HTTP/1.1" 200 73287 "-" "Uptime-Kuma/1.23.11"
13.127.223.153 - - [01/Jun/2026:00:08:06 +0000] "GET / HTTP/1.1" 200 73287 "-" "Uptime-Kuma/1.23.11"
13.127.223.153 - - [01/Jun/2026:00:09:07 +0000] "GET / HTTP/1.1" 200 73287 "-" "Uptime-Kuma/1.23.11"
13.127.223.153 - - [01/Jun/2026:00:09:07 +0000] "GET / HTTP/1.1" 200 73287 "-" "Uptime-Kuma/1.23.11"
64.62.156.142 - - [01/Jun/2026:00:09:11 +0000] "GET /webui/ HTTP/1.1" 404 9386 "-" "Mozilla/5.0 (Macintosh; Intel Mac OS X 10.15; rv:109.0) Gecko/20100101 Firefox/110.0"
149.57.17.231 - - [01/Jun/2026:00:09:31 +0000] "POST / HTTP/1.1" 200 17314 "-" "Mozilla/5.0 (Windows NT 10.0; Win64; x64) AppleWebKit/537.36 (KHTML, like Gecko) Chrome/116.0.5845.140 Safari/537.36"
13.127.223.153 - - [01/Jun/2026:00:10:08 +0000] "GET / HTTP/1.1" 200 73287 "-" "Uptime-Kuma/1.23.11"
13.127.223.153 - - [01/Jun/2026:00:10:08 +0000] "GET / HTTP/1.1" 200 73287 "-" "Uptime-Kuma/1.23.11"
13.127.223.153 - - [01/Jun/2026:00:11:10 +0000] "GET / HTTP/1.1" 200 73287 "-" "Uptime-Kuma/1.23.11"
13.127.223.153 - - [01/Jun/2026:00:11:10 +0000] "GET / HTTP/1.1" 200 73287 "-" "Uptime-Kuma/1.23.11"
13.127.223.153 - - [01/Jun/2026:00:12:11 +0000] "GET / HTTP/1.1" 200 73287 "-" "Uptime-Kuma/1.23.11"
13.127.223.153 - - [01/Jun/2026:00:12:11 +0000] "GET / HTTP/1.1" 200 73287 "-" "Uptime-Kuma/1.23.11"
94.159.98.16 - - [01/Jun/2026:00:13:05 +0000] "GET /wp-login.php HTTP/1.1" 200 2098 "" "Mozilla/5.0 (Windows NT 10.0; Win64; x64; rv:142.0) Gecko/20100101 Firefox/142.0"
94.159.98.16 - - [01/Jun/2026:00:13:11 +0000] "POST /wp-login.php HTTP/1.1" 200 2286 "https://quotemelimo.com/wp-login.php?redirect_to=https%3A%2F%2Fquotemelimo.com%2Fwp-admin%2F" "Mozilla/5.0 (Windows NT 10.0; Win64; x64; rv:142.0) Gecko/20100101 Firefox/142.0"
13.127.223.153 - - [01/Jun/2026:00:13:12 +0000] "GET / HTTP/1.1" 200 73287 "-" "Uptime-Kuma/1.23.11"
13.127.223.153 - - [01/Jun/2026:00:13:12 +0000] "GET / HTTP/1.1" 200 73287 "-" "Uptime-Kuma/1.23.11"
64.62.156.151 - - [01/Jun/2026:00:13:17 +0000] "GET / HTTP/1.1" 301 5 "-" "Mozilla/5.0 (X11; Linux x86_64) AppleWebKit/537.36 (KHTML, like Gecko) Chrome/128.0.0.0 Safari/537.36"
52.4.149.131 - - [01/Jun/2026:00:14:13 +0000] "POST /wp-cron.php?doing_wp_cron=1780272853.9555759429931640625000 HTTP/1.1" 499 0 "-" "WordPress/6.9.1; https://earthpayments.com"
13.127.223.153 - - [01/Jun/2026:00:14:13 +0000] "GET / HTTP/1.1" 200 73287 "-" "Uptime-Kuma/1.23.11"
52.4.149.131 - - [01/Jun/2026:00:14:13 +0000] "POST /wp-cron.php?doing_wp_cron=1780272853.9555759429931640625000 HTTP/1.1" 499 0 "-" "WordPress/6.9.1; https://earthpayments.com"
13.127.223.153 - - [01/Jun/2026:00:14:14 +0000] "GET / HTTP/1.1" 200 73287 "-" "Uptime-Kuma/1.23.11"
64.62.156.145 - - [01/Jun/2026:00:14:57 +0000] "GET / HTTP/1.1" 301 5 "-" "Mozilla/5.0 (X11; Linux x86_64) AppleWebKit/537.36 (KHTML, like Gecko) Chrome/124.0.0.0 Safari/537.36"
13.127.223.153 - - [01/Jun/2026:00:15:15 +0000] "GET / HTTP/1.1" 200 73287 "-" "Uptime-Kuma/1.23.11"
13.127.223.153 - - [01/Jun/2026:00:15:15 +0000] "GET / HTTP/1.1" 200 73287 "-" "Uptime-Kuma/1.23.11"
51.161.65.42 - - [01/Jun/2026:00:15:34 +0000] "GET /le-promozioni-piu-allettanti-dei-migliori-casino-online-non-aams-3/feed/ HTTP/1.1" 200 484 "-" "Mozilla/5.0 (compatible; AhrefsBot/7.0; +http://ahrefs.com/robot/)"
192.178.6.33 - - [01/Jun/2026:00:16:03 +0000] "GET /gaining-confidence-with-mostbet-kod-promocyjny-bez-depozytu-4/ HTTP/1.1" 200 12921 "-" "Mozilla/5.0 (Linux; Android 6.0.1; Nexus 5X Build/MMB29P) AppleWebKit/537.36 (KHTML, like Gecko) Chrome/148.0.7778.96 Mobile Safari/537.36 (compatible; GoogleOther)"
13.127.223.153 - - [01/Jun/2026:00:16:16 +0000] "GET / HTTP/1.1" 200 73287 "-" "Uptime-Kuma/1.23.11"
13.127.223.153 - - [01/Jun/2026:00:16:16 +0000] "GET / HTTP/1.1" 200 73287 "-" "Uptime-Kuma/1.23.11"
147.185.132.90 - - [01/Jun/2026:00:16:25 +0000] "GET /wp-login.php HTTP/1.1" 200 5926 "-" "Hello from Palo Alto Networks, find out more about our scans in https://docs-cortex.paloaltonetworks.com/r/1/Cortex-Xpanse/Scanning-activity"
13.127.223.153 - - [01/Jun/2026:00:17:17 +0000] "GET / HTTP/1.1" 200 73287 "-" "Uptime-Kuma/1.23.11"
13.127.223.153 - - [01/Jun/2026:00:17:17 +0000] "GET / HTTP/1.1" 200 73287 "-" "Uptime-Kuma/1.23.11"
13.127.223.153 - - [01/Jun/2026:00:18:18 +0000] "GET / HTTP/1.1" 200 73287 "-" "Uptime-Kuma/1.23.11"
13.127.223.153 - - [01/Jun/2026:00:18:18 +0000] "GET / HTTP/1.1" 200 73287 "-" "Uptime-Kuma/1.23.11"
64.188.119.225 - - [01/Jun/2026:00:18:32 +0000] "POST /cgi-bin/.%2e/.%2e/.%2e/.%2e/.%2e/.%2e/.%2e/.%2e/.%2e/.%2e/bin/sh HTTP/1.1" 400 166 "-" "-"
64.188.119.225 - - [01/Jun/2026:00:18:33 +0000] "POST /cgi-bin/%%32%65%%32%65/%%32%65%%32%65/%%32%65%%32%65/%%32%65%%32%65/%%32%65%%32%65/%%32%65%%32%65/%%32%65%%32%65/bin/sh HTTP/1.1" 400 166 "-" "-"
64.188.119.225 - - [01/Jun/2026:00:18:34 +0000] "POST /hello.world?%ADd+allow_url_include%3d1+%ADd+auto_prepend_file%3dphp://input HTTP/1.1" 404 34110 "-" "libredtail-http"
13.127.223.153 - - [01/Jun/2026:00:19:19 +0000] "GET / HTTP/1.1" 200 73287 "-" "Uptime-Kuma/1.23.11"
13.127.223.153 - - [01/Jun/2026:00:19:19 +0000] "GET / HTTP/1.1" 200 73287 "-" "Uptime-Kuma/1.23.11"
13.127.223.153 - - [01/Jun/2026:00:20:21 +0000] "GET / HTTP/1.1" 200 73287 "-" "Uptime-Kuma/1.23.11"
13.127.223.153 - - [01/Jun/2026:00:20:21 +0000] "GET / HTTP/1.1" 200 73287 "-" "Uptime-Kuma/1.23.11"
192.178.6.41 - - [01/Jun/2026:00:21:02 +0000] "GET /mostbet-az-bukmeker-ve-kazino-mostbet-giris-r-smi-sayt/feed/ HTTP/1.1" 200 440 "-" "Mozilla/5.0 (Linux; Android 6.0.1; Nexus 5X Build/MMB29P) AppleWebKit/537.36 (KHTML, like Gecko) Chrome/148.0.7778.96 Mobile Safari/537.36 (compatible; GoogleOther)"
13.127.223.153 - - [01/Jun/2026:00:21:22 +0000] "GET / HTTP/1.1" 200 73287 "-" "Uptime-Kuma/1.23.11"
13.127.223.153 - - [01/Jun/2026:00:21:22 +0000] "GET / HTTP/1.1" 200 73287 "-" "Uptime-Kuma/1.23.11"
54.39.6.8 - - [01/Jun/2026:00:22:22 +0000] "GET /le-promozioni-piu-allettanti-dei-migliori-casino-online-non-aams-4/feed/ HTTP/1.1" 200 485 "-" "Mozilla/5.0 (compatible; AhrefsBot/7.0; +http://ahrefs.com/robot/)"
13.127.223.153 - - [01/Jun/2026:00:22:23 +0000] "GET / HTTP/1.1" 200 73287 "-" "Uptime-Kuma/1.23.11"
13.127.223.153 - - [01/Jun/2026:00:22:23 +0000] "GET / HTTP/1.1" 200 73287 "-" "Uptime-Kuma/1.23.11"
13.127.223.153 - - [01/Jun/2026:00:23:24 +0000] "GET / HTTP/1.1" 200 73287 "-" "Uptime-Kuma/1.23.11"
13.127.223.153 - - [01/Jun/2026:00:23:24 +0000] "GET / HTTP/1.1" 200 73287 "-" "Uptime-Kuma/1.23.11"
13.127.223.153 - - [01/Jun/2026:00:24:26 +0000] "GET / HTTP/1.1" 200 73287 "-" "Uptime-Kuma/1.23.11"
13.127.223.153 - - [01/Jun/2026:00:24:26 +0000] "GET / HTTP/1.1" 200 73287 "-" "Uptime-Kuma/1.23.11"
13.127.223.153 - - [01/Jun/2026:00:25:27 +0000] "GET / HTTP/1.1" 200 73287 "-" "Uptime-Kuma/1.23.11"
13.127.223.153 - - [01/Jun/2026:00:25:27 +0000] "GET / HTTP/1.1" 200 73287 "-" "Uptime-Kuma/1.23.11"
20.169.73.35 - - [01/Jun/2026:00:26:02 +0000] "GET / HTTP/1.1" 200 17314 "-" "Mozilla/5.0 AppleWebKit/537.36 (KHTML, like Gecko); compatible; ChatGPT-User/1.0; +https://openai.com/bot"
20.169.73.34 - - [01/Jun/2026:00:26:05 +0000] "GET / HTTP/1.1" 200 17314 "-" "Mozilla/5.0 AppleWebKit/537.36 (KHTML, like Gecko); compatible; ChatGPT-User/1.0; +https://openai.com/bot"
13.127.223.153 - - [01/Jun/2026:00:26:28 +0000] "GET / HTTP/1.1" 200 73287 "-" "Uptime-Kuma/1.23.11"
13.127.223.153 - - [01/Jun/2026:00:26:28 +0000] "GET / HTTP/1.1" 200 73287 "-" "Uptime-Kuma/1.23.11"
13.127.223.153 - - [01/Jun/2026:00:27:29 +0000] "GET / HTTP/1.1" 200 73287 "-" "Uptime-Kuma/1.23.11"
13.127.223.153 - - [01/Jun/2026:00:27:29 +0000] "GET / HTTP/1.1" 200 73287 "-" "Uptime-Kuma/1.23.11"
13.127.223.153 - - [01/Jun/2026:00:28:30 +0000] "GET / HTTP/1.1" 200 73287 "-" "Uptime-Kuma/1.23.11"
13.127.223.153 - - [01/Jun/2026:00:28:30 +0000] "GET / HTTP/1.1" 200 73287 "-" "Uptime-Kuma/1.23.11"
13.127.223.153 - - [01/Jun/2026:00:29:32 +0000] "GET / HTTP/1.1" 200 73287 "-" "Uptime-Kuma/1.23.11"
13.127.223.153 - - [01/Jun/2026:00:29:32 +0000] "GET / HTTP/1.1" 200 73287 "-" "Uptime-Kuma/1.23.11"
13.127.223.153 - - [01/Jun/2026:00:30:33 +0000] "GET / HTTP/1.1" 200 73287 "-" "Uptime-Kuma/1.23.11"
13.127.223.153 - - [01/Jun/2026:00:30:33 +0000] "GET / HTTP/1.1" 200 73287 "-" "Uptime-Kuma/1.23.11"
13.127.223.153 - - [01/Jun/2026:00:31:34 +0000] "GET / HTTP/1.1" 200 73287 "-" "Uptime-Kuma/1.23.11"
13.127.223.153 - - [01/Jun/2026:00:31:34 +0000] "GET / HTTP/1.1" 200 73287 "-" "Uptime-Kuma/1.23.11"
74.7.228.208 - - [01/Jun/2026:00:32:33 +0000] "GET / HTTP/1.1" 200 17314 "-" "Mozilla/5.0 (Macintosh; Intel Mac OS X 10_15_7) AppleWebKit/537.36 (KHTML, like Gecko) Chrome/131.0.0.0 Safari/537.36; compatible; OAI-SearchBot/1.4; +https://openai.com/searchbot"
13.127.223.153 - - [01/Jun/2026:00:32:35 +0000] "GET / HTTP/1.1" 200 73287 "-" "Uptime-Kuma/1.23.11"
13.127.223.153 - - [01/Jun/2026:00:32:35 +0000] "GET / HTTP/1.1" 200 73287 "-" "Uptime-Kuma/1.23.11"
74.7.228.249 - - [01/Jun/2026:00:32:36 +0000] "GET /wp-json/oembed/1.0/embed?url=https%3A%2F%2Fearthpayments.com%2F HTTP/1.1" 200 1088 "https://earthpayments.com/" "Mozilla/5.0 (Macintosh; Intel Mac OS X 10_15_7) AppleWebKit/537.36 (KHTML, like Gecko) Chrome/131.0.0.0 Safari/537.36; compatible; OAI-SearchBot/1.4; +https://openai.com/searchbot"
74.7.228.208 - - [01/Jun/2026:00:32:39 +0000] "GET /wp-json/wp/v2/pages/8 HTTP/1.1" 200 8649 "https://earthpayments.com/" "Mozilla/5.0 (Macintosh; Intel Mac OS X 10_15_7) AppleWebKit/537.36 (KHTML, like Gecko) Chrome/131.0.0.0 Safari/537.36; compatible; OAI-SearchBot/1.4; +https://openai.com/searchbot"
74.7.228.246 - - [01/Jun/2026:00:32:41 +0000] "GET /wp-content/plugins/elementor-pro/modules/lottie/assets/animations/default.json HTTP/1.1" 200 19823 "https://earthpayments.com/" "Mozilla/5.0 (Macintosh; Intel Mac OS X 10_15_7) AppleWebKit/537.36 (KHTML, like Gecko) Chrome/131.0.0.0 Safari/537.36; compatible; OAI-SearchBot/1.4; +https://openai.com/searchbot"
66.249.79.5 - - [01/Jun/2026:00:32:43 +0000] "GET / HTTP/1.1" 301 5 "-" "Mozilla/5.0 (Linux; Android 6.0.1; Nexus 5X Build/MMB29P) AppleWebKit/537.36 (KHTML, like Gecko) Chrome/148.0.7778.96 Mobile Safari/537.36 (compatible; Googlebot/2.1; +http://www.google.com/bot.html)"
74.7.242.136 - - [01/Jun/2026:00:32:43 +0000] "GET /feed/ HTTP/1.1" 200 6587 "https://earthpayments.com/" "Mozilla/5.0 (Macintosh; Intel Mac OS X 10_15_7) AppleWebKit/537.36 (KHTML, like Gecko) Chrome/131.0.0.0 Safari/537.36; compatible; OAI-SearchBot/1.4; +https://openai.com/searchbot"
74.7.242.136 - - [01/Jun/2026:00:32:45 +0000] "GET /feed/ HTTP/1.1" 200 6587 "https://earthpayments.com/" "Mozilla/5.0 (Macintosh; Intel Mac OS X 10_15_7) AppleWebKit/537.36 (KHTML, like Gecko) Chrome/131.0.0.0 Safari/537.36; compatible; OAI-SearchBot/1.4; +https://openai.com/searchbot"
74.7.243.43 - - [01/Jun/2026:00:32:49 +0000] "GET /comments/feed/ HTTP/1.1" 200 414 "https://earthpayments.com/" "Mozilla/5.0 (Macintosh; Intel Mac OS X 10_15_7) AppleWebKit/537.36 (KHTML, like Gecko) Chrome/131.0.0.0 Safari/537.36; compatible; OAI-SearchBot/1.4; +https://openai.com/searchbot"
74.7.243.43 - - [01/Jun/2026:00:32:52 +0000] "GET /comments/feed/ HTTP/1.1" 200 414 "https://earthpayments.com/" "Mozilla/5.0 (Macintosh; Intel Mac OS X 10_15_7) AppleWebKit/537.36 (KHTML, like Gecko) Chrome/131.0.0.0 Safari/537.36; compatible; OAI-SearchBot/1.4; +https://openai.com/searchbot"
74.7.228.249 - - [01/Jun/2026:00:32:53 +0000] "GET /wp-json/oembed/1.0/embed?url=https%3A%2F%2Fearthpayments.com%2F HTTP/1.1" 200 1088 "https://earthpayments.com/" "Mozilla/5.0 (Macintosh; Intel Mac OS X 10_15_7) AppleWebKit/537.36 (KHTML, like Gecko) Chrome/131.0.0.0 Safari/537.36; compatible; OAI-SearchBot/1.4; +https://openai.com/searchbot"
74.7.228.208 - - [01/Jun/2026:00:32:54 +0000] "GET /wp-json/wp/v2/pages/8 HTTP/1.1" 200 8649 "https://earthpayments.com/" "Mozilla/5.0 (Macintosh; Intel Mac OS X 10_15_7) AppleWebKit/537.36 (KHTML, like Gecko) Chrome/131.0.0.0 Safari/537.36; compatible; OAI-SearchBot/1.4; +https://openai.com/searchbot"
13.127.223.153 - - [01/Jun/2026:00:33:36 +0000] "GET / HTTP/1.1" 200 73287 "-" "Uptime-Kuma/1.23.11"
13.127.223.153 - - [01/Jun/2026:00:33:36 +0000] "GET / HTTP/1.1" 200 73287 "-" "Uptime-Kuma/1.23.11"
64.62.156.142 - - [01/Jun/2026:00:34:18 +0000] "GET /geoserver/web/ HTTP/1.1" 404 9386 "-" "Mozilla/5.0 (Macintosh; Intel Mac OS X 10.15; rv:109.0) Gecko/20100101 Firefox/110.0"
13.127.223.153 - - [01/Jun/2026:00:34:38 +0000] "GET / HTTP/1.1" 200 73287 "-" "Uptime-Kuma/1.23.11"
13.127.223.153 - - [01/Jun/2026:00:34:38 +0000] "GET / HTTP/1.1" 200 73287 "-" "Uptime-Kuma/1.23.11"
13.127.223.153 - - [01/Jun/2026:00:35:39 +0000] "GET / HTTP/1.1" 200 73287 "-" "Uptime-Kuma/1.23.11"
13.127.223.153 - - [01/Jun/2026:00:35:39 +0000] "GET / HTTP/1.1" 200 73287 "-" "Uptime-Kuma/1.23.11"
13.127.223.153 - - [01/Jun/2026:00:36:40 +0000] "GET / HTTP/1.1" 200 73287 "-" "Uptime-Kuma/1.23.11"
13.127.223.153 - - [01/Jun/2026:00:36:40 +0000] "GET / HTTP/1.1" 200 73287 "-" "Uptime-Kuma/1.23.11"
20.169.104.204 - - [01/Jun/2026:00:37:04 +0000] "GET / HTTP/1.1" 400 264 "-" "Mozilla/5.0 zgrab/0.x"
20.169.104.204 - - [01/Jun/2026:00:37:04 +0000] "MGLNDD_52.4.149.131_443" 400 166 "-" "-"
13.127.223.153 - - [01/Jun/2026:00:37:41 +0000] "GET / HTTP/1.1" 200 73287 "-" "Uptime-Kuma/1.23.11"
13.127.223.153 - - [01/Jun/2026:00:37:41 +0000] "GET / HTTP/1.1" 200 73287 "-" "Uptime-Kuma/1.23.11"
13.127.223.153 - - [01/Jun/2026:00:38:43 +0000] "GET / HTTP/1.1" 200 73287 "-" "Uptime-Kuma/1.23.11"
13.127.223.153 - - [01/Jun/2026:00:38:43 +0000] "GET / HTTP/1.1" 200 73287 "-" "Uptime-Kuma/1.23.11"
13.127.223.153 - - [01/Jun/2026:00:39:44 +0000] "GET / HTTP/1.1" 200 73287 "-" "Uptime-Kuma/1.23.11"
13.127.223.153 - - [01/Jun/2026:00:39:44 +0000] "GET / HTTP/1.1" 200 73287 "-" "Uptime-Kuma/1.23.11"
13.127.223.153 - - [01/Jun/2026:00:40:45 +0000] "GET / HTTP/1.1" 200 73287 "-" "Uptime-Kuma/1.23.11"
13.127.223.153 - - [01/Jun/2026:00:40:45 +0000] "GET / HTTP/1.1" 200 73287 "-" "Uptime-Kuma/1.23.11"
192.178.6.41 - - [01/Jun/2026:00:41:03 +0000] "GET /le-promozioni-piu-allettanti-dei-migliori-casino-online-non-aams-9/ HTTP/1.1" 200 12419 "-" "Mozilla/5.0 (Linux; Android 6.0.1; Nexus 5X Build/MMB29P) AppleWebKit/537.36 (KHTML, like Gecko) Chrome/148.0.7778.96 Mobile Safari/537.36 (compatible; GoogleOther)"
192.178.6.32 - - [01/Jun/2026:00:41:05 +0000] "GET /wp-content/themes/hello-elementor/assets/js/hello-frontend.min.js?ver=3.2.1 HTTP/1.1" 200 667 "https://earthpayments.com/le-promozioni-piu-allettanti-dei-migliori-casino-online-non-aams-9/" "Mozilla/5.0 (Linux; Android 6.0.1; Nexus 5X Build/MMB29P) AppleWebKit/537.36 (KHTML, like Gecko) Chrome/148.0.7778.96 Mobile Safari/537.36 (compatible; GoogleOther)"
192.178.6.33 - - [01/Jun/2026:00:41:05 +0000] "GET /wp-content/themes/hello-elementor/header-footer.min.css?ver=3.2.1 HTTP/1.1" 200 1715 "https://earthpayments.com/le-promozioni-piu-allettanti-dei-migliori-casino-online-non-aams-9/" "Mozilla/5.0 (Linux; Android 6.0.1; Nexus 5X Build/MMB29P) AppleWebKit/537.36 (KHTML, like Gecko) Chrome/148.0.7778.96 Mobile Safari/537.36 (compatible; GoogleOther)"
13.127.223.153 - - [01/Jun/2026:00:41:46 +0000] "GET / HTTP/1.1" 200 73287 "-" "Uptime-Kuma/1.23.11"
13.127.223.153 - - [01/Jun/2026:00:41:46 +0000] "GET / HTTP/1.1" 200 73287 "-" "Uptime-Kuma/1.23.11"
51.161.37.58 - - [01/Jun/2026:00:42:36 +0000] "GET /le-promozioni-piu-allettanti-dei-migliori-casino-online-non-aams-5/feed/ HTTP/1.1" 200 485 "-" "Mozilla/5.0 (compatible; AhrefsBot/7.0; +http://ahrefs.com/robot/)"
13.127.223.153 - - [01/Jun/2026:00:42:47 +0000] "GET / HTTP/1.1" 200 73287 "-" "Uptime-Kuma/1.23.11"
13.127.223.153 - - [01/Jun/2026:00:42:47 +0000] "GET / HTTP/1.1" 200 73287 "-" "Uptime-Kuma/1.23.11"
13.127.223.153 - - [01/Jun/2026:00:43:49 +0000] "GET / HTTP/1.1" 200 73287 "-" "Uptime-Kuma/1.23.11"
13.127.223.153 - - [01/Jun/2026:00:43:49 +0000] "GET / HTTP/1.1" 200 73287 "-" "Uptime-Kuma/1.23.11"
13.127.223.153 - - [01/Jun/2026:00:44:50 +0000] "GET / HTTP/1.1" 200 73287 "-" "Uptime-Kuma/1.23.11"
13.127.223.153 - - [01/Jun/2026:00:44:50 +0000] "GET / HTTP/1.1" 200 73287 "-" "Uptime-Kuma/1.23.11"
13.127.223.153 - - [01/Jun/2026:00:45:51 +0000] "GET / HTTP/1.1" 200 73287 "-" "Uptime-Kuma/1.23.11"
13.127.223.153 - - [01/Jun/2026:00:45:51 +0000] "GET / HTTP/1.1" 200 73287 "-" "Uptime-Kuma/1.23.11"
13.127.223.153 - - [01/Jun/2026:00:46:52 +0000] "GET / HTTP/1.1" 200 73287 "-" "Uptime-Kuma/1.23.11"
13.127.223.153 - - [01/Jun/2026:00:46:52 +0000] "GET / HTTP/1.1" 200 73287 "-" "Uptime-Kuma/1.23.11"
54.39.136.78 - - [01/Jun/2026:00:47:12 +0000] "GET /le-promozioni-piu-allettanti-dei-migliori-casino-online-non-aams-6/feed/ HTTP/1.1" 200 485 "-" "Mozilla/5.0 (compatible; AhrefsBot/7.0; +http://ahrefs.com/robot/)"
13.127.223.153 - - [01/Jun/2026:00:47:53 +0000] "GET / HTTP/1.1" 200 73287 "-" "Uptime-Kuma/1.23.11"
13.127.223.153 - - [01/Jun/2026:00:47:53 +0000] "GET / HTTP/1.1" 200 73287 "-" "Uptime-Kuma/1.23.11"
13.127.223.153 - - [01/Jun/2026:00:48:55 +0000] "GET / HTTP/1.1" 200 73287 "-" "Uptime-Kuma/1.23.11"
13.127.223.153 - - [01/Jun/2026:00:48:55 +0000] "GET / HTTP/1.1" 200 73287 "-" "Uptime-Kuma/1.23.11"
192.178.6.41 - - [01/Jun/2026:00:49:00 +0000] "GET /gaining-confidence-with-mostbet-kod-promocyjny-bez-depozytu/ HTTP/1.1" 200 12921 "-" "Mozilla/5.0 (Linux; Android 6.0.1; Nexus 5X Build/MMB29P) AppleWebKit/537.36 (KHTML, like Gecko) Chrome/148.0.7778.96 Mobile Safari/537.36 (compatible; GoogleOther)"
13.127.223.153 - - [01/Jun/2026:00:49:56 +0000] "GET / HTTP/1.1" 200 73287 "-" "Uptime-Kuma/1.23.11"
13.127.223.153 - - [01/Jun/2026:00:49:56 +0000] "GET / HTTP/1.1" 200 73287 "-" "Uptime-Kuma/1.23.11"
205.185.124.128 - - [01/Jun/2026:00:50:05 +0000] "GET /wp-login.php HTTP/1.1" 200 5926 "-" "Mozilla/5.0 (Macintosh; Intel Mac OS X 14_0) AppleWebKit/537.36 (KHTML, like Gecko) Chrome/146.0.0.0 Safari/537.36"
13.127.223.153 - - [01/Jun/2026:00:50:57 +0000] "GET / HTTP/1.1" 200 73287 "-" "Uptime-Kuma/1.23.11"
13.127.223.153 - - [01/Jun/2026:00:50:57 +0000] "GET / HTTP/1.1" 200 73287 "-" "Uptime-Kuma/1.23.11"
205.185.124.128 - - [01/Jun/2026:00:50:58 +0000] "POST /wp-login.php HTTP/1.1" 200 6321 "-" "Mozilla/5.0 (Macintosh; Intel Mac OS X 14_0) AppleWebKit/537.36 (KHTML, like Gecko) Chrome/146.0.0.0 Safari/537.36"
54.39.210.10 - - [01/Jun/2026:00:51:36 +0000] "GET /le-promozioni-piu-allettanti-dei-migliori-casino-online-non-aams-7/feed/ HTTP/1.1" 200 485 "-" "Mozilla/5.0 (compatible; AhrefsBot/7.0; +http://ahrefs.com/robot/)"
13.127.223.153 - - [01/Jun/2026:00:51:58 +0000] "GET / HTTP/1.1" 200 73287 "-" "Uptime-Kuma/1.23.11"
13.127.223.153 - - [01/Jun/2026:00:51:58 +0000] "GET / HTTP/1.1" 200 73287 "-" "Uptime-Kuma/1.23.11"
13.127.223.153 - - [01/Jun/2026:00:52:59 +0000] "GET / HTTP/1.1" 200 73287 "-" "Uptime-Kuma/1.23.11"
13.127.223.153 - - [01/Jun/2026:00:52:59 +0000] "GET / HTTP/1.1" 200 73287 "-" "Uptime-Kuma/1.23.11"
13.127.223.153 - - [01/Jun/2026:00:54:01 +0000] "GET / HTTP/1.1" 200 73287 "-" "Uptime-Kuma/1.23.11"
13.127.223.153 - - [01/Jun/2026:00:54:01 +0000] "GET / HTTP/1.1" 200 73287 "-" "Uptime-Kuma/1.23.11"
13.127.223.153 - - [01/Jun/2026:00:55:02 +0000] "GET / HTTP/1.1" 200 73287 "-" "Uptime-Kuma/1.23.11"
13.127.223.153 - - [01/Jun/2026:00:55:02 +0000] "GET / HTTP/1.1" 200 73287 "-" "Uptime-Kuma/1.23.11"
13.127.223.153 - - [01/Jun/2026:00:56:03 +0000] "GET / HTTP/1.1" 200 73287 "-" "Uptime-Kuma/1.23.11"
13.127.223.153 - - [01/Jun/2026:00:56:03 +0000] "GET / HTTP/1.1" 200 73287 "-" "Uptime-Kuma/1.23.11"
13.127.223.153 - - [01/Jun/2026:00:57:04 +0000] "GET / HTTP/1.1" 200 73287 "-" "Uptime-Kuma/1.23.11"
13.127.223.153 - - [01/Jun/2026:00:57:04 +0000] "GET / HTTP/1.1" 200 73287 "-" "Uptime-Kuma/1.23.11"
13.127.223.153 - - [01/Jun/2026:00:58:06 +0000] "GET / HTTP/1.1" 200 73287 "-" "Uptime-Kuma/1.23.11"
13.127.223.153 - - [01/Jun/2026:00:58:06 +0000] "GET / HTTP/1.1" 200 73287 "-" "Uptime-Kuma/1.23.11"
13.127.223.153 - - [01/Jun/2026:00:59:07 +0000] "GET / HTTP/1.1" 200 73287 "-" "Uptime-Kuma/1.23.11"
13.127.223.153 - - [01/Jun/2026:00:59:07 +0000] "GET / HTTP/1.1" 200 73287 "-" "Uptime-Kuma/1.23.11"
13.127.223.153 - - [01/Jun/2026:01:00:08 +0000] "GET / HTTP/1.1" 200 73287 "-" "Uptime-Kuma/1.23.11"
13.127.223.153 - - [01/Jun/2026:01:00:08 +0000] "GET / HTTP/1.1" 200 73287 "-" "Uptime-Kuma/1.23.11"
13.127.223.153 - - [01/Jun/2026:01:01:09 +0000] "GET / HTTP/1.1" 200 73287 "-" "Uptime-Kuma/1.23.11"
13.127.223.153 - - [01/Jun/2026:01:01:09 +0000] "GET / HTTP/1.1" 200 73287 "-" "Uptime-Kuma/1.23.11"
13.127.223.153 - - [01/Jun/2026:01:02:10 +0000] "GET / HTTP/1.1" 200 73287 "-" "Uptime-Kuma/1.23.11"
13.127.223.153 - - [01/Jun/2026:01:02:10 +0000] "GET / HTTP/1.1" 200 73287 "-" "Uptime-Kuma/1.23.11"
13.127.223.153 - - [01/Jun/2026:01:03:12 +0000] "GET / HTTP/1.1" 200 73287 "-" "Uptime-Kuma/1.23.11"
13.127.223.153 - - [01/Jun/2026:01:03:12 +0000] "GET / HTTP/1.1" 200 73287 "-" "Uptime-Kuma/1.23.11"
13.127.223.153 - - [01/Jun/2026:01:04:13 +0000] "GET / HTTP/1.1" 200 73287 "-" "Uptime-Kuma/1.23.11"
13.127.223.153 - - [01/Jun/2026:01:04:13 +0000] "GET / HTTP/1.1" 200 73287 "-" "Uptime-Kuma/1.23.11"
13.127.223.153 - - [01/Jun/2026:01:05:14 +0000] "GET / HTTP/1.1" 200 73287 "-" "Uptime-Kuma/1.23.11"
13.127.223.153 - - [01/Jun/2026:01:05:14 +0000] "GET / HTTP/1.1" 200 73287 "-" "Uptime-Kuma/1.23.11"
13.127.223.153 - - [01/Jun/2026:01:06:15 +0000] "GET / HTTP/1.1" 200 73287 "-" "Uptime-Kuma/1.23.11"
13.127.223.153 - - [01/Jun/2026:01:06:15 +0000] "GET / HTTP/1.1" 200 73287 "-" "Uptime-Kuma/1.23.11"
179.43.146.227 - - [01/Jun/2026:01:06:20 +0000] "GET /redirect?url=http://testdomain.com HTTP/1.1" 404 9386 "-" "Mozilla/5.0 (Windows NT 10.0; Win64; x64) AppleWebKit/537.36 (KHTML, like Gecko) Chrome/144.0.0.0 Safari/537.36"
179.43.146.227 - - [01/Jun/2026:01:06:20 +0000] "GET /next?next=http://testdomain.com HTTP/1.1" 404 9386 "-" "Mozilla/5.0 (Windows NT 10.0; Win64; x64) AppleWebKit/537.36 (KHTML, like Gecko) Chrome/144.0.0.0 Safari/537.36"
179.43.146.227 - - [01/Jun/2026:01:06:20 +0000] "GET /auth?url=http://testdomain.com HTTP/1.1" 404 9386 "-" "Mozilla/5.0 (Windows NT 10.0; Win64; x64) AppleWebKit/537.36 (KHTML, like Gecko) Chrome/144.0.0.0 Safari/537.36"
179.43.146.227 - - [01/Jun/2026:01:06:21 +0000] "GET /redirect.php?url=http://testdomain.com HTTP/1.1" 404 47 "-" "Mozilla/5.0 (Windows NT 10.0; Win64; x64) AppleWebKit/537.36 (KHTML, like Gecko) Chrome/144.0.0.0 Safari/537.36"
179.43.146.227 - - [01/Jun/2026:01:06:21 +0000] "GET /?url=http://testdomain.com HTTP/1.1" 200 17314 "-" "Mozilla/5.0 (Windows NT 10.0; Win64; x64) AppleWebKit/537.36 (KHTML, like Gecko) Chrome/144.0.0.0 Safari/537.36"
179.43.146.227 - - [01/Jun/2026:01:06:21 +0000] "GET /url?url=//testdomain.com HTTP/1.1" 404 9386 "-" "Mozilla/5.0 (Windows NT 10.0; Win64; x64) AppleWebKit/537.36 (KHTML, like Gecko) Chrome/144.0.0.0 Safari/537.36"
179.43.146.227 - - [01/Jun/2026:01:06:21 +0000] "GET /go?url=http://testdomain.com HTTP/1.1" 404 9386 "-" "Mozilla/5.0 (Windows NT 10.0; Win64; x64) AppleWebKit/537.36 (KHTML, like Gecko) Chrome/144.0.0.0 Safari/537.36"
179.43.146.227 - - [01/Jun/2026:01:06:21 +0000] "GET /redirect.php?goto=http://testdomain.com HTTP/1.1" 404 47 "-" "Mozilla/5.0 (Windows NT 10.0; Win64; x64) AppleWebKit/537.36 (KHTML, like Gecko) Chrome/144.0.0.0 Safari/537.36"
179.43.146.227 - - [01/Jun/2026:01:06:22 +0000] "GET /redirect.php?u=http://testdomain.com HTTP/1.1" 404 47 "-" "Mozilla/5.0 (Windows NT 10.0; Win64; x64) AppleWebKit/537.36 (KHTML, like Gecko) Chrome/144.0.0.0 Safari/537.36"
179.43.146.227 - - [01/Jun/2026:01:06:22 +0000] "GET /?redirect=http://testdomain.com HTTP/1.1" 200 17314 "-" "Mozilla/5.0 (Windows NT 10.0; Win64; x64) AppleWebKit/537.36 (KHTML, like Gecko) Chrome/144.0.0.0 Safari/537.36"
179.43.146.227 - - [01/Jun/2026:01:06:22 +0000] "GET /redirect-to?url=http://testdomain.com HTTP/1.1" 404 9386 "-" "Mozilla/5.0 (Windows NT 10.0; Win64; x64) AppleWebKit/537.36 (KHTML, like Gecko) Chrome/144.0.0.0 Safari/537.36"
179.43.146.227 - - [01/Jun/2026:01:06:22 +0000] "GET /redirect/?url=http://testdomain.com HTTP/1.1" 404 9386 "-" "Mozilla/5.0 (Windows NT 10.0; Win64; x64) AppleWebKit/537.36 (KHTML, like Gecko) Chrome/144.0.0.0 Safari/537.36"
179.43.146.227 - - [01/Jun/2026:01:06:22 +0000] "GET /out.php?url=http://testdomain.com HTTP/1.1" 404 47 "-" "Mozilla/5.0 (Windows NT 10.0; Win64; x64) AppleWebKit/537.36 (KHTML, like Gecko) Chrome/144.0.0.0 Safari/537.36"
179.43.146.227 - - [01/Jun/2026:01:06:23 +0000] "GET /redirect///testdomain.com HTTP/1.1" 301 5 "-" "Mozilla/5.0 (Windows NT 10.0; Win64; x64) AppleWebKit/537.36 (KHTML, like Gecko) Chrome/144.0.0.0 Safari/537.36"
179.43.146.227 - - [01/Jun/2026:01:06:23 +0000] "GET /r?url=http://testdomain.com HTTP/1.1" 404 9386 "-" "Mozilla/5.0 (Windows NT 10.0; Win64; x64) AppleWebKit/537.36 (KHTML, like Gecko) Chrome/144.0.0.0 Safari/537.36"
13.127.223.153 - - [01/Jun/2026:01:07:17 +0000] "GET / HTTP/1.1" 200 73287 "-" "Uptime-Kuma/1.23.11"
13.127.223.153 - - [01/Jun/2026:01:07:17 +0000] "GET / HTTP/1.1" 200 73287 "-" "Uptime-Kuma/1.23.11"
20.243.185.37 - - [01/Jun/2026:01:07:31 +0000] "GET /wp-admin/css/ HTTP/1.1" 403 564 "binance.com" "Mozilla/5.0 (Windows NT 10.0; Win64; x64) AppleWebKit/537.36 (KHTML, like Gecko) Chrome/90.0.4430.85 Safari/537.36"
52.167.144.25 - - [01/Jun/2026:01:08:11 +0000] "GET /wechat-alipay-merchant-mobile-marketing/ HTTP/1.1" 404 9386 "-" "Mozilla/5.0 AppleWebKit/537.36 (KHTML, like Gecko; compatible; bingbot/2.0; +http://www.bing.com/bingbot.htm) Chrome/116.0.1938.76 Safari/537.36"
13.127.223.153 - - [01/Jun/2026:01:08:18 +0000] "GET / HTTP/1.1" 200 73287 "-" "Uptime-Kuma/1.23.11"
13.127.223.153 - - [01/Jun/2026:01:08:18 +0000] "GET / HTTP/1.1" 200 73287 "-" "Uptime-Kuma/1.23.11"
13.127.223.153 - - [01/Jun/2026:01:09:19 +0000] "GET / HTTP/1.1" 200 73287 "-" "Uptime-Kuma/1.23.11"
13.127.223.153 - - [01/Jun/2026:01:09:19 +0000] "GET / HTTP/1.1" 200 73287 "-" "Uptime-Kuma/1.23.11"
13.127.223.153 - - [01/Jun/2026:01:10:20 +0000] "GET / HTTP/1.1" 200 73287 "-" "Uptime-Kuma/1.23.11"
13.127.223.153 - - [01/Jun/2026:01:10:20 +0000] "GET / HTTP/1.1" 200 73287 "-" "Uptime-Kuma/1.23.11"
13.127.223.153 - - [01/Jun/2026:01:11:21 +0000] "GET / HTTP/1.1" 200 73287 "-" "Uptime-Kuma/1.23.11"
13.127.223.153 - - [01/Jun/2026:01:11:21 +0000] "GET / HTTP/1.1" 200 73287 "-" "Uptime-Kuma/1.23.11"
13.127.223.153 - - [01/Jun/2026:01:12:23 +0000] "GET / HTTP/1.1" 200 73287 "-" "Uptime-Kuma/1.23.11"
13.127.223.153 - - [01/Jun/2026:01:12:23 +0000] "GET / HTTP/1.1" 200 73287 "-" "Uptime-Kuma/1.23.11"
13.127.223.153 - - [01/Jun/2026:01:13:24 +0000] "GET / HTTP/1.1" 200 73287 "-" "Uptime-Kuma/1.23.11"
13.127.223.153 - - [01/Jun/2026:01:13:24 +0000] "GET / HTTP/1.1" 200 73287 "-" "Uptime-Kuma/1.23.11"
13.127.223.153 - - [01/Jun/2026:01:14:25 +0000] "GET / HTTP/1.1" 200 73287 "-" "Uptime-Kuma/1.23.11"
52.4.149.131 - - [01/Jun/2026:01:14:25 +0000] "POST /wp-cron.php?doing_wp_cron=1780276465.4676740169525146484375 HTTP/1.1" 499 0 "-" "WordPress/6.9.1; https://earthpayments.com"
13.127.223.153 - - [01/Jun/2026:01:14:25 +0000] "GET / HTTP/1.1" 200 73287 "-" "Uptime-Kuma/1.23.11"
52.4.149.131 - - [01/Jun/2026:01:14:25 +0000] "POST /wp-cron.php?doing_wp_cron=1780276465.4684450626373291015625 HTTP/1.1" 499 0 "-" "WordPress/6.9.1; https://earthpayments.com"
13.127.223.153 - - [01/Jun/2026:01:15:26 +0000] "GET / HTTP/1.1" 200 73287 "-" "Uptime-Kuma/1.23.11"
13.127.223.153 - - [01/Jun/2026:01:15:26 +0000] "GET / HTTP/1.1" 200 73287 "-" "Uptime-Kuma/1.23.11"
13.127.223.153 - - [01/Jun/2026:01:16:27 +0000] "GET / HTTP/1.1" 200 73287 "-" "Uptime-Kuma/1.23.11"
13.127.223.153 - - [01/Jun/2026:01:16:27 +0000] "GET / HTTP/1.1" 200 73287 "-" "Uptime-Kuma/1.23.11"
15.235.27.41 - - [01/Jun/2026:01:16:29 +0000] "GET /le-promozioni-piu-allettanti-dei-migliori-casino-online-non-aams-8/feed/ HTTP/1.1" 200 485 "-" "Mozilla/5.0 (compatible; AhrefsBot/7.0; +http://ahrefs.com/robot/)"
13.127.223.153 - - [01/Jun/2026:01:17:29 +0000] "GET / HTTP/1.1" 200 73287 "-" "Uptime-Kuma/1.23.11"
13.127.223.153 - - [01/Jun/2026:01:17:29 +0000] "GET / HTTP/1.1" 200 73287 "-" "Uptime-Kuma/1.23.11"
13.127.223.153 - - [01/Jun/2026:01:18:30 +0000] "GET / HTTP/1.1" 200 73287 "-" "Uptime-Kuma/1.23.11"
13.127.223.153 - - [01/Jun/2026:01:18:30 +0000] "GET / HTTP/1.1" 200 73287 "-" "Uptime-Kuma/1.23.11"
13.127.223.153 - - [01/Jun/2026:01:19:31 +0000] "GET / HTTP/1.1" 200 73287 "-" "Uptime-Kuma/1.23.11"
13.127.223.153 - - [01/Jun/2026:01:19:31 +0000] "GET / HTTP/1.1" 200 73287 "-" "Uptime-Kuma/1.23.11"
54.39.0.193 - - [01/Jun/2026:01:19:34 +0000] "GET /le-promozioni-piu-allettanti-dei-migliori-casino-online-non-aams-9/feed/ HTTP/1.1" 200 485 "-" "Mozilla/5.0 (compatible; AhrefsBot/7.0; +http://ahrefs.com/robot/)"
13.127.223.153 - - [01/Jun/2026:01:20:32 +0000] "GET / HTTP/1.1" 200 73287 "-" "Uptime-Kuma/1.23.11"
13.127.223.153 - - [01/Jun/2026:01:20:32 +0000] "GET / HTTP/1.1" 200 73287 "-" "Uptime-Kuma/1.23.11"
13.127.223.153 - - [01/Jun/2026:01:21:34 +0000] "GET / HTTP/1.1" 200 73287 "-" "Uptime-Kuma/1.23.11"
13.127.223.153 - - [01/Jun/2026:01:21:34 +0000] "GET / HTTP/1.1" 200 73287 "-" "Uptime-Kuma/1.23.11"
13.127.223.153 - - [01/Jun/2026:01:22:35 +0000] "GET / HTTP/1.1" 200 73287 "-" "Uptime-Kuma/1.23.11"
13.127.223.153 - - [01/Jun/2026:01:22:35 +0000] "GET / HTTP/1.1" 200 73287 "-" "Uptime-Kuma/1.23.11"
142.44.220.11 - - [01/Jun/2026:01:22:53 +0000] "GET /le-promozioni-piu-allettanti-dei-migliori-casino-online-non-aams/feed/ HTTP/1.1" 200 483 "-" "Mozilla/5.0 (compatible; AhrefsBot/7.0; +http://ahrefs.com/robot/)"
13.127.223.153 - - [01/Jun/2026:01:23:36 +0000] "GET / HTTP/1.1" 200 73287 "-" "Uptime-Kuma/1.23.11"
13.127.223.153 - - [01/Jun/2026:01:23:36 +0000] "GET / HTTP/1.1" 200 73287 "-" "Uptime-Kuma/1.23.11"
13.127.223.153 - - [01/Jun/2026:01:24:37 +0000] "GET / HTTP/1.1" 200 73287 "-" "Uptime-Kuma/1.23.11"
13.127.223.153 - - [01/Jun/2026:01:24:37 +0000] "GET / HTTP/1.1" 200 73287 "-" "Uptime-Kuma/1.23.11"
13.127.223.153 - - [01/Jun/2026:01:25:38 +0000] "GET / HTTP/1.1" 200 73287 "-" "Uptime-Kuma/1.23.11"
13.127.223.153 - - [01/Jun/2026:01:25:38 +0000] "GET / HTTP/1.1" 200 73287 "-" "Uptime-Kuma/1.23.11"
43.154.140.188 - - [01/Jun/2026:01:26:00 +0000] "GET / HTTP/1.1" 200 17314 "http://earthpayments.com" "Mozilla/5.0 (iPhone; CPU iPhone OS 13_2_3 like Mac OS X) AppleWebKit/605.1.15 (KHTML, like Gecko) Version/13.0.3 Mobile/15E148 Safari/604.1"
13.127.223.153 - - [01/Jun/2026:01:26:39 +0000] "GET / HTTP/1.1" 200 73287 "-" "Uptime-Kuma/1.23.11"
13.127.223.153 - - [01/Jun/2026:01:26:39 +0000] "GET / HTTP/1.1" 200 73287 "-" "Uptime-Kuma/1.23.11"
13.127.223.153 - - [01/Jun/2026:01:27:41 +0000] "GET / HTTP/1.1" 200 73287 "-" "Uptime-Kuma/1.23.11"
13.127.223.153 - - [01/Jun/2026:01:27:41 +0000] "GET / HTTP/1.1" 200 73287 "-" "Uptime-Kuma/1.23.11"
13.127.223.153 - - [01/Jun/2026:01:28:42 +0000] "GET / HTTP/1.1" 200 73287 "-" "Uptime-Kuma/1.23.11"
13.127.223.153 - - [01/Jun/2026:01:28:42 +0000] "GET / HTTP/1.1" 200 73287 "-" "Uptime-Kuma/1.23.11"
13.127.223.153 - - [01/Jun/2026:01:29:43 +0000] "GET / HTTP/1.1" 200 73287 "-" "Uptime-Kuma/1.23.11"
13.127.223.153 - - [01/Jun/2026:01:29:43 +0000] "GET / HTTP/1.1" 200 73287 "-" "Uptime-Kuma/1.23.11"
13.127.223.153 - - [01/Jun/2026:01:30:44 +0000] "GET / HTTP/1.1" 200 73287 "-" "Uptime-Kuma/1.23.11"
13.127.223.153 - - [01/Jun/2026:01:30:44 +0000] "GET / HTTP/1.1" 200 73287 "-" "Uptime-Kuma/1.23.11"
192.178.6.32 - - [01/Jun/2026:01:31:03 +0000] "GET /le-promozioni-piu-allettanti-dei-migliori-casino-online-non-aams-8/ HTTP/1.1" 200 12421 "-" "Mozilla/5.0 (Linux; Android 6.0.1; Nexus 5X Build/MMB29P) AppleWebKit/537.36 (KHTML, like Gecko) Chrome/148.0.7778.96 Mobile Safari/537.36 (compatible; GoogleOther)"
13.127.223.153 - - [01/Jun/2026:01:31:46 +0000] "GET / HTTP/1.1" 200 73287 "-" "Uptime-Kuma/1.23.11"
13.127.223.153 - - [01/Jun/2026:01:31:46 +0000] "GET / HTTP/1.1" 200 73287 "-" "Uptime-Kuma/1.23.11"
34.162.248.98 - - [01/Jun/2026:01:32:18 +0000] "HEAD /backup/ HTTP/1.1" 404 0 "https://www.earthpayments.com/backup/" "Mozilla/5.0 (Linux; Android 12; TECNO CK6n) AppleWebKit/537.36 (KHTML, like Gecko) Chrome/125.0.6422.50 Mobile Safari/537.36"
34.162.248.98 - - [01/Jun/2026:01:32:18 +0000] "HEAD /wordpress/ HTTP/1.1" 404 0 "https://www.earthpayments.com/wordpress/" "Mozilla/5.0 (Linux; Android 11; RMX2195) AppleWebKit/537.36 (KHTML, like Gecko) Chrome/120.0.6099.210 Mobile Safari/537.36 OPR/75.2.3995.72468"
34.162.248.98 - - [01/Jun/2026:01:32:18 +0000] "HEAD / HTTP/1.1" 200 0 "https://www.earthpayments.com/" "Mozilla/5.0 (iPhone; CPU iPhone OS 17_5 like Mac OS X) AppleWebKit/605.1.15 (KHTML, like Gecko) Version/17.5 Mobile/15E148 Safari/604.1"
34.162.248.98 - - [01/Jun/2026:01:32:18 +0000] "HEAD /new/ HTTP/1.1" 404 0 "https://www.earthpayments.com/new/" "Mozilla/5.0 (Macintosh; Intel Mac OS X 13_5) AppleWebKit/605.1.15 (KHTML, like Gecko) Version/16.5 Safari/605.1.15"
34.162.248.98 - - [01/Jun/2026:01:32:18 +0000] "HEAD /old/ HTTP/1.1" 404 0 "https://www.earthpayments.com/old/" "Mozilla/5.0 (Windows NT 10.0; Win64; x64) AppleWebKit/537.36 (KHTML, like Gecko) Chrome/127.0.6534.42 Safari/537.36"
34.162.248.98 - - [01/Jun/2026:01:32:18 +0000] "HEAD /wp/ HTTP/1.1" 404 0 "https://www.earthpayments.com/wp/" "Mozilla/5.0 (Windows NT 10.0; Win64; x64) AppleWebKit/537.36 (KHTML, like Gecko) Chrome/126.0.6478.70 Safari/537.36 Vivaldi/6.7.3200.25"
34.162.248.98 - - [01/Jun/2026:01:32:19 +0000] "HEAD /blog/ HTTP/1.1" 404 0 "https://www.earthpayments.com/blog/" "Mozilla/5.0 (X11; Fedora; Linux x86_64; rv:125.0) Gecko/20100101 Firefox/125.0"
209.141.50.202 - - [01/Jun/2026:01:32:20 +0000] "GET /wp-login.php HTTP/1.1" 200 5926 "-" "Mozilla/5.0 (Macintosh; Intel Mac OS X 10_9_2) AppleWebKit/537.74.9 (KHTML, like Gecko) Version/7.0.2 Safari/537.74.9"
13.127.223.153 - - [01/Jun/2026:01:32:47 +0000] "GET / HTTP/1.1" 200 73287 "-" "Uptime-Kuma/1.23.11"
13.127.223.153 - - [01/Jun/2026:01:32:47 +0000] "GET / HTTP/1.1" 200 73287 "-" "Uptime-Kuma/1.23.11"
13.127.223.153 - - [01/Jun/2026:01:33:48 +0000] "GET / HTTP/1.1" 200 73287 "-" "Uptime-Kuma/1.23.11"
13.127.223.153 - - [01/Jun/2026:01:33:48 +0000] "GET / HTTP/1.1" 200 73287 "-" "Uptime-Kuma/1.23.11"
209.141.50.202 - - [01/Jun/2026:01:34:25 +0000] "POST /wp-login.php HTTP/1.1" 200 6320 "-" "Mozilla/5.0 (Macintosh; Intel Mac OS X 10_9_2) AppleWebKit/537.74.9 (KHTML, like Gecko) Version/7.0.2 Safari/537.74.9"
13.127.223.153 - - [01/Jun/2026:01:34:49 +0000] "GET / HTTP/1.1" 200 73287 "-" "Uptime-Kuma/1.23.11"
13.127.223.153 - - [01/Jun/2026:01:34:49 +0000] "GET / HTTP/1.1" 200 73287 "-" "Uptime-Kuma/1.23.11"
13.127.223.153 - - [01/Jun/2026:01:35:50 +0000] "GET / HTTP/1.1" 200 73287 "-" "Uptime-Kuma/1.23.11"
13.127.223.153 - - [01/Jun/2026:01:35:50 +0000] "GET / HTTP/1.1" 200 73287 "-" "Uptime-Kuma/1.23.11"
13.127.223.153 - - [01/Jun/2026:01:36:52 +0000] "GET / HTTP/1.1" 200 73287 "-" "Uptime-Kuma/1.23.11"
13.127.223.153 - - [01/Jun/2026:01:36:52 +0000] "GET / HTTP/1.1" 200 73287 "-" "Uptime-Kuma/1.23.11"
