51.120.83.160 - - [04/Aug/2026:03:54:17 +0000] "GET /wp-admin/network/cloud.php HTTP/1.1" 404 27 "-" "-"
51.120.83.160 - - [04/Aug/2026:03:54:18 +0000] "GET /cloud.php HTTP/1.1" 404 27 "-" "-"
51.120.83.160 - - [04/Aug/2026:03:54:18 +0000] "GET /cgi-bin/cloud.php HTTP/1.1" 404 27 "-" "-"
51.120.83.160 - - [04/Aug/2026:03:54:18 +0000] "GET /wp-content/updates.php HTTP/1.1" 404 27 "-" "-"
51.120.83.160 - - [04/Aug/2026:03:54:19 +0000] "GET /css/cloud.php HTTP/1.1" 404 27 "-" "-"
51.120.83.160 - - [04/Aug/2026:03:54:19 +0000] "GET /wp-admin/user/cloud.php HTTP/1.1" 404 27 "-" "-"
51.120.83.160 - - [04/Aug/2026:03:54:20 +0000] "GET /img/cloud.php HTTP/1.1" 404 27 "-" "-"
51.120.83.160 - - [04/Aug/2026:03:54:20 +0000] "GET /wp-admin/css/colors/coffee/cloud.php HTTP/1.1" 404 27 "-" "-"
51.120.83.160 - - [04/Aug/2026:03:54:21 +0000] "GET /wp-admin/images/cloud.php HTTP/1.1" 404 27 "-" "-"
51.120.83.160 - - [04/Aug/2026:03:54:21 +0000] "GET /avaa.php HTTP/1.1" 404 27 "-" "-"
51.120.83.160 - - [04/Aug/2026:03:54:21 +0000] "GET /images/cloud.php HTTP/1.1" 404 27 "-" "-"
51.120.83.160 - - [04/Aug/2026:03:54:22 +0000] "GET /wp-admin/js/widgets/cloud.php HTTP/1.1" 404 27 "-" "-"
51.120.83.160 - - [04/Aug/2026:03:54:22 +0000] "GET /wp-includes/Requests/Text/admin.php HTTP/1.1" 404 27 "-" "-"
51.120.83.160 - - [04/Aug/2026:03:54:22 +0000] "GET /wp-admin/css/colors/cloud.php HTTP/1.1" 404 27 "-" "-"
51.120.83.160 - - [04/Aug/2026:03:54:22 +0000] "GET /wp-admin/includes/cloud.php HTTP/1.1" 404 27 "-" "-"
51.120.83.160 - - [04/Aug/2026:03:54:22 +0000] "GET /wp-admin/css/colors/blue/cloud.php HTTP/1.1" 404 27 "-" "-"
51.120.83.160 - - [04/Aug/2026:03:54:23 +0000] "GET /wp-admin/cloud.php HTTP/1.1" 404 27 "-" "-"
51.120.83.160 - - [04/Aug/2026:03:54:23 +0000] "GET /updates.php HTTP/1.1" 404 27 "-" "-"
51.120.83.160 - - [04/Aug/2026:03:54:23 +0000] "GET /libraries/legacy/updates.php HTTP/1.1" 404 27 "-" "-"
51.120.83.160 - - [04/Aug/2026:03:54:23 +0000] "GET /libraries/phpmailer/updates.php HTTP/1.1" 404 27 "-" "-"
51.120.83.160 - - [04/Aug/2026:03:54:23 +0000] "GET /libraries/vendor/updates.php HTTP/1.1" 404 27 "-" "-"
51.120.83.160 - - [04/Aug/2026:03:54:24 +0000] "GET /alfa-rex.php HTTP/1.1" 404 27 "-" "-"
51.120.83.160 - - [04/Aug/2026:03:54:24 +0000] "GET /alfanew.php HTTP/1.1" 404 27 "-" "-"
51.120.83.160 - - [04/Aug/2026:03:54:24 +0000] "GET /wp-content/plugins/Cache/Cache.php HTTP/1.1" 404 27 "-" "-"
51.120.83.160 - - [04/Aug/2026:03:54:25 +0000] "GET /wp-admin/js/widgets/about.php HTTP/1.1" 404 27 "-" "-"
52.4.149.131 - - [04/Aug/2026:03:54:25 +0000] "POST /wp-cron.php?doing_wp_cron=1785815665.6815049648284912109375 HTTP/1.1" 499 0 "-" "WordPress/7.0.2; https://simplify.earth"
51.120.83.160 - - [04/Aug/2026:03:54:25 +0000] "GET /wp-p.php7 HTTP/1.1" 404 49147 "-" "-"
51.120.83.160 - - [04/Aug/2026:03:54:26 +0000] "GET /wp-admin/repeater.php HTTP/1.1" 404 27 "-" "-"
51.120.83.160 - - [04/Aug/2026:03:54:27 +0000] "GET /wp-includes/repeater.php HTTP/1.1" 404 27 "-" "-"
51.120.83.160 - - [04/Aug/2026:03:54:27 +0000] "GET /wp-content/repeater.php HTTP/1.1" 404 27 "-" "-"
51.120.83.160 - - [04/Aug/2026:03:54:27 +0000] "GET /wsoyanz.php HTTP/1.1" 404 27 "-" "-"
51.120.83.160 - - [04/Aug/2026:03:54:28 +0000] "GET /yanz.php HTTP/1.1" 404 27 "-" "-"
51.120.83.160 - - [04/Aug/2026:03:54:28 +0000] "GET /wp-content/plugins/seoo/wsoyanz.php HTTP/1.1" 404 27 "-" "-"
51.120.83.160 - - [04/Aug/2026:03:54:28 +0000] "GET /wp-content/plugins/seoo/wsoyanz1.php HTTP/1.1" 404 27 "-" "-"
51.120.83.160 - - [04/Aug/2026:03:54:29 +0000] "GET /cache-compat.php HTTP/1.1" 404 27 "-" "-"
51.120.83.160 - - [04/Aug/2026:03:54:29 +0000] "GET /ajax-actions.php HTTP/1.1" 404 27 "-" "-"
51.120.83.160 - - [04/Aug/2026:03:54:29 +0000] "GET /wp-admin/ajax-actions.php HTTP/1.1" 404 27 "-" "-"
51.120.83.160 - - [04/Aug/2026:03:54:30 +0000] "GET /wp-consar.php HTTP/1.1" 404 27 "-" "-"
51.120.83.160 - - [04/Aug/2026:03:54:30 +0000] "GET /repeater.php HTTP/1.1" 404 27 "-" "-"
51.120.83.160 - - [04/Aug/2026:03:54:30 +0000] "GET /admin-post.php HTTP/1.1" 404 27 "-" "-"
51.120.83.160 - - [04/Aug/2026:03:54:31 +0000] "GET /wp-admin/maint/maint/ajax-actions.php HTTP/1.1" 404 27 "-" "-"
51.120.83.160 - - [04/Aug/2026:03:54:31 +0000] "GET /wp-admin/dropdown.php HTTP/1.1" 404 27 "-" "-"
51.120.83.160 - - [04/Aug/2026:03:54:32 +0000] "GET /wp-admin/css/index.php HTTP/1.1" 404 27 "-" "-"
51.120.83.160 - - [04/Aug/2026:03:54:32 +0000] "GET /adminfuns.php HTTP/1.1" 404 27 "-" "-"
51.120.83.160 - - [04/Aug/2026:03:54:32 +0000] "GET /ebs.php HTTP/1.1" 404 27 "-" "-"
51.120.83.160 - - [04/Aug/2026:03:54:32 +0000] "GET /ws.php HTTP/1.1" 404 27 "-" "-"
51.120.83.160 - - [04/Aug/2026:03:54:33 +0000] "GET /alfanew2.php HTTP/1.1" 404 27 "-" "-"
51.120.83.160 - - [04/Aug/2026:03:54:33 +0000] "GET /alfa-rex2.php HTTP/1.1" 404 27 "-" "-"
51.120.83.160 - - [04/Aug/2026:03:54:33 +0000] "GET /wp-admin/images/index.php HTTP/1.1" 404 27 "-" "-"
51.120.83.160 - - [04/Aug/2026:03:54:33 +0000] "GET /wp-admin/css/colors/index.php HTTP/1.1" 404 27 "-" "-"
51.120.83.160 - - [04/Aug/2026:03:54:33 +0000] "GET /wp-content/themes/pridmag/db.php HTTP/1.1" 404 27 "-" "-"
51.120.83.160 - - [04/Aug/2026:03:54:34 +0000] "GET /wp-content/themes/seotheme/mar.php HTTP/1.1" 404 27 "-" "-"
51.120.83.160 - - [04/Aug/2026:03:54:34 +0000] "GET /wp-content/plugins/linkpreview/db.php HTTP/1.1" 404 27 "-" "-"
51.120.83.160 - - [04/Aug/2026:03:54:34 +0000] "GET /wp-content/themes/seotheme/db.php HTTP/1.1" 404 27 "-" "-"
51.120.83.160 - - [04/Aug/2026:03:54:35 +0000] "GET /wp-content/plugins/seoplugins/db.php HTTP/1.1" 404 27 "-" "-"
51.120.83.160 - - [04/Aug/2026:03:54:35 +0000] "GET /wp-content/plugins/seoplugins/mar.php HTTP/1.1" 404 27 "-" "-"
51.120.83.160 - - [04/Aug/2026:03:54:57 +0000] "GET /cgi-bin/xmrlpc.php HTTP/1.1" 404 27 "-" "-"
51.120.83.160 - - [04/Aug/2026:03:54:58 +0000] "GET /css/xmrlpc.php HTTP/1.1" 404 27 "-" "-"
51.120.83.160 - - [04/Aug/2026:03:54:58 +0000] "GET /wp-admin/user/xmrlpc.php HTTP/1.1" 404 27 "-" "-"
51.120.83.160 - - [04/Aug/2026:03:54:58 +0000] "GET /img/xmrlpc.php HTTP/1.1" 404 27 "-" "-"
51.120.83.160 - - [04/Aug/2026:03:54:59 +0000] "GET /wp-admin/css/colors/coffee/xmrlpc.php HTTP/1.1" 404 27 "-" "-"
51.120.83.160 - - [04/Aug/2026:03:54:59 +0000] "GET /wp-admin/images/xmrlpc.php HTTP/1.1" 404 27 "-" "-"
51.120.83.160 - - [04/Aug/2026:03:54:59 +0000] "GET /images/xmrlpc.php HTTP/1.1" 404 27 "-" "-"
51.120.83.160 - - [04/Aug/2026:03:54:59 +0000] "GET /wp-admin/js/widgets/xmrlpc.php HTTP/1.1" 404 27 "-" "-"
51.120.83.160 - - [04/Aug/2026:03:55:00 +0000] "GET /wp-admin/css/colors/xmrlpc.php HTTP/1.1" 404 27 "-" "-"
51.120.83.160 - - [04/Aug/2026:03:55:00 +0000] "GET /wp-admin/includes/xmrlpc.php HTTP/1.1" 404 27 "-" "-"
51.120.83.160 - - [04/Aug/2026:03:55:00 +0000] "GET /wp-admin/css/colors/blue/xmrlpc.php HTTP/1.1" 404 27 "-" "-"
51.120.83.160 - - [04/Aug/2026:03:55:00 +0000] "GET /wp-admin/xmrlpc.php HTTP/1.1" 404 27 "-" "-"
51.120.83.160 - - [04/Aug/2026:03:55:01 +0000] "GET /css.php HTTP/1.1" 404 27 "-" "-"
51.120.83.160 - - [04/Aug/2026:03:55:01 +0000] "GET /simple.php HTTP/1.1" 404 27 "-" "-"
51.120.83.160 - - [04/Aug/2026:03:55:01 +0000] "GET /log.php HTTP/1.1" 404 27 "-" "-"
52.4.149.131 - - [04/Aug/2026:03:55:02 +0000] "POST /wp-cron.php?doing_wp_cron=1785815702.2902009487152099609375 HTTP/1.1" 499 0 "-" "WordPress/7.0.2; https://simplify.earth"
51.120.83.160 - - [04/Aug/2026:03:55:02 +0000] "GET /index.php HTTP/1.1" 301 5 "-" "-"
51.120.83.160 - - [04/Aug/2026:03:55:02 +0000] "GET / HTTP/1.1" 200 91335 "-" "-"
103.231.7.194 - - [04/Aug/2026:03:55:03 +0000] "GET / HTTP/1.1" 200 19950 "-" "NOC-Monitor/1.0 (+https://github.com/)"
51.120.83.160 - - [04/Aug/2026:03:55:03 +0000] "GET /mail.php HTTP/1.1" 404 27 "-" "-"
51.120.83.160 - - [04/Aug/2026:03:55:03 +0000] "GET /bak.php HTTP/1.1" 404 27 "-" "-"
51.120.83.160 - - [04/Aug/2026:03:55:03 +0000] "GET /content.php HTTP/1.1" 404 27 "-" "-"
51.120.83.160 - - [04/Aug/2026:03:55:03 +0000] "GET /upfile.php HTTP/1.1" 404 27 "-" "-"
103.231.7.194 - - [04/Aug/2026:03:55:03 +0000] "GET / HTTP/1.1" 200 19950 "-" "NOC-Monitor/1.0 (+https://github.com/)"
51.120.83.160 - - [04/Aug/2026:03:55:03 +0000] "GET /wp.php HTTP/1.1" 404 27 "-" "-"
103.231.7.194 - - [04/Aug/2026:03:55:04 +0000] "GET / HTTP/1.1" 200 19950 "-" "NOC-Monitor/1.0 (+https://github.com/)"
51.120.83.160 - - [04/Aug/2026:03:55:04 +0000] "GET /wp-conflg.php HTTP/1.1" 404 27 "-" "-"
51.120.83.160 - - [04/Aug/2026:03:55:04 +0000] "GET /bypass.php HTTP/1.1" 404 27 "-" "-"
51.120.83.160 - - [04/Aug/2026:03:55:04 +0000] "GET /404.php HTTP/1.1" 404 27 "-" "-"
51.120.83.160 - - [04/Aug/2026:03:55:04 +0000] "GET /radio.php HTTP/1.1" 404 27 "-" "-"
51.120.83.160 - - [04/Aug/2026:03:55:05 +0000] "GET /xmrlpc.php HTTP/1.1" 404 27 "-" "-"
103.231.7.194 - - [04/Aug/2026:03:55:05 +0000] "GET / HTTP/1.1" 200 19950 "-" "NOC-Monitor/1.0 (+https://github.com/)"
51.120.83.160 - - [04/Aug/2026:03:55:05 +0000] "GET /ae.php HTTP/1.1" 404 27 "-" "-"
51.120.83.160 - - [04/Aug/2026:03:55:05 +0000] "GET /moon.php HTTP/1.1" 404 27 "-" "-"
51.120.83.160 - - [04/Aug/2026:03:55:10 +0000] "GET /blog.php HTTP/1.1" 404 27 "-" "-"
51.120.83.160 - - [04/Aug/2026:03:55:10 +0000] "GET /themes.php HTTP/1.1" 404 27 "-" "-"
51.120.83.160 - - [04/Aug/2026:03:55:10 +0000] "GET /ini.php HTTP/1.1" 404 27 "-" "-"
51.120.83.160 - - [04/Aug/2026:03:55:11 +0000] "GET /as.php HTTP/1.1" 404 27 "-" "-"
51.120.83.160 - - [04/Aug/2026:03:55:11 +0000] "GET /shell.php HTTP/1.1" 404 27 "-" "-"
51.120.83.160 - - [04/Aug/2026:03:55:11 +0000] "GET /dropdown.php HTTP/1.1" 404 27 "-" "-"
51.120.83.160 - - [04/Aug/2026:03:55:11 +0000] "GET /makeasmtp.php HTTP/1.1" 404 27 "-" "-"
51.120.83.160 - - [04/Aug/2026:03:55:12 +0000] "GET /wp-sigunq.php HTTP/1.1" 404 27 "-" "-"
51.120.83.160 - - [04/Aug/2026:03:55:12 +0000] "GET /wso112233.php HTTP/1.1" 404 27 "-" "-"
51.120.83.160 - - [04/Aug/2026:03:55:12 +0000] "GET /fw.php HTTP/1.1" 404 27 "-" "-"
51.120.83.160 - - [04/Aug/2026:03:55:13 +0000] "GET /install.php HTTP/1.1" 404 27 "-" "-"
51.120.83.160 - - [04/Aug/2026:03:55:13 +0000] "GET /wp-login.php HTTP/1.1" 200 6485 "-" "-"
51.120.83.160 - - [04/Aug/2026:03:55:14 +0000] "GET /wp-content/plugins/google-seo-rank/module.php HTTP/1.1" 404 27 "-" "-"
51.120.83.160 - - [04/Aug/2026:03:55:14 +0000] "GET /chosen.php HTTP/1.1" 404 27 "-" "-"
51.120.83.160 - - [04/Aug/2026:03:55:14 +0000] "GET /inputs.php HTTP/1.1" 404 27 "-" "-"
51.120.83.160 - - [04/Aug/2026:03:55:15 +0000] "GET /classsmtps.php HTTP/1.1" 404 27 "-" "-"
51.120.83.160 - - [04/Aug/2026:03:55:15 +0000] "GET /wp-blog-header.php HTTP/1.1" 404 5 "-" "-"
51.120.83.160 - - [04/Aug/2026:03:55:15 +0000] "GET /wp-trackback.php HTTP/1.1" 404 146 "-" "-"
51.120.83.160 - - [04/Aug/2026:03:55:15 +0000] "GET /wp-signup.php HTTP/1.1" 302 5 "-" "-"
51.120.83.160 - - [04/Aug/2026:03:55:16 +0000] "GET /wp-login.php?action=register HTTP/1.1" 302 5 "-" "-"
51.120.83.160 - - [04/Aug/2026:03:55:16 +0000] "GET /wp-login.php?registration=disabled HTTP/1.1" 200 6677 "-" "-"
51.120.83.160 - - [04/Aug/2026:03:55:16 +0000] "GET /wp-comments-post.php HTTP/1.1" 405 5 "-" "-"
51.120.83.160 - - [04/Aug/2026:03:55:16 +0000] "GET /wp-cron.php HTTP/1.1" 200 5 "-" "-"
51.120.83.160 - - [04/Aug/2026:03:55:17 +0000] "GET /wp-load.php HTTP/1.1" 200 5 "-" "-"
51.120.83.160 - - [04/Aug/2026:03:55:17 +0000] "GET /wp-mail.php HTTP/1.1" 403 2583 "-" "-"
51.120.83.160 - - [04/Aug/2026:03:55:17 +0000] "GET /edit.php HTTP/1.1" 404 27 "-" "-"
51.120.83.160 - - [04/Aug/2026:03:55:18 +0000] "GET /wp-activate.php HTTP/1.1" 302 5 "-" "-"
51.120.83.160 - - [04/Aug/2026:03:55:18 +0000] "GET /wp-login.php?action=register HTTP/1.1" 302 5 "-" "-"
51.120.83.160 - - [04/Aug/2026:03:55:18 +0000] "GET /wp-login.php?registration=disabled HTTP/1.1" 200 6677 "-" "-"
51.120.83.160 - - [04/Aug/2026:03:55:18 +0000] "GET /plugins.php HTTP/1.1" 404 27 "-" "-"
51.120.83.160 - - [04/Aug/2026:03:55:19 +0000] "GET /post.php HTTP/1.1" 404 27 "-" "-"
51.120.83.160 - - [04/Aug/2026:03:55:19 +0000] "GET /admin.php HTTP/1.1" 404 27 "-" "-"
51.120.83.160 - - [04/Aug/2026:03:55:19 +0000] "GET /about.php HTTP/1.1" 404 27 "-" "-"
51.120.83.160 - - [04/Aug/2026:03:55:19 +0000] "GET /wp-2019.php HTTP/1.1" 404 27 "-" "-"
52.4.149.131 - - [04/Aug/2026:04:00:02 +0000] "POST /wp-cron.php?doing_wp_cron=1785816002.7438149452209472656250 HTTP/1.1" 499 0 "-" "WordPress/7.0.2; https://simplify.earth"
103.231.7.194 - - [04/Aug/2026:04:00:02 +0000] "GET / HTTP/1.1" 200 19950 "-" "NOC-Monitor/1.0 (+https://github.com/)"
103.231.7.194 - - [04/Aug/2026:04:00:02 +0000] "GET / HTTP/1.1" 200 19950 "-" "NOC-Monitor/1.0 (+https://github.com/)"
103.231.7.194 - - [04/Aug/2026:04:00:04 +0000] "GET / HTTP/1.1" 200 19950 "-" "NOC-Monitor/1.0 (+https://github.com/)"
103.231.7.194 - - [04/Aug/2026:04:00:05 +0000] "GET / HTTP/1.1" 200 19950 "-" "NOC-Monitor/1.0 (+https://github.com/)"
52.4.149.131 - - [04/Aug/2026:04:02:20 +0000] "POST /wp-cron.php?doing_wp_cron=1785816140.2389879226684570312500 HTTP/1.1" 499 0 "-" "WordPress/7.0.2; https://simplify.earth"
194.26.192.19 - - [04/Aug/2026:04:02:20 +0000] "HEAD / HTTP/1.1" 200 0 "-" "python-requests/2.32.4"
194.26.192.19 - - [04/Aug/2026:04:02:20 +0000] "GET /wp-admin/ HTTP/1.1" 302 5 "-" "Mozilla/5.0 (Windows NT 10.0; Win64; x64) AppleWebKit/537.36 (KHTML, like Gecko) Edge/119.0.2151.97"
194.26.192.19 - - [04/Aug/2026:04:02:20 +0000] "GET /wp-login.php?redirect_to=https%3A%2F%2Fsimplify.earth%2Fwp-admin%2F&reauth=1 HTTP/1.1" 200 2307 "-" "Mozilla/5.0 (Windows NT 10.0; Win64; x64) AppleWebKit/537.36 (KHTML, like Gecko) Edge/119.0.2151.97"
216.73.216.232 - - [04/Aug/2026:04:04:07 +0000] "GET /sitemap.xml HTTP/2.0" 200 366 "-" "Mozilla/5.0 AppleWebKit/537.36 (KHTML, like Gecko; compatible; ClaudeBot/1.0; +claudebot@anthropic.com)"
103.231.7.194 - - [04/Aug/2026:04:05:02 +0000] "GET / HTTP/1.1" 200 19950 "-" "NOC-Monitor/1.0 (+https://github.com/)"
52.4.149.131 - - [04/Aug/2026:04:05:02 +0000] "POST /wp-cron.php?doing_wp_cron=1785816302.9024620056152343750000 HTTP/1.1" 499 0 "-" "WordPress/7.0.2; https://simplify.earth"
103.231.7.194 - - [04/Aug/2026:04:05:02 +0000] "GET / HTTP/1.1" 200 19950 "-" "NOC-Monitor/1.0 (+https://github.com/)"
52.4.149.131 - - [04/Aug/2026:04:05:02 +0000] "POST /wp-cron.php?doing_wp_cron=1785816302.9052300453186035156250 HTTP/1.1" 499 0 "-" "WordPress/7.0.2; https://simplify.earth"
103.231.7.194 - - [04/Aug/2026:04:05:03 +0000] "GET / HTTP/1.1" 200 19950 "-" "NOC-Monitor/1.0 (+https://github.com/)"
103.231.7.194 - - [04/Aug/2026:04:05:04 +0000] "GET / HTTP/1.1" 200 19950 "-" "NOC-Monitor/1.0 (+https://github.com/)"
52.4.149.131 - - [04/Aug/2026:04:08:52 +0000] "POST /wp-cron.php?doing_wp_cron=1785816532.5315690040588378906250 HTTP/1.1" 499 0 "-" "WordPress/7.0.2; https://simplify.earth"
216.73.216.232 - - [04/Aug/2026:04:08:52 +0000] "GET /?sitemap=1 HTTP/2.0" 301 0 "-" "Mozilla/5.0 AppleWebKit/537.36 (KHTML, like Gecko; compatible; ClaudeBot/1.0; +claudebot@anthropic.com)"
216.73.216.232 - - [04/Aug/2026:04:08:53 +0000] "GET / HTTP/2.0" 200 19937 "https://simplify.earth/?sitemap=1" "Mozilla/5.0 AppleWebKit/537.36 (KHTML, like Gecko; compatible; ClaudeBot/1.0; +claudebot@anthropic.com)"
52.4.149.131 - - [04/Aug/2026:04:10:02 +0000] "POST /wp-cron.php?doing_wp_cron=1785816602.2655138969421386718750 HTTP/1.1" 499 0 "-" "WordPress/7.0.2; https://simplify.earth"
103.231.7.194 - - [04/Aug/2026:04:10:02 +0000] "GET / HTTP/1.1" 200 19950 "-" "NOC-Monitor/1.0 (+https://github.com/)"
52.4.149.131 - - [04/Aug/2026:04:10:02 +0000] "POST /wp-cron.php?doing_wp_cron=1785816602.6914908885955810546875 HTTP/1.1" 499 0 "-" "WordPress/7.0.2; https://simplify.earth"
103.231.7.194 - - [04/Aug/2026:04:10:02 +0000] "GET / HTTP/1.1" 200 19950 "-" "NOC-Monitor/1.0 (+https://github.com/)"
103.231.7.194 - - [04/Aug/2026:04:10:04 +0000] "GET / HTTP/1.1" 200 19950 "-" "NOC-Monitor/1.0 (+https://github.com/)"
103.231.7.194 - - [04/Aug/2026:04:10:05 +0000] "GET / HTTP/1.1" 200 19950 "-" "NOC-Monitor/1.0 (+https://github.com/)"
52.4.149.131 - - [04/Aug/2026:04:14:13 +0000] "POST /wp-cron.php?doing_wp_cron=1785816853.0449509620666503906250 HTTP/1.1" 499 0 "-" "WordPress/7.0.2; https://simplify.earth"
51.161.65.173 - - [04/Aug/2026:04:14:13 +0000] "GET /golden-lion-casino-spielerlebnis-neu-definiert-im-jahr-2026/feed/ HTTP/2.0" 200 477 "-" "Mozilla/5.0 (compatible; AhrefsBot/7.0; +http://ahrefs.com/robot/)"
91.239.78.39 - - [04/Aug/2026:04:14:22 +0000] "GET / HTTP/1.1" 200 19950 "-" "Mozilla/5.0 (Windows NT 10.0; Win64; x64) AppleWebKit/537.36 (KHTML, like Gecko) Chrome/129.0.0.0 Safari/537.36 Edg/129.0.0.0"
91.239.78.39 - - [04/Aug/2026:04:14:23 +0000] "GET /wp-content/plugins/elementskit-lite/widgets/init/assets/js/widget-scripts.js?ver=3.10.02 HTTP/1.1" 200 16367 "-" "Mozilla/5.0 (X11; Linux x86_64) AppleWebKit/537.36 (KHTML, like Gecko) Chrome/131.0.0.0 Safari/537.36"
91.239.78.39 - - [04/Aug/2026:04:14:24 +0000] "GET /wp-content/themes/hello-elementor/assets/js/hello-frontend.min.js?ver=3.3.0 HTTP/1.1" 200 667 "-" "Mozilla/5.0 (Macintosh; Intel Mac OS X 10_15_7) AppleWebKit/605.1.15 (KHTML, like Gecko) Version/18.1 Safari/605.1.15"
91.239.78.39 - - [04/Aug/2026:04:14:25 +0000] "GET /wp-content/plugins/elementor/assets/js/webpack.runtime.min.js?ver=4.0.8 HTTP/1.1" 200 2605 "-" "Mozilla/5.0 (Macintosh; Intel Mac OS X 10_15_7) AppleWebKit/605.1.15 (KHTML, like Gecko) Version/18.1 Safari/605.1.15"
91.239.78.39 - - [04/Aug/2026:04:14:26 +0000] "GET /wp-content/plugins/elementor/assets/js/frontend-modules.min.js?ver=4.0.8 HTTP/1.1" 200 18685 "-" "Mozilla/5.0 (Macintosh; Intel Mac OS X 10_15_7) AppleWebKit/537.36 (KHTML, like Gecko) Chrome/131.0.0.0 Safari/537.36"
91.239.78.39 - - [04/Aug/2026:04:14:28 +0000] "GET /wp-content/plugins/elementor/assets/js/frontend.min.js?ver=4.0.8 HTTP/1.1" 200 11879 "-" "Mozilla/5.0 (Windows NT 10.0; Win64; x64) AppleWebKit/537.36 (KHTML, like Gecko) Chrome/129.0.0.0 Safari/537.36 Edg/129.0.0.0"
91.239.78.39 - - [04/Aug/2026:04:14:28 +0000] "GET /wp-content/plugins/google-site-kit/dist/assets/js/googlesitekit-events-provider-wpforms-063cb453c64ecfd3dafe.js HTTP/1.1" 200 2679 "-" "Mozilla/5.0 (Macintosh; Intel Mac OS X 10_15_7) AppleWebKit/537.36 (KHTML, like Gecko) Chrome/131.0.0.0 Safari/537.36"
91.239.78.39 - - [04/Aug/2026:04:14:29 +0000] "GET /wp-content/plugins/elementor-pro/assets/js/webpack-pro.runtime.min.js?ver=4.0.4 HTTP/1.1" 200 2937 "-" "Mozilla/5.0 (X11; Linux x86_64) AppleWebKit/537.36 (KHTML, like Gecko) Chrome/131.0.0.0 Safari/537.36"
54.191.137.17 - - [04/Aug/2026:04:14:29 +0000] "POST /wp-load.php HTTP/1.1" 200 5 "https://earthpayments.com/wp-load.php" "ManageWP"
91.239.78.39 - - [04/Aug/2026:04:14:30 +0000] "GET /wp-includes/js/dist/hooks.min.js?ver=7496969728ca0f95732d HTTP/1.1" 200 1937 "-" "Mozilla/5.0 (Macintosh; Intel Mac OS X 10_15_7) AppleWebKit/605.1.15 (KHTML, like Gecko) Version/18.1 Safari/605.1.15"
52.4.149.131 - - [04/Aug/2026:04:14:30 +0000] "POST /wp-cron.php?doing_wp_cron=1785816870.4209930896759033203125 HTTP/1.1" 499 0 "-" "WordPress/7.0.2; https://simplify.earth"
54.191.137.17 - - [04/Aug/2026:04:14:30 +0000] "POST /wp-load.php HTTP/1.1" 200 5 "https://earthpayments.com/wp-load.php" "ManageWP"
91.239.78.39 - - [04/Aug/2026:04:14:30 +0000] "GET /wp-includes/js/dist/i18n.min.js?ver=781d11515ad3d91786ec HTTP/1.1" 200 2600 "-" "Mozilla/5.0 (Macintosh; Intel Mac OS X 10_15_7) AppleWebKit/537.36 (KHTML, like Gecko) Chrome/131.0.0.0 Safari/537.36"
54.191.137.17 - - [04/Aug/2026:04:14:31 +0000] "POST /wp-load.php HTTP/1.1" 200 5 "https://earthpayments.com/wp-load.php" "ManageWP"
91.239.78.39 - - [04/Aug/2026:04:14:32 +0000] "GET /wp-content/plugins/elementor-pro/assets/js/frontend.min.js?ver=4.0.4 HTTP/1.1" 200 7525 "-" "Mozilla/5.0 (Macintosh; Intel Mac OS X 10_15_7) AppleWebKit/605.1.15 (KHTML, like Gecko) Version/18.1 Safari/605.1.15"
54.191.137.17 - - [04/Aug/2026:04:14:32 +0000] "POST /wp-load.php HTTP/1.1" 200 5 "https://earthpayments.com/wp-load.php" "ManageWP"
91.239.78.39 - - [04/Aug/2026:04:14:32 +0000] "GET /wp-content/plugins/elementor-pro/assets/js/elements-handlers.min.js?ver=4.0.4 HTTP/1.1" 200 12383 "-" "Mozilla/5.0 (X11; Linux x86_64) AppleWebKit/537.36 (KHTML, like Gecko) Chrome/131.0.0.0 Safari/537.36"
91.239.78.39 - - [04/Aug/2026:04:14:35 +0000] "GET /asset-manifest.json HTTP/1.1" 404 13312 "-" "Mozilla/5.0 (Windows NT 10.0; Win64; x64; rv:133.0) Gecko/20100101 Firefox/133.0"
91.239.78.39 - - [04/Aug/2026:04:14:38 +0000] "GET /stats.json HTTP/1.1" 404 13312 "-" "Mozilla/5.0 (Windows NT 10.0; Win64; x64) AppleWebKit/537.36 (KHTML, like Gecko) Chrome/131.0.0.0 Safari/537.36"
91.239.78.39 - - [04/Aug/2026:04:14:39 +0000] "GET /manifest.json HTTP/1.1" 404 13312 "-" "Mozilla/5.0 (Windows NT 10.0; Win64; x64) AppleWebKit/537.36 (KHTML, like Gecko) Chrome/129.0.0.0 Safari/537.36 Edg/129.0.0.0"
54.203.109.179 - - [04/Aug/2026:04:14:58 +0000] "GET / HTTP/2.0" 200 19937 "-" "Mozilla/5.0 (Windows NT 10.0; Win64; x64; rv:109.0) Gecko/20100101 Firefox/110.0"
54.203.109.179 - - [04/Aug/2026:04:14:58 +0000] "GET /wp-content/plugins/sina-extension-for-elementor/assets/css/sina-header-footer.min.css?ver=3.10.2 HTTP/2.0" 200 1611 "https://simplify.earth/" "Mozilla/5.0 (Windows NT 10.0; Win64; x64; rv:109.0) Gecko/20100101 Firefox/110.0"
54.203.109.179 - - [04/Aug/2026:04:14:58 +0000] "GET /wp-content/themes/hello-elementor/style.min.css?ver=3.3.0 HTTP/2.0" 200 1968 "https://simplify.earth/" "Mozilla/5.0 (Windows NT 10.0; Win64; x64; rv:109.0) Gecko/20100101 Firefox/110.0"
54.203.109.179 - - [04/Aug/2026:04:14:58 +0000] "GET /wp-content/themes/hello-elementor/theme.min.css?ver=3.3.0 HTTP/2.0" 200 1430 "https://simplify.earth/" "Mozilla/5.0 (Windows NT 10.0; Win64; x64; rv:109.0) Gecko/20100101 Firefox/110.0"
54.203.109.179 - - [04/Aug/2026:04:14:59 +0000] "GET /wp-content/themes/hello-elementor/header-footer.min.css?ver=3.3.0 HTTP/2.0" 200 1703 "https://simplify.earth/" "Mozilla/5.0 (Windows NT 10.0; Win64; x64; rv:109.0) Gecko/20100101 Firefox/110.0"
54.203.109.179 - - [04/Aug/2026:04:14:59 +0000] "GET /wp-content/plugins/elementor/assets/css/frontend.min.css?ver=4.0.8 HTTP/2.0" 200 9056 "https://simplify.earth/" "Mozilla/5.0 (Windows NT 10.0; Win64; x64; rv:109.0) Gecko/20100101 Firefox/110.0"
54.203.109.179 - - [04/Aug/2026:04:14:59 +0000] "GET /wp-content/uploads/elementor/css/post-12.css?ver=1785742208 HTTP/2.0" 200 2102 "https://simplify.earth/" "Mozilla/5.0 (Windows NT 10.0; Win64; x64; rv:109.0) Gecko/20100101 Firefox/110.0"
54.203.109.179 - - [04/Aug/2026:04:14:59 +0000] "GET /wp-content/plugins/elementor/assets/css/widget-image.min.css?ver=4.0.8 HTTP/2.0" 200 214 "https://simplify.earth/" "Mozilla/5.0 (Windows NT 10.0; Win64; x64; rv:109.0) Gecko/20100101 Firefox/110.0"
54.203.109.179 - - [04/Aug/2026:04:14:59 +0000] "GET /wp-content/plugins/elementor-pro/assets/css/widget-nav-menu.min.css?ver=4.0.4 HTTP/2.0" 200 4199 "https://simplify.earth/" "Mozilla/5.0 (Windows NT 10.0; Win64; x64; rv:109.0) Gecko/20100101 Firefox/110.0"
54.203.109.179 - - [04/Aug/2026:04:14:59 +0000] "GET /wp-content/plugins/elementor/assets/css/widget-social-icons.min.css?ver=4.0.8 HTTP/2.0" 200 1202 "https://simplify.earth/" "Mozilla/5.0 (Windows NT 10.0; Win64; x64; rv:109.0) Gecko/20100101 Firefox/110.0"
54.203.109.179 - - [04/Aug/2026:04:14:59 +0000] "GET /wp-content/plugins/elementor/assets/css/conditionals/apple-webkit.min.css?ver=4.0.8 HTTP/2.0" 200 674 "https://simplify.earth/" "Mozilla/5.0 (Windows NT 10.0; Win64; x64; rv:109.0) Gecko/20100101 Firefox/110.0"
54.203.109.179 - - [04/Aug/2026:04:14:59 +0000] "GET /wp-content/plugins/elementor/assets/css/widget-heading.min.css?ver=4.0.8 HTTP/2.0" 200 560 "https://simplify.earth/" "Mozilla/5.0 (Windows NT 10.0; Win64; x64; rv:109.0) Gecko/20100101 Firefox/110.0"
54.203.109.179 - - [04/Aug/2026:04:14:59 +0000] "GET /wp-content/plugins/elementor/assets/lib/animations/styles/fadeInUp.min.css?ver=4.0.8 HTTP/2.0" 200 130 "https://simplify.earth/" "Mozilla/5.0 (Windows NT 10.0; Win64; x64; rv:109.0) Gecko/20100101 Firefox/110.0"
54.203.109.179 - - [04/Aug/2026:04:14:59 +0000] "GET /wp-content/plugins/elementor/assets/css/widget-icon-list.min.css?ver=4.0.8 HTTP/2.0" 200 1372 "https://simplify.earth/" "Mozilla/5.0 (Windows NT 10.0; Win64; x64; rv:109.0) Gecko/20100101 Firefox/110.0"
54.203.109.179 - - [04/Aug/2026:04:14:59 +0000] "GET /wp-content/plugins/elementor/assets/lib/animations/styles/fadeInLeft.min.css?ver=4.0.8 HTTP/2.0" 200 137 "https://simplify.earth/" "Mozilla/5.0 (Windows NT 10.0; Win64; x64; rv:109.0) Gecko/20100101 Firefox/110.0"
54.203.109.179 - - [04/Aug/2026:04:14:59 +0000] "GET /wp-content/uploads/elementor/css/post-2468.css?ver=1785742209 HTTP/2.0" 200 6885 "https://simplify.earth/" "Mozilla/5.0 (Windows NT 10.0; Win64; x64; rv:109.0) Gecko/20100101 Firefox/110.0"
54.203.109.179 - - [04/Aug/2026:04:15:00 +0000] "GET /wp-content/uploads/elementor/css/post-80.css?ver=1785742209 HTTP/2.0" 200 1467 "https://simplify.earth/" "Mozilla/5.0 (Windows NT 10.0; Win64; x64; rv:109.0) Gecko/20100101 Firefox/110.0"
54.203.109.179 - - [04/Aug/2026:04:15:00 +0000] "GET /wp-content/uploads/elementor/css/post-89.css?ver=1785742209 HTTP/2.0" 200 1075 "https://simplify.earth/" "Mozilla/5.0 (Windows NT 10.0; Win64; x64; rv:109.0) Gecko/20100101 Firefox/110.0"
54.203.109.179 - - [04/Aug/2026:04:15:00 +0000] "GET /wp-content/plugins/elementskit-lite/widgets/init/assets/css/widget-styles.css?ver=3.10.02 HTTP/2.0" 200 69667 "https://simplify.earth/" "Mozilla/5.0 (Windows NT 10.0; Win64; x64; rv:109.0) Gecko/20100101 Firefox/110.0"
54.203.109.179 - - [04/Aug/2026:04:15:00 +0000] "GET /wp-content/plugins/elementskit-lite/widgets/init/assets/css/responsive.css?ver=3.10.02 HTTP/2.0" 200 3764 "https://simplify.earth/" "Mozilla/5.0 (Windows NT 10.0; Win64; x64; rv:109.0) Gecko/20100101 Firefox/110.0"
54.203.109.179 - - [04/Aug/2026:04:15:00 +0000] "GET /wp-content/plugins/elementskit-lite/modules/elementskit-icon-pack/assets/css/ekiticons.css?ver=3.10.02 HTTP/2.0" 200 11979 "https://simplify.earth/" "Mozilla/5.0 (Windows NT 10.0; Win64; x64; rv:109.0) Gecko/20100101 Firefox/110.0"
54.203.109.179 - - [04/Aug/2026:04:15:00 +0000] "GET /wp-content/plugins/skyboot-custom-icons-for-elementor/assets/css/elegant.css?ver=1.1.1 HTTP/2.0" 200 4666 "https://simplify.earth/" "Mozilla/5.0 (Windows NT 10.0; Win64; x64; rv:109.0) Gecko/20100101 Firefox/110.0"
54.203.109.179 - - [04/Aug/2026:04:15:00 +0000] "GET /wp-content/plugins/skyboot-custom-icons-for-elementor/assets/css/linearicons.css?ver=1.1.1 HTTP/2.0" 200 1772 "https://simplify.earth/" "Mozilla/5.0 (Windows NT 10.0; Win64; x64; rv:109.0) Gecko/20100101 Firefox/110.0"
54.203.109.179 - - [04/Aug/2026:04:15:00 +0000] "GET /wp-includes/js/jquery/jquery.min.js?ver=3.7.1 HTTP/2.0" 200 35438 "https://simplify.earth/" "Mozilla/5.0 (Windows NT 10.0; Win64; x64; rv:109.0) Gecko/20100101 Firefox/110.0"
54.203.109.179 - - [04/Aug/2026:04:15:00 +0000] "GET /wp-includes/js/jquery/jquery-migrate.min.js?ver=3.4.1 HTTP/2.0" 200 5342 "https://simplify.earth/" "Mozilla/5.0 (Windows NT 10.0; Win64; x64; rv:109.0) Gecko/20100101 Firefox/110.0"
54.203.109.179 - - [04/Aug/2026:04:15:00 +0000] "GET /wp-content/uploads/2025/02/s-logo-1.png HTTP/2.0" 200 111299 "https://simplify.earth/" "Mozilla/5.0 (Windows NT 10.0; Win64; x64; rv:109.0) Gecko/20100101 Firefox/110.0"
54.203.109.179 - - [04/Aug/2026:04:15:01 +0000] "GET /wp-content/uploads/2025/10/2046-min.jpg HTTP/2.0" 200 198635 "https://simplify.earth/" "Mozilla/5.0 (Windows NT 10.0; Win64; x64; rv:109.0) Gecko/20100101 Firefox/110.0"
54.203.109.179 - - [04/Aug/2026:04:15:01 +0000] "GET /wp-content/uploads/2026/02/104258.jpg HTTP/2.0" 200 425448 "https://simplify.earth/" "Mozilla/5.0 (Windows NT 10.0; Win64; x64; rv:109.0) Gecko/20100101 Firefox/110.0"
54.203.109.179 - - [04/Aug/2026:04:15:01 +0000] "GET /wp-content/plugins/elementskit-lite/widgets/init/assets/js/widget-scripts.js?ver=3.10.02 HTTP/2.0" 200 16354 "https://simplify.earth/" "Mozilla/5.0 (Windows NT 10.0; Win64; x64; rv:109.0) Gecko/20100101 Firefox/110.0"
54.203.109.179 - - [04/Aug/2026:04:15:01 +0000] "GET /wp-content/themes/hello-elementor/assets/js/hello-frontend.min.js?ver=3.3.0 HTTP/2.0" 200 655 "https://simplify.earth/" "Mozilla/5.0 (Windows NT 10.0; Win64; x64; rv:109.0) Gecko/20100101 Firefox/110.0"
54.203.109.179 - - [04/Aug/2026:04:15:01 +0000] "GET /wp-content/plugins/elementor/assets/js/webpack.runtime.min.js?ver=4.0.8 HTTP/2.0" 200 2593 "https://simplify.earth/" "Mozilla/5.0 (Windows NT 10.0; Win64; x64; rv:109.0) Gecko/20100101 Firefox/110.0"
54.203.109.179 - - [04/Aug/2026:04:15:01 +0000] "GET /wp-content/plugins/elementor/assets/js/frontend-modules.min.js?ver=4.0.8 HTTP/2.0" 200 18672 "https://simplify.earth/" "Mozilla/5.0 (Windows NT 10.0; Win64; x64; rv:109.0) Gecko/20100101 Firefox/110.0"
54.203.109.179 - - [04/Aug/2026:04:15:01 +0000] "GET /wp-includes/js/jquery/ui/core.min.js?ver=1.13.3 HTTP/2.0" 200 7941 "https://simplify.earth/" "Mozilla/5.0 (Windows NT 10.0; Win64; x64; rv:109.0) Gecko/20100101 Firefox/110.0"
54.203.109.179 - - [04/Aug/2026:04:15:02 +0000] "GET /wp-content/plugins/elementor/assets/js/frontend.min.js?ver=4.0.8 HTTP/2.0" 200 11866 "https://simplify.earth/" "Mozilla/5.0 (Windows NT 10.0; Win64; x64; rv:109.0) Gecko/20100101 Firefox/110.0"
54.203.109.179 - - [04/Aug/2026:04:15:02 +0000] "GET /wp-content/plugins/elementor-pro/assets/lib/smartmenus/jquery.smartmenus.min.js?ver=1.2.1 HTTP/2.0" 200 8385 "https://simplify.earth/" "Mozilla/5.0 (Windows NT 10.0; Win64; x64; rv:109.0) Gecko/20100101 Firefox/110.0"
54.203.109.179 - - [04/Aug/2026:04:15:02 +0000] "GET /wp-content/plugins/elementor-pro/assets/js/webpack-pro.runtime.min.js?ver=4.0.4 HTTP/2.0" 200 2925 "https://simplify.earth/" "Mozilla/5.0 (Windows NT 10.0; Win64; x64; rv:109.0) Gecko/20100101 Firefox/110.0"
54.203.109.179 - - [04/Aug/2026:04:15:02 +0000] "GET /wp-includes/js/dist/hooks.min.js?ver=7496969728ca0f95732d HTTP/2.0" 200 1925 "https://simplify.earth/" "Mozilla/5.0 (Windows NT 10.0; Win64; x64; rv:109.0) Gecko/20100101 Firefox/110.0"
54.203.109.179 - - [04/Aug/2026:04:15:02 +0000] "GET /wp-includes/js/dist/i18n.min.js?ver=781d11515ad3d91786ec HTTP/2.0" 200 2588 "https://simplify.earth/" "Mozilla/5.0 (Windows NT 10.0; Win64; x64; rv:109.0) Gecko/20100101 Firefox/110.0"
54.203.109.179 - - [04/Aug/2026:04:15:02 +0000] "GET /wp-content/plugins/elementor-pro/assets/js/frontend.min.js?ver=4.0.4 HTTP/2.0" 200 7512 "https://simplify.earth/" "Mozilla/5.0 (Windows NT 10.0; Win64; x64; rv:109.0) Gecko/20100101 Firefox/110.0"
54.203.109.179 - - [04/Aug/2026:04:15:02 +0000] "GET /wp-content/plugins/elementor-pro/assets/js/elements-handlers.min.js?ver=4.0.4 HTTP/2.0" 200 12370 "https://simplify.earth/" "Mozilla/5.0 (Windows NT 10.0; Win64; x64; rv:109.0) Gecko/20100101 Firefox/110.0"
54.203.109.179 - - [04/Aug/2026:04:15:02 +0000] "GET /wp-content/plugins/google-site-kit/dist/assets/js/googlesitekit-events-provider-wpforms-063cb453c64ecfd3dafe.js HTTP/2.0" 200 2667 "https://simplify.earth/" "Mozilla/5.0 (Windows NT 10.0; Win64; x64; rv:109.0) Gecko/20100101 Firefox/110.0"
103.231.7.194 - - [04/Aug/2026:04:15:02 +0000] "GET / HTTP/1.1" 200 19950 "-" "NOC-Monitor/1.0 (+https://github.com/)"
54.203.109.179 - - [04/Aug/2026:04:15:02 +0000] "GET /wp-content/uploads/2025/02/bg_img.png HTTP/2.0" 200 3504 "https://simplify.earth/wp-content/uploads/elementor/css/post-2468.css?ver=1785742209" "Mozilla/5.0 (Windows NT 10.0; Win64; x64; rv:109.0) Gecko/20100101 Firefox/110.0"
54.203.109.179 - - [04/Aug/2026:04:15:03 +0000] "GET /wp-content/plugins/elementskit-lite/modules/elementskit-icon-pack/assets/fonts/elementskit.woff?itek3h HTTP/2.0" 200 464672 "https://simplify.earth/wp-content/plugins/elementskit-lite/modules/elementskit-icon-pack/assets/css/ekiticons.css?ver=3.10.02" "Mozilla/5.0 (Windows NT 10.0; Win64; x64; rv:109.0) Gecko/20100101 Firefox/110.0"
103.231.7.194 - - [04/Aug/2026:04:15:03 +0000] "GET / HTTP/1.1" 200 19950 "-" "NOC-Monitor/1.0 (+https://github.com/)"
54.203.109.179 - - [04/Aug/2026:04:15:03 +0000] "GET /wp-content/plugins/skyboot-custom-icons-for-elementor/assets/fonts/ElegantIcons.woff HTTP/2.0" 200 63664 "https://simplify.earth/wp-content/plugins/skyboot-custom-icons-for-elementor/assets/css/elegant.css?ver=1.1.1" "Mozilla/5.0 (Windows NT 10.0; Win64; x64; rv:109.0) Gecko/20100101 Firefox/110.0"
103.231.7.194 - - [04/Aug/2026:04:15:03 +0000] "GET / HTTP/1.1" 200 19950 "-" "NOC-Monitor/1.0 (+https://github.com/)"
54.203.109.179 - - [04/Aug/2026:04:15:03 +0000] "GET /wp-content/plugins/skyboot-custom-icons-for-elementor/assets/fonts/Linearicons-Free.woff2?w118d HTTP/2.0" 200 21780 "https://simplify.earth/wp-content/plugins/skyboot-custom-icons-for-elementor/assets/css/linearicons.css?ver=1.1.1" "Mozilla/5.0 (Windows NT 10.0; Win64; x64; rv:109.0) Gecko/20100101 Firefox/110.0"
54.203.109.179 - - [04/Aug/2026:04:15:03 +0000] "GET /wp-content/plugins/elementor/assets/js/shared-frontend-handlers.03caa53373b56d3bab67.bundle.min.js HTTP/2.0" 200 2930 "https://simplify.earth/" "Mozilla/5.0 (Windows NT 10.0; Win64; x64; rv:109.0) Gecko/20100101 Firefox/110.0"
54.203.109.179 - - [04/Aug/2026:04:15:03 +0000] "GET /wp-content/plugins/elementor-pro/assets/js/nav-menu.3afa8f5eb1fef7c22561.bundle.min.js HTTP/2.0" 200 2032 "https://simplify.earth/" "Mozilla/5.0 (Windows NT 10.0; Win64; x64; rv:109.0) Gecko/20100101 Firefox/110.0"
54.203.109.179 - - [04/Aug/2026:04:15:03 +0000] "GET /wp-content/plugins/elementor/assets/js/text-editor.45609661e409413f1cef.bundle.min.js HTTP/2.0" 200 667 "https://simplify.earth/" "Mozilla/5.0 (Windows NT 10.0; Win64; x64; rv:109.0) Gecko/20100101 Firefox/110.0"
54.203.109.179 - - [04/Aug/2026:04:15:03 +0000] "GET /wp-includes/js/wp-emoji-release.min.js?ver=7.0.2 HTTP/2.0" 200 6307 "https://simplify.earth/" "Mozilla/5.0 (Windows NT 10.0; Win64; x64; rv:109.0) Gecko/20100101 Firefox/110.0"
54.203.109.179 - - [04/Aug/2026:04:15:04 +0000] "GET /wp-content/uploads/2025/07/Group-1078.png HTTP/2.0" 200 4355 "https://simplify.earth/" "Mozilla/5.0 (Windows NT 10.0; Win64; x64; rv:109.0) Gecko/20100101 Firefox/110.0"
103.231.7.194 - - [04/Aug/2026:04:15:04 +0000] "GET / HTTP/1.1" 200 19950 "-" "NOC-Monitor/1.0 (+https://github.com/)"
54.203.109.179 - - [04/Aug/2026:04:15:09 +0000] "GET /wp-content/uploads/2025/02/13792.jpg HTTP/2.0" 200 556493 "https://simplify.earth/" "Mozilla/5.0 (Windows NT 10.0; Win64; x64; rv:109.0) Gecko/20100101 Firefox/110.0"
52.4.149.131 - - [04/Aug/2026:04:16:34 +0000] "POST /wp-cron.php?doing_wp_cron=1785816994.2713658809661865234375 HTTP/1.1" 499 0 "-" "WordPress/7.0.2; https://simplify.earth"
209.127.36.84 - - [04/Aug/2026:04:16:34 +0000] "GET / HTTP/1.1" 200 19950 "-" "Mozilla/5.0 (Windows NT 10.0; Win64; x64; rv:109.0) Gecko/20100101 Firefox/111.0"
52.4.149.131 - - [04/Aug/2026:04:18:01 +0000] "POST /wp-cron.php?doing_wp_cron=1785817081.3414719104766845703125 HTTP/1.1" 499 0 "-" "WordPress/7.0.2; https://simplify.earth"
54.39.136.218 - - [04/Aug/2026:04:18:01 +0000] "GET /goldenpanda-freispiele-sinnvoll-nutzen-und-maximieren/feed/ HTTP/2.0" 200 475 "-" "Mozilla/5.0 (compatible; AhrefsBot/7.0; +http://ahrefs.com/robot/)"
52.4.149.131 - - [04/Aug/2026:04:19:01 +0000] "POST /wp-cron.php?doing_wp_cron=1785817141.9276978969573974609375 HTTP/1.1" 499 0 "-" "WordPress/7.0.2; https://simplify.earth"
91.239.78.39 - - [04/Aug/2026:04:19:01 +0000] "GET / HTTP/1.1" 200 19950 "-" "Mozilla/5.0 (Macintosh; Intel Mac OS X 10_15_7) AppleWebKit/605.1.15 (KHTML, like Gecko) Version/18.1 Safari/605.1.15"
91.239.78.39 - - [04/Aug/2026:04:19:03 +0000] "GET /wp-content/plugins/elementskit-lite/widgets/init/assets/js/widget-scripts.js?ver=3.10.02 HTTP/1.1" 200 16367 "-" "Mozilla/5.0 (Macintosh; Intel Mac OS X 10_15_7) AppleWebKit/537.36 (KHTML, like Gecko) Chrome/131.0.0.0 Safari/537.36"
91.239.78.39 - - [04/Aug/2026:04:19:04 +0000] "GET /wp-content/themes/hello-elementor/assets/js/hello-frontend.min.js?ver=3.3.0 HTTP/1.1" 200 667 "-" "Mozilla/5.0 (Windows NT 10.0; Win64; x64; rv:133.0) Gecko/20100101 Firefox/133.0"
91.239.78.39 - - [04/Aug/2026:04:19:04 +0000] "GET /wp-content/plugins/elementor/assets/js/webpack.runtime.min.js?ver=4.0.8 HTTP/1.1" 200 2605 "-" "Mozilla/5.0 (X11; Linux x86_64) AppleWebKit/537.36 (KHTML, like Gecko) Chrome/131.0.0.0 Safari/537.36"
91.239.78.39 - - [04/Aug/2026:04:19:05 +0000] "GET /wp-content/plugins/elementor/assets/js/frontend-modules.min.js?ver=4.0.8 HTTP/1.1" 200 18685 "-" "Mozilla/5.0 (Windows NT 10.0; Win64; x64) AppleWebKit/537.36 (KHTML, like Gecko) Chrome/129.0.0.0 Safari/537.36 Edg/129.0.0.0"
91.239.78.39 - - [04/Aug/2026:04:19:07 +0000] "GET /wp-content/plugins/elementor/assets/js/frontend.min.js?ver=4.0.8 HTTP/1.1" 200 11879 "-" "Mozilla/5.0 (Macintosh; Intel Mac OS X 10_15_7) AppleWebKit/605.1.15 (KHTML, like Gecko) Version/18.1 Safari/605.1.15"
91.239.78.39 - - [04/Aug/2026:04:19:08 +0000] "GET /wp-content/plugins/google-site-kit/dist/assets/js/googlesitekit-events-provider-wpforms-063cb453c64ecfd3dafe.js HTTP/1.1" 200 2679 "-" "Mozilla/5.0 (Macintosh; Intel Mac OS X 10_15_7) AppleWebKit/537.36 (KHTML, like Gecko) Chrome/131.0.0.0 Safari/537.36"
91.239.78.39 - - [04/Aug/2026:04:19:08 +0000] "GET /wp-content/plugins/elementor-pro/assets/js/webpack-pro.runtime.min.js?ver=4.0.4 HTTP/1.1" 200 2937 "-" "Mozilla/5.0 (Windows NT 10.0; Win64; x64; rv:133.0) Gecko/20100101 Firefox/133.0"
91.239.78.39 - - [04/Aug/2026:04:19:09 +0000] "GET /wp-includes/js/dist/hooks.min.js?ver=7496969728ca0f95732d HTTP/1.1" 200 1937 "-" "Mozilla/5.0 (Windows NT 10.0; Win64; x64) AppleWebKit/537.36 (KHTML, like Gecko) Chrome/129.0.0.0 Safari/537.36 Edg/129.0.0.0"
91.239.78.39 - - [04/Aug/2026:04:19:09 +0000] "GET /wp-includes/js/dist/i18n.min.js?ver=781d11515ad3d91786ec HTTP/1.1" 200 2600 "-" "Mozilla/5.0 (Macintosh; Intel Mac OS X 10_15_7) AppleWebKit/605.1.15 (KHTML, like Gecko) Version/18.1 Safari/605.1.15"
91.239.78.39 - - [04/Aug/2026:04:19:10 +0000] "GET /wp-content/plugins/elementor-pro/assets/js/frontend.min.js?ver=4.0.4 HTTP/1.1" 200 7525 "-" "Mozilla/5.0 (Windows NT 10.0; Win64; x64) AppleWebKit/537.36 (KHTML, like Gecko) Chrome/129.0.0.0 Safari/537.36 Edg/129.0.0.0"
91.239.78.39 - - [04/Aug/2026:04:19:12 +0000] "GET /wp-content/plugins/elementor-pro/assets/js/elements-handlers.min.js?ver=4.0.4 HTTP/1.1" 200 12383 "-" "Mozilla/5.0 (Windows NT 10.0; Win64; x64) AppleWebKit/537.36 (KHTML, like Gecko) Chrome/131.0.0.0 Safari/537.36"
91.239.78.39 - - [04/Aug/2026:04:19:14 +0000] "GET /asset-manifest.json HTTP/1.1" 404 13312 "-" "Mozilla/5.0 (Windows NT 10.0; Win64; x64) AppleWebKit/537.36 (KHTML, like Gecko) Chrome/131.0.0.0 Safari/537.36"
91.239.78.39 - - [04/Aug/2026:04:19:18 +0000] "GET /stats.json HTTP/1.1" 404 13312 "-" "Mozilla/5.0 (X11; Linux x86_64) AppleWebKit/537.36 (KHTML, like Gecko) Chrome/131.0.0.0 Safari/537.36"
91.239.78.39 - - [04/Aug/2026:04:19:20 +0000] "GET /manifest.json HTTP/1.1" 404 13312 "-" "Mozilla/5.0 (Macintosh; Intel Mac OS X 10_15_7) AppleWebKit/605.1.15 (KHTML, like Gecko) Version/18.1 Safari/605.1.15"
91.239.78.39 - - [04/Aug/2026:04:19:58 +0000] "GET /sitemap.xml HTTP/1.1" 200 378 "-" "Mozilla/5.0 (Windows NT 10.0; Win64; x64) AppleWebKit/537.36 (KHTML, like Gecko) Chrome/131.0.0.0 Safari/537.36"
52.4.149.131 - - [04/Aug/2026:04:19:59 +0000] "POST /wp-cron.php?doing_wp_cron=1785817199.8633160591125488281250 HTTP/1.1" 499 0 "-" "WordPress/7.0.2; https://simplify.earth"
91.239.78.39 - - [04/Aug/2026:04:19:59 +0000] "GET / HTTP/1.1" 200 19950 "-" "Mozilla/5.0 (Macintosh; Intel Mac OS X 10_15_7) AppleWebKit/605.1.15 (KHTML, like Gecko) Version/18.1 Safari/605.1.15"
91.239.78.39 - - [04/Aug/2026:04:20:00 +0000] "GET /env.js HTTP/1.1" 404 564 "-" "Mozilla/5.0 (X11; Linux x86_64) AppleWebKit/537.36 (KHTML, like Gecko) Chrome/131.0.0.0 Safari/537.36"
91.239.78.39 - - [04/Aug/2026:04:20:00 +0000] "GET /environment.js HTTP/1.1" 404 564 "-" "Mozilla/5.0 (X11; Linux x86_64) AppleWebKit/537.36 (KHTML, like Gecko) Chrome/131.0.0.0 Safari/537.36"
91.239.78.39 - - [04/Aug/2026:04:20:00 +0000] "GET /firebase-messaging-sw.js HTTP/1.1" 404 564 "-" "Mozilla/5.0 (Windows NT 10.0; Win64; x64) AppleWebKit/537.36 (KHTML, like Gecko) Chrome/129.0.0.0 Safari/537.36 Edg/129.0.0.0"
91.239.78.39 - - [04/Aug/2026:04:20:00 +0000] "GET /ngsw-worker.js HTTP/1.1" 404 564 "-" "Mozilla/5.0 (X11; Linux x86_64) AppleWebKit/537.36 (KHTML, like Gecko) Chrome/131.0.0.0 Safari/537.36"
91.239.78.39 - - [04/Aug/2026:04:20:00 +0000] "GET /runtime-env.js HTTP/1.1" 404 564 "-" "Mozilla/5.0 (Macintosh; Intel Mac OS X 10_15_7) AppleWebKit/537.36 (KHTML, like Gecko) Chrome/131.0.0.0 Safari/537.36"
91.239.78.39 - - [04/Aug/2026:04:20:00 +0000] "GET /config.js HTTP/1.1" 404 162 "-" "Mozilla/5.0 (Macintosh; Intel Mac OS X 10_15_7) AppleWebKit/605.1.15 (KHTML, like Gecko) Version/18.1 Safari/605.1.15"
91.239.78.39 - - [04/Aug/2026:04:20:01 +0000] "GET /settings.js HTTP/1.1" 404 564 "-" "Mozilla/5.0 (Macintosh; Intel Mac OS X 10_15_7) AppleWebKit/537.36 (KHTML, like Gecko) Chrome/131.0.0.0 Safari/537.36"
91.239.78.39 - - [04/Aug/2026:04:20:01 +0000] "GET /app-config.js HTTP/1.1" 404 564 "-" "Mozilla/5.0 (Macintosh; Intel Mac OS X 10_15_7) AppleWebKit/537.36 (KHTML, like Gecko) Chrome/131.0.0.0 Safari/537.36"
91.239.78.39 - - [04/Aug/2026:04:20:01 +0000] "GET /__ENV.js HTTP/1.1" 404 564 "-" "Mozilla/5.0 (Windows NT 10.0; Win64; x64) AppleWebKit/537.36 (KHTML, like Gecko) Chrome/131.0.0.0 Safari/537.36"
91.239.78.39 - - [04/Aug/2026:04:20:01 +0000] "GET /service-worker.js HTTP/1.1" 404 564 "-" "Mozilla/5.0 (Windows NT 10.0; Win64; x64) AppleWebKit/537.36 (KHTML, like Gecko) Chrome/131.0.0.0 Safari/537.36"
91.239.78.39 - - [04/Aug/2026:04:20:01 +0000] "GET /wp-content/plugins/elementskit-lite/widgets/init/assets/js/widget-scripts.js?ver=3.10.02 HTTP/1.1" 200 16367 "-" "Mozilla/5.0 (Macintosh; Intel Mac OS X 10_15_7) AppleWebKit/605.1.15 (KHTML, like Gecko) Version/18.1 Safari/605.1.15"
91.239.78.39 - - [04/Aug/2026:04:20:01 +0000] "GET /OneSignalSDKWorker.js HTTP/1.1" 404 564 "-" "Mozilla/5.0 (Windows NT 10.0; Win64; x64) AppleWebKit/537.36 (KHTML, like Gecko) Chrome/131.0.0.0 Safari/537.36"
91.239.78.39 - - [04/Aug/2026:04:20:01 +0000] "GET /sw.js HTTP/1.1" 404 564 "-" "Mozilla/5.0 (Windows NT 10.0; Win64; x64) AppleWebKit/537.36 (KHTML, like Gecko) Chrome/131.0.0.0 Safari/537.36"
103.231.7.194 - - [04/Aug/2026:04:20:02 +0000] "GET / HTTP/1.1" 200 19950 "-" "NOC-Monitor/1.0 (+https://github.com/)"
91.239.78.39 - - [04/Aug/2026:04:20:02 +0000] "GET /wp-content/themes/hello-elementor/assets/js/hello-frontend.min.js?ver=3.3.0 HTTP/1.1" 200 667 "-" "Mozilla/5.0 (Macintosh; Intel Mac OS X 10_15_7) AppleWebKit/605.1.15 (KHTML, like Gecko) Version/18.1 Safari/605.1.15"
103.231.7.194 - - [04/Aug/2026:04:20:02 +0000] "GET / HTTP/1.1" 200 19950 "-" "NOC-Monitor/1.0 (+https://github.com/)"
103.231.7.194 - - [04/Aug/2026:04:20:02 +0000] "GET / HTTP/1.1" 200 19950 "-" "NOC-Monitor/1.0 (+https://github.com/)"
91.239.78.39 - - [04/Aug/2026:04:20:03 +0000] "GET /wp-content/plugins/elementor/assets/js/webpack.runtime.min.js?ver=4.0.8 HTTP/1.1" 200 2605 "-" "Mozilla/5.0 (Windows NT 10.0; Win64; x64) AppleWebKit/537.36 (KHTML, like Gecko) Chrome/131.0.0.0 Safari/537.36"
91.239.78.39 - - [04/Aug/2026:04:20:03 +0000] "GET /wp-content/plugins/elementor/assets/js/frontend-modules.min.js?ver=4.0.8 HTTP/1.1" 200 18685 "-" "Mozilla/5.0 (X11; Linux x86_64) AppleWebKit/537.36 (KHTML, like Gecko) Chrome/131.0.0.0 Safari/537.36"
103.231.7.194 - - [04/Aug/2026:04:20:03 +0000] "GET / HTTP/1.1" 200 19950 "-" "NOC-Monitor/1.0 (+https://github.com/)"
91.239.78.39 - - [04/Aug/2026:04:20:05 +0000] "GET /wp-content/plugins/elementor/assets/js/frontend.min.js?ver=4.0.8 HTTP/1.1" 200 11879 "-" "Mozilla/5.0 (Windows NT 10.0; Win64; x64; rv:133.0) Gecko/20100101 Firefox/133.0"
91.239.78.39 - - [04/Aug/2026:04:20:06 +0000] "GET /wp-content/plugins/google-site-kit/dist/assets/js/googlesitekit-events-provider-wpforms-063cb453c64ecfd3dafe.js HTTP/1.1" 200 2679 "-" "Mozilla/5.0 (Windows NT 10.0; Win64; x64) AppleWebKit/537.36 (KHTML, like Gecko) Chrome/129.0.0.0 Safari/537.36 Edg/129.0.0.0"
91.239.78.39 - - [04/Aug/2026:04:20:07 +0000] "GET /wp-content/plugins/elementor-pro/assets/js/webpack-pro.runtime.min.js?ver=4.0.4 HTTP/1.1" 200 2937 "-" "Mozilla/5.0 (Windows NT 10.0; Win64; x64; rv:133.0) Gecko/20100101 Firefox/133.0"
91.239.78.39 - - [04/Aug/2026:04:20:07 +0000] "GET /wp-includes/js/dist/hooks.min.js?ver=7496969728ca0f95732d HTTP/1.1" 200 1937 "-" "Mozilla/5.0 (X11; Linux x86_64) AppleWebKit/537.36 (KHTML, like Gecko) Chrome/131.0.0.0 Safari/537.36"
91.239.78.39 - - [04/Aug/2026:04:20:08 +0000] "GET /wp-includes/js/dist/i18n.min.js?ver=781d11515ad3d91786ec HTTP/1.1" 200 2600 "-" "Mozilla/5.0 (X11; Linux x86_64) AppleWebKit/537.36 (KHTML, like Gecko) Chrome/131.0.0.0 Safari/537.36"
91.239.78.39 - - [04/Aug/2026:04:20:09 +0000] "GET /wp-content/plugins/elementor-pro/assets/js/frontend.min.js?ver=4.0.4 HTTP/1.1" 200 7525 "-" "Mozilla/5.0 (Windows NT 10.0; Win64; x64) AppleWebKit/537.36 (KHTML, like Gecko) Chrome/131.0.0.0 Safari/537.36"
91.239.78.39 - - [04/Aug/2026:04:20:09 +0000] "GET /wp-content/plugins/elementor-pro/assets/js/elements-handlers.min.js?ver=4.0.4 HTTP/1.1" 200 12383 "-" "Mozilla/5.0 (Macintosh; Intel Mac OS X 10_15_7) AppleWebKit/537.36 (KHTML, like Gecko) Chrome/131.0.0.0 Safari/537.36"
91.239.78.39 - - [04/Aug/2026:04:20:11 +0000] "GET /contact-us/ HTTP/1.1" 200 18631 "-" "Mozilla/5.0 (Windows NT 10.0; Win64; x64; rv:133.0) Gecko/20100101 Firefox/133.0"
91.239.78.39 - - [04/Aug/2026:04:20:12 +0000] "GET /wp-content/plugins/elementskit-lite/widgets/init/assets/js/widget-scripts.js?ver=3.10.02 HTTP/1.1" 200 16367 "-" "Mozilla/5.0 (Macintosh; Intel Mac OS X 10_15_7) AppleWebKit/605.1.15 (KHTML, like Gecko) Version/18.1 Safari/605.1.15"
91.239.78.39 - - [04/Aug/2026:04:20:13 +0000] "GET /wp-content/themes/hello-elementor/assets/js/hello-frontend.min.js?ver=3.3.0 HTTP/1.1" 200 667 "-" "Mozilla/5.0 (Macintosh; Intel Mac OS X 10_15_7) AppleWebKit/537.36 (KHTML, like Gecko) Chrome/131.0.0.0 Safari/537.36"
91.239.78.39 - - [04/Aug/2026:04:20:14 +0000] "GET /wp-content/plugins/elementor/assets/js/webpack.runtime.min.js?ver=4.0.8 HTTP/1.1" 200 2605 "-" "Mozilla/5.0 (Macintosh; Intel Mac OS X 10_15_7) AppleWebKit/605.1.15 (KHTML, like Gecko) Version/18.1 Safari/605.1.15"
91.239.78.39 - - [04/Aug/2026:04:20:15 +0000] "GET /wp-content/plugins/elementor/assets/js/frontend-modules.min.js?ver=4.0.8 HTTP/1.1" 200 18685 "-" "Mozilla/5.0 (Windows NT 10.0; Win64; x64; rv:133.0) Gecko/20100101 Firefox/133.0"
91.239.78.39 - - [04/Aug/2026:04:20:16 +0000] "GET /wp-content/plugins/elementor/assets/js/frontend.min.js?ver=4.0.8 HTTP/1.1" 200 11879 "-" "Mozilla/5.0 (Windows NT 10.0; Win64; x64; rv:133.0) Gecko/20100101 Firefox/133.0"
91.239.78.39 - - [04/Aug/2026:04:20:17 +0000] "GET /wp-content/plugins/elementskit-lite/widgets/init/assets/js/widgets/core.js?ver=3.10.02 HTTP/1.1" 200 1344 "-" "Mozilla/5.0 (Macintosh; Intel Mac OS X 10_15_7) AppleWebKit/605.1.15 (KHTML, like Gecko) Version/18.1 Safari/605.1.15"
91.239.78.39 - - [04/Aug/2026:04:20:17 +0000] "GET /wp-content/plugins/elementskit-lite/widgets/init/assets/js/widgets/accordion.js?ver=3.10.02 HTTP/1.1" 200 261 "-" "Mozilla/5.0 (Windows NT 10.0; Win64; x64) AppleWebKit/537.36 (KHTML, like Gecko) Chrome/129.0.0.0 Safari/537.36 Edg/129.0.0.0"
91.239.78.39 - - [04/Aug/2026:04:20:18 +0000] "GET /wp-content/plugins/google-site-kit/dist/assets/js/googlesitekit-events-provider-wpforms-063cb453c64ecfd3dafe.js HTTP/1.1" 200 2679 "-" "Mozilla/5.0 (Windows NT 10.0; Win64; x64) AppleWebKit/537.36 (KHTML, like Gecko) Chrome/129.0.0.0 Safari/537.36 Edg/129.0.0.0"
91.239.78.39 - - [04/Aug/2026:04:20:19 +0000] "GET /wp-content/plugins/elementor-pro/assets/js/webpack-pro.runtime.min.js?ver=4.0.4 HTTP/1.1" 200 2937 "-" "Mozilla/5.0 (Windows NT 10.0; Win64; x64; rv:133.0) Gecko/20100101 Firefox/133.0"
91.239.78.39 - - [04/Aug/2026:04:20:20 +0000] "GET /wp-includes/js/dist/hooks.min.js?ver=7496969728ca0f95732d HTTP/1.1" 200 1937 "-" "Mozilla/5.0 (Windows NT 10.0; Win64; x64) AppleWebKit/537.36 (KHTML, like Gecko) Chrome/131.0.0.0 Safari/537.36"
91.239.78.39 - - [04/Aug/2026:04:20:21 +0000] "GET /wp-includes/js/dist/i18n.min.js?ver=781d11515ad3d91786ec HTTP/1.1" 200 2600 "-" "Mozilla/5.0 (Macintosh; Intel Mac OS X 10_15_7) AppleWebKit/605.1.15 (KHTML, like Gecko) Version/18.1 Safari/605.1.15"
91.239.78.39 - - [04/Aug/2026:04:20:22 +0000] "GET /wp-content/plugins/elementor-pro/assets/js/frontend.min.js?ver=4.0.4 HTTP/1.1" 200 7525 "-" "Mozilla/5.0 (Windows NT 10.0; Win64; x64) AppleWebKit/537.36 (KHTML, like Gecko) Chrome/131.0.0.0 Safari/537.36"
91.239.78.39 - - [04/Aug/2026:04:20:22 +0000] "GET /wp-content/plugins/elementor-pro/assets/js/elements-handlers.min.js?ver=4.0.4 HTTP/1.1" 200 12383 "-" "Mozilla/5.0 (Windows NT 10.0; Win64; x64) AppleWebKit/537.36 (KHTML, like Gecko) Chrome/131.0.0.0 Safari/537.36"
91.239.78.39 - - [04/Aug/2026:04:20:24 +0000] "GET /who-its-for/ HTTP/1.1" 200 17074 "-" "Mozilla/5.0 (Windows NT 10.0; Win64; x64) AppleWebKit/537.36 (KHTML, like Gecko) Chrome/129.0.0.0 Safari/537.36 Edg/129.0.0.0"
91.239.78.39 - - [04/Aug/2026:04:20:26 +0000] "GET /wp-content/plugins/elementskit-lite/widgets/init/assets/js/widget-scripts.js?ver=3.10.02 HTTP/1.1" 200 16367 "-" "Mozilla/5.0 (Windows NT 10.0; Win64; x64; rv:133.0) Gecko/20100101 Firefox/133.0"
91.239.78.39 - - [04/Aug/2026:04:20:27 +0000] "GET /wp-content/themes/hello-elementor/assets/js/hello-frontend.min.js?ver=3.3.0 HTTP/1.1" 200 667 "-" "Mozilla/5.0 (Macintosh; Intel Mac OS X 10_15_7) AppleWebKit/605.1.15 (KHTML, like Gecko) Version/18.1 Safari/605.1.15"
