193.37.32.175 - - [04/Aug/2026:13:36:59 +0000] "GET /wp-admin/class.php HTTP/2.0" 404 36 "http://simplify.earth/wp-admin/class.php" "Go-http-client/2.0"
54.226.230.144 - - [04/Aug/2026:13:36:59 +0000] "GET /wp-content/uploads/elementor/css/post-2468.css?ver=1785822606 HTTP/2.0" 200 78846 "http://www.surfcanyon.com/" "Mozilla/5.0 (Macintosh; Intel Mac OS X 10_15_7) AppleWebKit/537.36 (KHTML, like Gecko) Chrome/96.0.4664.110 Safari/537.36"
54.226.230.144 - - [04/Aug/2026:13:36:59 +0000] "GET /wp-content/uploads/elementor/css/post-80.css?ver=1785822605 HTTP/2.0" 200 8135 "http://www.surfcanyon.com/" "Mozilla/5.0 (Macintosh; Intel Mac OS X 10_15_7) AppleWebKit/537.36 (KHTML, like Gecko) Chrome/96.0.4664.110 Safari/537.36"
54.226.230.144 - - [04/Aug/2026:13:36:59 +0000] "GET /wp-content/uploads/elementor/css/post-89.css?ver=1785822606 HTTP/2.0" 200 6084 "http://www.surfcanyon.com/" "Mozilla/5.0 (Macintosh; Intel Mac OS X 10_15_7) AppleWebKit/537.36 (KHTML, like Gecko) Chrome/96.0.4664.110 Safari/537.36"
54.226.230.144 - - [04/Aug/2026:13:36:59 +0000] "GET /wp-content/plugins/elementskit-lite/widgets/init/assets/css/widget-styles.css?ver=3.10.02 HTTP/2.0" 200 458250 "http://www.surfcanyon.com/" "Mozilla/5.0 (Macintosh; Intel Mac OS X 10_15_7) AppleWebKit/537.36 (KHTML, like Gecko) Chrome/96.0.4664.110 Safari/537.36"
54.226.230.144 - - [04/Aug/2026:13:36:59 +0000] "GET /wp-content/plugins/elementskit-lite/widgets/init/assets/css/responsive.css?ver=3.10.02 HTTP/2.0" 200 28149 "http://www.surfcanyon.com/" "Mozilla/5.0 (Macintosh; Intel Mac OS X 10_15_7) AppleWebKit/537.36 (KHTML, like Gecko) Chrome/96.0.4664.110 Safari/537.36"
54.226.230.144 - - [04/Aug/2026:13:36:59 +0000] "GET /wp-content/plugins/elementskit-lite/modules/elementskit-icon-pack/assets/css/ekiticons.css?ver=3.10.02 HTTP/2.0" 200 83510 "http://www.surfcanyon.com/" "Mozilla/5.0 (Macintosh; Intel Mac OS X 10_15_7) AppleWebKit/537.36 (KHTML, like Gecko) Chrome/96.0.4664.110 Safari/537.36"
54.226.230.144 - - [04/Aug/2026:13:36:59 +0000] "GET /wp-content/plugins/skyboot-custom-icons-for-elementor/assets/css/elegant.css?ver=1.1.1 HTTP/2.0" 200 21759 "http://www.surfcanyon.com/" "Mozilla/5.0 (Macintosh; Intel Mac OS X 10_15_7) AppleWebKit/537.36 (KHTML, like Gecko) Chrome/96.0.4664.110 Safari/537.36"
54.226.230.144 - - [04/Aug/2026:13:36:59 +0000] "GET /wp-content/plugins/skyboot-custom-icons-for-elementor/assets/css/linearicons.css?ver=1.1.1 HTTP/2.0" 200 8362 "http://www.surfcanyon.com/" "Mozilla/5.0 (Macintosh; Intel Mac OS X 10_15_7) AppleWebKit/537.36 (KHTML, like Gecko) Chrome/96.0.4664.110 Safari/537.36"
54.226.230.144 - - [04/Aug/2026:13:36:59 +0000] "GET /wp-includes/js/jquery/jquery.min.js?ver=3.7.1 HTTP/2.0" 200 87553 "http://www.surfcanyon.com/" "Mozilla/5.0 (Macintosh; Intel Mac OS X 10_15_7) AppleWebKit/537.36 (KHTML, like Gecko) Chrome/96.0.4664.110 Safari/537.36"
54.226.230.144 - - [04/Aug/2026:13:36:59 +0000] "GET /wp-includes/js/jquery/jquery-migrate.min.js?ver=3.4.1 HTTP/2.0" 200 13577 "http://www.surfcanyon.com/" "Mozilla/5.0 (Macintosh; Intel Mac OS X 10_15_7) AppleWebKit/537.36 (KHTML, like Gecko) Chrome/96.0.4664.110 Safari/537.36"
54.226.230.144 - - [04/Aug/2026:13:36:59 +0000] "GET /wp-content/uploads/2025/02/s-logo-1.png HTTP/2.0" 200 111299 "http://www.surfcanyon.com/" "Mozilla/5.0 (Macintosh; Intel Mac OS X 10_15_7) AppleWebKit/537.36 (KHTML, like Gecko) Chrome/96.0.4664.110 Safari/537.36"
54.226.230.144 - - [04/Aug/2026:13:36:59 +0000] "GET /wp-content/uploads/2025/10/2046-min.jpg HTTP/2.0" 200 198635 "http://www.surfcanyon.com/" "Mozilla/5.0 (Macintosh; Intel Mac OS X 10_15_7) AppleWebKit/537.36 (KHTML, like Gecko) Chrome/96.0.4664.110 Safari/537.36"
54.226.230.144 - - [04/Aug/2026:13:36:59 +0000] "GET /wp-content/uploads/2026/02/104258.jpg HTTP/2.0" 200 425448 "http://www.surfcanyon.com/" "Mozilla/5.0 (Macintosh; Intel Mac OS X 10_15_7) AppleWebKit/537.36 (KHTML, like Gecko) Chrome/96.0.4664.110 Safari/537.36"
54.205.216.41 - - [04/Aug/2026:13:36:59 +0000] "GET /wp-content/plugins/sina-extension-for-elementor/assets/css/sina-header-footer.min.css?ver=3.10.2 HTTP/2.0" 200 1611 "http://www.recipebridge.com/" "Mozilla/5.0 (Macintosh; Intel Mac OS X 10_15_7) AppleWebKit/537.36 (KHTML, like Gecko) Chrome/96.0.4664.45 Safari/537.36"
54.205.216.41 - - [04/Aug/2026:13:36:59 +0000] "GET /wp-content/themes/hello-elementor/style.min.css?ver=3.3.0 HTTP/2.0" 200 1968 "http://www.recipebridge.com/" "Mozilla/5.0 (Macintosh; Intel Mac OS X 10_15_7) AppleWebKit/537.36 (KHTML, like Gecko) Chrome/96.0.4664.45 Safari/537.36"
54.205.216.41 - - [04/Aug/2026:13:36:59 +0000] "GET /wp-content/themes/hello-elementor/theme.min.css?ver=3.3.0 HTTP/2.0" 200 1430 "http://www.recipebridge.com/" "Mozilla/5.0 (Macintosh; Intel Mac OS X 10_15_7) AppleWebKit/537.36 (KHTML, like Gecko) Chrome/96.0.4664.45 Safari/537.36"
54.205.216.41 - - [04/Aug/2026:13:36:59 +0000] "GET /wp-content/themes/hello-elementor/header-footer.min.css?ver=3.3.0 HTTP/2.0" 200 1703 "http://www.recipebridge.com/" "Mozilla/5.0 (Macintosh; Intel Mac OS X 10_15_7) AppleWebKit/537.36 (KHTML, like Gecko) Chrome/96.0.4664.45 Safari/537.36"
54.205.216.41 - - [04/Aug/2026:13:36:59 +0000] "GET /wp-content/plugins/elementor/assets/css/frontend.min.css?ver=4.0.8 HTTP/2.0" 200 9056 "http://www.recipebridge.com/" "Mozilla/5.0 (Macintosh; Intel Mac OS X 10_15_7) AppleWebKit/537.36 (KHTML, like Gecko) Chrome/96.0.4664.45 Safari/537.36"
54.205.216.41 - - [04/Aug/2026:13:36:59 +0000] "GET /wp-content/uploads/elementor/css/post-12.css?ver=1785822604 HTTP/2.0" 200 2102 "http://www.recipebridge.com/" "Mozilla/5.0 (Macintosh; Intel Mac OS X 10_15_7) AppleWebKit/537.36 (KHTML, like Gecko) Chrome/96.0.4664.45 Safari/537.36"
54.205.216.41 - - [04/Aug/2026:13:36:59 +0000] "GET /wp-content/plugins/elementor/assets/css/widget-image.min.css?ver=4.0.8 HTTP/2.0" 200 214 "http://www.recipebridge.com/" "Mozilla/5.0 (Macintosh; Intel Mac OS X 10_15_7) AppleWebKit/537.36 (KHTML, like Gecko) Chrome/96.0.4664.45 Safari/537.36"
54.226.230.144 - - [04/Aug/2026:13:36:59 +0000] "GET /wp-content/plugins/elementskit-lite/widgets/init/assets/js/widget-scripts.js?ver=3.10.02 HTTP/2.0" 200 43982 "http://www.surfcanyon.com/" "Mozilla/5.0 (Macintosh; Intel Mac OS X 10_15_7) AppleWebKit/537.36 (KHTML, like Gecko) Chrome/96.0.4664.110 Safari/537.36"
54.226.230.144 - - [04/Aug/2026:13:36:59 +0000] "GET /wp-content/themes/hello-elementor/assets/js/hello-frontend.min.js?ver=3.3.0 HTTP/2.0" 200 1936 "http://www.surfcanyon.com/" "Mozilla/5.0 (Macintosh; Intel Mac OS X 10_15_7) AppleWebKit/537.36 (KHTML, like Gecko) Chrome/96.0.4664.110 Safari/537.36"
54.226.230.144 - - [04/Aug/2026:13:36:59 +0000] "GET /wp-content/plugins/elementor/assets/js/webpack.runtime.min.js?ver=4.0.8 HTTP/2.0" 200 5722 "http://www.surfcanyon.com/" "Mozilla/5.0 (Macintosh; Intel Mac OS X 10_15_7) AppleWebKit/537.36 (KHTML, like Gecko) Chrome/96.0.4664.110 Safari/537.36"
54.226.230.144 - - [04/Aug/2026:13:36:59 +0000] "GET /wp-content/plugins/elementor/assets/js/frontend-modules.min.js?ver=4.0.8 HTTP/2.0" 200 50602 "http://www.surfcanyon.com/" "Mozilla/5.0 (Macintosh; Intel Mac OS X 10_15_7) AppleWebKit/537.36 (KHTML, like Gecko) Chrome/96.0.4664.110 Safari/537.36"
54.226.230.144 - - [04/Aug/2026:13:36:59 +0000] "GET /wp-includes/js/jquery/ui/core.min.js?ver=1.13.3 HTTP/2.0" 200 21464 "http://www.surfcanyon.com/" "Mozilla/5.0 (Macintosh; Intel Mac OS X 10_15_7) AppleWebKit/537.36 (KHTML, like Gecko) Chrome/96.0.4664.110 Safari/537.36"
54.226.230.144 - - [04/Aug/2026:13:36:59 +0000] "GET /wp-content/plugins/elementor/assets/js/frontend.min.js?ver=4.0.8 HTTP/2.0" 200 31928 "http://www.surfcanyon.com/" "Mozilla/5.0 (Macintosh; Intel Mac OS X 10_15_7) AppleWebKit/537.36 (KHTML, like Gecko) Chrome/96.0.4664.110 Safari/537.36"
54.226.230.144 - - [04/Aug/2026:13:36:59 +0000] "GET /wp-content/plugins/elementor-pro/assets/lib/smartmenus/jquery.smartmenus.min.js?ver=1.2.1 HTTP/2.0" 200 24109 "http://www.surfcanyon.com/" "Mozilla/5.0 (Macintosh; Intel Mac OS X 10_15_7) AppleWebKit/537.36 (KHTML, like Gecko) Chrome/96.0.4664.110 Safari/537.36"
54.226.230.144 - - [04/Aug/2026:13:36:59 +0000] "GET /wp-content/plugins/elementor-pro/assets/js/webpack-pro.runtime.min.js?ver=4.0.4 HTTP/2.0" 200 6242 "http://www.surfcanyon.com/" "Mozilla/5.0 (Macintosh; Intel Mac OS X 10_15_7) AppleWebKit/537.36 (KHTML, like Gecko) Chrome/96.0.4664.110 Safari/537.36"
54.226.230.144 - - [04/Aug/2026:13:36:59 +0000] "GET /wp-includes/js/dist/hooks.min.js?ver=7496969728ca0f95732d HTTP/2.0" 200 5050 "http://www.surfcanyon.com/" "Mozilla/5.0 (Macintosh; Intel Mac OS X 10_15_7) AppleWebKit/537.36 (KHTML, like Gecko) Chrome/96.0.4664.110 Safari/537.36"
54.226.230.144 - - [04/Aug/2026:13:36:59 +0000] "GET /wp-includes/js/dist/i18n.min.js?ver=781d11515ad3d91786ec HTTP/2.0" 200 5732 "http://www.surfcanyon.com/" "Mozilla/5.0 (Macintosh; Intel Mac OS X 10_15_7) AppleWebKit/537.36 (KHTML, like Gecko) Chrome/96.0.4664.110 Safari/537.36"
54.226.230.144 - - [04/Aug/2026:13:36:59 +0000] "GET /wp-content/plugins/elementor-pro/assets/js/frontend.min.js?ver=4.0.4 HTTP/2.0" 200 23939 "http://www.surfcanyon.com/" "Mozilla/5.0 (Macintosh; Intel Mac OS X 10_15_7) AppleWebKit/537.36 (KHTML, like Gecko) Chrome/96.0.4664.110 Safari/537.36"
54.226.230.144 - - [04/Aug/2026:13:36:59 +0000] "GET /wp-content/plugins/elementor-pro/assets/js/elements-handlers.min.js?ver=4.0.4 HTTP/2.0" 200 43922 "http://www.surfcanyon.com/" "Mozilla/5.0 (Macintosh; Intel Mac OS X 10_15_7) AppleWebKit/537.36 (KHTML, like Gecko) Chrome/96.0.4664.110 Safari/537.36"
54.226.230.144 - - [04/Aug/2026:13:36:59 +0000] "GET /wp-content/plugins/google-site-kit/dist/assets/js/googlesitekit-events-provider-wpforms-063cb453c64ecfd3dafe.js HTTP/2.0" 200 7629 "http://www.surfcanyon.com/" "Mozilla/5.0 (Macintosh; Intel Mac OS X 10_15_7) AppleWebKit/537.36 (KHTML, like Gecko) Chrome/96.0.4664.110 Safari/537.36"
54.226.230.144 - - [04/Aug/2026:13:36:59 +0000] "GET /wp-content/uploads/2025/02/bg_img.png HTTP/2.0" 200 3504 "http://www.surfcanyon.com/" "Mozilla/5.0 (Macintosh; Intel Mac OS X 10_15_7) AppleWebKit/537.36 (KHTML, like Gecko) Chrome/96.0.4664.110 Safari/537.36"
54.226.230.144 - - [04/Aug/2026:13:36:59 +0000] "GET /wp-content/plugins/elementskit-lite/modules/elementskit-icon-pack/assets/fonts/elementskit.woff?itek3h HTTP/2.0" 200 464672 "http://www.surfcanyon.com/" "Mozilla/5.0 (Macintosh; Intel Mac OS X 10_15_7) AppleWebKit/537.36 (KHTML, like Gecko) Chrome/96.0.4664.110 Safari/537.36"
54.226.230.144 - - [04/Aug/2026:13:36:59 +0000] "GET /wp-content/plugins/skyboot-custom-icons-for-elementor/assets/fonts/ElegantIcons.woff HTTP/2.0" 200 63664 "http://www.surfcanyon.com/" "Mozilla/5.0 (Macintosh; Intel Mac OS X 10_15_7) AppleWebKit/537.36 (KHTML, like Gecko) Chrome/96.0.4664.110 Safari/537.36"
54.226.230.144 - - [04/Aug/2026:13:36:59 +0000] "GET /wp-content/plugins/skyboot-custom-icons-for-elementor/assets/fonts/Linearicons-Free.woff2?w118d HTTP/2.0" 200 21780 "http://www.surfcanyon.com/" "Mozilla/5.0 (Macintosh; Intel Mac OS X 10_15_7) AppleWebKit/537.36 (KHTML, like Gecko) Chrome/96.0.4664.110 Safari/537.36"
54.205.216.41 - - [04/Aug/2026:13:36:59 +0000] "GET /wp-content/plugins/elementor-pro/assets/css/widget-nav-menu.min.css?ver=4.0.4 HTTP/2.0" 200 4199 "http://www.recipebridge.com/" "Mozilla/5.0 (Macintosh; Intel Mac OS X 10_15_7) AppleWebKit/537.36 (KHTML, like Gecko) Chrome/96.0.4664.45 Safari/537.36"
54.205.216.41 - - [04/Aug/2026:13:36:59 +0000] "GET /wp-content/plugins/elementor/assets/css/widget-social-icons.min.css?ver=4.0.8 HTTP/2.0" 200 1202 "http://www.recipebridge.com/" "Mozilla/5.0 (Macintosh; Intel Mac OS X 10_15_7) AppleWebKit/537.36 (KHTML, like Gecko) Chrome/96.0.4664.45 Safari/537.36"
54.205.216.41 - - [04/Aug/2026:13:36:59 +0000] "GET /wp-content/plugins/elementor/assets/css/conditionals/apple-webkit.min.css?ver=4.0.8 HTTP/2.0" 200 674 "http://www.recipebridge.com/" "Mozilla/5.0 (Macintosh; Intel Mac OS X 10_15_7) AppleWebKit/537.36 (KHTML, like Gecko) Chrome/96.0.4664.45 Safari/537.36"
54.205.216.41 - - [04/Aug/2026:13:36:59 +0000] "GET /wp-content/plugins/elementor/assets/css/widget-heading.min.css?ver=4.0.8 HTTP/2.0" 200 560 "http://www.recipebridge.com/" "Mozilla/5.0 (Macintosh; Intel Mac OS X 10_15_7) AppleWebKit/537.36 (KHTML, like Gecko) Chrome/96.0.4664.45 Safari/537.36"
54.205.216.41 - - [04/Aug/2026:13:36:59 +0000] "GET /wp-content/plugins/elementor/assets/lib/animations/styles/fadeInUp.min.css?ver=4.0.8 HTTP/2.0" 200 130 "http://www.recipebridge.com/" "Mozilla/5.0 (Macintosh; Intel Mac OS X 10_15_7) AppleWebKit/537.36 (KHTML, like Gecko) Chrome/96.0.4664.45 Safari/537.36"
54.205.216.41 - - [04/Aug/2026:13:36:59 +0000] "GET /wp-content/plugins/elementor/assets/css/widget-icon-list.min.css?ver=4.0.8 HTTP/2.0" 200 1372 "http://www.recipebridge.com/" "Mozilla/5.0 (Macintosh; Intel Mac OS X 10_15_7) AppleWebKit/537.36 (KHTML, like Gecko) Chrome/96.0.4664.45 Safari/537.36"
54.205.216.41 - - [04/Aug/2026:13:36:59 +0000] "GET /wp-content/plugins/elementor/assets/lib/animations/styles/fadeInLeft.min.css?ver=4.0.8 HTTP/2.0" 200 137 "http://www.recipebridge.com/" "Mozilla/5.0 (Macintosh; Intel Mac OS X 10_15_7) AppleWebKit/537.36 (KHTML, like Gecko) Chrome/96.0.4664.45 Safari/537.36"
54.205.216.41 - - [04/Aug/2026:13:36:59 +0000] "GET /wp-content/uploads/elementor/css/post-2468.css?ver=1785822606 HTTP/2.0" 200 6885 "http://www.recipebridge.com/" "Mozilla/5.0 (Macintosh; Intel Mac OS X 10_15_7) AppleWebKit/537.36 (KHTML, like Gecko) Chrome/96.0.4664.45 Safari/537.36"
54.205.216.41 - - [04/Aug/2026:13:36:59 +0000] "GET /wp-content/uploads/elementor/css/post-80.css?ver=1785822605 HTTP/2.0" 200 1467 "http://www.recipebridge.com/" "Mozilla/5.0 (Macintosh; Intel Mac OS X 10_15_7) AppleWebKit/537.36 (KHTML, like Gecko) Chrome/96.0.4664.45 Safari/537.36"
54.205.216.41 - - [04/Aug/2026:13:36:59 +0000] "GET /wp-content/uploads/elementor/css/post-89.css?ver=1785822606 HTTP/2.0" 200 1075 "http://www.recipebridge.com/" "Mozilla/5.0 (Macintosh; Intel Mac OS X 10_15_7) AppleWebKit/537.36 (KHTML, like Gecko) Chrome/96.0.4664.45 Safari/537.36"
54.205.216.41 - - [04/Aug/2026:13:36:59 +0000] "GET /wp-content/plugins/elementskit-lite/widgets/init/assets/css/widget-styles.css?ver=3.10.02 HTTP/2.0" 200 69667 "http://www.recipebridge.com/" "Mozilla/5.0 (Macintosh; Intel Mac OS X 10_15_7) AppleWebKit/537.36 (KHTML, like Gecko) Chrome/96.0.4664.45 Safari/537.36"
54.205.216.41 - - [04/Aug/2026:13:36:59 +0000] "GET /wp-content/plugins/elementskit-lite/widgets/init/assets/css/responsive.css?ver=3.10.02 HTTP/2.0" 200 3764 "http://www.recipebridge.com/" "Mozilla/5.0 (Macintosh; Intel Mac OS X 10_15_7) AppleWebKit/537.36 (KHTML, like Gecko) Chrome/96.0.4664.45 Safari/537.36"
54.205.216.41 - - [04/Aug/2026:13:36:59 +0000] "GET /wp-content/plugins/elementskit-lite/modules/elementskit-icon-pack/assets/css/ekiticons.css?ver=3.10.02 HTTP/2.0" 200 11979 "http://www.recipebridge.com/" "Mozilla/5.0 (Macintosh; Intel Mac OS X 10_15_7) AppleWebKit/537.36 (KHTML, like Gecko) Chrome/96.0.4664.45 Safari/537.36"
54.205.216.41 - - [04/Aug/2026:13:36:59 +0000] "GET /wp-content/plugins/skyboot-custom-icons-for-elementor/assets/css/elegant.css?ver=1.1.1 HTTP/2.0" 200 4666 "http://www.recipebridge.com/" "Mozilla/5.0 (Macintosh; Intel Mac OS X 10_15_7) AppleWebKit/537.36 (KHTML, like Gecko) Chrome/96.0.4664.45 Safari/537.36"
54.205.216.41 - - [04/Aug/2026:13:36:59 +0000] "GET /wp-content/plugins/skyboot-custom-icons-for-elementor/assets/css/linearicons.css?ver=1.1.1 HTTP/2.0" 200 1772 "http://www.recipebridge.com/" "Mozilla/5.0 (Macintosh; Intel Mac OS X 10_15_7) AppleWebKit/537.36 (KHTML, like Gecko) Chrome/96.0.4664.45 Safari/537.36"
54.205.216.41 - - [04/Aug/2026:13:36:59 +0000] "GET /wp-includes/js/jquery/jquery.min.js?ver=3.7.1 HTTP/2.0" 200 35438 "http://www.recipebridge.com/" "Mozilla/5.0 (Macintosh; Intel Mac OS X 10_15_7) AppleWebKit/537.36 (KHTML, like Gecko) Chrome/96.0.4664.45 Safari/537.36"
54.205.216.41 - - [04/Aug/2026:13:36:59 +0000] "GET /wp-includes/js/jquery/jquery-migrate.min.js?ver=3.4.1 HTTP/2.0" 200 5342 "http://www.recipebridge.com/" "Mozilla/5.0 (Macintosh; Intel Mac OS X 10_15_7) AppleWebKit/537.36 (KHTML, like Gecko) Chrome/96.0.4664.45 Safari/537.36"
54.205.216.41 - - [04/Aug/2026:13:36:59 +0000] "GET /wp-content/uploads/2025/02/s-logo-1.png HTTP/2.0" 200 111299 "http://www.recipebridge.com/" "Mozilla/5.0 (Macintosh; Intel Mac OS X 10_15_7) AppleWebKit/537.36 (KHTML, like Gecko) Chrome/96.0.4664.45 Safari/537.36"
54.205.216.41 - - [04/Aug/2026:13:36:59 +0000] "GET /wp-content/uploads/2025/10/2046-min.jpg HTTP/2.0" 200 198635 "http://www.recipebridge.com/" "Mozilla/5.0 (Macintosh; Intel Mac OS X 10_15_7) AppleWebKit/537.36 (KHTML, like Gecko) Chrome/96.0.4664.45 Safari/537.36"
54.205.216.41 - - [04/Aug/2026:13:36:59 +0000] "GET /wp-content/uploads/2026/02/104258.jpg HTTP/2.0" 200 425448 "http://www.recipebridge.com/" "Mozilla/5.0 (Macintosh; Intel Mac OS X 10_15_7) AppleWebKit/537.36 (KHTML, like Gecko) Chrome/96.0.4664.45 Safari/537.36"
193.37.32.175 - - [04/Aug/2026:13:36:59 +0000] "GET /wp-admin/css/colors/sunrise/ HTTP/2.0" 403 162 "http://simplify.earth/wp-admin/css/colors/sunrise/" "Go-http-client/2.0"
54.205.216.41 - - [04/Aug/2026:13:36:59 +0000] "GET /wp-content/plugins/elementskit-lite/widgets/init/assets/js/widget-scripts.js?ver=3.10.02 HTTP/2.0" 200 16354 "http://www.recipebridge.com/" "Mozilla/5.0 (Macintosh; Intel Mac OS X 10_15_7) AppleWebKit/537.36 (KHTML, like Gecko) Chrome/96.0.4664.45 Safari/537.36"
54.205.216.41 - - [04/Aug/2026:13:36:59 +0000] "GET /wp-content/themes/hello-elementor/assets/js/hello-frontend.min.js?ver=3.3.0 HTTP/2.0" 200 655 "http://www.recipebridge.com/" "Mozilla/5.0 (Macintosh; Intel Mac OS X 10_15_7) AppleWebKit/537.36 (KHTML, like Gecko) Chrome/96.0.4664.45 Safari/537.36"
54.205.216.41 - - [04/Aug/2026:13:36:59 +0000] "GET /wp-content/plugins/elementor/assets/js/webpack.runtime.min.js?ver=4.0.8 HTTP/2.0" 200 2593 "http://www.recipebridge.com/" "Mozilla/5.0 (Macintosh; Intel Mac OS X 10_15_7) AppleWebKit/537.36 (KHTML, like Gecko) Chrome/96.0.4664.45 Safari/537.36"
54.205.216.41 - - [04/Aug/2026:13:36:59 +0000] "GET /wp-content/plugins/elementor/assets/js/frontend-modules.min.js?ver=4.0.8 HTTP/2.0" 200 18672 "http://www.recipebridge.com/" "Mozilla/5.0 (Macintosh; Intel Mac OS X 10_15_7) AppleWebKit/537.36 (KHTML, like Gecko) Chrome/96.0.4664.45 Safari/537.36"
54.205.216.41 - - [04/Aug/2026:13:36:59 +0000] "GET /wp-includes/js/jquery/ui/core.min.js?ver=1.13.3 HTTP/2.0" 200 7941 "http://www.recipebridge.com/" "Mozilla/5.0 (Macintosh; Intel Mac OS X 10_15_7) AppleWebKit/537.36 (KHTML, like Gecko) Chrome/96.0.4664.45 Safari/537.36"
54.205.216.41 - - [04/Aug/2026:13:36:59 +0000] "GET /wp-content/plugins/elementor/assets/js/frontend.min.js?ver=4.0.8 HTTP/2.0" 200 11866 "http://www.recipebridge.com/" "Mozilla/5.0 (Macintosh; Intel Mac OS X 10_15_7) AppleWebKit/537.36 (KHTML, like Gecko) Chrome/96.0.4664.45 Safari/537.36"
54.205.216.41 - - [04/Aug/2026:13:36:59 +0000] "GET /wp-content/plugins/elementor-pro/assets/lib/smartmenus/jquery.smartmenus.min.js?ver=1.2.1 HTTP/2.0" 200 8385 "http://www.recipebridge.com/" "Mozilla/5.0 (Macintosh; Intel Mac OS X 10_15_7) AppleWebKit/537.36 (KHTML, like Gecko) Chrome/96.0.4664.45 Safari/537.36"
54.205.216.41 - - [04/Aug/2026:13:36:59 +0000] "GET /wp-content/plugins/elementor-pro/assets/js/webpack-pro.runtime.min.js?ver=4.0.4 HTTP/2.0" 200 2925 "http://www.recipebridge.com/" "Mozilla/5.0 (Macintosh; Intel Mac OS X 10_15_7) AppleWebKit/537.36 (KHTML, like Gecko) Chrome/96.0.4664.45 Safari/537.36"
54.205.216.41 - - [04/Aug/2026:13:36:59 +0000] "GET /wp-includes/js/dist/hooks.min.js?ver=7496969728ca0f95732d HTTP/2.0" 200 1925 "http://www.recipebridge.com/" "Mozilla/5.0 (Macintosh; Intel Mac OS X 10_15_7) AppleWebKit/537.36 (KHTML, like Gecko) Chrome/96.0.4664.45 Safari/537.36"
54.205.216.41 - - [04/Aug/2026:13:36:59 +0000] "GET /wp-includes/js/dist/i18n.min.js?ver=781d11515ad3d91786ec HTTP/2.0" 200 2588 "http://www.recipebridge.com/" "Mozilla/5.0 (Macintosh; Intel Mac OS X 10_15_7) AppleWebKit/537.36 (KHTML, like Gecko) Chrome/96.0.4664.45 Safari/537.36"
54.205.216.41 - - [04/Aug/2026:13:36:59 +0000] "GET /wp-content/plugins/elementor-pro/assets/js/frontend.min.js?ver=4.0.4 HTTP/2.0" 200 7512 "http://www.recipebridge.com/" "Mozilla/5.0 (Macintosh; Intel Mac OS X 10_15_7) AppleWebKit/537.36 (KHTML, like Gecko) Chrome/96.0.4664.45 Safari/537.36"
54.226.230.144 - - [04/Aug/2026:13:36:59 +0000] "GET /wp-content/uploads/2025/02/13792.jpg HTTP/2.0" 200 556493 "http://www.surfcanyon.com/" "Mozilla/5.0 (Macintosh; Intel Mac OS X 10_15_7) AppleWebKit/537.36 (KHTML, like Gecko) Chrome/96.0.4664.110 Safari/537.36"
54.205.216.41 - - [04/Aug/2026:13:36:59 +0000] "GET /wp-content/plugins/elementor-pro/assets/js/elements-handlers.min.js?ver=4.0.4 HTTP/2.0" 200 12370 "http://www.recipebridge.com/" "Mozilla/5.0 (Macintosh; Intel Mac OS X 10_15_7) AppleWebKit/537.36 (KHTML, like Gecko) Chrome/96.0.4664.45 Safari/537.36"
54.226.230.144 - - [04/Aug/2026:13:36:59 +0000] "GET /wp-content/uploads/2026/06/25060-1.jpg HTTP/2.0" 200 80547 "http://www.surfcanyon.com/" "Mozilla/5.0 (Macintosh; Intel Mac OS X 10_15_7) AppleWebKit/537.36 (KHTML, like Gecko) Chrome/96.0.4664.110 Safari/537.36"
54.226.230.144 - - [04/Aug/2026:13:36:59 +0000] "GET /wp-content/uploads/2025/02/2150233666.jpg HTTP/2.0" 200 569839 "http://www.surfcanyon.com/" "Mozilla/5.0 (Macintosh; Intel Mac OS X 10_15_7) AppleWebKit/537.36 (KHTML, like Gecko) Chrome/96.0.4664.110 Safari/537.36"
54.205.216.41 - - [04/Aug/2026:13:36:59 +0000] "GET /wp-content/plugins/google-site-kit/dist/assets/js/googlesitekit-events-provider-wpforms-063cb453c64ecfd3dafe.js HTTP/2.0" 200 2667 "http://www.recipebridge.com/" "Mozilla/5.0 (Macintosh; Intel Mac OS X 10_15_7) AppleWebKit/537.36 (KHTML, like Gecko) Chrome/96.0.4664.45 Safari/537.36"
54.205.216.41 - - [04/Aug/2026:13:37:00 +0000] "GET /wp-content/uploads/2025/02/bg_img.png HTTP/2.0" 200 3504 "http://www.recipebridge.com/" "Mozilla/5.0 (Macintosh; Intel Mac OS X 10_15_7) AppleWebKit/537.36 (KHTML, like Gecko) Chrome/96.0.4664.45 Safari/537.36"
54.205.216.41 - - [04/Aug/2026:13:37:00 +0000] "GET /wp-content/plugins/elementskit-lite/modules/elementskit-icon-pack/assets/fonts/elementskit.woff?itek3h HTTP/2.0" 200 464672 "http://www.recipebridge.com/" "Mozilla/5.0 (Macintosh; Intel Mac OS X 10_15_7) AppleWebKit/537.36 (KHTML, like Gecko) Chrome/96.0.4664.45 Safari/537.36"
54.205.216.41 - - [04/Aug/2026:13:37:00 +0000] "GET /wp-content/plugins/skyboot-custom-icons-for-elementor/assets/fonts/ElegantIcons.woff HTTP/2.0" 200 63664 "http://www.recipebridge.com/" "Mozilla/5.0 (Macintosh; Intel Mac OS X 10_15_7) AppleWebKit/537.36 (KHTML, like Gecko) Chrome/96.0.4664.45 Safari/537.36"
54.205.216.41 - - [04/Aug/2026:13:37:00 +0000] "GET /wp-content/plugins/skyboot-custom-icons-for-elementor/assets/fonts/Linearicons-Free.woff2?w118d HTTP/2.0" 200 21780 "http://www.recipebridge.com/" "Mozilla/5.0 (Macintosh; Intel Mac OS X 10_15_7) AppleWebKit/537.36 (KHTML, like Gecko) Chrome/96.0.4664.45 Safari/537.36"
54.205.216.41 - - [04/Aug/2026:13:37:00 +0000] "GET /wp-content/uploads/2025/02/13792.jpg HTTP/2.0" 200 556493 "http://www.recipebridge.com/" "Mozilla/5.0 (Macintosh; Intel Mac OS X 10_15_7) AppleWebKit/537.36 (KHTML, like Gecko) Chrome/96.0.4664.45 Safari/537.36"
54.205.216.41 - - [04/Aug/2026:13:37:00 +0000] "GET /wp-content/uploads/2026/06/25060-1.jpg HTTP/2.0" 200 80547 "http://www.recipebridge.com/" "Mozilla/5.0 (Macintosh; Intel Mac OS X 10_15_7) AppleWebKit/537.36 (KHTML, like Gecko) Chrome/96.0.4664.45 Safari/537.36"
54.205.216.41 - - [04/Aug/2026:13:37:00 +0000] "GET /wp-content/uploads/2025/02/2150233666.jpg HTTP/2.0" 200 569839 "http://www.recipebridge.com/" "Mozilla/5.0 (Macintosh; Intel Mac OS X 10_15_7) AppleWebKit/537.36 (KHTML, like Gecko) Chrome/96.0.4664.45 Safari/537.36"
54.205.216.41 - - [04/Aug/2026:13:37:00 +0000] "GET /wp-content/plugins/elementor/assets/js/shared-frontend-handlers.03caa53373b56d3bab67.bundle.min.js HTTP/2.0" 200 2930 "http://www.recipebridge.com/" "Mozilla/5.0 (Macintosh; Intel Mac OS X 10_15_7) AppleWebKit/537.36 (KHTML, like Gecko) Chrome/96.0.4664.45 Safari/537.36"
54.205.216.41 - - [04/Aug/2026:13:37:00 +0000] "GET /wp-content/plugins/elementor-pro/assets/js/nav-menu.3afa8f5eb1fef7c22561.bundle.min.js HTTP/2.0" 200 2032 "http://www.recipebridge.com/" "Mozilla/5.0 (Macintosh; Intel Mac OS X 10_15_7) AppleWebKit/537.36 (KHTML, like Gecko) Chrome/96.0.4664.45 Safari/537.36"
54.226.230.144 - - [04/Aug/2026:13:37:00 +0000] "GET /wp-content/plugins/elementor/assets/js/shared-frontend-handlers.03caa53373b56d3bab67.bundle.min.js HTTP/2.0" 200 8481 "http://www.surfcanyon.com/" "Mozilla/5.0 (Macintosh; Intel Mac OS X 10_15_7) AppleWebKit/537.36 (KHTML, like Gecko) Chrome/96.0.4664.110 Safari/537.36"
54.205.216.41 - - [04/Aug/2026:13:37:00 +0000] "GET /wp-content/plugins/elementor/assets/js/text-editor.45609661e409413f1cef.bundle.min.js HTTP/2.0" 200 667 "http://www.recipebridge.com/" "Mozilla/5.0 (Macintosh; Intel Mac OS X 10_15_7) AppleWebKit/537.36 (KHTML, like Gecko) Chrome/96.0.4664.45 Safari/537.36"
54.226.230.144 - - [04/Aug/2026:13:37:00 +0000] "GET /wp-content/plugins/elementor-pro/assets/js/nav-menu.3afa8f5eb1fef7c22561.bundle.min.js HTTP/2.0" 200 5227 "http://www.surfcanyon.com/" "Mozilla/5.0 (Macintosh; Intel Mac OS X 10_15_7) AppleWebKit/537.36 (KHTML, like Gecko) Chrome/96.0.4664.110 Safari/537.36"
54.226.230.144 - - [04/Aug/2026:13:37:00 +0000] "GET /wp-content/plugins/elementor/assets/js/text-editor.45609661e409413f1cef.bundle.min.js HTTP/2.0" 200 1348 "http://www.surfcanyon.com/" "Mozilla/5.0 (Macintosh; Intel Mac OS X 10_15_7) AppleWebKit/537.36 (KHTML, like Gecko) Chrome/96.0.4664.110 Safari/537.36"
193.37.32.175 - - [04/Aug/2026:13:37:01 +0000] "GET /wp-content/themes/news-portal/admins-dir.php HTTP/2.0" 404 36 "http://simplify.earth/wp-content/themes/news-portal/admins-dir.php" "Go-http-client/2.0"
54.226.230.144 - - [04/Aug/2026:13:37:01 +0000] "GET /wp-content/uploads/2025/02/businessman-uisng-laptop-in-work.jpg HTTP/2.0" 200 114345 "http://www.surfcanyon.com/" "Mozilla/5.0 (Macintosh; Intel Mac OS X 10_15_7) AppleWebKit/537.36 (KHTML, like Gecko) Chrome/96.0.4664.110 Safari/537.36"
54.226.230.144 - - [04/Aug/2026:13:37:01 +0000] "GET /wp-content/uploads/2026/06/21517-1.jpg HTTP/2.0" 200 80874 "http://www.surfcanyon.com/" "Mozilla/5.0 (Macintosh; Intel Mac OS X 10_15_7) AppleWebKit/537.36 (KHTML, like Gecko) Chrome/96.0.4664.110 Safari/537.36"
54.226.230.144 - - [04/Aug/2026:13:37:01 +0000] "GET /wp-content/uploads/elementor/thumbs/s-logo-1-r20skfdxrscfkqxqu1814fu2k8rfmuejer1lskb4lc.png HTTP/2.0" 200 13254 "http://www.surfcanyon.com/" "Mozilla/5.0 (Macintosh; Intel Mac OS X 10_15_7) AppleWebKit/537.36 (KHTML, like Gecko) Chrome/96.0.4664.110 Safari/537.36"
193.37.32.175 - - [04/Aug/2026:13:37:02 +0000] "GET /wp-admin/js/chosen.php HTTP/2.0" 404 36 "http://simplify.earth/wp-admin/js/chosen.php" "Go-http-client/2.0"
54.205.216.41 - - [04/Aug/2026:13:37:02 +0000] "GET /wp-content/uploads/2025/02/businessman-uisng-laptop-in-work.jpg HTTP/2.0" 200 114345 "http://www.recipebridge.com/" "Mozilla/5.0 (Macintosh; Intel Mac OS X 10_15_7) AppleWebKit/537.36 (KHTML, like Gecko) Chrome/96.0.4664.45 Safari/537.36"
54.205.216.41 - - [04/Aug/2026:13:37:02 +0000] "GET /wp-content/uploads/2026/06/21517-1.jpg HTTP/2.0" 200 80874 "http://www.recipebridge.com/" "Mozilla/5.0 (Macintosh; Intel Mac OS X 10_15_7) AppleWebKit/537.36 (KHTML, like Gecko) Chrome/96.0.4664.45 Safari/537.36"
54.205.216.41 - - [04/Aug/2026:13:37:02 +0000] "GET /wp-content/uploads/elementor/thumbs/s-logo-1-r20skfdxrscfkqxqu1814fu2k8rfmuejer1lskb4lc.png HTTP/2.0" 200 13254 "http://www.recipebridge.com/" "Mozilla/5.0 (Macintosh; Intel Mac OS X 10_15_7) AppleWebKit/537.36 (KHTML, like Gecko) Chrome/96.0.4664.45 Safari/537.36"
193.37.32.175 - - [04/Aug/2026:13:37:03 +0000] "GET /wp-content/uploads/classwithtostring.php HTTP/2.0" 404 36 "http://simplify.earth/wp-content/uploads/classwithtostring.php" "Go-http-client/2.0"
193.37.32.175 - - [04/Aug/2026:13:37:04 +0000] "GET /wp-content/themes/twentytwentytwo/templates/ HTTP/2.0" 404 13274 "http://simplify.earth/wp-content/themes/twentytwentytwo/templates/" "Go-http-client/2.0"
193.37.32.175 - - [04/Aug/2026:13:37:06 +0000] "GET /wp-includes/Requests/src/Utility/ HTTP/2.0" 403 162 "http://simplify.earth/wp-includes/Requests/src/Utility/" "Go-http-client/2.0"
193.37.32.175 - - [04/Aug/2026:13:37:08 +0000] "GET /wp-includes/sodium_compat/src/Core/ HTTP/2.0" 403 162 "http://simplify.earth/wp-includes/sodium_compat/src/Core/" "Go-http-client/2.0"
193.37.32.175 - - [04/Aug/2026:13:37:10 +0000] "GET /wp-content/lock360.php HTTP/2.0" 404 36 "http://simplify.earth/wp-content/lock360.php" "Go-http-client/2.0"
193.37.32.175 - - [04/Aug/2026:13:37:14 +0000] "GET /wp-includes/fonts/wp-conflg.php HTTP/2.0" 404 36 "http://simplify.earth/wp-includes/fonts/wp-conflg.php" "Go-http-client/2.0"
52.4.149.131 - - [04/Aug/2026:13:37:16 +0000] "POST /wp-cron.php?doing_wp_cron=1785850636.0855669975280761718750 HTTP/1.1" 499 0 "-" "WordPress/7.0.2; https://simplify.earth"
193.37.32.175 - - [04/Aug/2026:13:37:16 +0000] "GET /wp-content/themes/twentytwentythree/patterns/ HTTP/2.0" 404 13274 "http://simplify.earth/wp-content/themes/twentytwentythree/patterns/" "Go-http-client/2.0"
193.37.32.175 - - [04/Aug/2026:13:37:17 +0000] "GET /wp-admin/js/widgets/admin.php HTTP/2.0" 404 36 "http://simplify.earth/wp-admin/js/widgets/admin.php" "Go-http-client/2.0"
193.37.32.175 - - [04/Aug/2026:13:37:19 +0000] "GET /wp-includes/js/dist/vendor/about.php HTTP/2.0" 404 36 "http://simplify.earth/wp-includes/js/dist/vendor/about.php" "Go-http-client/2.0"
193.37.32.175 - - [04/Aug/2026:13:37:20 +0000] "GET /wp-includes/blocks/footnotes/ HTTP/2.0" 403 162 "http://simplify.earth/wp-includes/blocks/footnotes/" "Go-http-client/2.0"
193.37.32.175 - - [04/Aug/2026:13:37:22 +0000] "GET /wp-includes/blocks/pullquote/ HTTP/2.0" 403 162 "http://simplify.earth/wp-includes/blocks/pullquote/" "Go-http-client/2.0"
193.37.32.175 - - [04/Aug/2026:13:37:23 +0000] "GET /simple.php HTTP/2.0" 404 36 "http://simplify.earth/simple.php" "Go-http-client/2.0"
193.37.32.175 - - [04/Aug/2026:13:37:25 +0000] "GET /wp-admin/includes/admin.php HTTP/2.0" 500 0 "http://simplify.earth/wp-admin/includes/admin.php" "Go-http-client/2.0"
193.37.32.175 - - [04/Aug/2026:13:37:27 +0000] "GET /wp-includes/css/dist/reusable-blocks/ HTTP/2.0" 403 162 "http://simplify.earth/wp-includes/css/dist/reusable-blocks/" "Go-http-client/2.0"
193.37.32.175 - - [04/Aug/2026:13:37:28 +0000] "GET /wp-signin.php HTTP/2.0" 404 36 "http://simplify.earth/wp-signin.php" "Go-http-client/2.0"
193.37.32.175 - - [04/Aug/2026:13:37:29 +0000] "GET /config.php HTTP/2.0" 404 36 "http://simplify.earth/config.php" "Go-http-client/2.0"
193.37.32.175 - - [04/Aug/2026:13:37:31 +0000] "GET /wp-includes/blocks/freeform/ HTTP/2.0" 403 162 "http://simplify.earth/wp-includes/blocks/freeform/" "Go-http-client/2.0"
193.37.32.175 - - [04/Aug/2026:13:37:31 +0000] "GET /wp-content/maintenance/ HTTP/2.0" 404 13301 "http://simplify.earth/wp-content/maintenance/" "Go-http-client/2.0"
193.37.32.175 - - [04/Aug/2026:13:37:33 +0000] "GET /wp-includes/module.php HTTP/2.0" 404 36 "http://simplify.earth/wp-includes/module.php" "Go-http-client/2.0"
193.37.32.175 - - [04/Aug/2026:13:37:35 +0000] "GET /wp-includes/Requests/chosen.php HTTP/2.0" 404 36 "http://simplify.earth/wp-includes/Requests/chosen.php" "Go-http-client/2.0"
193.37.32.175 - - [04/Aug/2026:13:37:37 +0000] "GET /wp-admin/admin.php HTTP/2.0" 302 0 "http://simplify.earth/wp-admin/admin.php" "Go-http-client/2.0"
193.37.32.175 - - [04/Aug/2026:13:37:38 +0000] "GET /wp-login.php?redirect_to=https%3A%2F%2Fsimplify.earth%2Fwp-admin%2Fadmin.php&reauth=1 HTTP/2.0" 200 2305 "https://simplify.earth/wp-admin/admin.php" "Go-http-client/2.0"
193.37.32.175 - - [04/Aug/2026:13:37:39 +0000] "GET /wp-includes/block-patterns/chosen.php HTTP/2.0" 404 36 "http://simplify.earth/wp-includes/block-patterns/chosen.php" "Go-http-client/2.0"
193.37.32.175 - - [04/Aug/2026:13:37:41 +0000] "GET /ws.php HTTP/2.0" 404 36 "http://simplify.earth/ws.php" "Go-http-client/2.0"
193.37.32.175 - - [04/Aug/2026:13:37:43 +0000] "GET /wp-includes/js/tinymce/plugins/wp-load.php HTTP/2.0" 404 36 "http://simplify.earth/wp-includes/js/tinymce/plugins/wp-load.php" "Go-http-client/2.0"
193.37.32.175 - - [04/Aug/2026:13:37:45 +0000] "GET /wp-includes/js/jcrop/Jcrop.php HTTP/2.0" 404 36 "http://simplify.earth/wp-includes/js/jcrop/Jcrop.php" "Go-http-client/2.0"
193.37.32.175 - - [04/Aug/2026:13:37:47 +0000] "GET /wp-content/simple.php HTTP/2.0" 404 36 "http://simplify.earth/wp-content/simple.php" "Go-http-client/2.0"
193.37.32.175 - - [04/Aug/2026:13:37:49 +0000] "GET /wp-admin/link/ HTTP/2.0" 404 13301 "http://simplify.earth/wp-admin/link/" "Go-http-client/2.0"
193.37.32.175 - - [04/Aug/2026:13:37:52 +0000] "GET /wp-admin/config.php HTTP/2.0" 404 36 "http://simplify.earth/wp-admin/config.php" "Go-http-client/2.0"
193.37.32.175 - - [04/Aug/2026:13:37:54 +0000] "GET /wp-admin/css/colors/midnight/ HTTP/2.0" 403 162 "http://simplify.earth/wp-admin/css/colors/midnight/" "Go-http-client/2.0"
193.37.32.175 - - [04/Aug/2026:13:37:55 +0000] "GET /wp-includes/js/codemirror/ HTTP/2.0" 403 162 "http://simplify.earth/wp-includes/js/codemirror/" "Go-http-client/2.0"
193.37.32.175 - - [04/Aug/2026:13:37:57 +0000] "GET /ab.php HTTP/2.0" 404 36 "http://simplify.earth/ab.php" "Go-http-client/2.0"
193.37.32.175 - - [04/Aug/2026:13:37:58 +0000] "GET /wp-includes/blocks/comments-pagination-numbers/ HTTP/2.0" 403 162 "http://simplify.earth/wp-includes/blocks/comments-pagination-numbers/" "Go-http-client/2.0"
193.37.32.175 - - [04/Aug/2026:13:38:00 +0000] "GET /wp-includes/blocks/post-featured-image/ HTTP/2.0" 403 162 "http://simplify.earth/wp-includes/blocks/post-featured-image/" "Go-http-client/2.0"
193.37.32.175 - - [04/Aug/2026:13:38:02 +0000] "GET /wp-content/uploads/wc-logs/ HTTP/2.0" 404 13274 "http://simplify.earth/wp-content/uploads/wc-logs/" "Go-http-client/2.0"
193.37.32.175 - - [04/Aug/2026:13:38:04 +0000] "GET /wp-content/uploads/upload.php HTTP/2.0" 404 36 "http://simplify.earth/wp-content/uploads/upload.php" "Go-http-client/2.0"
193.37.32.175 - - [04/Aug/2026:13:38:05 +0000] "GET /wp-admin/maint/network/ HTTP/2.0" 404 13274 "http://simplify.earth/wp-admin/maint/network/" "Go-http-client/2.0"
193.37.32.175 - - [04/Aug/2026:13:38:07 +0000] "GET /wp-includes/blocks/group/ HTTP/2.0" 403 162 "http://simplify.earth/wp-includes/blocks/group/" "Go-http-client/2.0"
193.37.32.175 - - [04/Aug/2026:13:38:09 +0000] "GET /wp-includes/js/tinymce/skins/lightgray/img/ HTTP/2.0" 403 162 "http://simplify.earth/wp-includes/js/tinymce/skins/lightgray/img/" "Go-http-client/2.0"
193.37.32.175 - - [04/Aug/2026:13:38:11 +0000] "GET /666.php HTTP/2.0" 404 36 "http://simplify.earth/666.php" "Go-http-client/2.0"
193.37.32.175 - - [04/Aug/2026:13:38:12 +0000] "GET /wp-includes/sodium_compat/namespaced/Core/ HTTP/2.0" 403 162 "http://simplify.earth/wp-includes/sodium_compat/namespaced/Core/" "Go-http-client/2.0"
193.37.32.175 - - [04/Aug/2026:13:38:14 +0000] "GET /wp-includes/l10n/wp-conflg.php HTTP/2.0" 404 36 "http://simplify.earth/wp-includes/l10n/wp-conflg.php" "Go-http-client/2.0"
193.37.32.175 - - [04/Aug/2026:13:38:16 +0000] "GET /user.php HTTP/2.0" 404 36 "http://simplify.earth/user.php" "Go-http-client/2.0"
193.37.32.175 - - [04/Aug/2026:13:38:18 +0000] "GET /wp-includes/blocks/nextpage/ HTTP/2.0" 403 162 "http://simplify.earth/wp-includes/blocks/nextpage/" "Go-http-client/2.0"
193.37.32.175 - - [04/Aug/2026:13:38:20 +0000] "GET /wp-includes/blocks/code/ HTTP/2.0" 403 162 "http://simplify.earth/wp-includes/blocks/code/" "Go-http-client/2.0"
52.4.149.131 - - [04/Aug/2026:13:38:22 +0000] "POST /wp-cron.php?doing_wp_cron=1785850702.0972878932952880859375 HTTP/1.1" 499 0 "-" "WordPress/7.0.2; https://simplify.earth"
193.37.32.175 - - [04/Aug/2026:13:38:22 +0000] "GET /wp-content/themes/twentytwentytwo/assets/fonts/ HTTP/2.0" 404 13274 "http://simplify.earth/wp-content/themes/twentytwentytwo/assets/fonts/" "Go-http-client/2.0"
193.37.32.175 - - [04/Aug/2026:13:38:24 +0000] "GET /t.php HTTP/2.0" 404 36 "http://simplify.earth/t.php" "Go-http-client/2.0"
193.37.32.175 - - [04/Aug/2026:13:38:25 +0000] "GET /wp-includes/html-api/chosen.php HTTP/2.0" 404 36 "http://simplify.earth/wp-includes/html-api/chosen.php" "Go-http-client/2.0"
193.37.32.175 - - [04/Aug/2026:13:38:27 +0000] "GET /wp-includes/css/dist/edit-post/ HTTP/2.0" 403 162 "http://simplify.earth/wp-includes/css/dist/edit-post/" "Go-http-client/2.0"
193.37.32.175 - - [04/Aug/2026:13:38:30 +0000] "GET /wp-content/plugins/plugin/ HTTP/2.0" 404 13274 "http://simplify.earth/wp-content/plugins/plugin/" "Go-http-client/2.0"
193.37.32.175 - - [04/Aug/2026:13:38:31 +0000] "GET /wp-includes/js/tinymce/langs/ HTTP/2.0" 403 162 "http://simplify.earth/wp-includes/js/tinymce/langs/" "Go-http-client/2.0"
193.37.32.175 - - [04/Aug/2026:13:38:33 +0000] "GET /wp-includes/blocks/query-pagination-previous/ HTTP/2.0" 403 162 "http://simplify.earth/wp-includes/blocks/query-pagination-previous/" "Go-http-client/2.0"
193.37.32.175 - - [04/Aug/2026:13:38:35 +0000] "GET /wp-includes/Requests/src/Auth/ HTTP/2.0" 403 162 "http://simplify.earth/wp-includes/Requests/src/Auth/" "Go-http-client/2.0"
193.37.32.175 - - [04/Aug/2026:13:38:36 +0000] "GET /wp-content/uploads/wp.php HTTP/2.0" 404 36 "http://simplify.earth/wp-content/uploads/wp.php" "Go-http-client/2.0"
193.37.32.175 - - [04/Aug/2026:13:38:38 +0000] "GET /wp-content/themes/news-portal/sitebar.php HTTP/2.0" 404 36 "http://simplify.earth/wp-content/themes/news-portal/sitebar.php" "Go-http-client/2.0"
193.37.32.175 - - [04/Aug/2026:13:38:39 +0000] "GET /database.php HTTP/2.0" 404 36 "http://simplify.earth/database.php" "Go-http-client/2.0"
193.37.32.175 - - [04/Aug/2026:13:38:41 +0000] "GET /wp-includes/login.php HTTP/2.0" 404 36 "http://simplify.earth/wp-includes/login.php" "Go-http-client/2.0"
193.37.32.175 - - [04/Aug/2026:13:38:43 +0000] "GET /wp-admin/user/config.php HTTP/2.0" 404 36 "http://simplify.earth/wp-admin/user/config.php" "Go-http-client/2.0"
103.231.7.194 - - [04/Aug/2026:13:38:44 +0000] "GET /wp-content/uploads/2025/02/s-logo-1.png HTTP/2.0" 200 111299 "https://yopmail.com/" "Mozilla/5.0 (X11; Linux x86_64) AppleWebKit/537.36 (KHTML, like Gecko) Chrome/143.0.0.0 Safari/537.36"
193.37.32.175 - - [04/Aug/2026:13:38:46 +0000] "GET /wp-content/languages/themes/admin.php HTTP/2.0" 404 36 "http://simplify.earth/wp-content/languages/themes/admin.php" "Go-http-client/2.0"
193.37.32.175 - - [04/Aug/2026:13:38:47 +0000] "GET /wp-includes/PHPMailer/ HTTP/2.0" 403 162 "http://simplify.earth/wp-includes/PHPMailer/" "Go-http-client/2.0"
193.37.32.175 - - [04/Aug/2026:13:38:50 +0000] "GET /wp-content/plugins/wp-file-manager/file_folder_manager.php HTTP/2.0" 404 36 "http://simplify.earth/wp-content/plugins/wp-file-manager/file_folder_manager.php" "Go-http-client/2.0"
193.37.32.175 - - [04/Aug/2026:13:38:52 +0000] "GET /wp-admin/classwithtostring.php HTTP/2.0" 404 36 "http://simplify.earth/wp-admin/classwithtostring.php" "Go-http-client/2.0"
193.37.32.175 - - [04/Aug/2026:13:38:55 +0000] "GET /wp-admin/about.php HTTP/2.0" 302 0 "http://simplify.earth/wp-admin/about.php" "Go-http-client/2.0"
193.37.32.175 - - [04/Aug/2026:13:38:55 +0000] "GET /wp-login.php?redirect_to=https%3A%2F%2Fsimplify.earth%2Fwp-admin%2Fabout.php&reauth=1 HTTP/2.0" 200 2309 "https://simplify.earth/wp-admin/about.php" "Go-http-client/2.0"
193.37.32.175 - - [04/Aug/2026:13:38:56 +0000] "GET /wp-includes/sitemaps/admin.php HTTP/2.0" 404 36 "http://simplify.earth/wp-includes/sitemaps/admin.php" "Go-http-client/2.0"
193.37.32.175 - - [04/Aug/2026:13:38:58 +0000] "GET /wp-admin/js/widgets/maint/ HTTP/2.0" 404 13274 "http://simplify.earth/wp-admin/js/widgets/maint/" "Go-http-client/2.0"
193.37.32.175 - - [04/Aug/2026:13:38:59 +0000] "GET /wp-content/languages/classwithtostring.php HTTP/2.0" 404 36 "http://simplify.earth/wp-content/languages/classwithtostring.php" "Go-http-client/2.0"
193.37.32.175 - - [04/Aug/2026:13:39:02 +0000] "GET /wp-includes/blocks/post-comments-form/ HTTP/2.0" 403 162 "http://simplify.earth/wp-includes/blocks/post-comments-form/" "Go-http-client/2.0"
193.37.32.175 - - [04/Aug/2026:13:39:05 +0000] "GET /wp-admin/css/colors/modern/test2.php HTTP/2.0" 404 36 "http://simplify.earth/wp-admin/css/colors/modern/test2.php" "Go-http-client/2.0"
52.4.149.131 - - [04/Aug/2026:13:39:07 +0000] "POST /wp-cron.php?doing_wp_cron=1785850747.3819019794464111328125 HTTP/1.1" 499 0 "-" "WordPress/7.0.2; https://simplify.earth"
193.37.32.175 - - [04/Aug/2026:13:39:07 +0000] "GET /wp-content/themes/twentytwentyfive/parts/ HTTP/2.0" 404 13274 "http://simplify.earth/wp-content/themes/twentytwentyfive/parts/" "Go-http-client/2.0"
193.37.32.175 - - [04/Aug/2026:13:39:10 +0000] "GET /wp-includes/blocks/query-title/ HTTP/2.0" 403 162 "http://simplify.earth/wp-includes/blocks/query-title/" "Go-http-client/2.0"
193.37.32.175 - - [04/Aug/2026:13:39:11 +0000] "GET /wp-content/plugins/config.php HTTP/2.0" 404 36 "http://simplify.earth/wp-content/plugins/config.php" "Go-http-client/2.0"
193.37.32.175 - - [04/Aug/2026:13:39:13 +0000] "GET /images/ HTTP/2.0" 404 13301 "http://simplify.earth/images/" "Go-http-client/2.0"
193.37.32.175 - - [04/Aug/2026:13:39:15 +0000] "GET /wp-content/themes/index-string.php HTTP/2.0" 404 36 "http://simplify.earth/wp-content/themes/index-string.php" "Go-http-client/2.0"
193.37.32.175 - - [04/Aug/2026:13:39:17 +0000] "GET /wp-admin/includes/images/index.php HTTP/2.0" 404 36 "http://simplify.earth/wp-admin/includes/images/index.php" "Go-http-client/2.0"
116.111.250.81 - - [04/Aug/2026:13:39:17 +0000] "GET /sitemap.xml HTTP/1.1" 200 378 "-" "Mozilla/5.0 (Windows NT 10.0; Win64; x64) AppleWebKit/537.36 (KHTML, like Gecko) Chrome/125.0.6422.141 Safari/537.36"
193.37.32.175 - - [04/Aug/2026:13:39:19 +0000] "GET /wp-admin/includes/update-core-time.php HTTP/2.0" 404 36 "http://simplify.earth/wp-admin/includes/update-core-time.php" "Go-http-client/2.0"
193.37.32.175 - - [04/Aug/2026:13:39:21 +0000] "GET /wp-includes/woocommerce-call.php HTTP/2.0" 404 36 "http://simplify.earth/wp-includes/woocommerce-call.php" "Go-http-client/2.0"
193.37.32.175 - - [04/Aug/2026:13:39:23 +0000] "GET /wp-admin/user/upgrade/index.php HTTP/2.0" 404 36 "http://simplify.earth/wp-admin/user/upgrade/index.php" "Go-http-client/2.0"
193.37.32.175 - - [04/Aug/2026:13:39:24 +0000] "GET /wp-admin/maint/css/index.php HTTP/2.0" 404 36 "http://simplify.earth/wp-admin/maint/css/index.php" "Go-http-client/2.0"
193.37.32.175 - - [04/Aug/2026:13:39:26 +0000] "GET /wp-includes/blocks/pattern/index.php HTTP/2.0" 404 36 "http://simplify.earth/wp-includes/blocks/pattern/index.php" "Go-http-client/2.0"
193.37.32.175 - - [04/Aug/2026:13:39:28 +0000] "GET /wp-content/upgrade-temp-backup/chosen.php HTTP/2.0" 404 36 "http://simplify.earth/wp-content/upgrade-temp-backup/chosen.php" "Go-http-client/2.0"
193.37.32.175 - - [04/Aug/2026:13:39:30 +0000] "GET /wp-content/plugins/elementor/includes/template-library/classes/view.php HTTP/2.0" 404 36 "http://simplify.earth/wp-content/plugins/elementor/includes/template-library/classes/view.php" "Go-http-client/2.0"
193.37.32.175 - - [04/Aug/2026:13:39:31 +0000] "GET /wp-admin/network/theme-install-function.php HTTP/2.0" 404 36 "http://simplify.earth/wp-admin/network/theme-install-function.php" "Go-http-client/2.0"
193.37.32.175 - - [04/Aug/2026:13:39:33 +0000] "GET /wp-content/shadow-bot.php HTTP/2.0" 404 36 "http://simplify.earth/wp-content/shadow-bot.php" "Go-http-client/2.0"
193.37.32.175 - - [04/Aug/2026:13:39:34 +0000] "GET /wp-includes/blocks/shadow-bot.php HTTP/2.0" 404 36 "http://simplify.earth/wp-includes/blocks/shadow-bot.php" "Go-http-client/2.0"
193.37.32.175 - - [04/Aug/2026:13:39:37 +0000] "GET /wp-admin/load.php HTTP/2.0" 404 36 "http://simplify.earth/wp-admin/load.php" "Go-http-client/2.0"
193.37.32.175 - - [04/Aug/2026:13:39:39 +0000] "GET /wp-admin/wp-activate.php HTTP/2.0" 404 36 "http://simplify.earth/wp-admin/wp-activate.php" "Go-http-client/2.0"
193.37.32.175 - - [04/Aug/2026:13:39:40 +0000] "GET /wp-admin/module.php HTTP/2.0" 404 36 "http://simplify.earth/wp-admin/module.php" "Go-http-client/2.0"
193.37.32.175 - - [04/Aug/2026:13:39:41 +0000] "GET /wp-content/themes/wp-links-opml.php HTTP/2.0" 404 36 "http://simplify.earth/wp-content/themes/wp-links-opml.php" "Go-http-client/2.0"
193.37.32.175 - - [04/Aug/2026:13:39:43 +0000] "GET /wp-content/themes/system.php HTTP/2.0" 404 36 "http://simplify.earth/wp-content/themes/system.php" "Go-http-client/2.0"
193.37.32.175 - - [04/Aug/2026:13:39:44 +0000] "GET /wp-content/wp-links-opml.php HTTP/2.0" 404 36 "http://simplify.earth/wp-content/wp-links-opml.php" "Go-http-client/2.0"
193.37.32.175 - - [04/Aug/2026:13:39:46 +0000] "GET /wp-content/ms-files.php HTTP/2.0" 404 36 "http://simplify.earth/wp-content/ms-files.php" "Go-http-client/2.0"
193.37.32.175 - - [04/Aug/2026:13:39:49 +0000] "GET /wp-content/plugin-install.php HTTP/2.0" 404 36 "http://simplify.earth/wp-content/plugin-install.php" "Go-http-client/2.0"
193.37.32.175 - - [04/Aug/2026:13:39:52 +0000] "GET /wp-admin/includes/class-walker-nav-menu-edit-interpreter.php HTTP/2.0" 404 36 "http://simplify.earth/wp-admin/includes/class-walker-nav-menu-edit-interpreter.php" "Go-http-client/2.0"
193.37.32.175 - - [04/Aug/2026:13:39:53 +0000] "GET /wp-includes/customize/class-wp-widget-area-customize-control-interpreter.php HTTP/2.0" 404 36 "http://simplify.earth/wp-includes/customize/class-wp-widget-area-customize-control-interpreter.php" "Go-http-client/2.0"
193.37.32.175 - - [04/Aug/2026:13:39:55 +0000] "GET /wp-includes/ai-client/adapters/admin.php HTTP/2.0" 404 36 "http://simplify.earth/wp-includes/ai-client/adapters/admin.php" "Go-http-client/2.0"
193.37.32.175 - - [04/Aug/2026:13:39:56 +0000] "GET /wp-includes/blocks/widget-group/index.php HTTP/2.0" 404 36 "http://simplify.earth/wp-includes/blocks/widget-group/index.php" "Go-http-client/2.0"
193.37.32.175 - - [04/Aug/2026:13:39:57 +0000] "GET /wp-includes/blocks/preformatted/index.php HTTP/2.0" 404 36 "http://simplify.earth/wp-includes/blocks/preformatted/index.php" "Go-http-client/2.0"
193.37.32.175 - - [04/Aug/2026:13:39:59 +0000] "GET /wp-includes/blocks/list/list/wp-config.php HTTP/2.0" 403 162 "http://simplify.earth/wp-includes/blocks/list/list/wp-config.php" "Go-http-client/2.0"
193.37.32.175 - - [04/Aug/2026:13:40:01 +0000] "GET /wp-includes/blocks/post-author-biography/post-author-biography/class-wp-http.php HTTP/2.0" 404 36 "http://simplify.earth/wp-includes/blocks/post-author-biography/post-author-biography/class-wp-http.php" "Go-http-client/2.0"
193.37.32.175 - - [04/Aug/2026:13:40:02 +0000] "GET /wp-includes/blocks/post-time-to-read/post-time-to-read/post-template.php HTTP/2.0" 404 36 "http://simplify.earth/wp-includes/blocks/post-time-to-read/post-time-to-read/post-template.php" "Go-http-client/2.0"
193.37.32.175 - - [04/Aug/2026:13:40:04 +0000] "GET /wp-includes/blocks/post-template/post-template/api-gateway.php HTTP/2.0" 404 36 "http://simplify.earth/wp-includes/blocks/post-template/post-template/api-gateway.php" "Go-http-client/2.0"
193.37.32.175 - - [04/Aug/2026:13:40:05 +0000] "GET /wp-includes/customize/network/index.php HTTP/2.0" 404 36 "http://simplify.earth/wp-includes/customize/network/index.php" "Go-http-client/2.0"
193.37.32.175 - - [04/Aug/2026:13:40:06 +0000] "GET /wp-includes/widgets/theme-compat/index.php HTTP/2.0" 404 36 "http://simplify.earth/wp-includes/widgets/theme-compat/index.php" "Go-http-client/2.0"
193.37.32.175 - - [04/Aug/2026:13:40:08 +0000] "GET /wp-content/upgrade/patterns/index.php HTTP/2.0" 404 36 "http://simplify.earth/wp-content/upgrade/patterns/index.php" "Go-http-client/2.0"
52.4.149.131 - - [04/Aug/2026:13:40:08 +0000] "POST /wp-cron.php?doing_wp_cron=1785850808.9576280117034912109375 HTTP/1.1" 499 0 "-" "WordPress/7.0.2; https://simplify.earth"
103.231.7.194 - - [04/Aug/2026:13:40:08 +0000] "GET / HTTP/1.1" 200 19954 "-" "NOC-Monitor/1.0 (+https://github.com/)"
103.231.7.194 - - [04/Aug/2026:13:40:08 +0000] "GET / HTTP/1.1" 200 19954 "-" "NOC-Monitor/1.0 (+https://github.com/)"
193.37.32.175 - - [04/Aug/2026:13:40:09 +0000] "GET /wp-admin/images/widgets/index.php HTTP/2.0" 404 36 "http://simplify.earth/wp-admin/images/widgets/index.php" "Go-http-client/2.0"
193.37.32.175 - - [04/Aug/2026:13:40:11 +0000] "GET /wp-includes/customize/includes/index.php HTTP/2.0" 404 36 "http://simplify.earth/wp-includes/customize/includes/index.php" "Go-http-client/2.0"
193.37.32.175 - - [04/Aug/2026:13:40:13 +0000] "GET /wp-admin/css/colors/upgrade/index.php HTTP/2.0" 404 36 "http://simplify.earth/wp-admin/css/colors/upgrade/index.php" "Go-http-client/2.0"
193.37.32.175 - - [04/Aug/2026:13:40:15 +0000] "GET /wp-content/themes/news-portal/user-install.php HTTP/2.0" 404 36 "http://simplify.earth/wp-content/themes/news-portal/user-install.php" "Go-http-client/2.0"
103.231.7.194 - - [04/Aug/2026:13:40:15 +0000] "GET / HTTP/1.1" 200 19954 "-" "NOC-Monitor/1.0 (+https://github.com/)"
103.231.7.194 - - [04/Aug/2026:13:40:15 +0000] "GET / HTTP/1.1" 200 19954 "-" "NOC-Monitor/1.0 (+https://github.com/)"
193.37.32.175 - - [04/Aug/2026:13:40:16 +0000] "GET /wp-includes/blocks/missing/missing/theme-single.php HTTP/2.0" 404 36 "http://simplify.earth/wp-includes/blocks/missing/missing/theme-single.php" "Go-http-client/2.0"
193.37.32.175 - - [04/Aug/2026:13:40:18 +0000] "GET /wp-admin/admin-header-string.php HTTP/2.0" 404 36 "http://simplify.earth/wp-admin/admin-header-string.php" "Go-http-client/2.0"
