52.4.149.131 - - [04/Aug/2026:03:00:03 +0000] "POST /wp-cron.php?doing_wp_cron=1785812403.5336480140686035156250 HTTP/1.1" 499 0 "-" "WordPress/7.0.2; https://simplify.earth"
103.231.7.194 - - [04/Aug/2026:03:00:03 +0000] "GET / HTTP/1.1" 200 19950 "-" "NOC-Monitor/1.0 (+https://github.com/)"
103.231.7.194 - - [04/Aug/2026:03:00:03 +0000] "GET / HTTP/1.1" 200 19950 "-" "NOC-Monitor/1.0 (+https://github.com/)"
103.231.7.194 - - [04/Aug/2026:03:00:06 +0000] "GET / HTTP/1.1" 200 19950 "-" "NOC-Monitor/1.0 (+https://github.com/)"
52.4.149.131 - - [04/Aug/2026:03:00:07 +0000] "POST /wp-cron.php?doing_wp_cron=1785812407.7918829917907714843750 HTTP/1.1" 499 0 "-" "WordPress/7.0.2; https://simplify.earth"
103.231.7.194 - - [04/Aug/2026:03:00:07 +0000] "GET / HTTP/1.1" 200 19950 "-" "NOC-Monitor/1.0 (+https://github.com/)"
52.4.149.131 - - [04/Aug/2026:03:05:04 +0000] "POST /wp-cron.php?doing_wp_cron=1785812704.0835289955139160156250 HTTP/1.1" 499 0 "-" "WordPress/7.0.2; https://simplify.earth"
103.231.7.194 - - [04/Aug/2026:03:05:04 +0000] "GET / HTTP/1.1" 200 19950 "-" "NOC-Monitor/1.0 (+https://github.com/)"
103.231.7.194 - - [04/Aug/2026:03:05:05 +0000] "GET / HTTP/1.1" 200 19950 "-" "NOC-Monitor/1.0 (+https://github.com/)"
52.4.149.131 - - [04/Aug/2026:03:05:07 +0000] "POST /wp-cron.php?doing_wp_cron=1785812707.0757200717926025390625 HTTP/1.1" 499 0 "-" "WordPress/7.0.2; https://simplify.earth"
103.231.7.194 - - [04/Aug/2026:03:05:07 +0000] "GET / HTTP/1.1" 200 19950 "-" "NOC-Monitor/1.0 (+https://github.com/)"
103.231.7.194 - - [04/Aug/2026:03:05:07 +0000] "GET / HTTP/1.1" 200 19950 "-" "NOC-Monitor/1.0 (+https://github.com/)"
52.4.149.131 - - [04/Aug/2026:03:05:07 +0000] "POST /wp-cron.php?doing_wp_cron=1785812707.0757200717926025390625 HTTP/1.1" 499 0 "-" "WordPress/7.0.2; https://simplify.earth"
52.4.149.131 - - [04/Aug/2026:03:07:31 +0000] "POST /wp-cron.php?doing_wp_cron=1785812851.1427829265594482421875 HTTP/1.1" 499 0 "-" "WordPress/7.0.2; https://simplify.earth"
85.208.96.195 - - [04/Aug/2026:03:07:31 +0000] "GET /category/uncategorized/page/8/ HTTP/1.1" 200 13563 "-" "Mozilla/5.0 (compatible; SemrushBot/7~bl; +http://www.semrush.com/bot.html)"
195.3.220.7 - - [04/Aug/2026:03:08:55 +0000] "GET /a.php HTTP/1.1" 404 47 "-" "Mozilla/5.0 (Linux; Android 7.0; SM-G892A Build/NRD90M; wv) AppleWebKit/537.36 (KHTML, like Gecko) Version/4.0 Chrome/60.0.3112.107 Mobile Safari/537.36"
195.3.220.7 - - [04/Aug/2026:03:08:56 +0000] "GET /chosen.php HTTP/1.1" 404 47 "-" "Mozilla/5.0 (Linux; Android 7.0; SM-G892A Build/NRD90M; wv) AppleWebKit/537.36 (KHTML, like Gecko) Version/4.0 Chrome/60.0.3112.107 Mobile Safari/537.36"
195.3.220.7 - - [04/Aug/2026:03:08:57 +0000] "GET /simple.php HTTP/1.1" 404 47 "-" "Mozilla/5.0 (Linux; Android 7.0; SM-G892A Build/NRD90M; wv) AppleWebKit/537.36 (KHTML, like Gecko) Version/4.0 Chrome/60.0.3112.107 Mobile Safari/537.36"
195.3.220.7 - - [04/Aug/2026:03:08:59 +0000] "GET /wp-content/plugins/fix/up.php HTTP/1.1" 404 47 "-" "Mozilla/5.0 (Linux; Android 7.0; SM-G892A Build/NRD90M; wv) AppleWebKit/537.36 (KHTML, like Gecko) Version/4.0 Chrome/60.0.3112.107 Mobile Safari/537.36"
195.3.220.7 - - [04/Aug/2026:03:08:59 +0000] "GET /wp-content/index.php HTTP/1.1" 200 31 "-" "Mozilla/5.0 (Linux; Android 7.0; SM-G892A Build/NRD90M; wv) AppleWebKit/537.36 (KHTML, like Gecko) Version/4.0 Chrome/60.0.3112.107 Mobile Safari/537.36"
195.3.220.7 - - [04/Aug/2026:03:09:00 +0000] "GET /wp-content/plugins/pwnd/pwnd.php HTTP/1.1" 404 47 "-" "Mozilla/5.0 (Linux; Android 7.0; SM-G892A Build/NRD90M; wv) AppleWebKit/537.36 (KHTML, like Gecko) Version/4.0 Chrome/60.0.3112.107 Mobile Safari/537.36"
195.3.220.7 - - [04/Aug/2026:03:09:01 +0000] "GET /wp-content/plugins/pwnd-1/pwnd.php HTTP/1.1" 404 47 "-" "Mozilla/5.0 (Linux; Android 7.0; SM-G892A Build/NRD90M; wv) AppleWebKit/537.36 (KHTML, like Gecko) Version/4.0 Chrome/60.0.3112.107 Mobile Safari/537.36"
195.3.220.7 - - [04/Aug/2026:03:09:02 +0000] "GET /worksec.php HTTP/1.1" 404 47 "-" "Mozilla/5.0 (Linux; Android 7.0; SM-G892A Build/NRD90M; wv) AppleWebKit/537.36 (KHTML, like Gecko) Version/4.0 Chrome/60.0.3112.107 Mobile Safari/537.36"
195.3.220.7 - - [04/Aug/2026:03:09:03 +0000] "GET /wp-content/worksec.php HTTP/1.1" 404 47 "-" "Mozilla/5.0 (Linux; Android 7.0; SM-G892A Build/NRD90M; wv) AppleWebKit/537.36 (KHTML, like Gecko) Version/4.0 Chrome/60.0.3112.107 Mobile Safari/537.36"
195.3.220.7 - - [04/Aug/2026:03:09:03 +0000] "GET /wp-content/themes/twentynineteen/404.php HTTP/1.1" 404 47 "-" "Mozilla/5.0 (Linux; Android 7.0; SM-G892A Build/NRD90M; wv) AppleWebKit/537.36 (KHTML, like Gecko) Version/4.0 Chrome/60.0.3112.107 Mobile Safari/537.36"
195.3.220.7 - - [04/Aug/2026:03:09:04 +0000] "GET /wp-content/themes/twentytwentyone/404.php HTTP/1.1" 404 47 "-" "Mozilla/5.0 (Linux; Android 7.0; SM-G892A Build/NRD90M; wv) AppleWebKit/537.36 (KHTML, like Gecko) Version/4.0 Chrome/60.0.3112.107 Mobile Safari/537.36"
195.3.220.7 - - [04/Aug/2026:03:09:05 +0000] "GET /wp-content/cache/index.php HTTP/1.1" 404 47 "-" "Mozilla/5.0 (Linux; Android 7.0; SM-G892A Build/NRD90M; wv) AppleWebKit/537.36 (KHTML, like Gecko) Version/4.0 Chrome/60.0.3112.107 Mobile Safari/537.36"
195.3.220.7 - - [04/Aug/2026:03:09:05 +0000] "GET /wp-content/index.php HTTP/1.1" 200 31 "-" "Mozilla/5.0 (Linux; Android 7.0; SM-G892A Build/NRD90M; wv) AppleWebKit/537.36 (KHTML, like Gecko) Version/4.0 Chrome/60.0.3112.107 Mobile Safari/537.36"
195.3.220.7 - - [04/Aug/2026:03:09:06 +0000] "GET /wp-content/languages/index.php HTTP/1.1" 404 47 "-" "Mozilla/5.0 (Linux; Android 7.0; SM-G892A Build/NRD90M; wv) AppleWebKit/537.36 (KHTML, like Gecko) Version/4.0 Chrome/60.0.3112.107 Mobile Safari/537.36"
195.3.220.7 - - [04/Aug/2026:03:09:07 +0000] "GET /wp-content/plugins/index.php HTTP/1.1" 200 31 "-" "Mozilla/5.0 (Linux; Android 7.0; SM-G892A Build/NRD90M; wv) AppleWebKit/537.36 (KHTML, like Gecko) Version/4.0 Chrome/60.0.3112.107 Mobile Safari/537.36"
195.3.220.7 - - [04/Aug/2026:03:09:08 +0000] "GET /wp-content/themes/index.php HTTP/1.1" 200 31 "-" "Mozilla/5.0 (Linux; Android 7.0; SM-G892A Build/NRD90M; wv) AppleWebKit/537.36 (KHTML, like Gecko) Version/4.0 Chrome/60.0.3112.107 Mobile Safari/537.36"
195.3.220.7 - - [04/Aug/2026:03:09:09 +0000] "GET /wp-content/upgrade/index.php HTTP/1.1" 404 47 "-" "Mozilla/5.0 (Linux; Android 7.0; SM-G892A Build/NRD90M; wv) AppleWebKit/537.36 (KHTML, like Gecko) Version/4.0 Chrome/60.0.3112.107 Mobile Safari/537.36"
195.3.220.7 - - [04/Aug/2026:03:09:09 +0000] "GET /wp-content/uploads/index.php HTTP/1.1" 404 47 "-" "Mozilla/5.0 (Linux; Android 7.0; SM-G892A Build/NRD90M; wv) AppleWebKit/537.36 (KHTML, like Gecko) Version/4.0 Chrome/60.0.3112.107 Mobile Safari/537.36"
52.4.149.131 - - [04/Aug/2026:03:09:10 +0000] "POST /wp-cron.php?doing_wp_cron=1785812950.6929221153259277343750 HTTP/1.1" 499 0 "-" "WordPress/7.0.2; https://simplify.earth"
195.3.220.7 - - [04/Aug/2026:03:09:10 +0000] "GET /wp-admin/index.php HTTP/1.1" 302 5 "-" "Mozilla/5.0 (Linux; Android 7.0; SM-G892A Build/NRD90M; wv) AppleWebKit/537.36 (KHTML, like Gecko) Version/4.0 Chrome/60.0.3112.107 Mobile Safari/537.36"
195.3.220.7 - - [04/Aug/2026:03:09:10 +0000] "GET /wp-login.php?redirect_to=https%3A%2F%2Fsimplify.earth%2Fwp-admin%2Findex.php&reauth=1 HTTP/1.1" 200 2319 "-" "Mozilla/5.0 (Linux; Android 7.0; SM-G892A Build/NRD90M; wv) AppleWebKit/537.36 (KHTML, like Gecko) Version/4.0 Chrome/60.0.3112.107 Mobile Safari/537.36"
195.3.220.7 - - [04/Aug/2026:03:09:11 +0000] "GET /wp-content/themes/Divi/404.php HTTP/1.1" 404 47 "-" "Mozilla/5.0 (Linux; Android 7.0; SM-G892A Build/NRD90M; wv) AppleWebKit/537.36 (KHTML, like Gecko) Version/4.0 Chrome/60.0.3112.107 Mobile Safari/537.36"
195.3.220.7 - - [04/Aug/2026:03:09:12 +0000] "GET /wp-admin/index.php HTTP/1.1" 302 5 "-" "Mozilla/5.0 (Linux; Android 7.0; SM-G892A Build/NRD90M; wv) AppleWebKit/537.36 (KHTML, like Gecko) Version/4.0 Chrome/60.0.3112.107 Mobile Safari/537.36"
195.3.220.7 - - [04/Aug/2026:03:09:12 +0000] "GET /wp-login.php?redirect_to=https%3A%2F%2Fsimplify.earth%2Fwp-admin%2Findex.php&reauth=1 HTTP/1.1" 200 2319 "-" "Mozilla/5.0 (Linux; Android 7.0; SM-G892A Build/NRD90M; wv) AppleWebKit/537.36 (KHTML, like Gecko) Version/4.0 Chrome/60.0.3112.107 Mobile Safari/537.36"
195.3.220.7 - - [04/Aug/2026:03:09:13 +0000] "GET /wp-admin/css/index.php HTTP/1.1" 404 47 "-" "Mozilla/5.0 (Linux; Android 7.0; SM-G892A Build/NRD90M; wv) AppleWebKit/537.36 (KHTML, like Gecko) Version/4.0 Chrome/60.0.3112.107 Mobile Safari/537.36"
195.3.220.7 - - [04/Aug/2026:03:09:14 +0000] "GET /wp-admin/images/index.php HTTP/1.1" 404 47 "-" "Mozilla/5.0 (Linux; Android 7.0; SM-G892A Build/NRD90M; wv) AppleWebKit/537.36 (KHTML, like Gecko) Version/4.0 Chrome/60.0.3112.107 Mobile Safari/537.36"
195.3.220.7 - - [04/Aug/2026:03:09:15 +0000] "GET /wp-admin/includes/index.php HTTP/1.1" 404 47 "-" "Mozilla/5.0 (Linux; Android 7.0; SM-G892A Build/NRD90M; wv) AppleWebKit/537.36 (KHTML, like Gecko) Version/4.0 Chrome/60.0.3112.107 Mobile Safari/537.36"
195.3.220.7 - - [04/Aug/2026:03:09:15 +0000] "GET /wp-admin/js/index.php HTTP/1.1" 404 47 "-" "Mozilla/5.0 (Linux; Android 7.0; SM-G892A Build/NRD90M; wv) AppleWebKit/537.36 (KHTML, like Gecko) Version/4.0 Chrome/60.0.3112.107 Mobile Safari/537.36"
195.3.220.7 - - [04/Aug/2026:03:09:16 +0000] "GET /wp-admin/maint/index.php HTTP/1.1" 404 47 "-" "Mozilla/5.0 (Linux; Android 7.0; SM-G892A Build/NRD90M; wv) AppleWebKit/537.36 (KHTML, like Gecko) Version/4.0 Chrome/60.0.3112.107 Mobile Safari/537.36"
195.3.220.7 - - [04/Aug/2026:03:09:17 +0000] "GET /wp-admin/network/index.php HTTP/1.1" 302 5 "-" "Mozilla/5.0 (Linux; Android 7.0; SM-G892A Build/NRD90M; wv) AppleWebKit/537.36 (KHTML, like Gecko) Version/4.0 Chrome/60.0.3112.107 Mobile Safari/537.36"
195.3.220.7 - - [04/Aug/2026:03:09:17 +0000] "GET /wp-login.php?redirect_to=https%3A%2F%2Fsimplify.earth%2Fwp-admin%2Fnetwork%2Findex.php&reauth=1 HTTP/1.1" 200 2324 "-" "Mozilla/5.0 (Linux; Android 7.0; SM-G892A Build/NRD90M; wv) AppleWebKit/537.36 (KHTML, like Gecko) Version/4.0 Chrome/60.0.3112.107 Mobile Safari/537.36"
195.3.220.7 - - [04/Aug/2026:03:09:18 +0000] "GET /wp-admin/user/index.php HTTP/1.1" 302 5 "-" "Mozilla/5.0 (Linux; Android 7.0; SM-G892A Build/NRD90M; wv) AppleWebKit/537.36 (KHTML, like Gecko) Version/4.0 Chrome/60.0.3112.107 Mobile Safari/537.36"
195.3.220.7 - - [04/Aug/2026:03:09:18 +0000] "GET /wp-login.php?redirect_to=https%3A%2F%2Fsimplify.earth%2Fwp-admin%2Fuser%2Findex.php&reauth=1 HTTP/1.1" 200 2321 "-" "Mozilla/5.0 (Linux; Android 7.0; SM-G892A Build/NRD90M; wv) AppleWebKit/537.36 (KHTML, like Gecko) Version/4.0 Chrome/60.0.3112.107 Mobile Safari/537.36"
52.4.149.131 - - [04/Aug/2026:03:10:05 +0000] "POST /wp-cron.php?doing_wp_cron=1785813004.9875259399414062500000 HTTP/1.1" 499 0 "-" "WordPress/7.0.2; https://simplify.earth"
103.231.7.194 - - [04/Aug/2026:03:10:05 +0000] "GET / HTTP/1.1" 200 19950 "-" "NOC-Monitor/1.0 (+https://github.com/)"
103.231.7.194 - - [04/Aug/2026:03:10:05 +0000] "GET / HTTP/1.1" 200 19950 "-" "NOC-Monitor/1.0 (+https://github.com/)"
103.231.7.194 - - [04/Aug/2026:03:10:12 +0000] "GET / HTTP/1.1" 200 19950 "-" "NOC-Monitor/1.0 (+https://github.com/)"
103.231.7.194 - - [04/Aug/2026:03:10:13 +0000] "GET / HTTP/1.1" 200 19950 "-" "NOC-Monitor/1.0 (+https://github.com/)"
184.73.167.217 - - [04/Aug/2026:03:11:22 +0000] "GET /wp-content/uploads/2025/02/s-logo-1-768x262.png HTTP/1.1" 200 98113 "-" "Mozilla/5.0 AppleWebKit/537.36 (KHTML, like Gecko; compatible; Amazonbot/0.1; +https://developer.amazon.com/support/amazonbot) Chrome/119.0.6045.214 Safari/537.36"
52.4.149.131 - - [04/Aug/2026:03:12:49 +0000] "POST /wp-cron.php?doing_wp_cron=1785813169.8420259952545166015625 HTTP/1.1" 499 0 "-" "WordPress/7.0.2; https://simplify.earth"
216.73.216.232 - - [04/Aug/2026:03:12:49 +0000] "GET /privacy-policy/ HTTP/2.0" 200 23185 "-" "Mozilla/5.0 AppleWebKit/537.36 (KHTML, like Gecko; compatible; ClaudeBot/1.0; +claudebot@anthropic.com)"
54.39.89.25 - - [04/Aug/2026:03:13:10 +0000] "GET /?sitemap=1 HTTP/2.0" 301 0 "-" "Mozilla/5.0 (compatible; AhrefsBot/7.0; +http://ahrefs.com/robot/)"
54.39.89.25 - - [04/Aug/2026:03:13:10 +0000] "GET / HTTP/2.0" 200 19937 "-" "Mozilla/5.0 (compatible; AhrefsBot/7.0; +http://ahrefs.com/robot/)"
52.4.149.131 - - [04/Aug/2026:03:13:45 +0000] "POST /wp-cron.php?doing_wp_cron=1785813225.2554531097412109375000 HTTP/1.1" 499 0 "-" "WordPress/7.0.2; https://simplify.earth"
216.73.216.232 - - [04/Aug/2026:03:13:45 +0000] "GET /feed/ HTTP/2.0" 200 6892 "-" "Mozilla/5.0 AppleWebKit/537.36 (KHTML, like Gecko; compatible; ClaudeBot/1.0; +claudebot@anthropic.com)"
52.4.149.131 - - [04/Aug/2026:03:14:44 +0000] "POST /wp-cron.php?doing_wp_cron=1785813284.6484649181365966796875 HTTP/1.1" 499 0 "-" "WordPress/7.0.2; https://simplify.earth"
216.73.216.232 - - [04/Aug/2026:03:14:44 +0000] "GET /comments/feed/ HTTP/2.0" 200 445 "-" "Mozilla/5.0 AppleWebKit/537.36 (KHTML, like Gecko; compatible; ClaudeBot/1.0; +claudebot@anthropic.com)"
103.231.7.194 - - [04/Aug/2026:03:15:02 +0000] "GET / HTTP/1.1" 200 19950 "-" "NOC-Monitor/1.0 (+https://github.com/)"
103.231.7.194 - - [04/Aug/2026:03:15:03 +0000] "GET / HTTP/1.1" 200 19950 "-" "NOC-Monitor/1.0 (+https://github.com/)"
103.231.7.194 - - [04/Aug/2026:03:15:03 +0000] "GET / HTTP/1.1" 200 19950 "-" "NOC-Monitor/1.0 (+https://github.com/)"
103.231.7.194 - - [04/Aug/2026:03:15:04 +0000] "GET / HTTP/1.1" 200 19950 "-" "NOC-Monitor/1.0 (+https://github.com/)"
52.4.149.131 - - [04/Aug/2026:03:16:34 +0000] "POST /wp-cron.php?doing_wp_cron=1785813394.1405200958251953125000 HTTP/1.1" 499 0 "-" "WordPress/7.0.2; https://simplify.earth"
216.73.216.232 - - [04/Aug/2026:03:16:34 +0000] "GET /terms-conditions/ HTTP/2.0" 200 28892 "-" "Mozilla/5.0 AppleWebKit/537.36 (KHTML, like Gecko; compatible; ClaudeBot/1.0; +claudebot@anthropic.com)"
52.4.149.131 - - [04/Aug/2026:03:19:37 +0000] "POST /wp-cron.php?doing_wp_cron=1785813577.6542251110076904296875 HTTP/1.1" 499 0 "-" "WordPress/7.0.2; https://simplify.earth"
34.174.147.118 - - [04/Aug/2026:03:19:37 +0000] "HEAD /wordpress/ HTTP/2.0" 404 0 "http://simplify.earth/wordpress/" "Mozilla/5.0 (Windows NT 10.0; Win64; x64) AppleWebKit/537.36 (KHTML, like Gecko) Chrome/125.0.6422.112 Safari/537.36 Brave/1.63.120"
34.174.147.118 - - [04/Aug/2026:03:19:37 +0000] "HEAD /old/ HTTP/2.0" 404 0 "http://simplify.earth/old/" "Mozilla/5.0 (Linux; Android 12; Redmi Note 11) AppleWebKit/537.36 (KHTML, like Gecko) Chrome/123.0.6312.112 Mobile Safari/537.36"
34.174.147.118 - - [04/Aug/2026:03:19:37 +0000] "HEAD /blog/ HTTP/2.0" 301 0 "http://simplify.earth/blog/" "Mozilla/5.0 (Linux; Android 12; Redmi Note 11) AppleWebKit/537.36 (KHTML, like Gecko) Chrome/123.0.6312.112 Mobile Safari/537.36"
34.174.147.118 - - [04/Aug/2026:03:19:38 +0000] "HEAD /blogs/ HTTP/2.0" 200 0 "https://simplify.earth/blog/" "Mozilla/5.0 (Linux; Android 12; Redmi Note 11) AppleWebKit/537.36 (KHTML, like Gecko) Chrome/123.0.6312.112 Mobile Safari/537.36"
34.174.147.118 - - [04/Aug/2026:03:19:38 +0000] "HEAD /backup/ HTTP/2.0" 404 0 "http://simplify.earth/backup/" "Mozilla/5.0 (Linux; Android 14; RMX3842) AppleWebKit/537.36 (KHTML, like Gecko) Chrome/126.0.6478.44 Mobile Safari/537.36"
34.174.147.118 - - [04/Aug/2026:03:19:38 +0000] "HEAD /wp/ HTTP/2.0" 404 0 "http://simplify.earth/wp/" "Mozilla/5.0 (Linux; U; Android 10; en-US; CPH2015) AppleWebKit/537.36 (KHTML, like Gecko) UCBrowser/13.5.8.1311 Mobile Safari/537.36"
34.174.147.118 - - [04/Aug/2026:03:19:38 +0000] "HEAD / HTTP/2.0" 200 0 "http://simplify.earth/" "Mozilla/5.0 (Linux; Android 13; Pixel 7a) AppleWebKit/537.36 (KHTML, like Gecko) Chrome/124.0.6367.82 Mobile Safari/537.36"
34.174.147.118 - - [04/Aug/2026:03:19:38 +0000] "HEAD /new/ HTTP/2.0" 404 0 "http://simplify.earth/new/" "Mozilla/5.0 (Linux; Android 14; OnePlus 12) AppleWebKit/537.36 (KHTML, like Gecko) Chrome/125.0.6422.102 Mobile Safari/537.36"
43.134.94.96 - - [04/Aug/2026:03:19:39 +0000] "GET / HTTP/1.1" 200 19950 "https://www.simplify.earth/" "Mozilla/5.0 (iPhone; CPU iPhone OS 13_2_3 like Mac OS X) AppleWebKit/605.1.15 (KHTML, like Gecko) Version/13.0.3 Mobile/15E148 Safari/604.1"
103.231.7.194 - - [04/Aug/2026:03:20:02 +0000] "GET / HTTP/1.1" 200 19950 "-" "NOC-Monitor/1.0 (+https://github.com/)"
103.231.7.194 - - [04/Aug/2026:03:20:02 +0000] "GET / HTTP/1.1" 200 19950 "-" "NOC-Monitor/1.0 (+https://github.com/)"
103.231.7.194 - - [04/Aug/2026:03:20:02 +0000] "GET / HTTP/1.1" 200 19950 "-" "NOC-Monitor/1.0 (+https://github.com/)"
103.231.7.194 - - [04/Aug/2026:03:20:04 +0000] "GET / HTTP/1.1" 200 19950 "-" "NOC-Monitor/1.0 (+https://github.com/)"
142.44.220.196 - - [04/Aug/2026:03:20:09 +0000] "GET /pelican-casino-einzahlungslimits-und-flexibilitat-im-uberblick/feed/ HTTP/2.0" 200 482 "-" "Mozilla/5.0 (compatible; AhrefsBot/7.0; +http://ahrefs.com/robot/)"
52.4.149.131 - - [04/Aug/2026:03:21:06 +0000] "POST /wp-cron.php?doing_wp_cron=1785813666.1116340160369873046875 HTTP/1.1" 499 0 "-" "WordPress/7.0.2; https://simplify.earth"
62.60.130.227 - - [04/Aug/2026:03:21:06 +0000] "GET /?rest_route=/batch/v1 HTTP/1.1" 404 125 "-" "Mozilla/5.0"
62.60.130.227 - - [04/Aug/2026:03:21:06 +0000] "GET /wp-json/batch/v1 HTTP/1.1" 404 125 "-" "Mozilla/5.0"
52.4.149.131 - - [04/Aug/2026:03:22:17 +0000] "POST /wp-cron.php?doing_wp_cron=1785813737.0322508811950683593750 HTTP/1.1" 499 0 "-" "WordPress/7.0.2; https://simplify.earth"
65.49.1.19 - - [04/Aug/2026:03:22:17 +0000] "GET / HTTP/1.1" 200 19950 "https://52.4.149.131/" "Mozilla/5.0 (Windows NT 10.0; Win64; x64) AppleWebKit/537.36 (KHTML, like Gecko) Chrome/110.0.0.0 Safari/537.36 Edg/110.0.1587.57"
52.4.149.131 - - [04/Aug/2026:03:25:03 +0000] "POST /wp-cron.php?doing_wp_cron=1785813903.4780929088592529296875 HTTP/1.1" 499 0 "-" "WordPress/7.0.2; https://simplify.earth"
103.231.7.194 - - [04/Aug/2026:03:25:03 +0000] "GET / HTTP/1.1" 200 19950 "-" "NOC-Monitor/1.0 (+https://github.com/)"
103.231.7.194 - - [04/Aug/2026:03:25:04 +0000] "GET / HTTP/1.1" 200 19950 "-" "NOC-Monitor/1.0 (+https://github.com/)"
103.231.7.194 - - [04/Aug/2026:03:25:04 +0000] "GET / HTTP/1.1" 200 19950 "-" "NOC-Monitor/1.0 (+https://github.com/)"
103.231.7.194 - - [04/Aug/2026:03:25:05 +0000] "GET / HTTP/1.1" 200 19950 "-" "NOC-Monitor/1.0 (+https://github.com/)"
52.4.149.131 - - [04/Aug/2026:03:25:08 +0000] "POST /wp-cron.php?doing_wp_cron=1785813908.3271610736846923828125 HTTP/1.1" 499 0 "-" "WordPress/7.0.2; https://simplify.earth"
40.77.167.16 - - [04/Aug/2026:03:25:08 +0000] "GET /wechat-pay-alipay-program HTTP/2.0" 404 13299 "-" "Mozilla/5.0 AppleWebKit/537.36 (KHTML, like Gecko; compatible; bingbot/2.0; +http://www.bing.com/bingbot.htm) Chrome/116.0.1938.76 Safari/537.36"
52.4.149.131 - - [04/Aug/2026:03:30:02 +0000] "POST /wp-cron.php?doing_wp_cron=1785814202.4705069065093994140625 HTTP/1.1" 499 0 "-" "WordPress/7.0.2; https://simplify.earth"
103.231.7.194 - - [04/Aug/2026:03:30:02 +0000] "GET / HTTP/1.1" 200 19950 "-" "NOC-Monitor/1.0 (+https://github.com/)"
103.231.7.194 - - [04/Aug/2026:03:30:02 +0000] "GET / HTTP/1.1" 200 19950 "-" "NOC-Monitor/1.0 (+https://github.com/)"
103.231.7.194 - - [04/Aug/2026:03:30:03 +0000] "GET / HTTP/1.1" 200 19950 "-" "NOC-Monitor/1.0 (+https://github.com/)"
103.231.7.194 - - [04/Aug/2026:03:30:04 +0000] "GET / HTTP/1.1" 200 19950 "-" "NOC-Monitor/1.0 (+https://github.com/)"
52.4.149.131 - - [04/Aug/2026:03:30:45 +0000] "POST /wp-cron.php?doing_wp_cron=1785814245.2612590789794921875000 HTTP/1.1" 499 0 "-" "WordPress/7.0.2; https://simplify.earth"
216.73.216.232 - - [04/Aug/2026:03:30:45 +0000] "GET /who-its-for/ HTTP/2.0" 200 17061 "-" "Mozilla/5.0 AppleWebKit/537.36 (KHTML, like Gecko; compatible; ClaudeBot/1.0; +claudebot@anthropic.com)"
52.4.149.131 - - [04/Aug/2026:03:35:02 +0000] "POST /wp-cron.php?doing_wp_cron=1785814502.8817551136016845703125 HTTP/1.1" 499 0 "-" "WordPress/7.0.2; https://simplify.earth"
103.231.7.194 - - [04/Aug/2026:03:35:02 +0000] "GET / HTTP/1.1" 200 19950 "-" "NOC-Monitor/1.0 (+https://github.com/)"
103.231.7.194 - - [04/Aug/2026:03:35:03 +0000] "GET / HTTP/1.1" 200 19950 "-" "NOC-Monitor/1.0 (+https://github.com/)"
103.231.7.194 - - [04/Aug/2026:03:35:03 +0000] "GET / HTTP/1.1" 200 19950 "-" "NOC-Monitor/1.0 (+https://github.com/)"
103.231.7.194 - - [04/Aug/2026:03:35:04 +0000] "GET / HTTP/1.1" 200 19950 "-" "NOC-Monitor/1.0 (+https://github.com/)"
52.4.149.131 - - [04/Aug/2026:03:40:02 +0000] "POST /wp-cron.php?doing_wp_cron=1785814802.2038149833679199218750 HTTP/1.1" 499 0 "-" "WordPress/7.0.2; https://simplify.earth"
103.231.7.194 - - [04/Aug/2026:03:40:02 +0000] "GET / HTTP/1.1" 200 19950 "-" "NOC-Monitor/1.0 (+https://github.com/)"
52.4.149.131 - - [04/Aug/2026:03:40:02 +0000] "POST /wp-cron.php?doing_wp_cron=1785814802.4766249656677246093750 HTTP/1.1" 499 0 "-" "WordPress/7.0.2; https://simplify.earth"
103.231.7.194 - - [04/Aug/2026:03:40:02 +0000] "GET / HTTP/1.1" 200 19950 "-" "NOC-Monitor/1.0 (+https://github.com/)"
103.231.7.194 - - [04/Aug/2026:03:40:04 +0000] "GET / HTTP/1.1" 200 19950 "-" "NOC-Monitor/1.0 (+https://github.com/)"
103.231.7.194 - - [04/Aug/2026:03:40:05 +0000] "GET / HTTP/1.1" 200 19950 "-" "NOC-Monitor/1.0 (+https://github.com/)"
17.22.253.15 - - [04/Aug/2026:03:40:07 +0000] "GET /wie-sicher-ist-der-zugang-zum-konto-bei-novadreams-mit-neuen-methoden/ HTTP/2.0" 404 13299 "-" "Mozilla/5.0 (Macintosh; Intel Mac OS X 10_15_7) AppleWebKit/605.1.15 (KHTML, like Gecko) Version/17.4 Safari/605.1.15 (Applebot/0.1; +http://www.apple.com/go/applebot)"
17.22.237.219 - - [04/Aug/2026:03:41:11 +0000] "GET /wp-content/themes/hello-elementor/style.min.css?ver=3.3.0 HTTP/2.0" 200 1968 "https://simplify.earth/wie-sicher-ist-der-zugang-zum-konto-bei-novadreams-mit-neuen-methoden/" "Mozilla/5.0 (Macintosh; Intel Mac OS X 10_15_7) AppleWebKit/605.1.15 (KHTML, like Gecko) Version/17.4 Safari/605.1.15 (Applebot/0.1; +http://www.apple.com/go/applebot)"
17.22.237.219 - - [04/Aug/2026:03:41:12 +0000] "GET /wp-includes/css/dist/block-library/style.min.css?ver=7.0.2 HTTP/2.0" 200 22493 "https://simplify.earth/wie-sicher-ist-der-zugang-zum-konto-bei-novadreams-mit-neuen-methoden/" "Mozilla/5.0 (Macintosh; Intel Mac OS X 10_15_7) AppleWebKit/605.1.15 (KHTML, like Gecko) Version/17.4 Safari/605.1.15 (Applebot/0.1; +http://www.apple.com/go/applebot)"
17.22.237.219 - - [04/Aug/2026:03:41:13 +0000] "GET /wp-content/plugins/elementor/assets/css/frontend.min.css?ver=4.0.8 HTTP/2.0" 200 9056 "https://simplify.earth/wie-sicher-ist-der-zugang-zum-konto-bei-novadreams-mit-neuen-methoden/" "Mozilla/5.0 (Macintosh; Intel Mac OS X 10_15_7) AppleWebKit/605.1.15 (KHTML, like Gecko) Version/17.4 Safari/605.1.15 (Applebot/0.1; +http://www.apple.com/go/applebot)"
17.22.237.219 - - [04/Aug/2026:03:41:15 +0000] "GET /wp-content/themes/hello-elementor/theme.min.css?ver=3.3.0 HTTP/2.0" 200 1430 "https://simplify.earth/wie-sicher-ist-der-zugang-zum-konto-bei-novadreams-mit-neuen-methoden/" "Mozilla/5.0 (Macintosh; Intel Mac OS X 10_15_7) AppleWebKit/605.1.15 (KHTML, like Gecko) Version/17.4 Safari/605.1.15 (Applebot/0.1; +http://www.apple.com/go/applebot)"
17.22.237.219 - - [04/Aug/2026:03:41:16 +0000] "GET /wp-content/themes/hello-elementor/header-footer.min.css?ver=3.3.0 HTTP/2.0" 200 1703 "https://simplify.earth/wie-sicher-ist-der-zugang-zum-konto-bei-novadreams-mit-neuen-methoden/" "Mozilla/5.0 (Macintosh; Intel Mac OS X 10_15_7) AppleWebKit/605.1.15 (KHTML, like Gecko) Version/17.4 Safari/605.1.15 (Applebot/0.1; +http://www.apple.com/go/applebot)"
17.22.237.219 - - [04/Aug/2026:03:41:18 +0000] "GET /wp-content/plugins/sina-extension-for-elementor/assets/css/sina-header-footer.min.css?ver=3.10.2 HTTP/2.0" 200 1611 "https://simplify.earth/wie-sicher-ist-der-zugang-zum-konto-bei-novadreams-mit-neuen-methoden/" "Mozilla/5.0 (Macintosh; Intel Mac OS X 10_15_7) AppleWebKit/605.1.15 (KHTML, like Gecko) Version/17.4 Safari/605.1.15 (Applebot/0.1; +http://www.apple.com/go/applebot)"
17.22.237.219 - - [04/Aug/2026:03:41:19 +0000] "GET /wp-content/uploads/elementor/css/post-12.css?ver=1785742208 HTTP/2.0" 200 2102 "https://simplify.earth/wie-sicher-ist-der-zugang-zum-konto-bei-novadreams-mit-neuen-methoden/" "Mozilla/5.0 (Macintosh; Intel Mac OS X 10_15_7) AppleWebKit/605.1.15 (KHTML, like Gecko) Version/17.4 Safari/605.1.15 (Applebot/0.1; +http://www.apple.com/go/applebot)"
17.22.237.219 - - [04/Aug/2026:03:41:21 +0000] "GET /wp-content/plugins/elementor/assets/css/widget-image.min.css?ver=4.0.8 HTTP/2.0" 200 214 "https://simplify.earth/wie-sicher-ist-der-zugang-zum-konto-bei-novadreams-mit-neuen-methoden/" "Mozilla/5.0 (Macintosh; Intel Mac OS X 10_15_7) AppleWebKit/605.1.15 (KHTML, like Gecko) Version/17.4 Safari/605.1.15 (Applebot/0.1; +http://www.apple.com/go/applebot)"
17.22.237.219 - - [04/Aug/2026:03:41:22 +0000] "GET /wp-content/plugins/elementor-pro/assets/css/widget-nav-menu.min.css?ver=4.0.4 HTTP/2.0" 200 4199 "https://simplify.earth/wie-sicher-ist-der-zugang-zum-konto-bei-novadreams-mit-neuen-methoden/" "Mozilla/5.0 (Macintosh; Intel Mac OS X 10_15_7) AppleWebKit/605.1.15 (KHTML, like Gecko) Version/17.4 Safari/605.1.15 (Applebot/0.1; +http://www.apple.com/go/applebot)"
17.22.237.219 - - [04/Aug/2026:03:41:24 +0000] "GET /wp-content/plugins/elementor/assets/css/widget-social-icons.min.css?ver=4.0.8 HTTP/2.0" 200 1202 "https://simplify.earth/wie-sicher-ist-der-zugang-zum-konto-bei-novadreams-mit-neuen-methoden/" "Mozilla/5.0 (Macintosh; Intel Mac OS X 10_15_7) AppleWebKit/605.1.15 (KHTML, like Gecko) Version/17.4 Safari/605.1.15 (Applebot/0.1; +http://www.apple.com/go/applebot)"
17.22.237.219 - - [04/Aug/2026:03:41:25 +0000] "GET /wp-content/plugins/elementor/assets/css/conditionals/apple-webkit.min.css?ver=4.0.8 HTTP/2.0" 200 674 "https://simplify.earth/wie-sicher-ist-der-zugang-zum-konto-bei-novadreams-mit-neuen-methoden/" "Mozilla/5.0 (Macintosh; Intel Mac OS X 10_15_7) AppleWebKit/605.1.15 (KHTML, like Gecko) Version/17.4 Safari/605.1.15 (Applebot/0.1; +http://www.apple.com/go/applebot)"
17.22.237.219 - - [04/Aug/2026:03:41:26 +0000] "GET /wp-content/plugins/elementor/assets/css/widget-heading.min.css?ver=4.0.8 HTTP/2.0" 200 560 "https://simplify.earth/wie-sicher-ist-der-zugang-zum-konto-bei-novadreams-mit-neuen-methoden/" "Mozilla/5.0 (Macintosh; Intel Mac OS X 10_15_7) AppleWebKit/605.1.15 (KHTML, like Gecko) Version/17.4 Safari/605.1.15 (Applebot/0.1; +http://www.apple.com/go/applebot)"
17.22.237.219 - - [04/Aug/2026:03:41:28 +0000] "GET /wp-content/plugins/elementor/assets/lib/animations/styles/fadeInUp.min.css?ver=4.0.8 HTTP/2.0" 200 130 "https://simplify.earth/wie-sicher-ist-der-zugang-zum-konto-bei-novadreams-mit-neuen-methoden/" "Mozilla/5.0 (Macintosh; Intel Mac OS X 10_15_7) AppleWebKit/605.1.15 (KHTML, like Gecko) Version/17.4 Safari/605.1.15 (Applebot/0.1; +http://www.apple.com/go/applebot)"
17.22.237.219 - - [04/Aug/2026:03:41:29 +0000] "GET /wp-content/uploads/elementor/css/post-80.css?ver=1785742209 HTTP/2.0" 200 1467 "https://simplify.earth/wie-sicher-ist-der-zugang-zum-konto-bei-novadreams-mit-neuen-methoden/" "Mozilla/5.0 (Macintosh; Intel Mac OS X 10_15_7) AppleWebKit/605.1.15 (KHTML, like Gecko) Version/17.4 Safari/605.1.15 (Applebot/0.1; +http://www.apple.com/go/applebot)"
17.22.237.219 - - [04/Aug/2026:03:41:31 +0000] "GET /wp-content/uploads/elementor/css/post-89.css?ver=1785742209 HTTP/2.0" 200 1075 "https://simplify.earth/wie-sicher-ist-der-zugang-zum-konto-bei-novadreams-mit-neuen-methoden/" "Mozilla/5.0 (Macintosh; Intel Mac OS X 10_15_7) AppleWebKit/605.1.15 (KHTML, like Gecko) Version/17.4 Safari/605.1.15 (Applebot/0.1; +http://www.apple.com/go/applebot)"
17.22.237.219 - - [04/Aug/2026:03:41:32 +0000] "GET /wp-content/uploads/elementor/css/post-70.css?ver=1785746023 HTTP/2.0" 200 1227 "https://simplify.earth/wie-sicher-ist-der-zugang-zum-konto-bei-novadreams-mit-neuen-methoden/" "Mozilla/5.0 (Macintosh; Intel Mac OS X 10_15_7) AppleWebKit/605.1.15 (KHTML, like Gecko) Version/17.4 Safari/605.1.15 (Applebot/0.1; +http://www.apple.com/go/applebot)"
17.22.237.219 - - [04/Aug/2026:03:41:34 +0000] "GET /wp-content/plugins/elementskit-lite/widgets/init/assets/css/widget-styles.css?ver=3.10.02 HTTP/2.0" 200 69667 "https://simplify.earth/wie-sicher-ist-der-zugang-zum-konto-bei-novadreams-mit-neuen-methoden/" "Mozilla/5.0 (Macintosh; Intel Mac OS X 10_15_7) AppleWebKit/605.1.15 (KHTML, like Gecko) Version/17.4 Safari/605.1.15 (Applebot/0.1; +http://www.apple.com/go/applebot)"
17.22.237.219 - - [04/Aug/2026:03:41:35 +0000] "GET /wp-content/plugins/elementskit-lite/widgets/init/assets/css/responsive.css?ver=3.10.02 HTTP/2.0" 200 3764 "https://simplify.earth/wie-sicher-ist-der-zugang-zum-konto-bei-novadreams-mit-neuen-methoden/" "Mozilla/5.0 (Macintosh; Intel Mac OS X 10_15_7) AppleWebKit/605.1.15 (KHTML, like Gecko) Version/17.4 Safari/605.1.15 (Applebot/0.1; +http://www.apple.com/go/applebot)"
17.22.237.219 - - [04/Aug/2026:03:41:37 +0000] "GET /wp-includes/js/jquery/jquery.min.js?ver=3.7.1 HTTP/2.0" 200 35438 "https://simplify.earth/wie-sicher-ist-der-zugang-zum-konto-bei-novadreams-mit-neuen-methoden/" "Mozilla/5.0 (Macintosh; Intel Mac OS X 10_15_7) AppleWebKit/605.1.15 (KHTML, like Gecko) Version/17.4 Safari/605.1.15 (Applebot/0.1; +http://www.apple.com/go/applebot)"
17.22.237.219 - - [04/Aug/2026:03:41:38 +0000] "GET /wp-includes/js/jquery/jquery-migrate.min.js?ver=3.4.1 HTTP/2.0" 200 5342 "https://simplify.earth/wie-sicher-ist-der-zugang-zum-konto-bei-novadreams-mit-neuen-methoden/" "Mozilla/5.0 (Macintosh; Intel Mac OS X 10_15_7) AppleWebKit/605.1.15 (KHTML, like Gecko) Version/17.4 Safari/605.1.15 (Applebot/0.1; +http://www.apple.com/go/applebot)"
17.22.237.219 - - [04/Aug/2026:03:41:39 +0000] "GET /wp-content/plugins/elementskit-lite/modules/elementskit-icon-pack/assets/css/ekiticons.css?ver=3.10.02 HTTP/2.0" 200 11979 "https://simplify.earth/wie-sicher-ist-der-zugang-zum-konto-bei-novadreams-mit-neuen-methoden/" "Mozilla/5.0 (Macintosh; Intel Mac OS X 10_15_7) AppleWebKit/605.1.15 (KHTML, like Gecko) Version/17.4 Safari/605.1.15 (Applebot/0.1; +http://www.apple.com/go/applebot)"
17.22.237.219 - - [04/Aug/2026:03:41:41 +0000] "GET /wp-content/plugins/elementskit-lite/widgets/init/assets/js/widget-scripts.js?ver=3.10.02 HTTP/2.0" 200 16354 "https://simplify.earth/wie-sicher-ist-der-zugang-zum-konto-bei-novadreams-mit-neuen-methoden/" "Mozilla/5.0 (Macintosh; Intel Mac OS X 10_15_7) AppleWebKit/605.1.15 (KHTML, like Gecko) Version/17.4 Safari/605.1.15 (Applebot/0.1; +http://www.apple.com/go/applebot)"
17.22.237.219 - - [04/Aug/2026:03:41:42 +0000] "GET /wp-content/themes/hello-elementor/assets/js/hello-frontend.min.js?ver=3.3.0 HTTP/2.0" 200 655 "https://simplify.earth/wie-sicher-ist-der-zugang-zum-konto-bei-novadreams-mit-neuen-methoden/" "Mozilla/5.0 (Macintosh; Intel Mac OS X 10_15_7) AppleWebKit/605.1.15 (KHTML, like Gecko) Version/17.4 Safari/605.1.15 (Applebot/0.1; +http://www.apple.com/go/applebot)"
17.22.237.219 - - [04/Aug/2026:03:41:44 +0000] "GET /wp-content/plugins/elementor/assets/js/webpack.runtime.min.js?ver=4.0.8 HTTP/2.0" 200 2593 "https://simplify.earth/wie-sicher-ist-der-zugang-zum-konto-bei-novadreams-mit-neuen-methoden/" "Mozilla/5.0 (Macintosh; Intel Mac OS X 10_15_7) AppleWebKit/605.1.15 (KHTML, like Gecko) Version/17.4 Safari/605.1.15 (Applebot/0.1; +http://www.apple.com/go/applebot)"
17.22.237.219 - - [04/Aug/2026:03:41:45 +0000] "GET /wp-content/plugins/elementor/assets/js/frontend-modules.min.js?ver=4.0.8 HTTP/2.0" 200 18672 "https://simplify.earth/wie-sicher-ist-der-zugang-zum-konto-bei-novadreams-mit-neuen-methoden/" "Mozilla/5.0 (Macintosh; Intel Mac OS X 10_15_7) AppleWebKit/605.1.15 (KHTML, like Gecko) Version/17.4 Safari/605.1.15 (Applebot/0.1; +http://www.apple.com/go/applebot)"
17.22.237.219 - - [04/Aug/2026:03:41:47 +0000] "GET /wp-includes/js/jquery/ui/core.min.js?ver=1.13.3 HTTP/2.0" 200 7941 "https://simplify.earth/wie-sicher-ist-der-zugang-zum-konto-bei-novadreams-mit-neuen-methoden/" "Mozilla/5.0 (Macintosh; Intel Mac OS X 10_15_7) AppleWebKit/605.1.15 (KHTML, like Gecko) Version/17.4 Safari/605.1.15 (Applebot/0.1; +http://www.apple.com/go/applebot)"
17.22.237.219 - - [04/Aug/2026:03:41:48 +0000] "GET /wp-content/plugins/elementor/assets/js/frontend.min.js?ver=4.0.8 HTTP/2.0" 200 11866 "https://simplify.earth/wie-sicher-ist-der-zugang-zum-konto-bei-novadreams-mit-neuen-methoden/" "Mozilla/5.0 (Macintosh; Intel Mac OS X 10_15_7) AppleWebKit/605.1.15 (KHTML, like Gecko) Version/17.4 Safari/605.1.15 (Applebot/0.1; +http://www.apple.com/go/applebot)"
17.22.237.219 - - [04/Aug/2026:03:41:50 +0000] "GET /wp-content/plugins/elementor-pro/assets/lib/smartmenus/jquery.smartmenus.min.js?ver=1.2.1 HTTP/2.0" 200 8385 "https://simplify.earth/wie-sicher-ist-der-zugang-zum-konto-bei-novadreams-mit-neuen-methoden/" "Mozilla/5.0 (Macintosh; Intel Mac OS X 10_15_7) AppleWebKit/605.1.15 (KHTML, like Gecko) Version/17.4 Safari/605.1.15 (Applebot/0.1; +http://www.apple.com/go/applebot)"
17.22.237.219 - - [04/Aug/2026:03:41:51 +0000] "GET /wp-content/plugins/google-site-kit/dist/assets/js/googlesitekit-events-provider-wpforms-063cb453c64ecfd3dafe.js HTTP/2.0" 200 2667 "https://simplify.earth/wie-sicher-ist-der-zugang-zum-konto-bei-novadreams-mit-neuen-methoden/" "Mozilla/5.0 (Macintosh; Intel Mac OS X 10_15_7) AppleWebKit/605.1.15 (KHTML, like Gecko) Version/17.4 Safari/605.1.15 (Applebot/0.1; +http://www.apple.com/go/applebot)"
17.22.237.219 - - [04/Aug/2026:03:41:52 +0000] "GET /wp-content/plugins/elementor-pro/assets/js/webpack-pro.runtime.min.js?ver=4.0.4 HTTP/2.0" 200 2925 "https://simplify.earth/wie-sicher-ist-der-zugang-zum-konto-bei-novadreams-mit-neuen-methoden/" "Mozilla/5.0 (Macintosh; Intel Mac OS X 10_15_7) AppleWebKit/605.1.15 (KHTML, like Gecko) Version/17.4 Safari/605.1.15 (Applebot/0.1; +http://www.apple.com/go/applebot)"
17.22.237.219 - - [04/Aug/2026:03:41:54 +0000] "GET /wp-includes/js/dist/hooks.min.js?ver=7496969728ca0f95732d HTTP/2.0" 200 1925 "https://simplify.earth/wie-sicher-ist-der-zugang-zum-konto-bei-novadreams-mit-neuen-methoden/" "Mozilla/5.0 (Macintosh; Intel Mac OS X 10_15_7) AppleWebKit/605.1.15 (KHTML, like Gecko) Version/17.4 Safari/605.1.15 (Applebot/0.1; +http://www.apple.com/go/applebot)"
17.22.237.219 - - [04/Aug/2026:03:41:55 +0000] "GET /wp-includes/js/dist/i18n.min.js?ver=781d11515ad3d91786ec HTTP/2.0" 200 2588 "https://simplify.earth/wie-sicher-ist-der-zugang-zum-konto-bei-novadreams-mit-neuen-methoden/" "Mozilla/5.0 (Macintosh; Intel Mac OS X 10_15_7) AppleWebKit/605.1.15 (KHTML, like Gecko) Version/17.4 Safari/605.1.15 (Applebot/0.1; +http://www.apple.com/go/applebot)"
17.22.237.219 - - [04/Aug/2026:03:41:57 +0000] "GET /wp-content/plugins/elementor-pro/assets/js/frontend.min.js?ver=4.0.4 HTTP/2.0" 200 7512 "https://simplify.earth/wie-sicher-ist-der-zugang-zum-konto-bei-novadreams-mit-neuen-methoden/" "Mozilla/5.0 (Macintosh; Intel Mac OS X 10_15_7) AppleWebKit/605.1.15 (KHTML, like Gecko) Version/17.4 Safari/605.1.15 (Applebot/0.1; +http://www.apple.com/go/applebot)"
17.22.237.219 - - [04/Aug/2026:03:41:58 +0000] "GET /wp-content/plugins/elementor-pro/assets/js/elements-handlers.min.js?ver=4.0.4 HTTP/2.0" 200 12370 "https://simplify.earth/wie-sicher-ist-der-zugang-zum-konto-bei-novadreams-mit-neuen-methoden/" "Mozilla/5.0 (Macintosh; Intel Mac OS X 10_15_7) AppleWebKit/605.1.15 (KHTML, like Gecko) Version/17.4 Safari/605.1.15 (Applebot/0.1; +http://www.apple.com/go/applebot)"
17.22.237.219 - - [04/Aug/2026:03:42:00 +0000] "GET /wp-content/plugins/elementor/assets/js/shared-frontend-handlers.03caa53373b56d3bab67.bundle.min.js HTTP/2.0" 200 2930 "https://simplify.earth/wie-sicher-ist-der-zugang-zum-konto-bei-novadreams-mit-neuen-methoden/" "Mozilla/5.0 (Macintosh; Intel Mac OS X 10_15_7) AppleWebKit/605.1.15 (KHTML, like Gecko) Version/17.4 Safari/605.1.15 (Applebot/0.1; +http://www.apple.com/go/applebot)"
17.22.237.219 - - [04/Aug/2026:03:42:01 +0000] "GET /wp-includes/js/wp-emoji-release.min.js?ver=7.0.2 HTTP/2.0" 200 6307 "https://simplify.earth/wie-sicher-ist-der-zugang-zum-konto-bei-novadreams-mit-neuen-methoden/" "Mozilla/5.0 (Macintosh; Intel Mac OS X 10_15_7) AppleWebKit/605.1.15 (KHTML, like Gecko) Version/17.4 Safari/605.1.15 (Applebot/0.1; +http://www.apple.com/go/applebot)"
17.22.237.219 - - [04/Aug/2026:03:42:02 +0000] "GET /wp-content/plugins/elementor/assets/js/text-editor.45609661e409413f1cef.bundle.min.js HTTP/2.0" 200 667 "https://simplify.earth/wie-sicher-ist-der-zugang-zum-konto-bei-novadreams-mit-neuen-methoden/" "Mozilla/5.0 (Macintosh; Intel Mac OS X 10_15_7) AppleWebKit/605.1.15 (KHTML, like Gecko) Version/17.4 Safari/605.1.15 (Applebot/0.1; +http://www.apple.com/go/applebot)"
17.22.237.219 - - [04/Aug/2026:03:42:04 +0000] "GET /wp-content/plugins/elementor-pro/assets/js/nav-menu.3afa8f5eb1fef7c22561.bundle.min.js HTTP/2.0" 200 2032 "https://simplify.earth/wie-sicher-ist-der-zugang-zum-konto-bei-novadreams-mit-neuen-methoden/" "Mozilla/5.0 (Macintosh; Intel Mac OS X 10_15_7) AppleWebKit/605.1.15 (KHTML, like Gecko) Version/17.4 Safari/605.1.15 (Applebot/0.1; +http://www.apple.com/go/applebot)"
52.4.149.131 - - [04/Aug/2026:03:42:42 +0000] "POST /wp-cron.php?doing_wp_cron=1785814962.3045198917388916015625 HTTP/1.1" 499 0 "-" "WordPress/7.0.2; https://simplify.earth"
74.7.241.30 - - [04/Aug/2026:03:42:42 +0000] "GET /?sitemap=1 HTTP/2.0" 301 0 "-" "Mozilla/5.0 AppleWebKit/537.36 (KHTML, like Gecko; compatible; GPTBot/1.4; +https://openai.com/gptbot)"
74.7.241.30 - - [04/Aug/2026:03:42:48 +0000] "GET / HTTP/2.0" 200 19937 "https://simplify.earth/?sitemap=1" "Mozilla/5.0 AppleWebKit/537.36 (KHTML, like Gecko; compatible; GPTBot/1.4; +https://openai.com/gptbot)"
74.7.241.30 - - [04/Aug/2026:03:42:53 +0000] "GET /wp-includes/js/dist/i18n.min.js?ver=781d11515ad3d91786ec HTTP/2.0" 200 2588 "https://simplify.earth/" "Mozilla/5.0 AppleWebKit/537.36 (KHTML, like Gecko; compatible; GPTBot/1.4; +https://openai.com/gptbot)"
74.7.241.30 - - [04/Aug/2026:03:42:56 +0000] "GET /wp-includes/js/jquery/jquery-migrate.min.js?ver=3.4.1 HTTP/2.0" 200 5342 "https://simplify.earth/" "Mozilla/5.0 AppleWebKit/537.36 (KHTML, like Gecko; compatible; GPTBot/1.4; +https://openai.com/gptbot)"
74.7.241.30 - - [04/Aug/2026:03:42:58 +0000] "GET /wp-content/uploads/elementor/css/post-12.css?ver=1785742208 HTTP/2.0" 200 2102 "https://simplify.earth/" "Mozilla/5.0 AppleWebKit/537.36 (KHTML, like Gecko; compatible; GPTBot/1.4; +https://openai.com/gptbot)"
74.7.241.30 - - [04/Aug/2026:03:43:00 +0000] "GET /wp-includes/js/wp-emoji-release.min.js?ver=7.0.2 HTTP/2.0" 200 6307 "https://simplify.earth/" "Mozilla/5.0 AppleWebKit/537.36 (KHTML, like Gecko; compatible; GPTBot/1.4; +https://openai.com/gptbot)"
74.7.241.30 - - [04/Aug/2026:03:43:02 +0000] "GET /wp-content/plugins/elementskit-lite/widgets/init/assets/css/responsive.css?ver=3.10.02 HTTP/2.0" 200 3764 "https://simplify.earth/" "Mozilla/5.0 AppleWebKit/537.36 (KHTML, like Gecko; compatible; GPTBot/1.4; +https://openai.com/gptbot)"
74.7.241.30 - - [04/Aug/2026:03:43:03 +0000] "GET /wp-content/plugins/elementskit-lite/widgets/init/assets/css/widget-styles.css?ver=3.10.02 HTTP/2.0" 200 69667 "https://simplify.earth/" "Mozilla/5.0 AppleWebKit/537.36 (KHTML, like Gecko; compatible; GPTBot/1.4; +https://openai.com/gptbot)"
74.7.241.30 - - [04/Aug/2026:03:43:05 +0000] "GET /wp-content/plugins/elementor/assets/css/frontend.min.css?ver=4.0.8 HTTP/2.0" 200 9056 "https://simplify.earth/" "Mozilla/5.0 AppleWebKit/537.36 (KHTML, like Gecko; compatible; GPTBot/1.4; +https://openai.com/gptbot)"
74.7.241.30 - - [04/Aug/2026:03:43:06 +0000] "GET /wp-content/plugins/elementskit-lite/modules/elementskit-icon-pack/assets/css/ekiticons.css?ver=3.10.02 HTTP/2.0" 200 11979 "https://simplify.earth/" "Mozilla/5.0 AppleWebKit/537.36 (KHTML, like Gecko; compatible; GPTBot/1.4; +https://openai.com/gptbot)"
74.7.241.30 - - [04/Aug/2026:03:43:07 +0000] "GET /wp-content/plugins/skyboot-custom-icons-for-elementor/assets/css/linearicons.css?ver=1.1.1 HTTP/2.0" 200 1772 "https://simplify.earth/" "Mozilla/5.0 AppleWebKit/537.36 (KHTML, like Gecko; compatible; GPTBot/1.4; +https://openai.com/gptbot)"
74.7.241.30 - - [04/Aug/2026:03:43:09 +0000] "GET /wp-content/plugins/elementor-pro/assets/lib/smartmenus/jquery.smartmenus.min.js?ver=1.2.1 HTTP/2.0" 200 8385 "https://simplify.earth/" "Mozilla/5.0 AppleWebKit/537.36 (KHTML, like Gecko; compatible; GPTBot/1.4; +https://openai.com/gptbot)"
74.7.241.30 - - [04/Aug/2026:03:43:10 +0000] "GET /wp-content/plugins/elementor-pro/assets/js/webpack-pro.runtime.min.js?ver=4.0.4 HTTP/2.0" 200 2925 "https://simplify.earth/" "Mozilla/5.0 AppleWebKit/537.36 (KHTML, like Gecko; compatible; GPTBot/1.4; +https://openai.com/gptbot)"
74.7.241.30 - - [04/Aug/2026:03:43:10 +0000] "GET /wp-content/plugins/google-site-kit/dist/assets/js/googlesitekit-events-provider-wpforms-063cb453c64ecfd3dafe.js HTTP/2.0" 200 2667 "https://simplify.earth/" "Mozilla/5.0 AppleWebKit/537.36 (KHTML, like Gecko; compatible; GPTBot/1.4; +https://openai.com/gptbot)"
74.7.241.30 - - [04/Aug/2026:03:43:11 +0000] "GET /wp-content/plugins/elementskit-lite/widgets/init/assets/js/widget-scripts.js?ver=3.10.02 HTTP/2.0" 200 16354 "https://simplify.earth/" "Mozilla/5.0 AppleWebKit/537.36 (KHTML, like Gecko; compatible; GPTBot/1.4; +https://openai.com/gptbot)"
74.7.241.30 - - [04/Aug/2026:03:43:12 +0000] "GET /wp-content/plugins/skyboot-custom-icons-for-elementor/assets/css/elegant.css?ver=1.1.1 HTTP/2.0" 200 4666 "https://simplify.earth/" "Mozilla/5.0 AppleWebKit/537.36 (KHTML, like Gecko; compatible; GPTBot/1.4; +https://openai.com/gptbot)"
74.7.241.30 - - [04/Aug/2026:03:43:13 +0000] "GET /wp-content/uploads/elementor/css/post-2468.css?ver=1785742209 HTTP/2.0" 200 6885 "https://simplify.earth/" "Mozilla/5.0 AppleWebKit/537.36 (KHTML, like Gecko; compatible; GPTBot/1.4; +https://openai.com/gptbot)"
74.7.241.30 - - [04/Aug/2026:03:43:13 +0000] "GET /wp-content/plugins/sina-extension-for-elementor/assets/css/sina-header-footer.min.css?ver=3.10.2 HTTP/2.0" 200 1611 "https://simplify.earth/" "Mozilla/5.0 AppleWebKit/537.36 (KHTML, like Gecko; compatible; GPTBot/1.4; +https://openai.com/gptbot)"
74.7.241.30 - - [04/Aug/2026:03:43:14 +0000] "GET /wp-content/uploads/elementor/css/post-89.css?ver=1785742209 HTTP/2.0" 200 1075 "https://simplify.earth/" "Mozilla/5.0 AppleWebKit/537.36 (KHTML, like Gecko; compatible; GPTBot/1.4; +https://openai.com/gptbot)"
74.7.241.30 - - [04/Aug/2026:03:43:14 +0000] "GET /wp-content/uploads/elementor/css/post-80.css?ver=1785742209 HTTP/2.0" 200 1467 "https://simplify.earth/" "Mozilla/5.0 AppleWebKit/537.36 (KHTML, like Gecko; compatible; GPTBot/1.4; +https://openai.com/gptbot)"
51.161.37.144 - - [04/Aug/2026:03:43:27 +0000] "GET /wie-kann-man-bei-abuking-schnell-und-sicher-auszahlungen-erhalten/feed/ HTTP/2.0" 200 484 "-" "Mozilla/5.0 (compatible; AhrefsBot/7.0; +http://ahrefs.com/robot/)"
52.4.149.131 - - [04/Aug/2026:03:45:03 +0000] "POST /wp-cron.php?doing_wp_cron=1785815103.0432660579681396484375 HTTP/1.1" 499 0 "-" "WordPress/7.0.2; https://simplify.earth"
103.231.7.194 - - [04/Aug/2026:03:45:03 +0000] "GET / HTTP/1.1" 200 19950 "-" "NOC-Monitor/1.0 (+https://github.com/)"
52.4.149.131 - - [04/Aug/2026:03:45:03 +0000] "POST /wp-cron.php?doing_wp_cron=1785815103.2746150493621826171875 HTTP/1.1" 499 0 "-" "WordPress/7.0.2; https://simplify.earth"
103.231.7.194 - - [04/Aug/2026:03:45:03 +0000] "GET / HTTP/1.1" 200 19950 "-" "NOC-Monitor/1.0 (+https://github.com/)"
103.231.7.194 - - [04/Aug/2026:03:45:04 +0000] "GET / HTTP/1.1" 200 19950 "-" "NOC-Monitor/1.0 (+https://github.com/)"
103.231.7.194 - - [04/Aug/2026:03:45:04 +0000] "GET / HTTP/1.1" 200 19950 "-" "NOC-Monitor/1.0 (+https://github.com/)"
52.4.149.131 - - [04/Aug/2026:03:47:29 +0000] "POST /wp-cron.php?doing_wp_cron=1785815249.3966760635375976562500 HTTP/1.1" 499 0 "-" "WordPress/7.0.2; https://simplify.earth"
95.85.238.18 - - [04/Aug/2026:03:47:29 +0000] "POST /?rest_route=/batch/v1 HTTP/1.1" 207 490 "-" "wp2shell_v2"
95.85.238.18 - - [04/Aug/2026:03:47:29 +0000] "POST /?rest_route=/batch/v1 HTTP/1.1" 207 490 "-" "wp2shell_v2"
52.4.149.131 - - [04/Aug/2026:03:47:30 +0000] "POST /wp-cron.php?doing_wp_cron=1785815250.1592690944671630859375 HTTP/1.1" 499 0 "-" "WordPress/7.0.2; https://simplify.earth"
95.85.238.18 - - [04/Aug/2026:03:47:30 +0000] "POST /?rest_route=/batch/v1 HTTP/1.1" 207 490 "-" "wp2shell_v2"
52.4.149.131 - - [04/Aug/2026:03:48:51 +0000] "POST /wp-cron.php?doing_wp_cron=1785815331.4703249931335449218750 HTTP/1.1" 499 0 "-" "WordPress/7.0.2; https://simplify.earth"
51.222.168.132 - - [04/Aug/2026:03:48:51 +0000] "GET /anfanger-tipps-fur-larabet-casino-spieler-2026/feed/ HTTP/2.0" 200 470 "-" "Mozilla/5.0 (compatible; AhrefsBot/7.0; +http://ahrefs.com/robot/)"
52.4.149.131 - - [04/Aug/2026:03:49:31 +0000] "POST /wp-cron.php?doing_wp_cron=1785815371.2887380123138427734375 HTTP/1.1" 499 0 "-" "WordPress/7.0.2; https://simplify.earth"
185.191.171.17 - - [04/Aug/2026:03:49:31 +0000] "GET /category/uncategorized/page/2/ HTTP/1.1" 200 13562 "-" "Mozilla/5.0 (compatible; SemrushBot/7~bl; +http://www.semrush.com/bot.html)"
103.231.7.194 - - [04/Aug/2026:03:50:02 +0000] "GET / HTTP/1.1" 200 19950 "-" "NOC-Monitor/1.0 (+https://github.com/)"
103.231.7.194 - - [04/Aug/2026:03:50:02 +0000] "GET / HTTP/1.1" 200 19950 "-" "NOC-Monitor/1.0 (+https://github.com/)"
103.231.7.194 - - [04/Aug/2026:03:50:03 +0000] "GET / HTTP/1.1" 200 19950 "-" "NOC-Monitor/1.0 (+https://github.com/)"
103.231.7.194 - - [04/Aug/2026:03:50:04 +0000] "GET / HTTP/1.1" 200 19950 "-" "NOC-Monitor/1.0 (+https://github.com/)"
51.120.83.160 - - [04/Aug/2026:03:54:05 +0000] "GET /wp-content/plugins/hellopress/wp_filemanager.php HTTP/1.1" 404 27 "-" "-"
51.120.83.160 - - [04/Aug/2026:03:54:05 +0000] "GET /this_is_a_new_hello_world.php HTTP/1.1" 404 27 "-" "-"
51.120.83.160 - - [04/Aug/2026:03:54:06 +0000] "GET /wp-content/plugins/not/includes/about.php HTTP/1.1" 404 27 "-" "-"
51.120.83.160 - - [04/Aug/2026:03:54:06 +0000] "GET /wp-content/plugins/simple/simple.php HTTP/1.1" 404 27 "-" "-"
51.120.83.160 - - [04/Aug/2026:03:54:06 +0000] "GET /wp-content/plugins/wp-theme-editor/include.php HTTP/1.1" 404 27 "-" "-"
51.120.83.160 - - [04/Aug/2026:03:54:07 +0000] "GET /wp-content/themes/aahana/json.php HTTP/1.1" 404 27 "-" "-"
51.120.83.160 - - [04/Aug/2026:03:54:07 +0000] "GET /wp-content/plugins/awesome-coming-soon/come.php HTTP/1.1" 404 27 "-" "-"
51.120.83.160 - - [04/Aug/2026:03:54:07 +0000] "GET /wp-content/plugins/wp-conflg.php HTTP/1.1" 404 27 "-" "-"
51.120.83.160 - - [04/Aug/2026:03:54:08 +0000] "GET /berlin.php HTTP/1.1" 404 27 "-" "-"
51.120.83.160 - - [04/Aug/2026:03:54:08 +0000] "GET /wp-includes/Requests/about.php HTTP/1.1" 404 27 "-" "-"
51.120.83.160 - - [04/Aug/2026:03:54:08 +0000] "GET /wp-includes/style-engine/about.php HTTP/1.1" 404 27 "-" "-"
51.120.83.160 - - [04/Aug/2026:03:54:08 +0000] "GET /wp-includes/rest-api/about.php HTTP/1.1" 404 27 "-" "-"
51.120.83.160 - - [04/Aug/2026:03:54:09 +0000] "GET /wp-includes/SimplePie/about.php HTTP/1.1" 404 27 "-" "-"
51.120.83.160 - - [04/Aug/2026:03:54:09 +0000] "GET /wp-content/banners/about.php HTTP/1.1" 404 27 "-" "-"
51.120.83.160 - - [04/Aug/2026:03:54:09 +0000] "GET /wp-content/about.php HTTP/1.1" 404 27 "-" "-"
51.120.83.160 - - [04/Aug/2026:03:54:10 +0000] "GET /wp-includes/Text/about.php HTTP/1.1" 404 27 "-" "-"
51.120.83.160 - - [04/Aug/2026:03:54:10 +0000] "GET /wp-includes/ID3/about.php HTTP/1.1" 404 27 "-" "-"
51.120.83.160 - - [04/Aug/2026:03:54:10 +0000] "GET /img/about.php HTTP/1.1" 404 27 "-" "-"
51.120.83.160 - - [04/Aug/2026:03:54:11 +0000] "GET /wp-content/languages/about.php HTTP/1.1" 404 27 "-" "-"
51.120.83.160 - - [04/Aug/2026:03:54:11 +0000] "GET /wp-includes/customize/about.php HTTP/1.1" 404 27 "-" "-"
51.120.83.160 - - [04/Aug/2026:03:54:11 +0000] "GET /wp-includes.bak/html-api/about.php HTTP/1.1" 404 27 "-" "-"
51.120.83.160 - - [04/Aug/2026:03:54:11 +0000] "GET /wp-includes/widgets/about.php HTTP/1.1" 404 27 "-" "-"
51.120.83.160 - - [04/Aug/2026:03:54:12 +0000] "GET /wp-includes/IXR/about.php HTTP/1.1" 404 27 "-" "-"
51.120.83.160 - - [04/Aug/2026:03:54:12 +0000] "GET /wp-admin/js/about.php HTTP/1.1" 404 27 "-" "-"
51.120.83.160 - - [04/Aug/2026:03:54:12 +0000] "GET /wp-includes/pomo/about.php HTTP/1.1" 404 27 "-" "-"
51.120.83.160 - - [04/Aug/2026:03:54:13 +0000] "GET /wp-includes/block-patterns/about.php HTTP/1.1" 404 27 "-" "-"
51.120.83.160 - - [04/Aug/2026:03:54:13 +0000] "GET /wp-content/updraft/about.php HTTP/1.1" 404 27 "-" "-"
51.120.83.160 - - [04/Aug/2026:03:54:13 +0000] "GET /wp-content/upgrade-temp-backup/about.php HTTP/1.1" 404 27 "-" "-"
51.120.83.160 - - [04/Aug/2026:03:54:14 +0000] "GET /wp-content/themes/about.php HTTP/1.1" 404 27 "-" "-"
51.120.83.160 - - [04/Aug/2026:03:54:14 +0000] "GET /wp-admin/includes/about.php HTTP/1.1" 404 27 "-" "-"
51.120.83.160 - - [04/Aug/2026:03:54:14 +0000] "GET /images/about.php HTTP/1.1" 404 27 "-" "-"
51.120.83.160 - - [04/Aug/2026:03:54:14 +0000] "GET /wp-content/blogs.dir/about.php HTTP/1.1" 404 27 "-" "-"
51.120.83.160 - - [04/Aug/2026:03:54:15 +0000] "GET /wp-includes/images/about.php HTTP/1.1" 404 27 "-" "-"
51.120.83.160 - - [04/Aug/2026:03:54:15 +0000] "GET /wp-includes/about.php HTTP/1.1" 404 27 "-" "-"
51.120.83.160 - - [04/Aug/2026:03:54:15 +0000] "GET /cgi-bin/about.php HTTP/1.1" 404 27 "-" "-"
51.120.83.160 - - [04/Aug/2026:03:54:16 +0000] "GET /wp-content/gallery/about.php HTTP/1.1" 404 27 "-" "-"
51.120.83.160 - - [04/Aug/2026:03:54:16 +0000] "GET /wp-includes/blocks/about.php HTTP/1.1" 404 27 "-" "-"
51.120.83.160 - - [04/Aug/2026:03:54:16 +0000] "GET /wp-admin/css/about.php HTTP/1.1" 404 27 "-" "-"
51.120.83.160 - - [04/Aug/2026:03:54:16 +0000] "GET /wp-admin/images/about.php HTTP/1.1" 404 27 "-" "-"
