52.4.149.131 - - [04/Aug/2026:11:55:03 +0000] "POST /wp-cron.php?doing_wp_cron=1785844503.8348059654235839843750 HTTP/1.1" 499 0 "-" "WordPress/7.0.2; https://simplify.earth"
103.231.7.194 - - [04/Aug/2026:11:55:03 +0000] "GET / HTTP/1.1" 200 19955 "-" "NOC-Monitor/1.0 (+https://github.com/)"
103.231.7.194 - - [04/Aug/2026:11:55:04 +0000] "GET / HTTP/1.1" 200 19955 "-" "NOC-Monitor/1.0 (+https://github.com/)"
103.231.7.194 - - [04/Aug/2026:11:55:04 +0000] "GET / HTTP/1.1" 200 19955 "-" "NOC-Monitor/1.0 (+https://github.com/)"
103.231.7.194 - - [04/Aug/2026:11:55:05 +0000] "GET / HTTP/1.1" 200 19955 "-" "NOC-Monitor/1.0 (+https://github.com/)"
52.4.149.131 - - [04/Aug/2026:11:57:08 +0000] "POST /wp-cron.php?doing_wp_cron=1785844628.8723471164703369140625 HTTP/1.1" 499 0 "-" "WordPress/7.0.2; https://simplify.earth"
194.76.118.206 - - [04/Aug/2026:11:57:08 +0000] "GET /wp-login.php HTTP/2.0" 200 2295 "https://earthpayments.com/" "Mozilla/5.0 (Windows NT 10.0; Win64; x64) AppleWebKit/537.36 (KHTML, like Gecko) Chrome/150.0.0.0 Safari/537.36"
52.4.149.131 - - [04/Aug/2026:11:58:29 +0000] "POST /wp-cron.php?doing_wp_cron=1785844709.3541879653930664062500 HTTP/1.1" 499 0 "-" "WordPress/7.0.2; https://simplify.earth"
38.180.68.51 - - [04/Aug/2026:11:58:29 +0000] "GET /wp-login.php HTTP/2.0" 200 2295 "https://earthpayments.com/" "Mozilla/5.0 (Windows NT 10.0; Win64; x64) AppleWebKit/537.36 (KHTML, like Gecko) Chrome/150.0.0.0 Safari/537.36"
38.180.68.51 - - [04/Aug/2026:11:58:29 +0000] "POST /wp-login.php HTTP/2.0" 200 2482 "https://earthpayments.com/wp-login.php" "Mozilla/5.0 (Windows NT 10.0; Win64; x64) AppleWebKit/537.36 (KHTML, like Gecko) Chrome/150.0.0.0 Safari/537.36"
147.93.183.135 - - [04/Aug/2026:11:58:40 +0000] "GET /wp-login.php HTTP/2.0" 200 2295 "-" "Mozilla/5.0 (Windows NT 10.0; Win64; x64) AppleWebKit/537.36 (KHTML, like Gecko) Chrome/150.0.0.0 Safari/537.36"
147.93.183.135 - - [04/Aug/2026:11:58:40 +0000] "POST /wp-login.php HTTP/2.0" 200 2482 "https://simplify.earth/wp-login.php" "Mozilla/5.0 (Windows NT 10.0; Win64; x64) AppleWebKit/537.36 (KHTML, like Gecko) Chrome/150.0.0.0 Safari/537.36"
103.231.7.194 - - [04/Aug/2026:12:00:04 +0000] "GET / HTTP/1.1" 200 19954 "-" "NOC-Monitor/1.0 (+https://github.com/)"
52.4.149.131 - - [04/Aug/2026:12:00:04 +0000] "POST /wp-cron.php?doing_wp_cron=1785844804.2617819309234619140625 HTTP/1.1" 499 0 "-" "WordPress/7.0.2; https://simplify.earth"
52.4.149.131 - - [04/Aug/2026:12:00:04 +0000] "POST /wp-cron.php?doing_wp_cron=1785844804.2624099254608154296875 HTTP/1.1" 499 0 "-" "WordPress/7.0.2; https://simplify.earth"
103.231.7.194 - - [04/Aug/2026:12:00:04 +0000] "GET / HTTP/1.1" 200 19954 "-" "NOC-Monitor/1.0 (+https://github.com/)"
103.231.7.194 - - [04/Aug/2026:12:00:05 +0000] "GET / HTTP/1.1" 200 19954 "-" "NOC-Monitor/1.0 (+https://github.com/)"
52.4.149.131 - - [04/Aug/2026:12:00:13 +0000] "POST /wp-cron.php?doing_wp_cron=1785844813.9207060337066650390625 HTTP/1.1" 499 0 "-" "WordPress/7.0.2; https://simplify.earth"
103.231.7.194 - - [04/Aug/2026:12:00:13 +0000] "GET / HTTP/1.1" 200 19954 "-" "NOC-Monitor/1.0 (+https://github.com/)"
20.218.73.95 - - [04/Aug/2026:12:03:52 +0000] "GET /wp-content/plugins/hellopress/wp_filemanager.php HTTP/1.1" 404 27 "-" "-"
20.218.73.95 - - [04/Aug/2026:12:03:52 +0000] "GET /this_is_a_new_hello_world.php HTTP/1.1" 404 27 "-" "-"
20.218.73.95 - - [04/Aug/2026:12:03:52 +0000] "GET /err.php HTTP/1.1" 404 27 "-" "-"
20.218.73.95 - - [04/Aug/2026:12:03:52 +0000] "GET /img.php HTTP/1.1" 404 27 "-" "-"
20.218.73.95 - - [04/Aug/2026:12:03:52 +0000] "GET //aa.php HTTP/1.1" 404 27 "-" "-"
20.218.73.95 - - [04/Aug/2026:12:03:53 +0000] "GET //av.php HTTP/1.1" 404 27 "-" "-"
20.218.73.95 - - [04/Aug/2026:12:03:53 +0000] "GET /xa.php HTTP/1.1" 404 27 "-" "-"
20.218.73.95 - - [04/Aug/2026:12:03:53 +0000] "GET /media.php HTTP/1.1" 404 27 "-" "-"
20.218.73.95 - - [04/Aug/2026:12:03:53 +0000] "GET /images.php HTTP/1.1" 404 27 "-" "-"
20.218.73.95 - - [04/Aug/2026:12:03:54 +0000] "GET /xp.php HTTP/1.1" 404 27 "-" "-"
20.218.73.95 - - [04/Aug/2026:12:03:54 +0000] "GET /admin.php HTTP/1.1" 404 27 "-" "-"
20.218.73.95 - - [04/Aug/2026:12:03:54 +0000] "GET /222.php HTTP/1.1" 404 27 "-" "-"
20.218.73.95 - - [04/Aug/2026:12:03:54 +0000] "GET /mac.php HTTP/1.1" 404 27 "-" "-"
20.218.73.95 - - [04/Aug/2026:12:03:54 +0000] "GET /ops.php HTTP/1.1" 404 27 "-" "-"
20.218.73.95 - - [04/Aug/2026:12:03:54 +0000] "GET /8.php HTTP/1.1" 404 27 "-" "-"
20.218.73.95 - - [04/Aug/2026:12:03:55 +0000] "GET /biufile.php HTTP/1.1" 404 27 "-" "-"
20.218.73.95 - - [04/Aug/2026:12:03:55 +0000] "GET /coffexium.php HTTP/1.1" 404 27 "-" "-"
20.218.73.95 - - [04/Aug/2026:12:03:55 +0000] "GET /dex.php HTTP/1.1" 404 27 "-" "-"
20.218.73.95 - - [04/Aug/2026:12:03:55 +0000] "GET /1.php HTTP/1.1" 404 27 "-" "-"
20.218.73.95 - - [04/Aug/2026:12:03:55 +0000] "GET /coffee.php HTTP/1.1" 404 27 "-" "-"
20.218.73.95 - - [04/Aug/2026:12:03:56 +0000] "GET /classwithtostring.php?p= HTTP/1.1" 404 27 "-" "-"
20.218.73.95 - - [04/Aug/2026:12:03:56 +0000] "GET /wp-ws68.php?p= HTTP/1.1" 404 27 "-" "-"
20.218.73.95 - - [04/Aug/2026:12:03:56 +0000] "GET /mgrr.php HTTP/1.1" 404 27 "-" "-"
20.218.73.95 - - [04/Aug/2026:12:03:56 +0000] "GET /55.php?p= HTTP/1.1" 404 27 "-" "-"
20.218.73.95 - - [04/Aug/2026:12:03:56 +0000] "GET /ajax.php HTTP/1.1" 404 27 "-" "-"
20.218.73.95 - - [04/Aug/2026:12:03:57 +0000] "GET /yj09.php HTTP/1.1" 404 27 "-" "-"
20.218.73.95 - - [04/Aug/2026:12:03:57 +0000] "GET /ora.php HTTP/1.1" 404 27 "-" "-"
20.218.73.95 - - [04/Aug/2026:12:03:57 +0000] "GET /scxy.php HTTP/1.1" 404 27 "-" "-"
20.218.73.95 - - [04/Aug/2026:12:03:57 +0000] "GET /ws13.php?p= HTTP/1.1" 404 27 "-" "-"
20.218.73.95 - - [04/Aug/2026:12:03:57 +0000] "GET /btx25.php HTTP/1.1" 404 27 "-" "-"
20.218.73.95 - - [04/Aug/2026:12:03:58 +0000] "GET //xpohywjo.php HTTP/1.1" 404 27 "-" "-"
20.218.73.95 - - [04/Aug/2026:12:03:58 +0000] "GET /ecvvhlei.php HTTP/1.1" 404 27 "-" "-"
20.218.73.95 - - [04/Aug/2026:12:03:58 +0000] "GET /SDsadqwrf.php HTTP/1.1" 404 27 "-" "-"
20.218.73.95 - - [04/Aug/2026:12:03:58 +0000] "GET /ssjpxze.php HTTP/1.1" 404 27 "-" "-"
20.218.73.95 - - [04/Aug/2026:12:03:58 +0000] "GET /ors32envu.php HTTP/1.1" 404 27 "-" "-"
20.218.73.95 - - [04/Aug/2026:12:03:59 +0000] "GET /3PJcpMFsD8B.php HTTP/1.1" 404 27 "-" "-"
20.218.73.95 - - [04/Aug/2026:12:03:59 +0000] "GET /BDKR28WP.php HTTP/1.1" 404 27 "-" "-"
52.4.149.131 - - [04/Aug/2026:12:05:04 +0000] "POST /wp-cron.php?doing_wp_cron=1785845104.7427630424499511718750 HTTP/1.1" 499 0 "-" "WordPress/7.0.2; https://simplify.earth"
103.231.7.194 - - [04/Aug/2026:12:05:04 +0000] "GET / HTTP/1.1" 200 19954 "-" "NOC-Monitor/1.0 (+https://github.com/)"
103.231.7.194 - - [04/Aug/2026:12:05:05 +0000] "GET / HTTP/1.1" 200 19954 "-" "NOC-Monitor/1.0 (+https://github.com/)"
52.4.149.131 - - [04/Aug/2026:12:05:07 +0000] "POST /wp-cron.php?doing_wp_cron=1785845107.6206569671630859375000 HTTP/1.1" 499 0 "-" "WordPress/7.0.2; https://simplify.earth"
103.231.7.194 - - [04/Aug/2026:12:05:07 +0000] "GET / HTTP/1.1" 200 19954 "-" "NOC-Monitor/1.0 (+https://github.com/)"
103.231.7.194 - - [04/Aug/2026:12:05:09 +0000] "GET / HTTP/1.1" 200 19954 "-" "NOC-Monitor/1.0 (+https://github.com/)"
52.4.149.131 - - [04/Aug/2026:12:07:22 +0000] "POST /wp-cron.php?doing_wp_cron=1785845242.7966361045837402343750 HTTP/1.1" 499 0 "-" "WordPress/7.0.2; https://simplify.earth"
103.155.85.173 - - [04/Aug/2026:12:07:22 +0000] "GET /wp-login.php HTTP/2.0" 200 2295 "https://earthpayments.com/" "Mozilla/5.0 (Windows NT 10.0; Win64; x64) AppleWebKit/537.36 (KHTML, like Gecko) Chrome/150.0.0.0 Safari/537.36"
103.155.85.173 - - [04/Aug/2026:12:07:23 +0000] "POST /wp-login.php HTTP/2.0" 200 2478 "https://earthpayments.com/wp-login.php" "Mozilla/5.0 (Windows NT 10.0; Win64; x64) AppleWebKit/537.36 (KHTML, like Gecko) Chrome/150.0.0.0 Safari/537.36"
52.4.149.131 - - [04/Aug/2026:12:08:24 +0000] "POST /wp-cron.php?doing_wp_cron=1785845304.4881110191345214843750 HTTP/1.1" 499 0 "-" "WordPress/7.0.2; https://simplify.earth"
86.30.241.196 - - [04/Aug/2026:12:08:24 +0000] "GET /ultimate-summer-guide-that-made-even-better-with-a-limo-rental/ HTTP/1.1" 404 13314 "-" "Mozilla/5.0 (Macintosh; Intel Mac OS X 11_6_0) AppleWebKit/537.36 (KHTML, like Gecko) Chrome/129.0.6668.100 Safari/537.36"
52.4.149.131 - - [04/Aug/2026:12:10:03 +0000] "POST /wp-cron.php?doing_wp_cron=1785845403.5332870483398437500000 HTTP/1.1" 499 0 "-" "WordPress/7.0.2; https://simplify.earth"
103.231.7.194 - - [04/Aug/2026:12:10:03 +0000] "GET / HTTP/1.1" 200 19954 "-" "NOC-Monitor/1.0 (+https://github.com/)"
52.4.149.131 - - [04/Aug/2026:12:10:03 +0000] "POST /wp-cron.php?doing_wp_cron=1785845403.7818639278411865234375 HTTP/1.1" 499 0 "-" "WordPress/7.0.2; https://simplify.earth"
103.231.7.194 - - [04/Aug/2026:12:10:03 +0000] "GET / HTTP/1.1" 200 19954 "-" "NOC-Monitor/1.0 (+https://github.com/)"
103.231.7.194 - - [04/Aug/2026:12:10:06 +0000] "GET / HTTP/1.1" 200 19954 "-" "NOC-Monitor/1.0 (+https://github.com/)"
103.231.7.194 - - [04/Aug/2026:12:10:07 +0000] "GET / HTTP/1.1" 200 19954 "-" "NOC-Monitor/1.0 (+https://github.com/)"
23.234.86.104 - - [04/Aug/2026:12:10:09 +0000] "GET / HTTP/2.0" 200 19941 "-" "Mozilla/5.0 (Macintosh; Intel Mac OS X 10_15_7) AppleWebKit/537.36 (KHTML, like Gecko) Chrome/146.0.0.0 Safari/537.36"
23.234.86.104 - - [04/Aug/2026:12:10:09 +0000] "GET /wp-content/uploads/2025/07/Group-1078.png HTTP/2.0" 200 4355 "-" "Mozilla/5.0 (Macintosh; Intel Mac OS X 10_15_7) AppleWebKit/537.36 (KHTML, like Gecko) Chrome/146.0.0.0 Safari/537.36"
52.4.149.131 - - [04/Aug/2026:12:11:36 +0000] "POST /wp-cron.php?doing_wp_cron=1785845496.6581149101257324218750 HTTP/1.1" 499 0 "-" "WordPress/7.0.2; https://simplify.earth"
85.11.167.175 - - [04/Aug/2026:12:11:36 +0000] "GET / HTTP/1.1" 200 19954 "-" "Mozilla/5.0 (Macintosh; Intel Mac OS X 10_15_7) AppleWebKit/537.36 (KHTML, like Gecko) Chrome/120.0.0.0 Safari/537.36"
52.4.149.131 - - [04/Aug/2026:12:14:28 +0000] "POST /wp-cron.php?doing_wp_cron=1785845668.6913359165191650390625 HTTP/1.1" 499 0 "-" "WordPress/7.0.2; https://simplify.earth"
51.222.168.60 - - [04/Aug/2026:12:14:28 +0000] "GET /?sitemap=1 HTTP/2.0" 301 0 "-" "Mozilla/5.0 (compatible; AhrefsBot/7.0; +http://ahrefs.com/robot/)"
51.222.168.60 - - [04/Aug/2026:12:14:29 +0000] "GET / HTTP/2.0" 200 19941 "-" "Mozilla/5.0 (compatible; AhrefsBot/7.0; +http://ahrefs.com/robot/)"
103.231.7.194 - - [04/Aug/2026:12:15:04 +0000] "GET / HTTP/1.1" 200 19954 "-" "NOC-Monitor/1.0 (+https://github.com/)"
103.231.7.194 - - [04/Aug/2026:12:15:05 +0000] "GET / HTTP/1.1" 200 19954 "-" "NOC-Monitor/1.0 (+https://github.com/)"
103.231.7.194 - - [04/Aug/2026:12:15:05 +0000] "GET / HTTP/1.1" 200 19954 "-" "NOC-Monitor/1.0 (+https://github.com/)"
52.4.149.131 - - [04/Aug/2026:12:15:06 +0000] "POST /wp-cron.php?doing_wp_cron=1785845706.2916109561920166015625 HTTP/1.1" 499 0 "-" "WordPress/7.0.2; https://simplify.earth"
103.231.7.194 - - [04/Aug/2026:12:15:06 +0000] "GET / HTTP/1.1" 200 19954 "-" "NOC-Monitor/1.0 (+https://github.com/)"
52.4.149.131 - - [04/Aug/2026:12:18:53 +0000] "POST /wp-cron.php?doing_wp_cron=1785845933.2857530117034912109375 HTTP/1.1" 499 0 "-" "WordPress/7.0.2; https://simplify.earth"
15.235.27.18 - - [04/Aug/2026:12:18:53 +0000] "GET /bet-on-red-casino-und-das-gefuhl-von-echter-spannung-online/feed/ HTTP/2.0" 200 477 "-" "Mozilla/5.0 (compatible; AhrefsBot/7.0; +http://ahrefs.com/robot/)"
52.4.149.131 - - [04/Aug/2026:12:20:04 +0000] "POST /wp-cron.php?doing_wp_cron=1785846003.9847340583801269531250 HTTP/1.1" 499 0 "-" "WordPress/7.0.2; https://simplify.earth"
103.231.7.194 - - [04/Aug/2026:12:20:04 +0000] "GET / HTTP/1.1" 200 19954 "-" "NOC-Monitor/1.0 (+https://github.com/)"
103.231.7.194 - - [04/Aug/2026:12:20:04 +0000] "GET / HTTP/1.1" 200 19954 "-" "NOC-Monitor/1.0 (+https://github.com/)"
52.4.149.131 - - [04/Aug/2026:12:20:13 +0000] "POST /wp-cron.php?doing_wp_cron=1785846013.0734848976135253906250 HTTP/1.1" 499 0 "-" "WordPress/7.0.2; https://simplify.earth"
103.231.7.194 - - [04/Aug/2026:12:20:13 +0000] "GET / HTTP/1.1" 200 19954 "-" "NOC-Monitor/1.0 (+https://github.com/)"
103.231.7.194 - - [04/Aug/2026:12:20:13 +0000] "GET / HTTP/1.1" 200 19954 "-" "NOC-Monitor/1.0 (+https://github.com/)"
112.78.134.58 - - [04/Aug/2026:12:20:17 +0000] "GET /wp-login.php HTTP/2.0" 200 2295 "-" "Mozilla/5.0 (Windows NT 10.0; Win64; x64) AppleWebKit/537.36 (KHTML, like Gecko) Chrome/150.0.0.0 Safari/537.36"
112.78.134.58 - - [04/Aug/2026:12:20:27 +0000] "POST /wp-login.php HTTP/2.0" 200 2478 "https://simplify.earth/wp-login.php" "Mozilla/5.0 (Windows NT 10.0; Win64; x64) AppleWebKit/537.36 (KHTML, like Gecko) Chrome/150.0.0.0 Safari/537.36"
52.4.149.131 - - [04/Aug/2026:12:21:21 +0000] "POST /wp-cron.php?doing_wp_cron=1785846081.8113598823547363281250 HTTP/1.1" 499 0 "-" "WordPress/7.0.2; https://simplify.earth"
92.205.108.227 - - [04/Aug/2026:12:21:21 +0000] "GET /wp-login.php HTTP/2.0" 200 2295 "-" "Mozilla/5.0 (Windows NT 10.0; Win64; x64) AppleWebKit/537.36 (KHTML, like Gecko) Chrome/150.0.0.0 Safari/537.36"
92.205.108.227 - - [04/Aug/2026:12:21:22 +0000] "POST /wp-login.php HTTP/2.0" 200 2481 "https://simplify.earth/wp-login.php" "Mozilla/5.0 (Windows NT 10.0; Win64; x64) AppleWebKit/537.36 (KHTML, like Gecko) Chrome/150.0.0.0 Safari/537.36"
52.4.149.131 - - [04/Aug/2026:12:23:16 +0000] "POST /wp-cron.php?doing_wp_cron=1785846196.1433539390563964843750 HTTP/1.1" 499 0 "-" "WordPress/7.0.2; https://simplify.earth"
51.161.65.141 - - [04/Aug/2026:12:23:16 +0000] "GET /der-weg-eines-spielers-durch-die-welt-von-nv-casino/feed/ HTTP/2.0" 200 473 "-" "Mozilla/5.0 (compatible; AhrefsBot/7.0; +http://ahrefs.com/robot/)"
52.4.149.131 - - [04/Aug/2026:12:24:47 +0000] "POST /wp-cron.php?doing_wp_cron=1785846287.6799490451812744140625 HTTP/1.1" 499 0 "-" "WordPress/7.0.2; https://simplify.earth"
172.59.124.183 - - [04/Aug/2026:12:24:47 +0000] "GET / HTTP/2.0" 200 19941 "-" "Mozilla/5.0 (Windows NT 10.0; Win64; x64) AppleWebKit/537.36 (KHTML, like Gecko) Chrome/150.0.0.0 Safari/537.36"
153.66.69.120 - - [04/Aug/2026:12:24:48 +0000] "GET / HTTP/2.0" 200 19941 "https://simplify.earth/" "Mozilla/5.0 (Windows NT 10.0; Win64; x64) AppleWebKit/537.36 (KHTML, like Gecko) Chrome/150.0.0.0 Safari/537.36"
96.230.110.112 - - [04/Aug/2026:12:24:48 +0000] "GET / HTTP/2.0" 200 19941 "-" "Mozilla/5.0 (Windows NT 10.0; Win64; x64) AppleWebKit/537.36 (KHTML, like Gecko) Chrome/150.0.0.0 Safari/537.36"
70.170.135.59 - - [04/Aug/2026:12:24:49 +0000] "GET / HTTP/2.0" 200 19941 "-" "Mozilla/5.0 (Windows NT 10.0; Win64; x64) AppleWebKit/537.36 (KHTML, like Gecko) Chrome/150.0.0.0 Safari/537.36"
52.4.149.131 - - [04/Aug/2026:12:25:07 +0000] "POST /wp-cron.php?doing_wp_cron=1785846307.9589788913726806640625 HTTP/1.1" 499 0 "-" "WordPress/7.0.2; https://simplify.earth"
103.231.7.194 - - [04/Aug/2026:12:25:07 +0000] "GET / HTTP/1.1" 200 19954 "-" "NOC-Monitor/1.0 (+https://github.com/)"
103.231.7.194 - - [04/Aug/2026:12:25:08 +0000] "GET / HTTP/1.1" 200 19954 "-" "NOC-Monitor/1.0 (+https://github.com/)"
103.231.7.194 - - [04/Aug/2026:12:25:09 +0000] "GET / HTTP/1.1" 200 19954 "-" "NOC-Monitor/1.0 (+https://github.com/)"
103.231.7.194 - - [04/Aug/2026:12:25:10 +0000] "GET / HTTP/1.1" 200 19954 "-" "NOC-Monitor/1.0 (+https://github.com/)"
52.4.149.131 - - [04/Aug/2026:12:30:04 +0000] "POST /wp-cron.php?doing_wp_cron=1785846604.4007771015167236328125 HTTP/1.1" 499 0 "-" "WordPress/7.0.2; https://simplify.earth"
103.231.7.194 - - [04/Aug/2026:12:30:04 +0000] "GET / HTTP/1.1" 200 19954 "-" "NOC-Monitor/1.0 (+https://github.com/)"
103.231.7.194 - - [04/Aug/2026:12:30:04 +0000] "GET / HTTP/1.1" 200 19954 "-" "NOC-Monitor/1.0 (+https://github.com/)"
103.231.7.194 - - [04/Aug/2026:12:30:04 +0000] "GET / HTTP/1.1" 200 19954 "-" "NOC-Monitor/1.0 (+https://github.com/)"
52.4.149.131 - - [04/Aug/2026:12:30:08 +0000] "POST /wp-cron.php?doing_wp_cron=1785846608.1344230175018310546875 HTTP/1.1" 499 0 "-" "WordPress/7.0.2; https://simplify.earth"
103.231.7.194 - - [04/Aug/2026:12:30:08 +0000] "GET / HTTP/1.1" 200 19954 "-" "NOC-Monitor/1.0 (+https://github.com/)"
108.160.154.27 - - [04/Aug/2026:12:31:04 +0000] "GET /wp-login.php HTTP/2.0" 200 2295 "https://earthpayments.com/" "Mozilla/5.0 (Windows NT 10.0; Win64; x64) AppleWebKit/537.36 (KHTML, like Gecko) Chrome/150.0.0.0 Safari/537.36"
108.160.154.27 - - [04/Aug/2026:12:31:05 +0000] "POST /wp-login.php HTTP/2.0" 200 2478 "https://earthpayments.com/wp-login.php" "Mozilla/5.0 (Windows NT 10.0; Win64; x64) AppleWebKit/537.36 (KHTML, like Gecko) Chrome/150.0.0.0 Safari/537.36"
52.4.149.131 - - [04/Aug/2026:12:32:41 +0000] "POST /wp-cron.php?doing_wp_cron=1785846761.5829439163208007812500 HTTP/1.1" 499 0 "-" "WordPress/7.0.2; https://simplify.earth"
103.155.85.173 - - [04/Aug/2026:12:32:41 +0000] "GET /wp-login.php HTTP/2.0" 200 2295 "-" "Mozilla/5.0 (Windows NT 10.0; Win64; x64) AppleWebKit/537.36 (KHTML, like Gecko) Chrome/150.0.0.0 Safari/537.36"
103.155.85.173 - - [04/Aug/2026:12:32:43 +0000] "POST /wp-login.php HTTP/2.0" 200 2478 "https://simplify.earth/wp-login.php" "Mozilla/5.0 (Windows NT 10.0; Win64; x64) AppleWebKit/537.36 (KHTML, like Gecko) Chrome/150.0.0.0 Safari/537.36"
52.4.149.131 - - [04/Aug/2026:12:35:04 +0000] "POST /wp-cron.php?doing_wp_cron=1785846904.5977010726928710937500 HTTP/1.1" 499 0 "-" "WordPress/7.0.2; https://simplify.earth"
103.231.7.194 - - [04/Aug/2026:12:35:04 +0000] "GET / HTTP/1.1" 200 19954 "-" "NOC-Monitor/1.0 (+https://github.com/)"
52.4.149.131 - - [04/Aug/2026:12:35:06 +0000] "POST /wp-cron.php?doing_wp_cron=1785846906.4608829021453857421875 HTTP/1.1" 499 0 "-" "WordPress/7.0.2; https://simplify.earth"
103.231.7.194 - - [04/Aug/2026:12:35:06 +0000] "GET / HTTP/1.1" 200 19954 "-" "NOC-Monitor/1.0 (+https://github.com/)"
103.231.7.194 - - [04/Aug/2026:12:35:08 +0000] "GET / HTTP/1.1" 200 19954 "-" "NOC-Monitor/1.0 (+https://github.com/)"
103.231.7.194 - - [04/Aug/2026:12:35:10 +0000] "GET / HTTP/1.1" 200 19954 "-" "NOC-Monitor/1.0 (+https://github.com/)"
52.4.149.131 - - [04/Aug/2026:12:40:07 +0000] "POST /wp-cron.php?doing_wp_cron=1785847207.4489760398864746093750 HTTP/1.1" 499 0 "-" "WordPress/7.0.2; https://simplify.earth"
103.231.7.194 - - [04/Aug/2026:12:40:07 +0000] "GET / HTTP/1.1" 200 19954 "-" "NOC-Monitor/1.0 (+https://github.com/)"
103.231.7.194 - - [04/Aug/2026:12:40:07 +0000] "GET / HTTP/1.1" 200 19954 "-" "NOC-Monitor/1.0 (+https://github.com/)"
103.231.7.194 - - [04/Aug/2026:12:40:14 +0000] "GET / HTTP/1.1" 200 19954 "-" "NOC-Monitor/1.0 (+https://github.com/)"
103.231.7.194 - - [04/Aug/2026:12:40:15 +0000] "GET / HTTP/1.1" 200 19954 "-" "NOC-Monitor/1.0 (+https://github.com/)"
52.4.149.131 - - [04/Aug/2026:12:44:14 +0000] "POST /wp-cron.php?doing_wp_cron=1785847454.1598780155181884765625 HTTP/1.1" 499 0 "-" "WordPress/7.0.2; https://simplify.earth"
103.56.163.133 - - [04/Aug/2026:12:44:14 +0000] "GET /wp-login.php HTTP/2.0" 200 2295 "https://earthpayments.com/" "Mozilla/5.0 (Windows NT 10.0; Win64; x64) AppleWebKit/537.36 (KHTML, like Gecko) Chrome/150.0.0.0 Safari/537.36"
103.56.163.133 - - [04/Aug/2026:12:44:14 +0000] "POST /wp-login.php HTTP/2.0" 200 2478 "https://earthpayments.com/wp-login.php" "Mozilla/5.0 (Windows NT 10.0; Win64; x64) AppleWebKit/537.36 (KHTML, like Gecko) Chrome/150.0.0.0 Safari/537.36"
130.210.38.188 - - [04/Aug/2026:12:44:28 +0000] "GET /wp-login.php HTTP/1.1" 200 2307 "https://www.google.com/search?q=wordpress" "Mozilla/5.0 (Macintosh; Intel Mac OS X 10_15_7) AppleWebKit/605.1.15 (KHTML, like Gecko) Version/17.0 Safari/605.1.15"
130.210.38.188 - - [04/Aug/2026:12:44:29 +0000] "GET /?author=1 HTTP/1.1" 301 5 "-" "Mozilla/5.0 (Windows NT 10.0; Win64; x64) AppleWebKit/537.36 (KHTML, like Gecko) Chrome/120.0.0.0 Safari/537.36"
130.210.38.188 - - [04/Aug/2026:12:44:29 +0000] "GET /author/adminsimplify/ HTTP/1.1" 200 14432 "-" "Mozilla/5.0 (Windows NT 10.0; Win64; x64) AppleWebKit/537.36 (KHTML, like Gecko) Chrome/120.0.0.0 Safari/537.36"
130.210.38.188 - - [04/Aug/2026:12:44:30 +0000] "GET /?author=2 HTTP/1.1" 200 13595 "https://www.facebook.com/" "Mozilla/5.0 (Macintosh; Intel Mac OS X 13_6_1; rv:121.0) Gecko/20100101 Firefox/121.0"
130.210.38.188 - - [04/Aug/2026:12:44:31 +0000] "GET /?author=3 HTTP/1.1" 200 13593 "https://wordpress.org/" "Mozilla/5.0 (Macintosh; Intel Mac OS X 10_15_7) AppleWebKit/605.1.15 (KHTML, like Gecko) Version/16.6 Safari/605.1.15"
130.210.38.188 - - [04/Aug/2026:12:44:31 +0000] "GET /?author=4 HTTP/1.1" 200 13593 "https://www.google.com/search?q=wordpress" "Mozilla/5.0 (Macintosh; Intel Mac OS X 10_15_7) AppleWebKit/605.1.15 (KHTML, like Gecko) Version/17.1 Safari/605.1.15"
130.210.38.188 - - [04/Aug/2026:12:44:32 +0000] "GET /?author=5 HTTP/1.1" 200 13589 "-" "Mozilla/5.0 (Windows NT 10.0; Win64; x64) AppleWebKit/537.36 (KHTML, like Gecko) Chrome/118.0.0.0 Safari/537.36"
130.210.38.188 - - [04/Aug/2026:12:44:33 +0000] "GET /?author=6 HTTP/1.1" 200 13647 "-" "Mozilla/5.0 (Macintosh; Intel Mac OS X 10_15_7; rv:120.0) Gecko/20100101 Firefox/120.0"
130.210.38.188 - - [04/Aug/2026:12:44:34 +0000] "GET /?author=7 HTTP/1.1" 200 13628 "-" "Mozilla/5.0 (Macintosh; Intel Mac OS X 13_6_1) AppleWebKit/605.1.15 (KHTML, like Gecko) Version/16.6 Safari/605.1.15"
130.210.38.188 - - [04/Aug/2026:12:44:34 +0000] "GET /?author=8 HTTP/1.1" 200 13627 "-" "Mozilla/5.0 (Macintosh; Intel Mac OS X 13_6_1) AppleWebKit/605.1.15 (KHTML, like Gecko) Version/17.2 Safari/605.1.15"
130.210.38.188 - - [04/Aug/2026:12:44:35 +0000] "GET /?author=9 HTTP/1.1" 200 13599 "https://duckduckgo.com/" "Mozilla/5.0 (Macintosh; Intel Mac OS X 13_6_1) AppleWebKit/605.1.15 (KHTML, like Gecko) Version/17.1 Safari/605.1.15"
130.210.38.188 - - [04/Aug/2026:12:44:36 +0000] "GET /wp-json/wp/v2/users HTTP/1.1" 200 428 "https://www.google.com/search?q=wordpress" "Mozilla/5.0 (Macintosh; Intel Mac OS X 10_15_7) AppleWebKit/605.1.15 (KHTML, like Gecko) Version/16.6 Safari/605.1.15"
130.210.38.188 - - [04/Aug/2026:12:44:36 +0000] "GET / HTTP/1.1" 200 19954 "https://t.co/" "Mozilla/5.0 (Windows NT 11.0; Win64; x64; rv:119.0) Gecko/20100101 Firefox/119.0"
130.210.38.188 - - [04/Aug/2026:12:44:37 +0000] "GET /wp-admin/index.php HTTP/1.1" 302 5 "https://earthpayments.com/wp-login.php" "Mozilla/5.0 (X11; Ubuntu; Linux x86_64) AppleWebKit/537.36 (KHTML, like Gecko) Chrome/119.0.0.0 Safari/537.36"
130.210.38.188 - - [04/Aug/2026:12:44:37 +0000] "GET /wp-login.php?redirect_to=https%3A%2F%2Fsimplify.earth%2Fwp-admin%2Findex.php&reauth=1 HTTP/1.1" 200 2318 "https://earthpayments.com/wp-login.php" "Mozilla/5.0 (X11; Ubuntu; Linux x86_64) AppleWebKit/537.36 (KHTML, like Gecko) Chrome/119.0.0.0 Safari/537.36"
130.210.38.188 - - [04/Aug/2026:12:44:38 +0000] "GET /wp-admin/index.php HTTP/1.1" 302 5 "https://earthpayments.com/wp-login.php" "Mozilla/5.0 (Macintosh; Intel Mac OS X 10_15_7) AppleWebKit/605.1.15 (KHTML, like Gecko) Version/17.2 Safari/605.1.15"
130.210.38.188 - - [04/Aug/2026:12:44:38 +0000] "GET /wp-login.php?redirect_to=https%3A%2F%2Fsimplify.earth%2Fwp-admin%2Findex.php&reauth=1 HTTP/1.1" 200 2318 "https://earthpayments.com/wp-login.php" "Mozilla/5.0 (Macintosh; Intel Mac OS X 10_15_7) AppleWebKit/605.1.15 (KHTML, like Gecko) Version/17.2 Safari/605.1.15"
130.210.38.188 - - [04/Aug/2026:12:44:39 +0000] "GET /wp-admin/index.php HTTP/1.1" 302 5 "https://earthpayments.com/wp-login.php" "Mozilla/5.0 (X11; Linux x86_64) AppleWebKit/537.36 (KHTML, like Gecko) Chrome/119.0.0.0 Safari/537.36"
130.210.38.188 - - [04/Aug/2026:12:44:39 +0000] "GET /wp-login.php?redirect_to=https%3A%2F%2Fsimplify.earth%2Fwp-admin%2Findex.php&reauth=1 HTTP/1.1" 200 2318 "https://earthpayments.com/wp-login.php" "Mozilla/5.0 (X11; Linux x86_64) AppleWebKit/537.36 (KHTML, like Gecko) Chrome/119.0.0.0 Safari/537.36"
130.210.38.188 - - [04/Aug/2026:12:44:40 +0000] "GET /wp-admin/index.php HTTP/1.1" 302 5 "https://earthpayments.com/wp-login.php" "Mozilla/5.0 (Macintosh; Intel Mac OS X 10_15_7) AppleWebKit/605.1.15 (KHTML, like Gecko) Version/17.2 Safari/605.1.15"
130.210.38.188 - - [04/Aug/2026:12:44:40 +0000] "GET /wp-login.php?redirect_to=https%3A%2F%2Fsimplify.earth%2Fwp-admin%2Findex.php&reauth=1 HTTP/1.1" 200 2318 "https://earthpayments.com/wp-login.php" "Mozilla/5.0 (Macintosh; Intel Mac OS X 10_15_7) AppleWebKit/605.1.15 (KHTML, like Gecko) Version/17.2 Safari/605.1.15"
130.210.38.188 - - [04/Aug/2026:12:44:41 +0000] "GET /wp-admin/index.php HTTP/1.1" 302 5 "https://earthpayments.com/wp-login.php" "Mozilla/5.0 (X11; Linux x86_64) AppleWebKit/537.36 (KHTML, like Gecko) Chrome/121.0.0.0 Safari/537.36"
130.210.38.188 - - [04/Aug/2026:12:44:41 +0000] "GET /wp-login.php?redirect_to=https%3A%2F%2Fsimplify.earth%2Fwp-admin%2Findex.php&reauth=1 HTTP/1.1" 200 2318 "https://earthpayments.com/wp-login.php" "Mozilla/5.0 (X11; Linux x86_64) AppleWebKit/537.36 (KHTML, like Gecko) Chrome/121.0.0.0 Safari/537.36"
130.210.38.188 - - [04/Aug/2026:12:44:42 +0000] "GET /wp-admin/index.php HTTP/1.1" 302 5 "https://earthpayments.com/wp-login.php" "Mozilla/5.0 (Windows NT 10.0; Win64; x64) AppleWebKit/537.36 (KHTML, like Gecko) Chrome/118.0.0.0 Safari/537.36"
130.210.38.188 - - [04/Aug/2026:12:44:42 +0000] "GET /wp-login.php?redirect_to=https%3A%2F%2Fsimplify.earth%2Fwp-admin%2Findex.php&reauth=1 HTTP/1.1" 200 2318 "https://earthpayments.com/wp-login.php" "Mozilla/5.0 (Windows NT 10.0; Win64; x64) AppleWebKit/537.36 (KHTML, like Gecko) Chrome/118.0.0.0 Safari/537.36"
130.210.38.188 - - [04/Aug/2026:12:44:43 +0000] "GET /wp-admin/index.php HTTP/1.1" 302 5 "https://earthpayments.com/wp-login.php" "Mozilla/5.0 (Macintosh; Intel Mac OS X 10_15_7) AppleWebKit/537.36 (KHTML, like Gecko) Chrome/120.0.0.0 Safari/537.36"
130.210.38.188 - - [04/Aug/2026:12:44:43 +0000] "GET /wp-login.php?redirect_to=https%3A%2F%2Fsimplify.earth%2Fwp-admin%2Findex.php&reauth=1 HTTP/1.1" 200 2318 "https://earthpayments.com/wp-login.php" "Mozilla/5.0 (Macintosh; Intel Mac OS X 10_15_7) AppleWebKit/537.36 (KHTML, like Gecko) Chrome/120.0.0.0 Safari/537.36"
130.210.38.188 - - [04/Aug/2026:12:44:44 +0000] "GET /wp-admin/index.php HTTP/1.1" 302 5 "https://earthpayments.com/wp-login.php" "Mozilla/5.0 (Macintosh; Intel Mac OS X 10_15_7; rv:120.0) Gecko/20100101 Firefox/120.0"
130.210.38.188 - - [04/Aug/2026:12:44:44 +0000] "GET /wp-login.php?redirect_to=https%3A%2F%2Fsimplify.earth%2Fwp-admin%2Findex.php&reauth=1 HTTP/1.1" 200 2318 "https://earthpayments.com/wp-login.php" "Mozilla/5.0 (Macintosh; Intel Mac OS X 10_15_7; rv:120.0) Gecko/20100101 Firefox/120.0"
130.210.38.188 - - [04/Aug/2026:12:44:45 +0000] "GET /wp-admin/index.php HTTP/1.1" 302 5 "https://earthpayments.com/wp-login.php" "Mozilla/5.0 (Macintosh; Intel Mac OS X 10_15_7) AppleWebKit/537.36 (KHTML, like Gecko) Chrome/118.0.0.0 Safari/537.36"
130.210.38.188 - - [04/Aug/2026:12:44:45 +0000] "GET /wp-login.php?redirect_to=https%3A%2F%2Fsimplify.earth%2Fwp-admin%2Findex.php&reauth=1 HTTP/1.1" 200 2318 "https://earthpayments.com/wp-login.php" "Mozilla/5.0 (Macintosh; Intel Mac OS X 10_15_7) AppleWebKit/537.36 (KHTML, like Gecko) Chrome/118.0.0.0 Safari/537.36"
130.210.38.188 - - [04/Aug/2026:12:44:46 +0000] "GET /wp-admin/index.php HTTP/1.1" 302 5 "https://earthpayments.com/wp-login.php" "Mozilla/5.0 (X11; Linux x86_64) AppleWebKit/537.36 (KHTML, like Gecko) Chrome/118.0.0.0 Safari/537.36"
130.210.38.188 - - [04/Aug/2026:12:44:46 +0000] "GET /wp-login.php?redirect_to=https%3A%2F%2Fsimplify.earth%2Fwp-admin%2Findex.php&reauth=1 HTTP/1.1" 200 2318 "https://earthpayments.com/wp-login.php" "Mozilla/5.0 (X11; Linux x86_64) AppleWebKit/537.36 (KHTML, like Gecko) Chrome/118.0.0.0 Safari/537.36"
130.210.38.188 - - [04/Aug/2026:12:44:47 +0000] "GET /wp-admin/index.php HTTP/1.1" 302 5 "https://earthpayments.com/wp-login.php" "Mozilla/5.0 (Macintosh; Intel Mac OS X 13_6_1) AppleWebKit/605.1.15 (KHTML, like Gecko) Version/17.2 Safari/605.1.15"
130.210.38.188 - - [04/Aug/2026:12:44:47 +0000] "GET /wp-login.php?redirect_to=https%3A%2F%2Fsimplify.earth%2Fwp-admin%2Findex.php&reauth=1 HTTP/1.1" 200 2318 "https://earthpayments.com/wp-login.php" "Mozilla/5.0 (Macintosh; Intel Mac OS X 13_6_1) AppleWebKit/605.1.15 (KHTML, like Gecko) Version/17.2 Safari/605.1.15"
130.210.38.188 - - [04/Aug/2026:12:44:48 +0000] "GET /wp-admin/index.php HTTP/1.1" 302 5 "https://earthpayments.com/wp-login.php" "Mozilla/5.0 (Windows NT 11.0; Win64; x64; rv:120.0) Gecko/20100101 Firefox/120.0"
130.210.38.188 - - [04/Aug/2026:12:44:48 +0000] "GET /wp-login.php?redirect_to=https%3A%2F%2Fsimplify.earth%2Fwp-admin%2Findex.php&reauth=1 HTTP/1.1" 200 2318 "https://earthpayments.com/wp-login.php" "Mozilla/5.0 (Windows NT 11.0; Win64; x64; rv:120.0) Gecko/20100101 Firefox/120.0"
130.210.38.188 - - [04/Aug/2026:12:44:49 +0000] "GET /wp-admin/index.php HTTP/1.1" 302 5 "https://earthpayments.com/wp-login.php" "Mozilla/5.0 (Windows NT 11.0; Win64; x64) AppleWebKit/537.36 (KHTML, like Gecko) Chrome/118.0.0.0 Safari/537.36"
130.210.38.188 - - [04/Aug/2026:12:44:49 +0000] "GET /wp-login.php?redirect_to=https%3A%2F%2Fsimplify.earth%2Fwp-admin%2Findex.php&reauth=1 HTTP/1.1" 200 2318 "https://earthpayments.com/wp-login.php" "Mozilla/5.0 (Windows NT 11.0; Win64; x64) AppleWebKit/537.36 (KHTML, like Gecko) Chrome/118.0.0.0 Safari/537.36"
130.210.38.188 - - [04/Aug/2026:12:44:50 +0000] "GET /wp-admin/index.php HTTP/1.1" 302 5 "https://earthpayments.com/wp-login.php" "Mozilla/5.0 (X11; Linux x86_64) AppleWebKit/537.36 (KHTML, like Gecko) Chrome/120.0.0.0 Safari/537.36"
130.210.38.188 - - [04/Aug/2026:12:44:50 +0000] "GET /wp-login.php?redirect_to=https%3A%2F%2Fsimplify.earth%2Fwp-admin%2Findex.php&reauth=1 HTTP/1.1" 200 2318 "https://earthpayments.com/wp-login.php" "Mozilla/5.0 (X11; Linux x86_64) AppleWebKit/537.36 (KHTML, like Gecko) Chrome/120.0.0.0 Safari/537.36"
130.210.38.188 - - [04/Aug/2026:12:44:51 +0000] "GET /wp-admin/index.php HTTP/1.1" 302 5 "https://earthpayments.com/wp-login.php" "Mozilla/5.0 (Windows NT 11.0; Win64; x64; rv:119.0) Gecko/20100101 Firefox/119.0"
130.210.38.188 - - [04/Aug/2026:12:44:51 +0000] "GET /wp-login.php?redirect_to=https%3A%2F%2Fsimplify.earth%2Fwp-admin%2Findex.php&reauth=1 HTTP/1.1" 200 2318 "https://earthpayments.com/wp-login.php" "Mozilla/5.0 (Windows NT 11.0; Win64; x64; rv:119.0) Gecko/20100101 Firefox/119.0"
130.210.38.188 - - [04/Aug/2026:12:44:52 +0000] "GET /wp-admin/index.php HTTP/1.1" 302 5 "https://earthpayments.com/wp-login.php" "Mozilla/5.0 (Windows NT 10.0; Win64; x64) AppleWebKit/537.36 (KHTML, like Gecko) Chrome/121.0.0.0 Safari/537.36"
130.210.38.188 - - [04/Aug/2026:12:44:52 +0000] "GET /wp-login.php?redirect_to=https%3A%2F%2Fsimplify.earth%2Fwp-admin%2Findex.php&reauth=1 HTTP/1.1" 200 2318 "https://earthpayments.com/wp-login.php" "Mozilla/5.0 (Windows NT 10.0; Win64; x64) AppleWebKit/537.36 (KHTML, like Gecko) Chrome/121.0.0.0 Safari/537.36"
130.210.38.188 - - [04/Aug/2026:12:44:53 +0000] "GET /wp-admin/index.php HTTP/1.1" 302 5 "https://earthpayments.com/wp-login.php" "Mozilla/5.0 (Macintosh; Intel Mac OS X 10_15_7) AppleWebKit/605.1.15 (KHTML, like Gecko) Version/17.2 Safari/605.1.15"
130.210.38.188 - - [04/Aug/2026:12:44:53 +0000] "GET /wp-login.php?redirect_to=https%3A%2F%2Fsimplify.earth%2Fwp-admin%2Findex.php&reauth=1 HTTP/1.1" 200 2318 "https://earthpayments.com/wp-login.php" "Mozilla/5.0 (Macintosh; Intel Mac OS X 10_15_7) AppleWebKit/605.1.15 (KHTML, like Gecko) Version/17.2 Safari/605.1.15"
130.210.38.188 - - [04/Aug/2026:12:44:54 +0000] "GET /wp-admin/index.php HTTP/1.1" 302 5 "https://earthpayments.com/wp-login.php" "Mozilla/5.0 (X11; Ubuntu; Linux x86_64) AppleWebKit/537.36 (KHTML, like Gecko) Chrome/121.0.0.0 Safari/537.36"
130.210.38.188 - - [04/Aug/2026:12:44:54 +0000] "GET /wp-login.php?redirect_to=https%3A%2F%2Fsimplify.earth%2Fwp-admin%2Findex.php&reauth=1 HTTP/1.1" 200 2318 "https://earthpayments.com/wp-login.php" "Mozilla/5.0 (X11; Ubuntu; Linux x86_64) AppleWebKit/537.36 (KHTML, like Gecko) Chrome/121.0.0.0 Safari/537.36"
130.210.38.188 - - [04/Aug/2026:12:44:55 +0000] "GET /wp-admin/index.php HTTP/1.1" 302 5 "https://earthpayments.com/wp-login.php" "Mozilla/5.0 (Windows NT 11.0; Win64; x64) AppleWebKit/537.36 (KHTML, like Gecko) Chrome/120.0.0.0 Safari/537.36"
130.210.38.188 - - [04/Aug/2026:12:44:56 +0000] "GET /wp-login.php?redirect_to=https%3A%2F%2Fsimplify.earth%2Fwp-admin%2Findex.php&reauth=1 HTTP/1.1" 200 2318 "https://earthpayments.com/wp-login.php" "Mozilla/5.0 (Windows NT 11.0; Win64; x64) AppleWebKit/537.36 (KHTML, like Gecko) Chrome/120.0.0.0 Safari/537.36"
130.210.38.188 - - [04/Aug/2026:12:44:56 +0000] "GET /wp-admin/index.php HTTP/1.1" 302 5 "https://earthpayments.com/wp-login.php" "Mozilla/5.0 (Macintosh; Intel Mac OS X 10_15_7) AppleWebKit/605.1.15 (KHTML, like Gecko) Version/17.2 Safari/605.1.15"
130.210.38.188 - - [04/Aug/2026:12:44:56 +0000] "GET /wp-login.php?redirect_to=https%3A%2F%2Fsimplify.earth%2Fwp-admin%2Findex.php&reauth=1 HTTP/1.1" 200 2318 "https://earthpayments.com/wp-login.php" "Mozilla/5.0 (Macintosh; Intel Mac OS X 10_15_7) AppleWebKit/605.1.15 (KHTML, like Gecko) Version/17.2 Safari/605.1.15"
130.210.38.188 - - [04/Aug/2026:12:44:57 +0000] "GET /wp-admin/index.php HTTP/1.1" 302 5 "https://earthpayments.com/wp-login.php" "Mozilla/5.0 (Windows NT 11.0; Win64; x64) AppleWebKit/537.36 (KHTML, like Gecko) Chrome/121.0.0.0 Safari/537.36"
130.210.38.188 - - [04/Aug/2026:12:44:58 +0000] "GET /wp-login.php?redirect_to=https%3A%2F%2Fsimplify.earth%2Fwp-admin%2Findex.php&reauth=1 HTTP/1.1" 200 2318 "https://earthpayments.com/wp-login.php" "Mozilla/5.0 (Windows NT 11.0; Win64; x64) AppleWebKit/537.36 (KHTML, like Gecko) Chrome/121.0.0.0 Safari/537.36"
130.210.38.188 - - [04/Aug/2026:12:44:58 +0000] "GET /wp-admin/index.php HTTP/1.1" 302 5 "https://earthpayments.com/wp-login.php" "Mozilla/5.0 (X11; Ubuntu; Linux x86_64) AppleWebKit/537.36 (KHTML, like Gecko) Chrome/121.0.0.0 Safari/537.36"
130.210.38.188 - - [04/Aug/2026:12:44:59 +0000] "GET /wp-login.php?redirect_to=https%3A%2F%2Fsimplify.earth%2Fwp-admin%2Findex.php&reauth=1 HTTP/1.1" 200 2318 "https://earthpayments.com/wp-login.php" "Mozilla/5.0 (X11; Ubuntu; Linux x86_64) AppleWebKit/537.36 (KHTML, like Gecko) Chrome/121.0.0.0 Safari/537.36"
130.210.38.188 - - [04/Aug/2026:12:44:59 +0000] "GET /wp-admin/index.php HTTP/1.1" 302 5 "https://earthpayments.com/wp-login.php" "Mozilla/5.0 (Macintosh; Intel Mac OS X 13_6_1) AppleWebKit/537.36 (KHTML, like Gecko) Chrome/119.0.0.0 Safari/537.36"
130.210.38.188 - - [04/Aug/2026:12:45:00 +0000] "GET /wp-login.php?redirect_to=https%3A%2F%2Fsimplify.earth%2Fwp-admin%2Findex.php&reauth=1 HTTP/1.1" 200 2318 "https://earthpayments.com/wp-login.php" "Mozilla/5.0 (Macintosh; Intel Mac OS X 13_6_1) AppleWebKit/537.36 (KHTML, like Gecko) Chrome/119.0.0.0 Safari/537.36"
130.210.38.188 - - [04/Aug/2026:12:45:00 +0000] "GET /wp-admin/index.php HTTP/1.1" 302 5 "https://earthpayments.com/wp-login.php" "Mozilla/5.0 (Macintosh; Intel Mac OS X 10_15_7) AppleWebKit/605.1.15 (KHTML, like Gecko) Version/17.0 Safari/605.1.15"
130.210.38.188 - - [04/Aug/2026:12:45:01 +0000] "GET /wp-login.php?redirect_to=https%3A%2F%2Fsimplify.earth%2Fwp-admin%2Findex.php&reauth=1 HTTP/1.1" 200 2318 "https://earthpayments.com/wp-login.php" "Mozilla/5.0 (Macintosh; Intel Mac OS X 10_15_7) AppleWebKit/605.1.15 (KHTML, like Gecko) Version/17.0 Safari/605.1.15"
130.210.38.188 - - [04/Aug/2026:12:45:01 +0000] "GET /wp-admin/index.php HTTP/1.1" 302 5 "https://earthpayments.com/wp-login.php" "Mozilla/5.0 (Macintosh; Intel Mac OS X 10_15_7) AppleWebKit/605.1.15 (KHTML, like Gecko) Version/17.0 Safari/605.1.15"
130.210.38.188 - - [04/Aug/2026:12:45:02 +0000] "GET /wp-login.php?redirect_to=https%3A%2F%2Fsimplify.earth%2Fwp-admin%2Findex.php&reauth=1 HTTP/1.1" 200 2318 "https://earthpayments.com/wp-login.php" "Mozilla/5.0 (Macintosh; Intel Mac OS X 10_15_7) AppleWebKit/605.1.15 (KHTML, like Gecko) Version/17.0 Safari/605.1.15"
130.210.38.188 - - [04/Aug/2026:12:45:02 +0000] "GET /wp-admin/index.php HTTP/1.1" 302 5 "https://earthpayments.com/wp-login.php" "Mozilla/5.0 (Macintosh; Intel Mac OS X 13_6_1; rv:120.0) Gecko/20100101 Firefox/120.0"
130.210.38.188 - - [04/Aug/2026:12:45:03 +0000] "GET /wp-login.php?redirect_to=https%3A%2F%2Fsimplify.earth%2Fwp-admin%2Findex.php&reauth=1 HTTP/1.1" 200 2318 "https://earthpayments.com/wp-login.php" "Mozilla/5.0 (Macintosh; Intel Mac OS X 13_6_1; rv:120.0) Gecko/20100101 Firefox/120.0"
103.231.7.194 - - [04/Aug/2026:12:45:03 +0000] "GET / HTTP/1.1" 200 19954 "-" "NOC-Monitor/1.0 (+https://github.com/)"
103.231.7.194 - - [04/Aug/2026:12:45:03 +0000] "GET / HTTP/1.1" 200 19954 "-" "NOC-Monitor/1.0 (+https://github.com/)"
130.210.38.188 - - [04/Aug/2026:12:45:03 +0000] "GET /wp-admin/index.php HTTP/1.1" 302 5 "https://earthpayments.com/wp-login.php" "Mozilla/5.0 (X11; Ubuntu; Linux x86_64) AppleWebKit/537.36 (KHTML, like Gecko) Chrome/118.0.0.0 Safari/537.36"
130.210.38.188 - - [04/Aug/2026:12:45:04 +0000] "GET /wp-login.php?redirect_to=https%3A%2F%2Fsimplify.earth%2Fwp-admin%2Findex.php&reauth=1 HTTP/1.1" 200 2318 "https://earthpayments.com/wp-login.php" "Mozilla/5.0 (X11; Ubuntu; Linux x86_64) AppleWebKit/537.36 (KHTML, like Gecko) Chrome/118.0.0.0 Safari/537.36"
103.231.7.194 - - [04/Aug/2026:12:45:04 +0000] "GET / HTTP/1.1" 200 19954 "-" "NOC-Monitor/1.0 (+https://github.com/)"
130.210.38.188 - - [04/Aug/2026:12:45:04 +0000] "GET /wp-admin/index.php HTTP/1.1" 302 5 "https://earthpayments.com/wp-login.php" "Mozilla/5.0 (Macintosh; Intel Mac OS X 10_15_7; rv:119.0) Gecko/20100101 Firefox/119.0"
103.231.7.194 - - [04/Aug/2026:12:45:05 +0000] "GET / HTTP/1.1" 200 19954 "-" "NOC-Monitor/1.0 (+https://github.com/)"
130.210.38.188 - - [04/Aug/2026:12:45:05 +0000] "GET /wp-login.php?redirect_to=https%3A%2F%2Fsimplify.earth%2Fwp-admin%2Findex.php&reauth=1 HTTP/1.1" 200 2318 "https://earthpayments.com/wp-login.php" "Mozilla/5.0 (Macintosh; Intel Mac OS X 10_15_7; rv:119.0) Gecko/20100101 Firefox/119.0"
52.4.149.131 - - [04/Aug/2026:12:45:06 +0000] "POST /wp-cron.php?doing_wp_cron=1785847506.0756978988647460937500 HTTP/1.1" 499 0 "-" "WordPress/7.0.2; https://simplify.earth"
130.210.38.188 - - [04/Aug/2026:12:45:06 +0000] "GET /wp-admin/index.php HTTP/1.1" 302 5 "https://earthpayments.com/wp-login.php" "Mozilla/5.0 (Windows NT 10.0; Win64; x64) AppleWebKit/537.36 (KHTML, like Gecko) Chrome/118.0.0.0 Safari/537.36"
130.210.38.188 - - [04/Aug/2026:12:45:06 +0000] "GET /wp-login.php?redirect_to=https%3A%2F%2Fsimplify.earth%2Fwp-admin%2Findex.php&reauth=1 HTTP/1.1" 200 2318 "https://earthpayments.com/wp-login.php" "Mozilla/5.0 (Windows NT 10.0; Win64; x64) AppleWebKit/537.36 (KHTML, like Gecko) Chrome/118.0.0.0 Safari/537.36"
130.210.38.188 - - [04/Aug/2026:12:45:07 +0000] "GET /wp-admin/index.php HTTP/1.1" 302 5 "https://earthpayments.com/wp-login.php" "Mozilla/5.0 (Macintosh; Intel Mac OS X 10_15_7) AppleWebKit/537.36 (KHTML, like Gecko) Chrome/121.0.0.0 Safari/537.36"
130.210.38.188 - - [04/Aug/2026:12:45:07 +0000] "GET /wp-login.php?redirect_to=https%3A%2F%2Fsimplify.earth%2Fwp-admin%2Findex.php&reauth=1 HTTP/1.1" 200 2318 "https://earthpayments.com/wp-login.php" "Mozilla/5.0 (Macintosh; Intel Mac OS X 10_15_7) AppleWebKit/537.36 (KHTML, like Gecko) Chrome/121.0.0.0 Safari/537.36"
130.210.38.188 - - [04/Aug/2026:12:45:08 +0000] "GET /wp-admin/index.php HTTP/1.1" 302 5 "https://earthpayments.com/wp-login.php" "Mozilla/5.0 (Macintosh; Intel Mac OS X 10_15_7; rv:120.0) Gecko/20100101 Firefox/120.0"
130.210.38.188 - - [04/Aug/2026:12:45:08 +0000] "GET /wp-login.php?redirect_to=https%3A%2F%2Fsimplify.earth%2Fwp-admin%2Findex.php&reauth=1 HTTP/1.1" 200 2318 "https://earthpayments.com/wp-login.php" "Mozilla/5.0 (Macintosh; Intel Mac OS X 10_15_7; rv:120.0) Gecko/20100101 Firefox/120.0"
130.210.38.188 - - [04/Aug/2026:12:45:09 +0000] "GET /wp-admin/index.php HTTP/1.1" 302 5 "https://earthpayments.com/wp-login.php" "Mozilla/5.0 (Windows NT 10.0; Win64; x64) AppleWebKit/537.36 (KHTML, like Gecko) Chrome/118.0.0.0 Safari/537.36"
130.210.38.188 - - [04/Aug/2026:12:45:09 +0000] "GET /wp-login.php?redirect_to=https%3A%2F%2Fsimplify.earth%2Fwp-admin%2Findex.php&reauth=1 HTTP/1.1" 200 2318 "https://earthpayments.com/wp-login.php" "Mozilla/5.0 (Windows NT 10.0; Win64; x64) AppleWebKit/537.36 (KHTML, like Gecko) Chrome/118.0.0.0 Safari/537.36"
130.210.38.188 - - [04/Aug/2026:12:45:10 +0000] "GET /wp-admin/index.php HTTP/1.1" 302 5 "https://earthpayments.com/wp-login.php" "Mozilla/5.0 (X11; Ubuntu; Linux x86_64) AppleWebKit/537.36 (KHTML, like Gecko) Chrome/118.0.0.0 Safari/537.36"
130.210.38.188 - - [04/Aug/2026:12:45:10 +0000] "GET /wp-login.php?redirect_to=https%3A%2F%2Fsimplify.earth%2Fwp-admin%2Findex.php&reauth=1 HTTP/1.1" 200 2318 "https://earthpayments.com/wp-login.php" "Mozilla/5.0 (X11; Ubuntu; Linux x86_64) AppleWebKit/537.36 (KHTML, like Gecko) Chrome/118.0.0.0 Safari/537.36"
130.210.38.188 - - [04/Aug/2026:12:45:11 +0000] "GET /wp-admin/index.php HTTP/1.1" 302 5 "https://earthpayments.com/wp-login.php" "Mozilla/5.0 (X11; Ubuntu; Linux x86_64) AppleWebKit/537.36 (KHTML, like Gecko) Chrome/119.0.0.0 Safari/537.36"
130.210.38.188 - - [04/Aug/2026:12:45:11 +0000] "GET /wp-login.php?redirect_to=https%3A%2F%2Fsimplify.earth%2Fwp-admin%2Findex.php&reauth=1 HTTP/1.1" 200 2318 "https://earthpayments.com/wp-login.php" "Mozilla/5.0 (X11; Ubuntu; Linux x86_64) AppleWebKit/537.36 (KHTML, like Gecko) Chrome/119.0.0.0 Safari/537.36"
130.210.38.188 - - [04/Aug/2026:12:45:12 +0000] "GET /wp-admin/index.php HTTP/1.1" 302 5 "https://earthpayments.com/wp-login.php" "Mozilla/5.0 (Macintosh; Intel Mac OS X 13_6_1) AppleWebKit/537.36 (KHTML, like Gecko) Chrome/121.0.0.0 Safari/537.36"
130.210.38.188 - - [04/Aug/2026:12:45:12 +0000] "GET /wp-login.php?redirect_to=https%3A%2F%2Fsimplify.earth%2Fwp-admin%2Findex.php&reauth=1 HTTP/1.1" 200 2318 "https://earthpayments.com/wp-login.php" "Mozilla/5.0 (Macintosh; Intel Mac OS X 13_6_1) AppleWebKit/537.36 (KHTML, like Gecko) Chrome/121.0.0.0 Safari/537.36"
130.210.38.188 - - [04/Aug/2026:12:45:13 +0000] "GET /wp-admin/index.php HTTP/1.1" 302 5 "https://earthpayments.com/wp-login.php" "Mozilla/5.0 (X11; Ubuntu; Linux x86_64) AppleWebKit/537.36 (KHTML, like Gecko) Chrome/120.0.0.0 Safari/537.36"
130.210.38.188 - - [04/Aug/2026:12:45:13 +0000] "GET /wp-login.php?redirect_to=https%3A%2F%2Fsimplify.earth%2Fwp-admin%2Findex.php&reauth=1 HTTP/1.1" 200 2318 "https://earthpayments.com/wp-login.php" "Mozilla/5.0 (X11; Ubuntu; Linux x86_64) AppleWebKit/537.36 (KHTML, like Gecko) Chrome/120.0.0.0 Safari/537.36"
130.210.38.188 - - [04/Aug/2026:12:45:14 +0000] "GET /wp-admin/index.php HTTP/1.1" 302 5 "https://earthpayments.com/wp-login.php" "Mozilla/5.0 (Windows NT 10.0; Win64; x64) AppleWebKit/537.36 (KHTML, like Gecko) Chrome/119.0.0.0 Safari/537.36"
130.210.38.188 - - [04/Aug/2026:12:45:14 +0000] "GET /wp-login.php?redirect_to=https%3A%2F%2Fsimplify.earth%2Fwp-admin%2Findex.php&reauth=1 HTTP/1.1" 200 2318 "https://earthpayments.com/wp-login.php" "Mozilla/5.0 (Windows NT 10.0; Win64; x64) AppleWebKit/537.36 (KHTML, like Gecko) Chrome/119.0.0.0 Safari/537.36"
130.210.38.188 - - [04/Aug/2026:12:45:15 +0000] "GET /wp-admin/index.php HTTP/1.1" 302 5 "https://earthpayments.com/wp-login.php" "Mozilla/5.0 (Windows NT 10.0; Win64; x64) AppleWebKit/537.36 (KHTML, like Gecko) Chrome/118.0.0.0 Safari/537.36"
130.210.38.188 - - [04/Aug/2026:12:45:16 +0000] "GET /wp-login.php?redirect_to=https%3A%2F%2Fsimplify.earth%2Fwp-admin%2Findex.php&reauth=1 HTTP/1.1" 200 2318 "https://earthpayments.com/wp-login.php" "Mozilla/5.0 (Windows NT 10.0; Win64; x64) AppleWebKit/537.36 (KHTML, like Gecko) Chrome/118.0.0.0 Safari/537.36"
130.210.38.188 - - [04/Aug/2026:12:45:16 +0000] "GET /wp-admin/index.php HTTP/1.1" 302 5 "https://earthpayments.com/wp-login.php" "Mozilla/5.0 (Macintosh; Intel Mac OS X 10_15_7; rv:118.0) Gecko/20100101 Firefox/118.0"
130.210.38.188 - - [04/Aug/2026:12:45:17 +0000] "GET /wp-login.php?redirect_to=https%3A%2F%2Fsimplify.earth%2Fwp-admin%2Findex.php&reauth=1 HTTP/1.1" 200 2318 "https://earthpayments.com/wp-login.php" "Mozilla/5.0 (Macintosh; Intel Mac OS X 10_15_7; rv:118.0) Gecko/20100101 Firefox/118.0"
130.210.38.188 - - [04/Aug/2026:12:45:17 +0000] "GET /wp-admin/index.php HTTP/1.1" 302 5 "https://earthpayments.com/wp-login.php" "Mozilla/5.0 (Macintosh; Intel Mac OS X 10_15_7) AppleWebKit/537.36 (KHTML, like Gecko) Chrome/120.0.0.0 Safari/537.36"
130.210.38.188 - - [04/Aug/2026:12:45:18 +0000] "GET /wp-login.php?redirect_to=https%3A%2F%2Fsimplify.earth%2Fwp-admin%2Findex.php&reauth=1 HTTP/1.1" 200 2318 "https://earthpayments.com/wp-login.php" "Mozilla/5.0 (Macintosh; Intel Mac OS X 10_15_7) AppleWebKit/537.36 (KHTML, like Gecko) Chrome/120.0.0.0 Safari/537.36"
130.210.38.188 - - [04/Aug/2026:12:45:18 +0000] "GET /wp-admin/index.php HTTP/1.1" 302 5 "https://earthpayments.com/wp-login.php" "Mozilla/5.0 (Windows NT 10.0; Win64; x64; rv:121.0) Gecko/20100101 Firefox/121.0"
130.210.38.188 - - [04/Aug/2026:12:45:19 +0000] "GET /wp-login.php?redirect_to=https%3A%2F%2Fsimplify.earth%2Fwp-admin%2Findex.php&reauth=1 HTTP/1.1" 200 2318 "https://earthpayments.com/wp-login.php" "Mozilla/5.0 (Windows NT 10.0; Win64; x64; rv:121.0) Gecko/20100101 Firefox/121.0"
130.210.38.188 - - [04/Aug/2026:12:45:19 +0000] "GET /wp-admin/index.php HTTP/1.1" 302 5 "https://earthpayments.com/wp-login.php" "Mozilla/5.0 (X11; Linux x86_64) AppleWebKit/537.36 (KHTML, like Gecko) Chrome/118.0.0.0 Safari/537.36"
130.210.38.188 - - [04/Aug/2026:12:45:20 +0000] "GET /wp-login.php?redirect_to=https%3A%2F%2Fsimplify.earth%2Fwp-admin%2Findex.php&reauth=1 HTTP/1.1" 200 2318 "https://earthpayments.com/wp-login.php" "Mozilla/5.0 (X11; Linux x86_64) AppleWebKit/537.36 (KHTML, like Gecko) Chrome/118.0.0.0 Safari/537.36"
130.210.38.188 - - [04/Aug/2026:12:45:20 +0000] "GET /wp-admin/index.php HTTP/1.1" 302 5 "https://earthpayments.com/wp-login.php" "Mozilla/5.0 (Macintosh; Intel Mac OS X 13_6_1) AppleWebKit/605.1.15 (KHTML, like Gecko) Version/17.1 Safari/605.1.15"
130.210.38.188 - - [04/Aug/2026:12:45:21 +0000] "GET /wp-login.php?redirect_to=https%3A%2F%2Fsimplify.earth%2Fwp-admin%2Findex.php&reauth=1 HTTP/1.1" 200 2318 "https://earthpayments.com/wp-login.php" "Mozilla/5.0 (Macintosh; Intel Mac OS X 13_6_1) AppleWebKit/605.1.15 (KHTML, like Gecko) Version/17.1 Safari/605.1.15"
130.210.38.188 - - [04/Aug/2026:12:45:22 +0000] "GET /wp-admin/index.php HTTP/1.1" 302 5 "https://earthpayments.com/wp-login.php" "Mozilla/5.0 (Macintosh; Intel Mac OS X 13_6_1; rv:120.0) Gecko/20100101 Firefox/120.0"
130.210.38.188 - - [04/Aug/2026:12:45:22 +0000] "GET /wp-login.php?redirect_to=https%3A%2F%2Fsimplify.earth%2Fwp-admin%2Findex.php&reauth=1 HTTP/1.1" 200 2318 "https://earthpayments.com/wp-login.php" "Mozilla/5.0 (Macintosh; Intel Mac OS X 13_6_1; rv:120.0) Gecko/20100101 Firefox/120.0"
130.210.38.188 - - [04/Aug/2026:12:45:23 +0000] "GET /wp-admin/index.php HTTP/1.1" 302 5 "https://earthpayments.com/wp-login.php" "Mozilla/5.0 (Macintosh; Intel Mac OS X 10_15_7) AppleWebKit/537.36 (KHTML, like Gecko) Chrome/120.0.0.0 Safari/537.36"
130.210.38.188 - - [04/Aug/2026:12:45:23 +0000] "GET /wp-login.php?redirect_to=https%3A%2F%2Fsimplify.earth%2Fwp-admin%2Findex.php&reauth=1 HTTP/1.1" 200 2318 "https://earthpayments.com/wp-login.php" "Mozilla/5.0 (Macintosh; Intel Mac OS X 10_15_7) AppleWebKit/537.36 (KHTML, like Gecko) Chrome/120.0.0.0 Safari/537.36"
130.210.38.188 - - [04/Aug/2026:12:45:24 +0000] "GET /wp-admin/index.php HTTP/1.1" 302 5 "https://earthpayments.com/wp-login.php" "Mozilla/5.0 (X11; Ubuntu; Linux x86_64) AppleWebKit/537.36 (KHTML, like Gecko) Chrome/118.0.0.0 Safari/537.36"
130.210.38.188 - - [04/Aug/2026:12:45:24 +0000] "GET /wp-login.php?redirect_to=https%3A%2F%2Fsimplify.earth%2Fwp-admin%2Findex.php&reauth=1 HTTP/1.1" 200 2318 "https://earthpayments.com/wp-login.php" "Mozilla/5.0 (X11; Ubuntu; Linux x86_64) AppleWebKit/537.36 (KHTML, like Gecko) Chrome/118.0.0.0 Safari/537.36"
130.210.38.188 - - [04/Aug/2026:12:45:25 +0000] "GET /wp-admin/index.php HTTP/1.1" 302 5 "https://earthpayments.com/wp-login.php" "Mozilla/5.0 (X11; Linux x86_64) AppleWebKit/537.36 (KHTML, like Gecko) Chrome/119.0.0.0 Safari/537.36"
130.210.38.188 - - [04/Aug/2026:12:45:25 +0000] "GET /wp-login.php?redirect_to=https%3A%2F%2Fsimplify.earth%2Fwp-admin%2Findex.php&reauth=1 HTTP/1.1" 200 2318 "https://earthpayments.com/wp-login.php" "Mozilla/5.0 (X11; Linux x86_64) AppleWebKit/537.36 (KHTML, like Gecko) Chrome/119.0.0.0 Safari/537.36"
130.210.38.188 - - [04/Aug/2026:12:45:26 +0000] "GET /wp-admin/index.php HTTP/1.1" 302 5 "https://earthpayments.com/wp-login.php" "Mozilla/5.0 (Macintosh; Intel Mac OS X 13_6_1) AppleWebKit/537.36 (KHTML, like Gecko) Chrome/119.0.0.0 Safari/537.36"
130.210.38.188 - - [04/Aug/2026:12:45:26 +0000] "GET /wp-login.php?redirect_to=https%3A%2F%2Fsimplify.earth%2Fwp-admin%2Findex.php&reauth=1 HTTP/1.1" 200 2318 "https://earthpayments.com/wp-login.php" "Mozilla/5.0 (Macintosh; Intel Mac OS X 13_6_1) AppleWebKit/537.36 (KHTML, like Gecko) Chrome/119.0.0.0 Safari/537.36"
130.210.38.188 - - [04/Aug/2026:12:45:27 +0000] "GET /wp-admin/index.php HTTP/1.1" 302 5 "https://earthpayments.com/wp-login.php" "Mozilla/5.0 (Macintosh; Intel Mac OS X 10_15_7; rv:119.0) Gecko/20100101 Firefox/119.0"
130.210.38.188 - - [04/Aug/2026:12:45:27 +0000] "GET /wp-login.php?redirect_to=https%3A%2F%2Fsimplify.earth%2Fwp-admin%2Findex.php&reauth=1 HTTP/1.1" 200 2318 "https://earthpayments.com/wp-login.php" "Mozilla/5.0 (Macintosh; Intel Mac OS X 10_15_7; rv:119.0) Gecko/20100101 Firefox/119.0"
130.210.38.188 - - [04/Aug/2026:12:45:28 +0000] "GET /wp-admin/index.php HTTP/1.1" 302 5 "https://earthpayments.com/wp-login.php" "Mozilla/5.0 (Macintosh; Intel Mac OS X 13_6_1; rv:119.0) Gecko/20100101 Firefox/119.0"
