158.158.54.131 - - [04/Aug/2026:08:17:51 +0000] "GET /min.php HTTP/1.1" 404 47 "-" "Mozilla/5.0 (Windows NT 10.0; Win64; x64) AppleWebKit/537.36 (KHTML, like Gecko) Chrome/120.0.0.0 Safari/537.36"
158.158.54.131 - - [04/Aug/2026:08:17:51 +0000] "GET /ws83.php HTTP/1.1" 404 47 "-" "Mozilla/5.0 (Windows NT 10.0; Win64; x64) AppleWebKit/537.36 (KHTML, like Gecko) Chrome/120.0.0.0 Safari/537.36"
158.158.54.131 - - [04/Aug/2026:08:17:52 +0000] "GET /wpc.php HTTP/1.1" 404 47 "-" "Mozilla/5.0 (Windows NT 10.0; Win64; x64) AppleWebKit/537.36 (KHTML, like Gecko) Chrome/120.0.0.0 Safari/537.36"
158.158.54.131 - - [04/Aug/2026:08:17:52 +0000] "GET /wp-blink.php HTTP/1.1" 404 47 "-" "Mozilla/5.0 (Windows NT 10.0; Win64; x64) AppleWebKit/537.36 (KHTML, like Gecko) Chrome/120.0.0.0 Safari/537.36"
158.158.54.131 - - [04/Aug/2026:08:17:52 +0000] "GET /wp-includes/ID3/index.php HTTP/1.1" 404 47 "-" "Mozilla/5.0 (Windows NT 10.0; Win64; x64) AppleWebKit/537.36 (KHTML, like Gecko) Chrome/120.0.0.0 Safari/537.36"
158.158.54.131 - - [04/Aug/2026:08:17:52 +0000] "GET /wp-admin/includes/ HTTP/1.1" 403 564 "-" "Mozilla/5.0 (Windows NT 10.0; Win64; x64) AppleWebKit/537.36 (KHTML, like Gecko) Chrome/120.0.0.0 Safari/537.36"
158.158.54.131 - - [04/Aug/2026:08:17:52 +0000] "GET /wp-content/themes/pridmag/il.php HTTP/1.1" 404 47 "-" "Mozilla/5.0 (Windows NT 10.0; Win64; x64) AppleWebKit/537.36 (KHTML, like Gecko) Chrome/120.0.0.0 Safari/537.36"
158.158.54.131 - - [04/Aug/2026:08:17:52 +0000] "GET /aaa.php HTTP/1.1" 404 47 "-" "Mozilla/5.0 (Windows NT 10.0; Win64; x64) AppleWebKit/537.36 (KHTML, like Gecko) Chrome/120.0.0.0 Safari/537.36"
158.158.54.131 - - [04/Aug/2026:08:17:52 +0000] "GET /wp-admin/css/colors/ectoplasm/ HTTP/1.1" 403 564 "-" "Mozilla/5.0 (Windows NT 10.0; Win64; x64) AppleWebKit/537.36 (KHTML, like Gecko) Chrome/120.0.0.0 Safari/537.36"
158.158.54.131 - - [04/Aug/2026:08:17:52 +0000] "GET /config.php HTTP/1.1" 404 47 "-" "Mozilla/5.0 (Windows NT 10.0; Win64; x64) AppleWebKit/537.36 (KHTML, like Gecko) Chrome/120.0.0.0 Safari/537.36"
158.158.54.131 - - [04/Aug/2026:08:17:52 +0000] "GET /wp-themes.php HTTP/1.1" 404 47 "-" "Mozilla/5.0 (Windows NT 10.0; Win64; x64) AppleWebKit/537.36 (KHTML, like Gecko) Chrome/120.0.0.0 Safari/537.36"
158.158.54.131 - - [04/Aug/2026:08:17:52 +0000] "GET /403.php HTTP/1.1" 404 47 "-" "Mozilla/5.0 (Windows NT 10.0; Win64; x64) AppleWebKit/537.36 (KHTML, like Gecko) Chrome/120.0.0.0 Safari/537.36"
158.158.54.131 - - [04/Aug/2026:08:17:53 +0000] "GET /admin.php HTTP/1.1" 404 47 "-" "Mozilla/5.0 (Windows NT 10.0; Win64; x64) AppleWebKit/537.36 (KHTML, like Gecko) Chrome/120.0.0.0 Safari/537.36"
158.158.54.131 - - [04/Aug/2026:08:17:53 +0000] "GET /deepseek_d.php HTTP/1.1" 404 47 "-" "Mozilla/5.0 (Windows NT 10.0; Win64; x64) AppleWebKit/537.36 (KHTML, like Gecko) Chrome/120.0.0.0 Safari/537.36"
158.158.54.131 - - [04/Aug/2026:08:17:53 +0000] "GET /wp-content/index.php HTTP/1.1" 200 31 "-" "Mozilla/5.0 (Windows NT 10.0; Win64; x64) AppleWebKit/537.36 (KHTML, like Gecko) Chrome/120.0.0.0 Safari/537.36"
158.158.54.131 - - [04/Aug/2026:08:17:53 +0000] "GET /simple.php HTTP/1.1" 404 47 "-" "Mozilla/5.0 (Windows NT 10.0; Win64; x64) AppleWebKit/537.36 (KHTML, like Gecko) Chrome/120.0.0.0 Safari/537.36"
158.158.54.131 - - [04/Aug/2026:08:17:53 +0000] "GET /wp-content/themes/admin.php HTTP/1.1" 404 47 "-" "Mozilla/5.0 (Windows NT 10.0; Win64; x64) AppleWebKit/537.36 (KHTML, like Gecko) Chrome/120.0.0.0 Safari/537.36"
158.158.54.131 - - [04/Aug/2026:08:17:53 +0000] "GET /dvve.php HTTP/1.1" 404 47 "-" "Mozilla/5.0 (Windows NT 10.0; Win64; x64) AppleWebKit/537.36 (KHTML, like Gecko) Chrome/120.0.0.0 Safari/537.36"
158.158.54.131 - - [04/Aug/2026:08:17:53 +0000] "GET /wp-content/about.php HTTP/1.1" 404 47 "-" "Mozilla/5.0 (Windows NT 10.0; Win64; x64) AppleWebKit/537.36 (KHTML, like Gecko) Chrome/120.0.0.0 Safari/537.36"
158.158.54.131 - - [04/Aug/2026:08:17:53 +0000] "GET /php.php HTTP/1.1" 404 47 "-" "Mozilla/5.0 (Windows NT 10.0; Win64; x64) AppleWebKit/537.36 (KHTML, like Gecko) Chrome/120.0.0.0 Safari/537.36"
158.158.54.131 - - [04/Aug/2026:08:17:54 +0000] "GET /w1.php HTTP/1.1" 404 47 "-" "Mozilla/5.0 (Windows NT 10.0; Win64; x64) AppleWebKit/537.36 (KHTML, like Gecko) Chrome/120.0.0.0 Safari/537.36"
52.4.149.131 - - [04/Aug/2026:08:17:54 +0000] "POST /wp-cron.php?doing_wp_cron=1785831474.4221899509429931640625 HTTP/1.1" 499 0 "-" "WordPress/7.0.2; https://simplify.earth"
158.158.54.131 - - [04/Aug/2026:08:17:54 +0000] "GET /randkeyword.PhP7 HTTP/1.1" 404 13312 "-" "Mozilla/5.0 (Windows NT 10.0; Win64; x64) AppleWebKit/537.36 (KHTML, like Gecko) Chrome/120.0.0.0 Safari/537.36"
158.158.54.131 - - [04/Aug/2026:08:17:54 +0000] "GET /wp-admin/classwithtostring.php HTTP/1.1" 404 47 "-" "Mozilla/5.0 (Windows NT 10.0; Win64; x64) AppleWebKit/537.36 (KHTML, like Gecko) Chrome/120.0.0.0 Safari/537.36"
158.158.54.131 - - [04/Aug/2026:08:17:54 +0000] "GET /7.php HTTP/1.1" 404 47 "-" "Mozilla/5.0 (Windows NT 10.0; Win64; x64) AppleWebKit/537.36 (KHTML, like Gecko) Chrome/120.0.0.0 Safari/537.36"
158.158.54.131 - - [04/Aug/2026:08:17:54 +0000] "GET /wp-content/plugins/index.php HTTP/1.1" 200 31 "-" "Mozilla/5.0 (Windows NT 10.0; Win64; x64) AppleWebKit/537.36 (KHTML, like Gecko) Chrome/120.0.0.0 Safari/537.36"
158.158.54.131 - - [04/Aug/2026:08:17:54 +0000] "GET /wp-includes/css/ HTTP/1.1" 403 564 "-" "Mozilla/5.0 (Windows NT 10.0; Win64; x64) AppleWebKit/537.36 (KHTML, like Gecko) Chrome/120.0.0.0 Safari/537.36"
158.158.54.131 - - [04/Aug/2026:08:17:54 +0000] "GET /wp-admin/css/colors/modern/ HTTP/1.1" 403 564 "-" "Mozilla/5.0 (Windows NT 10.0; Win64; x64) AppleWebKit/537.36 (KHTML, like Gecko) Chrome/120.0.0.0 Safari/537.36"
158.158.54.131 - - [04/Aug/2026:08:17:55 +0000] "GET /lite.php HTTP/1.1" 404 47 "-" "Mozilla/5.0 (Windows NT 10.0; Win64; x64) AppleWebKit/537.36 (KHTML, like Gecko) Chrome/120.0.0.0 Safari/537.36"
158.158.54.131 - - [04/Aug/2026:08:17:55 +0000] "GET /inputs.php HTTP/1.1" 404 47 "-" "Mozilla/5.0 (Windows NT 10.0; Win64; x64) AppleWebKit/537.36 (KHTML, like Gecko) Chrome/120.0.0.0 Safari/537.36"
158.158.54.131 - - [04/Aug/2026:08:17:55 +0000] "GET /a.php HTTP/1.1" 404 47 "-" "Mozilla/5.0 (Windows NT 10.0; Win64; x64) AppleWebKit/537.36 (KHTML, like Gecko) Chrome/120.0.0.0 Safari/537.36"
158.158.54.131 - - [04/Aug/2026:08:17:55 +0000] "GET /wp-admin/wp.php HTTP/1.1" 404 47 "-" "Mozilla/5.0 (Windows NT 10.0; Win64; x64) AppleWebKit/537.36 (KHTML, like Gecko) Chrome/120.0.0.0 Safari/537.36"
158.158.54.131 - - [04/Aug/2026:08:17:55 +0000] "GET /cgi-bin/ HTTP/1.1" 404 13312 "-" "Mozilla/5.0 (Windows NT 10.0; Win64; x64) AppleWebKit/537.36 (KHTML, like Gecko) Chrome/120.0.0.0 Safari/537.36"
158.158.54.131 - - [04/Aug/2026:08:17:55 +0000] "GET /x.php HTTP/1.1" 404 47 "-" "Mozilla/5.0 (Windows NT 10.0; Win64; x64) AppleWebKit/537.36 (KHTML, like Gecko) Chrome/120.0.0.0 Safari/537.36"
158.158.54.131 - - [04/Aug/2026:08:17:55 +0000] "GET /r.php HTTP/1.1" 404 47 "-" "Mozilla/5.0 (Windows NT 10.0; Win64; x64) AppleWebKit/537.36 (KHTML, like Gecko) Chrome/120.0.0.0 Safari/537.36"
158.158.54.131 - - [04/Aug/2026:08:17:55 +0000] "GET /wp-admin/js/widgets/ HTTP/1.1" 403 564 "-" "Mozilla/5.0 (Windows NT 10.0; Win64; x64) AppleWebKit/537.36 (KHTML, like Gecko) Chrome/120.0.0.0 Safari/537.36"
158.158.54.131 - - [04/Aug/2026:08:17:56 +0000] "GET /wp-content/themes/ HTTP/1.1" 200 31 "-" "Mozilla/5.0 (Windows NT 10.0; Win64; x64) AppleWebKit/537.36 (KHTML, like Gecko) Chrome/120.0.0.0 Safari/537.36"
158.158.54.131 - - [04/Aug/2026:08:17:56 +0000] "GET /tool.php HTTP/1.1" 404 47 "-" "Mozilla/5.0 (Windows NT 10.0; Win64; x64) AppleWebKit/537.36 (KHTML, like Gecko) Chrome/120.0.0.0 Safari/537.36"
158.158.54.131 - - [04/Aug/2026:08:17:56 +0000] "GET /elp.php HTTP/1.1" 404 47 "-" "Mozilla/5.0 (Windows NT 10.0; Win64; x64) AppleWebKit/537.36 (KHTML, like Gecko) Chrome/120.0.0.0 Safari/537.36"
158.158.54.131 - - [04/Aug/2026:08:17:56 +0000] "GET /chosen.php HTTP/1.1" 404 47 "-" "Mozilla/5.0 (Windows NT 10.0; Win64; x64) AppleWebKit/537.36 (KHTML, like Gecko) Chrome/120.0.0.0 Safari/537.36"
158.158.54.131 - - [04/Aug/2026:08:17:56 +0000] "GET /b.php HTTP/1.1" 404 47 "-" "Mozilla/5.0 (Windows NT 10.0; Win64; x64) AppleWebKit/537.36 (KHTML, like Gecko) Chrome/120.0.0.0 Safari/537.36"
158.158.54.131 - - [04/Aug/2026:08:17:56 +0000] "GET /ca5.php HTTP/1.1" 404 47 "-" "Mozilla/5.0 (Windows NT 10.0; Win64; x64) AppleWebKit/537.36 (KHTML, like Gecko) Chrome/120.0.0.0 Safari/537.36"
158.158.54.131 - - [04/Aug/2026:08:17:56 +0000] "GET /install.php HTTP/1.1" 404 47 "-" "Mozilla/5.0 (Windows NT 10.0; Win64; x64) AppleWebKit/537.36 (KHTML, like Gecko) Chrome/120.0.0.0 Safari/537.36"
158.158.54.131 - - [04/Aug/2026:08:17:56 +0000] "GET /2.php HTTP/1.1" 404 47 "-" "Mozilla/5.0 (Windows NT 10.0; Win64; x64) AppleWebKit/537.36 (KHTML, like Gecko) Chrome/120.0.0.0 Safari/537.36"
158.158.54.131 - - [04/Aug/2026:08:17:56 +0000] "GET /lock.php HTTP/1.1" 404 47 "-" "Mozilla/5.0 (Windows NT 10.0; Win64; x64) AppleWebKit/537.36 (KHTML, like Gecko) Chrome/120.0.0.0 Safari/537.36"
158.158.54.131 - - [04/Aug/2026:08:17:57 +0000] "GET /wp-includes/interactivity-api/index.php HTTP/1.1" 404 47 "-" "Mozilla/5.0 (Windows NT 10.0; Win64; x64) AppleWebKit/537.36 (KHTML, like Gecko) Chrome/120.0.0.0 Safari/537.36"
52.4.149.131 - - [04/Aug/2026:08:20:02 +0000] "POST /wp-cron.php?doing_wp_cron=1785831602.3074910640716552734375 HTTP/1.1" 499 0 "-" "WordPress/7.0.2; https://simplify.earth"
103.231.7.194 - - [04/Aug/2026:08:20:02 +0000] "GET / HTTP/1.1" 200 19955 "-" "NOC-Monitor/1.0 (+https://github.com/)"
103.231.7.194 - - [04/Aug/2026:08:20:02 +0000] "GET / HTTP/1.1" 200 19955 "-" "NOC-Monitor/1.0 (+https://github.com/)"
103.231.7.194 - - [04/Aug/2026:08:20:02 +0000] "GET / HTTP/1.1" 200 19955 "-" "NOC-Monitor/1.0 (+https://github.com/)"
103.231.7.194 - - [04/Aug/2026:08:20:04 +0000] "GET / HTTP/1.1" 200 19955 "-" "NOC-Monitor/1.0 (+https://github.com/)"
103.82.195.183 - - [04/Aug/2026:08:20:16 +0000] "GET / HTTP/1.1" 200 91335 "-" "Mozilla/5.0 (Windows NT 10.0; Win64; x64) AppleWebKit/537.36 Chrome/125.0.0.0 Safari/537.36 Edg/125.0.0.0"
103.82.195.183 - - [04/Aug/2026:08:20:19 +0000] "GET /wp-login.php HTTP/1.1" 200 6485 "-" "Mozilla/5.0 (X11; Linux x86_64; rv:128.0) Gecko/20100101 Firefox/128.0"
103.82.195.183 - - [04/Aug/2026:08:20:21 +0000] "GET /?get_realtyna_platform=1 HTTP/1.1" 200 90803 "-" "Mozilla/5.0 (Windows NT 10.0; Win64; x64) AppleWebKit/537.36 Chrome/125.0.0.0 Safari/537.36 Edg/125.0.0.0"
164.132.207.73 - - [04/Aug/2026:08:20:27 +0000] "GET /wp-login.php HTTP/1.1" 200 2307 "-" "Mozilla/5.0 (Windows NT 10.0; WOW64) AppleWebKit/537.36 (KHTML, like Gecko) Chrome/138.0.0.0 Safari/537.36 Edg/138.0.0.0"
52.4.149.131 - - [04/Aug/2026:08:20:31 +0000] "POST /wp-cron.php?doing_wp_cron=1785831631.7069709300994873046875 HTTP/1.1" 499 0 "-" "WordPress/7.0.2; https://simplify.earth"
103.82.195.183 - - [04/Aug/2026:08:20:31 +0000] "GET /?get_realtyna_platform=1 HTTP/1.1" 200 90803 "-" "Mozilla/5.0 (Macintosh; Intel Mac OS X 14_5) AppleWebKit/605.1.15 Safari/605.1.15"
103.82.195.183 - - [04/Aug/2026:08:20:43 +0000] "GET /index.php?get_realtyna_platform=1 HTTP/1.1" 301 5 "-" "Mozilla/5.0 (X11; Linux x86_64; rv:128.0) Gecko/20100101 Firefox/128.0"
103.82.195.183 - - [04/Aug/2026:08:20:45 +0000] "GET /?get_realtyna_platform=1 HTTP/1.1" 200 90803 "-" "Mozilla/5.0 (X11; Linux x86_64; rv:128.0) Gecko/20100101 Firefox/128.0"
103.82.195.183 - - [04/Aug/2026:08:20:51 +0000] "GET / HTTP/1.1" 200 91335 "-" "Mozilla/5.0 (X11; Linux x86_64; rv:128.0) Gecko/20100101 Firefox/128.0"
178.20.45.182 - - [04/Aug/2026:08:20:59 +0000] "GET / HTTP/1.0" 200 91321 "https://simplify.earth/" "Mozilla/5.0 (Windows NT 10.0; Win64; x64) AppleWebKit/537.36 (KHTML, like Gecko) Chrome/131.0.0.0 Safari/537.36"
178.20.45.182 - - [04/Aug/2026:08:21:00 +0000] "GET /contact-us/ HTTP/1.0" 200 81567 "https://simplify.earth/contact-us/" "Mozilla/5.0 (Windows NT 10.0; Win64; x64) AppleWebKit/537.36 (KHTML, like Gecko) Chrome/131.0.0.0 Safari/537.36"
52.4.149.131 - - [04/Aug/2026:08:21:52 +0000] "POST /wp-cron.php?doing_wp_cron=1785831712.0471980571746826171875 HTTP/1.1" 499 0 "-" "WordPress/7.0.2; https://simplify.earth"
178.20.45.182 - - [04/Aug/2026:08:21:52 +0000] "GET /contact-us/ HTTP/1.0" 200 81567 "https://simplify.earth/contact-us/" "Mozilla/5.0 (Windows NT 10.0; Win64; x64) AppleWebKit/537.36 (KHTML, like Gecko) Chrome/131.0.0.0 Safari/537.36"
178.20.45.182 - - [04/Aug/2026:08:21:54 +0000] "POST /wp-admin/admin-ajax.php HTTP/1.0" 200 79 "https://simplify.earth/contact-us/" "Mozilla/5.0 (Windows NT 10.0; Win64; x64) AppleWebKit/537.36 (KHTML, like Gecko) Chrome/131.0.0.0 Safari/537.36"
52.4.149.131 - - [04/Aug/2026:08:24:45 +0000] "POST /wp-cron.php?doing_wp_cron=1785831885.8686189651489257812500 HTTP/1.1" 499 0 "-" "WordPress/7.0.2; https://simplify.earth"
104.22.17.199 - - [04/Aug/2026:08:24:45 +0000] "GET / HTTP/2.0" 200 19942 "-" "Mozilla/5.0 (Macintosh; Intel Mac OS X 10_15_7) AppleWebKit/537.36 (KHTML, like Gecko) Chrome/147.0.0.0 Safari/537.36 CloudflareWebScanner/1.0"
103.231.7.194 - - [04/Aug/2026:08:25:05 +0000] "GET / HTTP/1.1" 200 19955 "-" "NOC-Monitor/1.0 (+https://github.com/)"
103.231.7.194 - - [04/Aug/2026:08:25:06 +0000] "GET / HTTP/1.1" 200 19955 "-" "NOC-Monitor/1.0 (+https://github.com/)"
103.231.7.194 - - [04/Aug/2026:08:25:07 +0000] "GET / HTTP/1.1" 200 19955 "-" "NOC-Monitor/1.0 (+https://github.com/)"
103.231.7.194 - - [04/Aug/2026:08:25:13 +0000] "GET / HTTP/1.1" 200 19955 "-" "NOC-Monitor/1.0 (+https://github.com/)"
52.4.149.131 - - [04/Aug/2026:08:26:08 +0000] "POST /wp-cron.php?doing_wp_cron=1785831968.2233269214630126953125 HTTP/1.1" 499 0 "-" "WordPress/7.0.2; https://simplify.earth"
51.195.39.150 - - [04/Aug/2026:08:26:08 +0000] "GET /sh0472400171633398234 HTTP/2.0" 404 49134 "-" "Mozilla/5.0 (X11; Linux x86_64; rv:150.0) Gecko/20100101 Firefox/150.0"
51.195.39.150 - - [04/Aug/2026:08:26:09 +0000] "GET /?_wpm=35fe7057ffed92ff7bc5a0b90f302a77fb5843ad6c972294d68da0b0553b3900 HTTP/2.0" 200 90789 "-" "Mozilla/5.0 (Windows NT 10.0; Win64; x64) AppleWebKit/537.36 (KHTML, like Gecko) Chrome/139.0.0.0 Safari/537.36"
51.195.39.150 - - [04/Aug/2026:08:26:17 +0000] "GET /?c HTTP/2.0" 200 90789 "-" "Mozilla/5.0 (Macintosh; Intel Mac OS X 10_15_7) AppleWebKit/537.36 (KHTML, like Gecko) Chrome/146.0.0.0 Safari/537.36"
52.4.149.131 - - [04/Aug/2026:08:29:11 +0000] "POST /wp-cron.php?doing_wp_cron=1785832151.0992269515991210937500 HTTP/1.1" 499 0 "-" "WordPress/7.0.2; https://simplify.earth"
114.119.156.142 - - [04/Aug/2026:08:29:11 +0000] "GET /the-ultimate-guide-to-simplifying-bookings-and-payments-for-solopreneurs/ HTTP/1.1" 200 19939 "https://simplify.earth/blogs/" "Mozilla/5.0 (Linux; Android 7.0;) AppleWebKit/537.36 (HTML, like Gecko) Mobile Safari/537.36 (compatible; PetalBot;+https://webmaster.petalsearch.com/site/petalbot)"
52.4.149.131 - - [04/Aug/2026:08:30:00 +0000] "POST /wp-cron.php?doing_wp_cron=1785832200.2353088855743408203125 HTTP/1.1" 499 0 "-" "WordPress/7.0.2; https://simplify.earth"
62.60.130.235 - - [04/Aug/2026:08:30:00 +0000] "GET /wp-login.php/wp-login.php HTTP/1.1" 200 6485 "-" "Mozilla/5.0"
62.60.130.235 - - [04/Aug/2026:08:30:00 +0000] "GET / HTTP/1.1" 200 91335 "-" "Mozilla/5.0"
103.231.7.194 - - [04/Aug/2026:08:30:06 +0000] "GET / HTTP/1.1" 200 19955 "-" "NOC-Monitor/1.0 (+https://github.com/)"
103.231.7.194 - - [04/Aug/2026:08:30:07 +0000] "GET / HTTP/1.1" 200 19955 "-" "NOC-Monitor/1.0 (+https://github.com/)"
103.231.7.194 - - [04/Aug/2026:08:30:11 +0000] "GET / HTTP/1.1" 200 19955 "-" "NOC-Monitor/1.0 (+https://github.com/)"
103.231.7.194 - - [04/Aug/2026:08:30:12 +0000] "GET / HTTP/1.1" 200 19955 "-" "NOC-Monitor/1.0 (+https://github.com/)"
52.4.149.131 - - [04/Aug/2026:08:33:21 +0000] "POST /wp-cron.php?doing_wp_cron=1785832401.1194729804992675781250 HTTP/1.1" 499 0 "-" "WordPress/7.0.2; https://simplify.earth"
195.2.79.165 - - [04/Aug/2026:08:33:21 +0000] "GET / HTTP/1.0" 200 91321 "https://simplify.earth/" "Mozilla/5.0 (Windows NT 10.0; Win64; x64) AppleWebKit/537.36 (KHTML, like Gecko) Chrome/130.0.0.0 Safari/537.36 CCleaner/130.0.0.0"
195.2.79.165 - - [04/Aug/2026:08:33:22 +0000] "GET /contact-us/ HTTP/1.0" 200 81567 "https://simplify.earth/contact-us/" "Mozilla/5.0 (Windows NT 10.0; Win64; x64) AppleWebKit/537.36 (KHTML, like Gecko) Chrome/130.0.0.0 Safari/537.36 CCleaner/130.0.0.0"
195.2.79.165 - - [04/Aug/2026:08:33:24 +0000] "POST /wp-admin/admin-ajax.php HTTP/1.0" 200 79 "https://simplify.earth/contact-us/" "Mozilla/5.0 (Windows NT 10.0; Win64; x64) AppleWebKit/537.36 (KHTML, like Gecko) Chrome/130.0.0.0 Safari/537.36 CCleaner/130.0.0.0"
52.4.149.131 - - [04/Aug/2026:08:35:03 +0000] "POST /wp-cron.php?doing_wp_cron=1785832503.1250240802764892578125 HTTP/1.1" 499 0 "-" "WordPress/7.0.2; https://simplify.earth"
103.231.7.194 - - [04/Aug/2026:08:35:03 +0000] "GET / HTTP/1.1" 200 19955 "-" "NOC-Monitor/1.0 (+https://github.com/)"
103.231.7.194 - - [04/Aug/2026:08:35:04 +0000] "GET / HTTP/1.1" 200 19955 "-" "NOC-Monitor/1.0 (+https://github.com/)"
52.4.149.131 - - [04/Aug/2026:08:35:06 +0000] "POST /wp-cron.php?doing_wp_cron=1785832506.1173660755157470703125 HTTP/1.1" 499 0 "-" "WordPress/7.0.2; https://simplify.earth"
103.231.7.194 - - [04/Aug/2026:08:35:06 +0000] "GET / HTTP/1.1" 200 19955 "-" "NOC-Monitor/1.0 (+https://github.com/)"
103.231.7.194 - - [04/Aug/2026:08:35:06 +0000] "GET / HTTP/1.1" 200 19955 "-" "NOC-Monitor/1.0 (+https://github.com/)"
185.255.97.50 - - [04/Aug/2026:08:39:23 +0000] "GET /contact-us/ HTTP/1.0" 200 81567 "https://simplify.earth/contact-us/" "Mozilla/5.0 (Windows NT 10.0; Win64; x64) AppleWebKit/537.36 (KHTML, like Gecko) Chrome/131.0.0.0 Safari/537.36 Avast/131.0.0.0"
185.255.97.50 - - [04/Aug/2026:08:39:24 +0000] "POST /wp-admin/admin-ajax.php HTTP/1.0" 200 79 "https://simplify.earth/contact-us/" "Mozilla/5.0 (Windows NT 10.0; Win64; x64) AppleWebKit/537.36 (KHTML, like Gecko) Chrome/131.0.0.0 Safari/537.36 Avast/131.0.0.0"
52.4.149.131 - - [04/Aug/2026:08:39:25 +0000] "POST /wp-cron.php?doing_wp_cron=1785832765.1297829151153564453125 HTTP/1.1" 499 0 "-" "WordPress/7.0.2; https://simplify.earth"
52.4.149.131 - - [04/Aug/2026:08:39:27 +0000] "POST /wp-cron.php?doing_wp_cron=1785832767.7326231002807617187500 HTTP/1.1" 499 0 "-" "WordPress/7.0.2; https://simplify.earth"
103.231.7.194 - - [04/Aug/2026:08:40:03 +0000] "GET / HTTP/1.1" 200 19955 "-" "NOC-Monitor/1.0 (+https://github.com/)"
103.231.7.194 - - [04/Aug/2026:08:40:03 +0000] "GET / HTTP/1.1" 200 19955 "-" "NOC-Monitor/1.0 (+https://github.com/)"
103.231.7.194 - - [04/Aug/2026:08:40:08 +0000] "GET / HTTP/1.1" 200 19955 "-" "NOC-Monitor/1.0 (+https://github.com/)"
103.231.7.194 - - [04/Aug/2026:08:40:08 +0000] "GET / HTTP/1.1" 200 19955 "-" "NOC-Monitor/1.0 (+https://github.com/)"
207.46.13.9 - - [04/Aug/2026:08:42:29 +0000] "GET /sitemap.xml HTTP/2.0" 200 366 "-" "Mozilla/5.0 AppleWebKit/537.36 (KHTML, like Gecko; compatible; bingbot/2.0; +http://www.bing.com/bingbot.htm) Chrome/116.0.1938.76 Safari/537.36"
52.4.149.131 - - [04/Aug/2026:08:45:05 +0000] "POST /wp-cron.php?doing_wp_cron=1785833105.1535730361938476562500 HTTP/1.1" 499 0 "-" "WordPress/7.0.2; https://simplify.earth"
103.231.7.194 - - [04/Aug/2026:08:45:05 +0000] "GET / HTTP/1.1" 200 19955 "-" "NOC-Monitor/1.0 (+https://github.com/)"
103.231.7.194 - - [04/Aug/2026:08:45:06 +0000] "GET / HTTP/1.1" 200 19955 "-" "NOC-Monitor/1.0 (+https://github.com/)"
103.231.7.194 - - [04/Aug/2026:08:45:07 +0000] "GET / HTTP/1.1" 200 19955 "-" "NOC-Monitor/1.0 (+https://github.com/)"
103.231.7.194 - - [04/Aug/2026:08:45:08 +0000] "GET / HTTP/1.1" 200 19955 "-" "NOC-Monitor/1.0 (+https://github.com/)"
52.4.149.131 - - [04/Aug/2026:08:50:03 +0000] "POST /wp-cron.php?doing_wp_cron=1785833403.4751350879669189453125 HTTP/1.1" 499 0 "-" "WordPress/7.0.2; https://simplify.earth"
103.231.7.194 - - [04/Aug/2026:08:50:03 +0000] "GET / HTTP/1.1" 200 19955 "-" "NOC-Monitor/1.0 (+https://github.com/)"
103.231.7.194 - - [04/Aug/2026:08:50:03 +0000] "GET / HTTP/1.1" 200 19955 "-" "NOC-Monitor/1.0 (+https://github.com/)"
103.231.7.194 - - [04/Aug/2026:08:50:04 +0000] "GET / HTTP/1.1" 200 19955 "-" "NOC-Monitor/1.0 (+https://github.com/)"
103.231.7.194 - - [04/Aug/2026:08:50:15 +0000] "GET / HTTP/1.1" 200 19955 "-" "NOC-Monitor/1.0 (+https://github.com/)"
52.4.149.131 - - [04/Aug/2026:08:51:00 +0000] "POST /wp-cron.php?doing_wp_cron=1785833460.7823009490966796875000 HTTP/1.1" 499 0 "-" "WordPress/7.0.2; https://simplify.earth"
142.44.225.224 - - [04/Aug/2026:08:51:00 +0000] "GET /erwin-casino-neukundenangebote-und-wie-man-sie-sinnvoll-nutzt/feed/ HTTP/2.0" 200 480 "-" "Mozilla/5.0 (compatible; AhrefsBot/7.0; +http://ahrefs.com/robot/)"
52.4.149.131 - - [04/Aug/2026:08:55:19 +0000] "POST /wp-cron.php?doing_wp_cron=1785833719.3736579418182373046875 HTTP/1.1" 499 0 "-" "WordPress/7.0.2; https://simplify.earth"
103.231.7.194 - - [04/Aug/2026:08:55:19 +0000] "GET / HTTP/1.1" 200 19955 "-" "NOC-Monitor/1.0 (+https://github.com/)"
52.4.149.131 - - [04/Aug/2026:08:55:19 +0000] "POST /wp-cron.php?doing_wp_cron=1785833719.3783900737762451171875 HTTP/1.1" 499 0 "-" "WordPress/7.0.2; https://simplify.earth"
103.231.7.194 - - [04/Aug/2026:08:55:19 +0000] "GET / HTTP/1.1" 200 19955 "-" "NOC-Monitor/1.0 (+https://github.com/)"
103.231.7.194 - - [04/Aug/2026:08:55:21 +0000] "GET / HTTP/1.1" 200 19955 "-" "NOC-Monitor/1.0 (+https://github.com/)"
216.73.216.232 - - [04/Aug/2026:08:56:10 +0000] "GET /sitemap.xml HTTP/2.0" 200 366 "-" "Mozilla/5.0 AppleWebKit/537.36 (KHTML, like Gecko; compatible; ClaudeBot/1.0; +claudebot@anthropic.com)"
66.249.66.196 - - [04/Aug/2026:08:57:53 +0000] "GET /wp-content/uploads/elementor/css/post-2468.css?ver=1783296000 HTTP/1.1" 200 6898 "https://simplify.earth/" "Mozilla/5.0 (Linux; Android 6.0.1; Nexus 5X Build/MMB29P) AppleWebKit/537.36 (KHTML, like Gecko) Chrome/150.0.7871.186 Mobile Safari/537.36 (compatible; Googlebot/2.1; +http://www.google.com/bot.html)"
66.249.66.197 - - [04/Aug/2026:08:57:53 +0000] "GET /wp-content/plugins/elementor/assets/lib/animations/styles/fadeInUp.min.css?ver=4.0.8 HTTP/1.1" 200 130 "https://simplify.earth/" "Mozilla/5.0 (Linux; Android 6.0.1; Nexus 5X Build/MMB29P) AppleWebKit/537.36 (KHTML, like Gecko) Chrome/150.0.7871.186 Mobile Safari/537.36 (compatible; Googlebot/2.1; +http://www.google.com/bot.html)"
66.249.66.196 - - [04/Aug/2026:08:57:53 +0000] "GET /wp-content/plugins/elementskit-lite/widgets/init/assets/css/responsive.css?ver=3.10.02 HTTP/1.1" 200 3776 "https://simplify.earth/" "Mozilla/5.0 (Linux; Android 6.0.1; Nexus 5X Build/MMB29P) AppleWebKit/537.36 (KHTML, like Gecko) Chrome/150.0.7871.186 Mobile Safari/537.36 (compatible; Googlebot/2.1; +http://www.google.com/bot.html)"
66.249.66.196 - - [04/Aug/2026:08:57:53 +0000] "GET /wp-content/plugins/sina-extension-for-elementor/assets/css/sina-header-footer.min.css?ver=3.10.2 HTTP/1.1" 200 1623 "https://simplify.earth/" "Mozilla/5.0 (Linux; Android 6.0.1; Nexus 5X Build/MMB29P) AppleWebKit/537.36 (KHTML, like Gecko) Chrome/150.0.7871.186 Mobile Safari/537.36 (compatible; Googlebot/2.1; +http://www.google.com/bot.html)"
66.249.66.196 - - [04/Aug/2026:08:57:54 +0000] "GET /wp-content/themes/hello-elementor/header-footer.min.css?ver=3.3.0 HTTP/1.1" 200 1715 "https://simplify.earth/" "Mozilla/5.0 (Linux; Android 6.0.1; Nexus 5X Build/MMB29P) AppleWebKit/537.36 (KHTML, like Gecko) Chrome/150.0.7871.186 Mobile Safari/537.36 (compatible; Googlebot/2.1; +http://www.google.com/bot.html)"
66.249.66.197 - - [04/Aug/2026:08:57:55 +0000] "GET /wp-content/plugins/elementskit-lite/widgets/init/assets/js/widget-scripts.js?ver=3.10.02 HTTP/1.1" 200 16367 "https://simplify.earth/" "Mozilla/5.0 (Linux; Android 6.0.1; Nexus 5X Build/MMB29P) AppleWebKit/537.36 (KHTML, like Gecko) Chrome/150.0.7871.186 Mobile Safari/537.36 (compatible; Googlebot/2.1; +http://www.google.com/bot.html)"
66.249.66.198 - - [04/Aug/2026:08:58:07 +0000] "GET /wp-content/plugins/elementor/assets/js/shared-frontend-handlers.03caa53373b56d3bab67.bundle.min.js HTTP/1.1" 200 2942 "https://simplify.earth/" "Mozilla/5.0 (Linux; Android 6.0.1; Nexus 5X Build/MMB29P) AppleWebKit/537.36 (KHTML, like Gecko) Chrome/150.0.7871.186 Mobile Safari/537.36 (compatible; Googlebot/2.1; +http://www.google.com/bot.html)"
57.141.0.69 - - [04/Aug/2026:08:59:22 +0000] "GET /wp-content/uploads/2025/02/2150233666-300x200.jpg HTTP/2.0" 200 15453 "-" "Mozilla/5.0 (Windows NT 10.0; Win64; x64) AppleWebKit/537.36 (KHTML, like Gecko) Chrome/145.0.0.0 Safari/537.36 (compatible; meta-externalagent/1.1 (+https://developers.facebook.com/docs/sharing/webmasters/crawler))"
52.4.149.131 - - [04/Aug/2026:09:00:05 +0000] "POST /wp-cron.php?doing_wp_cron=1785834005.5101339817047119140625 HTTP/1.1" 499 0 "-" "WordPress/7.0.2; https://simplify.earth"
103.231.7.194 - - [04/Aug/2026:09:00:05 +0000] "GET / HTTP/1.1" 200 19955 "-" "NOC-Monitor/1.0 (+https://github.com/)"
103.231.7.194 - - [04/Aug/2026:09:00:05 +0000] "GET / HTTP/1.1" 200 19955 "-" "NOC-Monitor/1.0 (+https://github.com/)"
103.231.7.194 - - [04/Aug/2026:09:00:08 +0000] "GET / HTTP/1.1" 200 19955 "-" "NOC-Monitor/1.0 (+https://github.com/)"
103.231.7.194 - - [04/Aug/2026:09:00:10 +0000] "GET / HTTP/1.1" 200 19955 "-" "NOC-Monitor/1.0 (+https://github.com/)"
52.4.149.131 - - [04/Aug/2026:09:01:52 +0000] "POST /wp-cron.php?doing_wp_cron=1785834112.6528379917144775390625 HTTP/1.1" 499 0 "-" "WordPress/7.0.2; https://simplify.earth"
86.172.210.77 - - [04/Aug/2026:09:01:52 +0000] "GET /author/adminquote/ HTTP/1.1" 200 13590 "-" "Mozilla/5.0 (Macintosh; Intel Mac OS X 15_3_1) AppleWebKit/537.36 (KHTML, like Gecko) Chrome/125.0.6422.176 Safari/537.36"
216.73.216.232 - - [04/Aug/2026:09:02:25 +0000] "GET /?sitemap=1 HTTP/2.0" 301 0 "-" "Mozilla/5.0 AppleWebKit/537.36 (KHTML, like Gecko; compatible; ClaudeBot/1.0; +claudebot@anthropic.com)"
216.73.216.232 - - [04/Aug/2026:09:02:26 +0000] "GET / HTTP/2.0" 200 19942 "https://simplify.earth/?sitemap=1" "Mozilla/5.0 AppleWebKit/537.36 (KHTML, like Gecko; compatible; ClaudeBot/1.0; +claudebot@anthropic.com)"
52.4.149.131 - - [04/Aug/2026:09:03:02 +0000] "POST /wp-cron.php?doing_wp_cron=1785834182.1170868873596191406250 HTTP/1.1" 499 0 "-" "WordPress/7.0.2; https://simplify.earth"
112.86.225.36 - - [04/Aug/2026:09:03:02 +0000] "GET / HTTP/1.1" 200 19955 "-" "Sogou web spider/4.0(+http://www.sogou.com/docs/help/webmasters.htm#07)"
52.4.149.131 - - [04/Aug/2026:09:05:03 +0000] "POST /wp-cron.php?doing_wp_cron=1785834303.0206799507141113281250 HTTP/1.1" 499 0 "-" "WordPress/7.0.2; https://simplify.earth"
103.231.7.194 - - [04/Aug/2026:09:05:03 +0000] "GET / HTTP/1.1" 200 19955 "-" "NOC-Monitor/1.0 (+https://github.com/)"
103.231.7.194 - - [04/Aug/2026:09:05:03 +0000] "GET / HTTP/1.1" 200 19955 "-" "NOC-Monitor/1.0 (+https://github.com/)"
52.4.149.131 - - [04/Aug/2026:09:05:03 +0000] "POST /wp-cron.php?doing_wp_cron=1785834303.0206799507141113281250 HTTP/1.1" 499 0 "-" "WordPress/7.0.2; https://simplify.earth"
103.231.7.194 - - [04/Aug/2026:09:05:04 +0000] "GET / HTTP/1.1" 200 19955 "-" "NOC-Monitor/1.0 (+https://github.com/)"
103.231.7.194 - - [04/Aug/2026:09:05:04 +0000] "GET / HTTP/1.1" 200 19955 "-" "NOC-Monitor/1.0 (+https://github.com/)"
52.4.149.131 - - [04/Aug/2026:09:10:02 +0000] "POST /wp-cron.php?doing_wp_cron=1785834602.4516310691833496093750 HTTP/1.1" 499 0 "-" "WordPress/7.0.2; https://simplify.earth"
103.231.7.194 - - [04/Aug/2026:09:10:02 +0000] "GET / HTTP/1.1" 200 19955 "-" "NOC-Monitor/1.0 (+https://github.com/)"
103.231.7.194 - - [04/Aug/2026:09:10:02 +0000] "GET / HTTP/1.1" 200 19955 "-" "NOC-Monitor/1.0 (+https://github.com/)"
103.231.7.194 - - [04/Aug/2026:09:10:04 +0000] "GET / HTTP/1.1" 200 19955 "-" "NOC-Monitor/1.0 (+https://github.com/)"
103.231.7.194 - - [04/Aug/2026:09:10:05 +0000] "GET / HTTP/1.1" 200 19955 "-" "NOC-Monitor/1.0 (+https://github.com/)"
52.4.149.131 - - [04/Aug/2026:09:15:03 +0000] "POST /wp-cron.php?doing_wp_cron=1785834903.5402100086212158203125 HTTP/1.1" 499 0 "-" "WordPress/7.0.2; https://simplify.earth"
103.231.7.194 - - [04/Aug/2026:09:15:03 +0000] "GET / HTTP/1.1" 200 19955 "-" "NOC-Monitor/1.0 (+https://github.com/)"
103.231.7.194 - - [04/Aug/2026:09:15:03 +0000] "GET / HTTP/1.1" 200 19955 "-" "NOC-Monitor/1.0 (+https://github.com/)"
103.231.7.194 - - [04/Aug/2026:09:15:04 +0000] "GET / HTTP/1.1" 200 19955 "-" "NOC-Monitor/1.0 (+https://github.com/)"
103.231.7.194 - - [04/Aug/2026:09:15:05 +0000] "GET / HTTP/1.1" 200 19955 "-" "NOC-Monitor/1.0 (+https://github.com/)"
52.4.149.131 - - [04/Aug/2026:09:16:12 +0000] "POST /wp-cron.php?doing_wp_cron=1785834972.8103809356689453125000 HTTP/1.1" 499 0 "-" "WordPress/7.0.2; https://simplify.earth"
51.222.168.69 - - [04/Aug/2026:09:16:12 +0000] "GET /?sitemap=1 HTTP/2.0" 301 0 "-" "Mozilla/5.0 (compatible; AhrefsBot/7.0; +http://ahrefs.com/robot/)"
51.222.168.69 - - [04/Aug/2026:09:16:13 +0000] "GET / HTTP/2.0" 200 19942 "-" "Mozilla/5.0 (compatible; AhrefsBot/7.0; +http://ahrefs.com/robot/)"
66.249.66.197 - - [04/Aug/2026:09:16:14 +0000] "GET / HTTP/1.1" 200 19955 "-" "Mozilla/5.0 (compatible; Googlebot/2.1; +http://www.google.com/bot.html)"
103.231.7.194 - - [04/Aug/2026:09:20:03 +0000] "GET / HTTP/1.1" 200 19955 "-" "NOC-Monitor/1.0 (+https://github.com/)"
52.4.149.131 - - [04/Aug/2026:09:20:03 +0000] "POST /wp-cron.php?doing_wp_cron=1785835203.2225079536437988281250 HTTP/1.1" 499 0 "-" "WordPress/7.0.2; https://simplify.earth"
103.231.7.194 - - [04/Aug/2026:09:20:03 +0000] "GET / HTTP/1.1" 200 19955 "-" "NOC-Monitor/1.0 (+https://github.com/)"
52.4.149.131 - - [04/Aug/2026:09:20:03 +0000] "POST /wp-cron.php?doing_wp_cron=1785835203.2225079536437988281250 HTTP/1.1" 499 0 "-" "WordPress/7.0.2; https://simplify.earth"
52.4.149.131 - - [04/Aug/2026:09:20:07 +0000] "POST /wp-cron.php?doing_wp_cron=1785835207.2104499340057373046875 HTTP/1.1" 499 0 "-" "WordPress/7.0.2; https://simplify.earth"
103.231.7.194 - - [04/Aug/2026:09:20:07 +0000] "GET / HTTP/1.1" 200 19955 "-" "NOC-Monitor/1.0 (+https://github.com/)"
103.231.7.194 - - [04/Aug/2026:09:20:08 +0000] "GET / HTTP/1.1" 200 19955 "-" "NOC-Monitor/1.0 (+https://github.com/)"
52.4.149.131 - - [04/Aug/2026:09:22:14 +0000] "POST /wp-cron.php?doing_wp_cron=1785835334.9703750610351562500000 HTTP/1.1" 499 0 "-" "WordPress/7.0.2; https://simplify.earth"
54.39.136.62 - - [04/Aug/2026:09:22:14 +0000] "GET /das-okosystem-von-jackbit-casino-im-gesamtuberblick/feed/ HTTP/2.0" 200 476 "-" "Mozilla/5.0 (compatible; AhrefsBot/7.0; +http://ahrefs.com/robot/)"
52.4.149.131 - - [04/Aug/2026:09:25:07 +0000] "POST /wp-cron.php?doing_wp_cron=1785835507.1702609062194824218750 HTTP/1.1" 499 0 "-" "WordPress/7.0.2; https://simplify.earth"
103.231.7.194 - - [04/Aug/2026:09:25:07 +0000] "GET / HTTP/1.1" 200 19955 "-" "NOC-Monitor/1.0 (+https://github.com/)"
103.231.7.194 - - [04/Aug/2026:09:25:07 +0000] "GET / HTTP/1.1" 200 19955 "-" "NOC-Monitor/1.0 (+https://github.com/)"
103.231.7.194 - - [04/Aug/2026:09:25:09 +0000] "GET / HTTP/1.1" 200 19955 "-" "NOC-Monitor/1.0 (+https://github.com/)"
103.231.7.194 - - [04/Aug/2026:09:25:10 +0000] "GET / HTTP/1.1" 200 19955 "-" "NOC-Monitor/1.0 (+https://github.com/)"
52.4.149.131 - - [04/Aug/2026:09:30:03 +0000] "POST /wp-cron.php?doing_wp_cron=1785835803.4337940216064453125000 HTTP/1.1" 499 0 "-" "WordPress/7.0.2; https://simplify.earth"
103.231.7.194 - - [04/Aug/2026:09:30:03 +0000] "GET / HTTP/1.1" 200 19955 "-" "NOC-Monitor/1.0 (+https://github.com/)"
103.231.7.194 - - [04/Aug/2026:09:30:03 +0000] "GET / HTTP/1.1" 200 19955 "-" "NOC-Monitor/1.0 (+https://github.com/)"
103.231.7.194 - - [04/Aug/2026:09:30:04 +0000] "GET / HTTP/1.1" 200 19955 "-" "NOC-Monitor/1.0 (+https://github.com/)"
52.4.149.131 - - [04/Aug/2026:09:30:12 +0000] "POST /wp-cron.php?doing_wp_cron=1785835812.7859570980072021484375 HTTP/1.1" 499 0 "-" "WordPress/7.0.2; https://simplify.earth"
103.231.7.194 - - [04/Aug/2026:09:30:12 +0000] "GET / HTTP/1.1" 200 19955 "-" "NOC-Monitor/1.0 (+https://github.com/)"
52.4.149.131 - - [04/Aug/2026:09:32:09 +0000] "POST /wp-cron.php?doing_wp_cron=1785835929.8457179069519042968750 HTTP/1.1" 499 0 "-" "WordPress/7.0.2; https://simplify.earth"
196.218.83.9 - - [04/Aug/2026:09:32:09 +0000] "GET /wp-login.php HTTP/1.1" 200 2307 "-" "Mozilla/5.0 (Windows NT 10.0; WOW64) AppleWebKit/537.43 (KHTML, like Gecko) Chrome/139.0.0.0 Safari/537.36 OPR/123.0.0.0"
52.4.149.131 - - [04/Aug/2026:09:35:06 +0000] "POST /wp-cron.php?doing_wp_cron=1785836106.6306190490722656250000 HTTP/1.1" 499 0 "-" "WordPress/7.0.2; https://simplify.earth"
103.231.7.194 - - [04/Aug/2026:09:35:06 +0000] "GET / HTTP/1.1" 200 19955 "-" "NOC-Monitor/1.0 (+https://github.com/)"
103.231.7.194 - - [04/Aug/2026:09:35:08 +0000] "GET / HTTP/1.1" 200 19955 "-" "NOC-Monitor/1.0 (+https://github.com/)"
103.231.7.194 - - [04/Aug/2026:09:35:09 +0000] "GET / HTTP/1.1" 200 19955 "-" "NOC-Monitor/1.0 (+https://github.com/)"
103.231.7.194 - - [04/Aug/2026:09:35:11 +0000] "GET / HTTP/1.1" 200 19955 "-" "NOC-Monitor/1.0 (+https://github.com/)"
52.4.149.131 - - [04/Aug/2026:09:38:23 +0000] "POST /wp-cron.php?doing_wp_cron=1785836303.9172620773315429687500 HTTP/1.1" 499 0 "-" "WordPress/7.0.2; https://simplify.earth"
198.37.109.134 - - [04/Aug/2026:09:38:23 +0000] "GET / HTTP/1.1" 200 19955 "-" "Mozilla/5.0 (compatible; Googlebot/2.1; +http://www.google.com/bot.html)"
52.4.149.131 - - [04/Aug/2026:09:40:04 +0000] "POST /wp-cron.php?doing_wp_cron=1785836404.0941870212554931640625 HTTP/1.1" 499 0 "-" "WordPress/7.0.2; https://simplify.earth"
103.231.7.194 - - [04/Aug/2026:09:40:04 +0000] "GET / HTTP/1.1" 200 19955 "-" "NOC-Monitor/1.0 (+https://github.com/)"
103.231.7.194 - - [04/Aug/2026:09:40:04 +0000] "GET / HTTP/1.1" 200 19955 "-" "NOC-Monitor/1.0 (+https://github.com/)"
52.4.149.131 - - [04/Aug/2026:09:40:06 +0000] "POST /wp-cron.php?doing_wp_cron=1785836406.1952280998229980468750 HTTP/1.1" 499 0 "-" "WordPress/7.0.2; https://simplify.earth"
103.231.7.194 - - [04/Aug/2026:09:40:06 +0000] "GET / HTTP/1.1" 200 19955 "-" "NOC-Monitor/1.0 (+https://github.com/)"
103.231.7.194 - - [04/Aug/2026:09:40:06 +0000] "GET / HTTP/1.1" 200 19955 "-" "NOC-Monitor/1.0 (+https://github.com/)"
57.141.0.60 - - [04/Aug/2026:09:42:42 +0000] "GET /post-sitemap.xml HTTP/2.0" 404 564 "-" "Mozilla/5.0 (Windows NT 10.0; Win64; x64) AppleWebKit/537.36 (KHTML, like Gecko) Chrome/145.0.0.0 Safari/537.36 (compatible; meta-externalagent/1.1 (+https://developers.facebook.com/docs/sharing/webmasters/crawler))"
52.4.149.131 - - [04/Aug/2026:09:43:03 +0000] "POST /wp-cron.php?doing_wp_cron=1785836583.7589609622955322265625 HTTP/1.1" 499 0 "-" "WordPress/7.0.2; https://simplify.earth"
15.235.98.5 - - [04/Aug/2026:09:43:03 +0000] "GET /vegas-hero-casino-spieleroptimierung-durch-kluge-strategien-und-tipps/feed/ HTTP/2.0" 200 485 "-" "Mozilla/5.0 (compatible; AhrefsBot/7.0; +http://ahrefs.com/robot/)"
158.158.54.131 - - [04/Aug/2026:09:44:36 +0000] "GET /wp-Blogs.php HTTP/1.1" 404 47 "-" "Mozilla/5.0 (Windows NT 10.0; Win64; x64) AppleWebKit/537.36 (KHTML, like Gecko) Chrome/120.0.0.0 Safari/537.36"
158.158.54.131 - - [04/Aug/2026:09:44:36 +0000] "GET /wp-content/min.php HTTP/1.1" 404 47 "-" "Mozilla/5.0 (Windows NT 10.0; Win64; x64) AppleWebKit/537.36 (KHTML, like Gecko) Chrome/120.0.0.0 Safari/537.36"
158.158.54.131 - - [04/Aug/2026:09:44:36 +0000] "GET /ws37.php HTTP/1.1" 404 47 "-" "Mozilla/5.0 (Windows NT 10.0; Win64; x64) AppleWebKit/537.36 (KHTML, like Gecko) Chrome/120.0.0.0 Safari/537.36"
52.4.149.131 - - [04/Aug/2026:09:44:36 +0000] "POST /wp-cron.php?doing_wp_cron=1785836676.7634301185607910156250 HTTP/1.1" 499 0 "-" "WordPress/7.0.2; https://simplify.earth"
158.158.54.131 - - [04/Aug/2026:09:44:36 +0000] "GET /wp-admin/network/ HTTP/1.1" 302 5 "-" "Mozilla/5.0 (Windows NT 10.0; Win64; x64) AppleWebKit/537.36 (KHTML, like Gecko) Chrome/120.0.0.0 Safari/537.36"
158.158.54.131 - - [04/Aug/2026:09:44:36 +0000] "GET /wp.php HTTP/1.1" 404 47 "-" "Mozilla/5.0 (Windows NT 10.0; Win64; x64) AppleWebKit/537.36 (KHTML, like Gecko) Chrome/120.0.0.0 Safari/537.36"
158.158.54.131 - - [04/Aug/2026:09:44:37 +0000] "GET /manager.php HTTP/1.1" 404 47 "-" "Mozilla/5.0 (Windows NT 10.0; Win64; x64) AppleWebKit/537.36 (KHTML, like Gecko) Chrome/120.0.0.0 Safari/537.36"
158.158.54.131 - - [04/Aug/2026:09:44:37 +0000] "GET /wp-admin/js/index.php HTTP/1.1" 404 47 "-" "Mozilla/5.0 (Windows NT 10.0; Win64; x64) AppleWebKit/537.36 (KHTML, like Gecko) Chrome/120.0.0.0 Safari/537.36"
158.158.54.131 - - [04/Aug/2026:09:44:37 +0000] "GET /buy.php HTTP/1.1" 404 47 "-" "Mozilla/5.0 (Windows NT 10.0; Win64; x64) AppleWebKit/537.36 (KHTML, like Gecko) Chrome/120.0.0.0 Safari/537.36"
158.158.54.131 - - [04/Aug/2026:09:44:37 +0000] "GET /1index.php HTTP/1.1" 404 47 "-" "Mozilla/5.0 (Windows NT 10.0; Win64; x64) AppleWebKit/537.36 (KHTML, like Gecko) Chrome/120.0.0.0 Safari/537.36"
158.158.54.131 - - [04/Aug/2026:09:44:37 +0000] "GET /log.php HTTP/1.1" 404 47 "-" "Mozilla/5.0 (Windows NT 10.0; Win64; x64) AppleWebKit/537.36 (KHTML, like Gecko) Chrome/120.0.0.0 Safari/537.36"
158.158.54.131 - - [04/Aug/2026:09:44:37 +0000] "GET /1.php HTTP/1.1" 404 47 "-" "Mozilla/5.0 (Windows NT 10.0; Win64; x64) AppleWebKit/537.36 (KHTML, like Gecko) Chrome/120.0.0.0 Safari/537.36"
158.158.54.131 - - [04/Aug/2026:09:44:37 +0000] "GET /96i.php HTTP/1.1" 404 47 "-" "Mozilla/5.0 (Windows NT 10.0; Win64; x64) AppleWebKit/537.36 (KHTML, like Gecko) Chrome/120.0.0.0 Safari/537.36"
158.158.54.131 - - [04/Aug/2026:09:44:37 +0000] "GET /p.php HTTP/1.1" 404 47 "-" "Mozilla/5.0 (Windows NT 10.0; Win64; x64) AppleWebKit/537.36 (KHTML, like Gecko) Chrome/120.0.0.0 Safari/537.36"
158.158.54.131 - - [04/Aug/2026:09:44:37 +0000] "GET /wp-blog.php HTTP/1.1" 404 47 "-" "Mozilla/5.0 (Windows NT 10.0; Win64; x64) AppleWebKit/537.36 (KHTML, like Gecko) Chrome/120.0.0.0 Safari/537.36"
158.158.54.131 - - [04/Aug/2026:09:44:37 +0000] "GET /cd.php HTTP/1.1" 404 47 "-" "Mozilla/5.0 (Windows NT 10.0; Win64; x64) AppleWebKit/537.36 (KHTML, like Gecko) Chrome/120.0.0.0 Safari/537.36"
158.158.54.131 - - [04/Aug/2026:09:44:38 +0000] "GET /nw.php HTTP/1.1" 404 47 "-" "Mozilla/5.0 (Windows NT 10.0; Win64; x64) AppleWebKit/537.36 (KHTML, like Gecko) Chrome/120.0.0.0 Safari/537.36"
158.158.54.131 - - [04/Aug/2026:09:44:38 +0000] "GET /wp-includes/Requests/library/index.php HTTP/1.1" 404 47 "-" "Mozilla/5.0 (Windows NT 10.0; Win64; x64) AppleWebKit/537.36 (KHTML, like Gecko) Chrome/120.0.0.0 Safari/537.36"
158.158.54.131 - - [04/Aug/2026:09:44:38 +0000] "GET /wp-admin/js/ HTTP/1.1" 403 564 "-" "Mozilla/5.0 (Windows NT 10.0; Win64; x64) AppleWebKit/537.36 (KHTML, like Gecko) Chrome/120.0.0.0 Safari/537.36"
158.158.54.131 - - [04/Aug/2026:09:44:38 +0000] "GET /sagax1.php HTTP/1.1" 404 47 "-" "Mozilla/5.0 (Windows NT 10.0; Win64; x64) AppleWebKit/537.36 (KHTML, like Gecko) Chrome/120.0.0.0 Safari/537.36"
158.158.54.131 - - [04/Aug/2026:09:44:38 +0000] "GET /term.php HTTP/1.1" 404 47 "-" "Mozilla/5.0 (Windows NT 10.0; Win64; x64) AppleWebKit/537.36 (KHTML, like Gecko) Chrome/120.0.0.0 Safari/537.36"
158.158.54.131 - - [04/Aug/2026:09:44:38 +0000] "GET /xleet.php HTTP/1.1" 404 47 "-" "Mozilla/5.0 (Windows NT 10.0; Win64; x64) AppleWebKit/537.36 (KHTML, like Gecko) Chrome/120.0.0.0 Safari/537.36"
158.158.54.131 - - [04/Aug/2026:09:44:38 +0000] "GET /vx.php HTTP/1.1" 404 47 "-" "Mozilla/5.0 (Windows NT 10.0; Win64; x64) AppleWebKit/537.36 (KHTML, like Gecko) Chrome/120.0.0.0 Safari/537.36"
158.158.54.131 - - [04/Aug/2026:09:44:39 +0000] "GET /admin/controller/extension/ HTTP/1.1" 404 13285 "-" "Mozilla/5.0 (Windows NT 10.0; Win64; x64) AppleWebKit/537.36 (KHTML, like Gecko) Chrome/120.0.0.0 Safari/537.36"
158.158.54.131 - - [04/Aug/2026:09:44:39 +0000] "GET /wp-content/uploads/min.php HTTP/1.1" 404 47 "-" "Mozilla/5.0 (Windows NT 10.0; Win64; x64) AppleWebKit/537.36 (KHTML, like Gecko) Chrome/120.0.0.0 Safari/537.36"
158.158.54.131 - - [04/Aug/2026:09:44:39 +0000] "GET /wp-admin/ HTTP/1.1" 302 5 "-" "Mozilla/5.0 (Windows NT 10.0; Win64; x64) AppleWebKit/537.36 (KHTML, like Gecko) Chrome/120.0.0.0 Safari/537.36"
158.158.54.131 - - [04/Aug/2026:09:44:39 +0000] "GET /as.php HTTP/1.1" 404 47 "-" "Mozilla/5.0 (Windows NT 10.0; Win64; x64) AppleWebKit/537.36 (KHTML, like Gecko) Chrome/120.0.0.0 Safari/537.36"
158.158.54.131 - - [04/Aug/2026:09:44:39 +0000] "GET /rip.php HTTP/1.1" 404 47 "-" "Mozilla/5.0 (Windows NT 10.0; Win64; x64) AppleWebKit/537.36 (KHTML, like Gecko) Chrome/120.0.0.0 Safari/537.36"
158.158.54.131 - - [04/Aug/2026:09:44:39 +0000] "GET /core.php HTTP/1.1" 404 47 "-" "Mozilla/5.0 (Windows NT 10.0; Win64; x64) AppleWebKit/537.36 (KHTML, like Gecko) Chrome/120.0.0.0 Safari/537.36"
158.158.54.131 - - [04/Aug/2026:09:44:39 +0000] "GET /0.php HTTP/1.1" 404 47 "-" "Mozilla/5.0 (Windows NT 10.0; Win64; x64) AppleWebKit/537.36 (KHTML, like Gecko) Chrome/120.0.0.0 Safari/537.36"
158.158.54.131 - - [04/Aug/2026:09:44:40 +0000] "GET /wp-the.php HTTP/1.1" 404 47 "-" "Mozilla/5.0 (Windows NT 10.0; Win64; x64) AppleWebKit/537.36 (KHTML, like Gecko) Chrome/120.0.0.0 Safari/537.36"
158.158.54.131 - - [04/Aug/2026:09:44:40 +0000] "GET /wp-includes/IXR/ HTTP/1.1" 403 564 "-" "Mozilla/5.0 (Windows NT 10.0; Win64; x64) AppleWebKit/537.36 (KHTML, like Gecko) Chrome/120.0.0.0 Safari/537.36"
158.158.54.131 - - [04/Aug/2026:09:44:40 +0000] "GET /wp-admin/maint/index.php HTTP/1.1" 404 47 "-" "Mozilla/5.0 (Windows NT 10.0; Win64; x64) AppleWebKit/537.36 (KHTML, like Gecko) Chrome/120.0.0.0 Safari/537.36"
158.158.54.131 - - [04/Aug/2026:09:44:40 +0000] "GET /wp-content/admin.php HTTP/1.1" 404 47 "-" "Mozilla/5.0 (Windows NT 10.0; Win64; x64) AppleWebKit/537.36 (KHTML, like Gecko) Chrome/120.0.0.0 Safari/537.36"
158.158.54.131 - - [04/Aug/2026:09:44:40 +0000] "GET /ncx.php HTTP/1.1" 404 47 "-" "Mozilla/5.0 (Windows NT 10.0; Win64; x64) AppleWebKit/537.36 (KHTML, like Gecko) Chrome/120.0.0.0 Safari/537.36"
158.158.54.131 - - [04/Aug/2026:09:44:40 +0000] "GET /wp-includes/block-bindings/ HTTP/1.1" 403 564 "-" "Mozilla/5.0 (Windows NT 10.0; Win64; x64) AppleWebKit/537.36 (KHTML, like Gecko) Chrome/120.0.0.0 Safari/537.36"
158.158.54.131 - - [04/Aug/2026:09:44:40 +0000] "GET /wp-includes/ID3/ HTTP/1.1" 403 564 "-" "Mozilla/5.0 (Windows NT 10.0; Win64; x64) AppleWebKit/537.36 (KHTML, like Gecko) Chrome/120.0.0.0 Safari/537.36"
158.158.54.131 - - [04/Aug/2026:09:44:40 +0000] "GET /ant.php HTTP/1.1" 404 47 "-" "Mozilla/5.0 (Windows NT 10.0; Win64; x64) AppleWebKit/537.36 (KHTML, like Gecko) Chrome/120.0.0.0 Safari/537.36"
158.158.54.131 - - [04/Aug/2026:09:44:40 +0000] "GET /autoload_classmap.php HTTP/1.1" 404 47 "-" "Mozilla/5.0 (Windows NT 10.0; Win64; x64) AppleWebKit/537.36 (KHTML, like Gecko) Chrome/120.0.0.0 Safari/537.36"
158.158.54.131 - - [04/Aug/2026:09:44:40 +0000] "GET /autoload_classmap/function.php HTTP/1.1" 404 47 "-" "Mozilla/5.0 (Windows NT 10.0; Win64; x64) AppleWebKit/537.36 (KHTML, like Gecko) Chrome/120.0.0.0 Safari/537.36"
158.158.54.131 - - [04/Aug/2026:09:44:41 +0000] "GET /lock360.php HTTP/1.1" 404 47 "-" "Mozilla/5.0 (Windows NT 10.0; Win64; x64) AppleWebKit/537.36 (KHTML, like Gecko) Chrome/120.0.0.0 Safari/537.36"
158.158.54.131 - - [04/Aug/2026:09:44:41 +0000] "GET /bolt.php HTTP/1.1" 404 47 "-" "Mozilla/5.0 (Windows NT 10.0; Win64; x64) AppleWebKit/537.36 (KHTML, like Gecko) Chrome/120.0.0.0 Safari/537.36"
158.158.54.131 - - [04/Aug/2026:09:44:41 +0000] "GET /wp-content/uploads/index.php HTTP/1.1" 404 47 "-" "Mozilla/5.0 (Windows NT 10.0; Win64; x64) AppleWebKit/537.36 (KHTML, like Gecko) Chrome/120.0.0.0 Safari/537.36"
158.158.54.131 - - [04/Aug/2026:09:44:41 +0000] "GET /atex1.php HTTP/1.1" 404 47 "-" "Mozilla/5.0 (Windows NT 10.0; Win64; x64) AppleWebKit/537.36 (KHTML, like Gecko) Chrome/120.0.0.0 Safari/537.36"
158.158.54.131 - - [04/Aug/2026:09:44:41 +0000] "GET /test1.php HTTP/1.1" 404 47 "-" "Mozilla/5.0 (Windows NT 10.0; Win64; x64) AppleWebKit/537.36 (KHTML, like Gecko) Chrome/120.0.0.0 Safari/537.36"
158.158.54.131 - - [04/Aug/2026:09:44:41 +0000] "GET /images/index.php HTTP/1.1" 404 47 "-" "Mozilla/5.0 (Windows NT 10.0; Win64; x64) AppleWebKit/537.36 (KHTML, like Gecko) Chrome/120.0.0.0 Safari/537.36"
158.158.54.131 - - [04/Aug/2026:09:44:41 +0000] "GET /ws77.php HTTP/1.1" 404 47 "-" "Mozilla/5.0 (Windows NT 10.0; Win64; x64) AppleWebKit/537.36 (KHTML, like Gecko) Chrome/120.0.0.0 Safari/537.36"
158.158.54.131 - - [04/Aug/2026:09:44:41 +0000] "GET /Ov-Simple1.php HTTP/1.1" 404 47 "-" "Mozilla/5.0 (Windows NT 10.0; Win64; x64) AppleWebKit/537.36 (KHTML, like Gecko) Chrome/120.0.0.0 Safari/537.36"
158.158.54.131 - - [04/Aug/2026:09:44:42 +0000] "GET /alfa.php HTTP/1.1" 404 47 "-" "Mozilla/5.0 (Windows NT 10.0; Win64; x64) AppleWebKit/537.36 (KHTML, like Gecko) Chrome/120.0.0.0 Safari/537.36"
158.158.54.131 - - [04/Aug/2026:09:44:42 +0000] "GET /wap.php HTTP/1.1" 404 47 "-" "Mozilla/5.0 (Windows NT 10.0; Win64; x64) AppleWebKit/537.36 (KHTML, like Gecko) Chrome/120.0.0.0 Safari/537.36"
103.231.7.194 - - [04/Aug/2026:09:45:03 +0000] "GET / HTTP/1.1" 200 19955 "-" "NOC-Monitor/1.0 (+https://github.com/)"
103.231.7.194 - - [04/Aug/2026:09:45:03 +0000] "GET / HTTP/1.1" 200 19955 "-" "NOC-Monitor/1.0 (+https://github.com/)"
103.231.7.194 - - [04/Aug/2026:09:45:05 +0000] "GET / HTTP/1.1" 200 19955 "-" "NOC-Monitor/1.0 (+https://github.com/)"
52.4.149.131 - - [04/Aug/2026:09:45:06 +0000] "POST /wp-cron.php?doing_wp_cron=1785836706.3417251110076904296875 HTTP/1.1" 499 0 "-" "WordPress/7.0.2; https://simplify.earth"
103.231.7.194 - - [04/Aug/2026:09:45:06 +0000] "GET / HTTP/1.1" 200 19955 "-" "NOC-Monitor/1.0 (+https://github.com/)"
57.141.0.36 - - [04/Aug/2026:09:49:37 +0000] "GET /wp-content/uploads/2025/07/Group-1078.png HTTP/2.0" 200 4355 "-" "Mozilla/5.0 (Windows NT 10.0; Win64; x64) AppleWebKit/537.36 (KHTML, like Gecko) Chrome/145.0.0.0 Safari/537.36 (compatible; meta-externalagent/1.1 (+https://developers.facebook.com/docs/sharing/webmasters/crawler))"
52.4.149.131 - - [04/Aug/2026:09:50:05 +0000] "POST /wp-cron.php?doing_wp_cron=1785837005.7918760776519775390625 HTTP/1.1" 499 0 "-" "WordPress/7.0.2; https://simplify.earth"
103.231.7.194 - - [04/Aug/2026:09:50:05 +0000] "GET / HTTP/1.1" 200 19955 "-" "NOC-Monitor/1.0 (+https://github.com/)"
103.231.7.194 - - [04/Aug/2026:09:50:05 +0000] "GET / HTTP/1.1" 200 19955 "-" "NOC-Monitor/1.0 (+https://github.com/)"
52.4.149.131 - - [04/Aug/2026:09:50:13 +0000] "POST /wp-cron.php?doing_wp_cron=1785837013.2085690498352050781250 HTTP/1.1" 499 0 "-" "WordPress/7.0.2; https://simplify.earth"
103.231.7.194 - - [04/Aug/2026:09:50:13 +0000] "GET / HTTP/1.1" 200 19955 "-" "NOC-Monitor/1.0 (+https://github.com/)"
103.231.7.194 - - [04/Aug/2026:09:50:13 +0000] "GET / HTTP/1.1" 200 19955 "-" "NOC-Monitor/1.0 (+https://github.com/)"
52.4.149.131 - - [04/Aug/2026:09:52:19 +0000] "POST /wp-cron.php?doing_wp_cron=1785837139.9448459148406982421875 HTTP/1.1" 499 0 "-" "WordPress/7.0.2; https://simplify.earth"
66.249.66.196 - - [04/Aug/2026:09:52:19 +0000] "GET /cms-pages/privacy-policy HTTP/1.1" 301 5 "-" "Mozilla/5.0 (compatible; Googlebot/2.1; +http://www.google.com/bot.html)"
52.4.149.131 - - [04/Aug/2026:09:53:20 +0000] "POST /wp-cron.php?doing_wp_cron=1785837200.8283228874206542968750 HTTP/1.1" 499 0 "-" "WordPress/7.0.2; https://simplify.earth"
82.228.201.43 - - [04/Aug/2026:09:53:20 +0000] "GET / HTTP/1.1" 200 19955 "-" "Mozilla/5.0 (compatible; MSIE 5.0; Windows NT 11.0; Trident/3.1)"
79.112.115.247 - - [04/Aug/2026:09:53:24 +0000] "GET / HTTP/1.1" 200 19955 "-" "Opera/8.77.(X11; Linux i686; ht-HT) Presto/2.9.190 Version/11.00"
42.113.230.89 - - [04/Aug/2026:09:53:25 +0000] "GET /wp-json/ HTTP/1.1" 200 35110 "-" "Mozilla/5.0 (compatible; MSIE 9.0; Windows NT 10.0; Trident/3.0)"
66.118.6.173 - - [04/Aug/2026:09:53:25 +0000] "GET / HTTP/1.1" 200 19955 "-" "Opera/9.56.(X11; Linux x86_64; ku-TR) Presto/2.9.183 Version/10.00"
106.192.82.154 - - [04/Aug/2026:09:53:28 +0000] "GET /2026/06/04/ HTTP/1.1" 200 13531 "-" "Mozilla/5.0 (Macintosh; Intel Mac OS X 12_5_0) AppleWebKit/537.36 (KHTML, like Gecko) Chrome/132.0.6834.160 Safari/537.36"
74.109.111.5 - - [04/Aug/2026:09:53:29 +0000] "GET / HTTP/1.1" 200 19955 "-" "Mozilla/5.0 (Macintosh; U; Intel Mac OS X 10_9_6 rv:6.0; xh-ZA) AppleWebKit/535.6.6 (KHTML, like Gecko) Version/4.0 Safari/535.6.6"
14.251.185.233 - - [04/Aug/2026:09:53:47 +0000] "GET /wp-json/ HTTP/1.1" 200 35110 "-" "Mozilla/5.0 (Macintosh; Intel Mac OS X 10_12_2 rv:2.0; yue-HK) AppleWebKit/532.13.4 (KHTML, like Gecko) Version/4.0 Safari/532.13.4"
123.203.13.95 - - [04/Aug/2026:09:53:49 +0000] "GET / HTTP/1.1" 200 19955 "-" "Mozilla/5.0 (Windows NT 10.0) AppleWebKit/536.1 (KHTML, like Gecko) Chrome/35.0.855.0 Safari/536.1"
130.204.208.102 - - [04/Aug/2026:09:53:50 +0000] "GET / HTTP/1.1" 200 19955 "-" "Mozilla/5.0 (compatible; MSIE 6.0; Windows NT 4.0; Trident/4.1)"
14.231.149.51 - - [04/Aug/2026:09:53:53 +0000] "GET / HTTP/1.1" 200 19955 "-" "Mozilla/5.0 (compatible; MSIE 8.0; Windows 95; Trident/5.1)"
93.71.128.128 - - [04/Aug/2026:09:54:01 +0000] "GET /feed/ HTTP/1.1" 200 6905 "-" "Opera/8.30.(Windows NT 11.0; tt-RU) Presto/2.9.174 Version/12.00"
52.4.149.131 - - [04/Aug/2026:09:55:03 +0000] "POST /wp-cron.php?doing_wp_cron=1785837303.1556560993194580078125 HTTP/1.1" 499 0 "-" "WordPress/7.0.2; https://simplify.earth"
103.231.7.194 - - [04/Aug/2026:09:55:03 +0000] "GET / HTTP/1.1" 200 19955 "-" "NOC-Monitor/1.0 (+https://github.com/)"
103.231.7.194 - - [04/Aug/2026:09:55:03 +0000] "GET / HTTP/1.1" 200 19955 "-" "NOC-Monitor/1.0 (+https://github.com/)"
103.231.7.194 - - [04/Aug/2026:09:55:04 +0000] "GET / HTTP/1.1" 200 19955 "-" "NOC-Monitor/1.0 (+https://github.com/)"
103.231.7.194 - - [04/Aug/2026:09:55:04 +0000] "GET / HTTP/1.1" 200 19955 "-" "NOC-Monitor/1.0 (+https://github.com/)"
