130.210.38.188 - - [04/Aug/2026:12:50:49 +0000] "GET /wp-admin/index.php HTTP/1.1" 302 5 "https://earthpayments.com/wp-login.php" "Mozilla/5.0 (Macintosh; Intel Mac OS X 10_15_7) AppleWebKit/537.36 (KHTML, like Gecko) Chrome/119.0.0.0 Safari/537.36"
130.210.38.188 - - [04/Aug/2026:12:50:49 +0000] "GET /wp-login.php?redirect_to=https%3A%2F%2Fsimplify.earth%2Fwp-admin%2Findex.php&reauth=1 HTTP/1.1" 200 2318 "https://earthpayments.com/wp-login.php" "Mozilla/5.0 (Macintosh; Intel Mac OS X 10_15_7) AppleWebKit/537.36 (KHTML, like Gecko) Chrome/119.0.0.0 Safari/537.36"
130.210.38.188 - - [04/Aug/2026:12:50:50 +0000] "GET /wp-admin/index.php HTTP/1.1" 302 5 "https://earthpayments.com/wp-login.php" "Mozilla/5.0 (X11; Linux x86_64) AppleWebKit/537.36 (KHTML, like Gecko) Chrome/120.0.0.0 Safari/537.36"
130.210.38.188 - - [04/Aug/2026:12:50:50 +0000] "GET /wp-login.php?redirect_to=https%3A%2F%2Fsimplify.earth%2Fwp-admin%2Findex.php&reauth=1 HTTP/1.1" 200 2318 "https://earthpayments.com/wp-login.php" "Mozilla/5.0 (X11; Linux x86_64) AppleWebKit/537.36 (KHTML, like Gecko) Chrome/120.0.0.0 Safari/537.36"
130.210.38.188 - - [04/Aug/2026:12:50:51 +0000] "GET /wp-admin/index.php HTTP/1.1" 302 5 "https://earthpayments.com/wp-login.php" "Mozilla/5.0 (Macintosh; Intel Mac OS X 13_6_1) AppleWebKit/605.1.15 (KHTML, like Gecko) Version/17.0 Safari/605.1.15"
130.210.38.188 - - [04/Aug/2026:12:50:51 +0000] "GET /wp-login.php?redirect_to=https%3A%2F%2Fsimplify.earth%2Fwp-admin%2Findex.php&reauth=1 HTTP/1.1" 200 2318 "https://earthpayments.com/wp-login.php" "Mozilla/5.0 (Macintosh; Intel Mac OS X 13_6_1) AppleWebKit/605.1.15 (KHTML, like Gecko) Version/17.0 Safari/605.1.15"
130.210.38.188 - - [04/Aug/2026:12:50:52 +0000] "GET /wp-admin/index.php HTTP/1.1" 302 5 "https://earthpayments.com/wp-login.php" "Mozilla/5.0 (Windows NT 10.0; Win64; x64) AppleWebKit/537.36 (KHTML, like Gecko) Chrome/121.0.0.0 Safari/537.36"
130.210.38.188 - - [04/Aug/2026:12:50:52 +0000] "GET /wp-login.php?redirect_to=https%3A%2F%2Fsimplify.earth%2Fwp-admin%2Findex.php&reauth=1 HTTP/1.1" 200 2318 "https://earthpayments.com/wp-login.php" "Mozilla/5.0 (Windows NT 10.0; Win64; x64) AppleWebKit/537.36 (KHTML, like Gecko) Chrome/121.0.0.0 Safari/537.36"
130.210.38.188 - - [04/Aug/2026:12:50:53 +0000] "GET /wp-admin/index.php HTTP/1.1" 302 5 "https://earthpayments.com/wp-login.php" "Mozilla/5.0 (X11; Linux x86_64) AppleWebKit/537.36 (KHTML, like Gecko) Chrome/120.0.0.0 Safari/537.36"
130.210.38.188 - - [04/Aug/2026:12:50:53 +0000] "GET /wp-login.php?redirect_to=https%3A%2F%2Fsimplify.earth%2Fwp-admin%2Findex.php&reauth=1 HTTP/1.1" 200 2318 "https://earthpayments.com/wp-login.php" "Mozilla/5.0 (X11; Linux x86_64) AppleWebKit/537.36 (KHTML, like Gecko) Chrome/120.0.0.0 Safari/537.36"
130.210.38.188 - - [04/Aug/2026:12:50:54 +0000] "GET /wp-admin/index.php HTTP/1.1" 302 5 "https://earthpayments.com/wp-login.php" "Mozilla/5.0 (Macintosh; Intel Mac OS X 10_15_7; rv:118.0) Gecko/20100101 Firefox/118.0"
130.210.38.188 - - [04/Aug/2026:12:50:54 +0000] "GET /wp-login.php?redirect_to=https%3A%2F%2Fsimplify.earth%2Fwp-admin%2Findex.php&reauth=1 HTTP/1.1" 200 2318 "https://earthpayments.com/wp-login.php" "Mozilla/5.0 (Macintosh; Intel Mac OS X 10_15_7; rv:118.0) Gecko/20100101 Firefox/118.0"
130.210.38.188 - - [04/Aug/2026:12:50:55 +0000] "GET /wp-admin/index.php HTTP/1.1" 302 5 "https://earthpayments.com/wp-login.php" "Mozilla/5.0 (Windows NT 10.0; Win64; x64) AppleWebKit/537.36 (KHTML, like Gecko) Chrome/121.0.0.0 Safari/537.36"
130.210.38.188 - - [04/Aug/2026:12:50:55 +0000] "GET /wp-login.php?redirect_to=https%3A%2F%2Fsimplify.earth%2Fwp-admin%2Findex.php&reauth=1 HTTP/1.1" 200 2318 "https://earthpayments.com/wp-login.php" "Mozilla/5.0 (Windows NT 10.0; Win64; x64) AppleWebKit/537.36 (KHTML, like Gecko) Chrome/121.0.0.0 Safari/537.36"
130.210.38.188 - - [04/Aug/2026:12:50:55 +0000] "GET /wp-admin/index.php HTTP/1.1" 302 5 "https://earthpayments.com/wp-login.php" "Mozilla/5.0 (Windows NT 10.0; Win64; x64; rv:118.0) Gecko/20100101 Firefox/118.0"
130.210.38.188 - - [04/Aug/2026:12:50:56 +0000] "GET /wp-login.php?redirect_to=https%3A%2F%2Fsimplify.earth%2Fwp-admin%2Findex.php&reauth=1 HTTP/1.1" 200 2318 "https://earthpayments.com/wp-login.php" "Mozilla/5.0 (Windows NT 10.0; Win64; x64; rv:118.0) Gecko/20100101 Firefox/118.0"
130.210.38.188 - - [04/Aug/2026:12:50:56 +0000] "GET /wp-admin/index.php HTTP/1.1" 302 5 "https://earthpayments.com/wp-login.php" "Mozilla/5.0 (X11; Ubuntu; Linux x86_64) AppleWebKit/537.36 (KHTML, like Gecko) Chrome/121.0.0.0 Safari/537.36"
130.210.38.188 - - [04/Aug/2026:12:50:57 +0000] "GET /wp-login.php?redirect_to=https%3A%2F%2Fsimplify.earth%2Fwp-admin%2Findex.php&reauth=1 HTTP/1.1" 200 2318 "https://earthpayments.com/wp-login.php" "Mozilla/5.0 (X11; Ubuntu; Linux x86_64) AppleWebKit/537.36 (KHTML, like Gecko) Chrome/121.0.0.0 Safari/537.36"
130.210.38.188 - - [04/Aug/2026:12:50:57 +0000] "GET /wp-admin/index.php HTTP/1.1" 302 5 "https://earthpayments.com/wp-login.php" "Mozilla/5.0 (Macintosh; Intel Mac OS X 10_15_7) AppleWebKit/537.36 (KHTML, like Gecko) Chrome/118.0.0.0 Safari/537.36"
130.210.38.188 - - [04/Aug/2026:12:50:58 +0000] "GET /wp-login.php?redirect_to=https%3A%2F%2Fsimplify.earth%2Fwp-admin%2Findex.php&reauth=1 HTTP/1.1" 200 2318 "https://earthpayments.com/wp-login.php" "Mozilla/5.0 (Macintosh; Intel Mac OS X 10_15_7) AppleWebKit/537.36 (KHTML, like Gecko) Chrome/118.0.0.0 Safari/537.36"
130.210.38.188 - - [04/Aug/2026:12:50:58 +0000] "GET /wp-admin/index.php HTTP/1.1" 302 5 "https://earthpayments.com/wp-login.php" "Mozilla/5.0 (X11; Ubuntu; Linux x86_64) AppleWebKit/537.36 (KHTML, like Gecko) Chrome/121.0.0.0 Safari/537.36"
130.210.38.188 - - [04/Aug/2026:12:50:59 +0000] "GET /wp-login.php?redirect_to=https%3A%2F%2Fsimplify.earth%2Fwp-admin%2Findex.php&reauth=1 HTTP/1.1" 200 2318 "https://earthpayments.com/wp-login.php" "Mozilla/5.0 (X11; Ubuntu; Linux x86_64) AppleWebKit/537.36 (KHTML, like Gecko) Chrome/121.0.0.0 Safari/537.36"
130.210.38.188 - - [04/Aug/2026:12:50:59 +0000] "GET /wp-admin/index.php HTTP/1.1" 302 5 "https://earthpayments.com/wp-login.php" "Mozilla/5.0 (X11; Linux x86_64) AppleWebKit/537.36 (KHTML, like Gecko) Chrome/121.0.0.0 Safari/537.36"
130.210.38.188 - - [04/Aug/2026:12:51:00 +0000] "GET /wp-login.php?redirect_to=https%3A%2F%2Fsimplify.earth%2Fwp-admin%2Findex.php&reauth=1 HTTP/1.1" 200 2318 "https://earthpayments.com/wp-login.php" "Mozilla/5.0 (X11; Linux x86_64) AppleWebKit/537.36 (KHTML, like Gecko) Chrome/121.0.0.0 Safari/537.36"
130.210.38.188 - - [04/Aug/2026:12:51:00 +0000] "GET /wp-admin/index.php HTTP/1.1" 302 5 "https://earthpayments.com/wp-login.php" "Mozilla/5.0 (Macintosh; Intel Mac OS X 13_6_1) AppleWebKit/605.1.15 (KHTML, like Gecko) Version/17.2 Safari/605.1.15"
130.210.38.188 - - [04/Aug/2026:12:51:01 +0000] "GET /wp-login.php?redirect_to=https%3A%2F%2Fsimplify.earth%2Fwp-admin%2Findex.php&reauth=1 HTTP/1.1" 200 2318 "https://earthpayments.com/wp-login.php" "Mozilla/5.0 (Macintosh; Intel Mac OS X 13_6_1) AppleWebKit/605.1.15 (KHTML, like Gecko) Version/17.2 Safari/605.1.15"
130.210.38.188 - - [04/Aug/2026:12:51:01 +0000] "GET /wp-admin/index.php HTTP/1.1" 302 5 "https://earthpayments.com/wp-login.php" "Mozilla/5.0 (Macintosh; Intel Mac OS X 13_6_1) AppleWebKit/605.1.15 (KHTML, like Gecko) Version/16.6 Safari/605.1.15"
130.210.38.188 - - [04/Aug/2026:12:51:02 +0000] "GET /wp-login.php?redirect_to=https%3A%2F%2Fsimplify.earth%2Fwp-admin%2Findex.php&reauth=1 HTTP/1.1" 200 2318 "https://earthpayments.com/wp-login.php" "Mozilla/5.0 (Macintosh; Intel Mac OS X 13_6_1) AppleWebKit/605.1.15 (KHTML, like Gecko) Version/16.6 Safari/605.1.15"
130.210.38.188 - - [04/Aug/2026:12:51:02 +0000] "GET /wp-admin/index.php HTTP/1.1" 302 5 "https://earthpayments.com/wp-login.php" "Mozilla/5.0 (X11; Linux x86_64) AppleWebKit/537.36 (KHTML, like Gecko) Chrome/121.0.0.0 Safari/537.36"
130.210.38.188 - - [04/Aug/2026:12:51:03 +0000] "GET /wp-login.php?redirect_to=https%3A%2F%2Fsimplify.earth%2Fwp-admin%2Findex.php&reauth=1 HTTP/1.1" 200 2318 "https://earthpayments.com/wp-login.php" "Mozilla/5.0 (X11; Linux x86_64) AppleWebKit/537.36 (KHTML, like Gecko) Chrome/121.0.0.0 Safari/537.36"
130.210.38.188 - - [04/Aug/2026:12:51:03 +0000] "GET /wp-admin/index.php HTTP/1.1" 302 5 "https://earthpayments.com/wp-login.php" "Mozilla/5.0 (Macintosh; Intel Mac OS X 10_15_7) AppleWebKit/537.36 (KHTML, like Gecko) Chrome/120.0.0.0 Safari/537.36"
130.210.38.188 - - [04/Aug/2026:12:51:04 +0000] "GET /wp-login.php?redirect_to=https%3A%2F%2Fsimplify.earth%2Fwp-admin%2Findex.php&reauth=1 HTTP/1.1" 200 2318 "https://earthpayments.com/wp-login.php" "Mozilla/5.0 (Macintosh; Intel Mac OS X 10_15_7) AppleWebKit/537.36 (KHTML, like Gecko) Chrome/120.0.0.0 Safari/537.36"
130.210.38.188 - - [04/Aug/2026:12:51:04 +0000] "GET /wp-admin/index.php HTTP/1.1" 302 5 "https://earthpayments.com/wp-login.php" "Mozilla/5.0 (Macintosh; Intel Mac OS X 10_15_7; rv:119.0) Gecko/20100101 Firefox/119.0"
130.210.38.188 - - [04/Aug/2026:12:51:05 +0000] "GET /wp-login.php?redirect_to=https%3A%2F%2Fsimplify.earth%2Fwp-admin%2Findex.php&reauth=1 HTTP/1.1" 200 2318 "https://earthpayments.com/wp-login.php" "Mozilla/5.0 (Macintosh; Intel Mac OS X 10_15_7; rv:119.0) Gecko/20100101 Firefox/119.0"
130.210.38.188 - - [04/Aug/2026:12:51:05 +0000] "GET /wp-admin/index.php HTTP/1.1" 302 5 "https://earthpayments.com/wp-login.php" "Mozilla/5.0 (Windows NT 10.0; Win64; x64) AppleWebKit/537.36 (KHTML, like Gecko) Chrome/120.0.0.0 Safari/537.36"
130.210.38.188 - - [04/Aug/2026:12:51:05 +0000] "GET /wp-login.php?redirect_to=https%3A%2F%2Fsimplify.earth%2Fwp-admin%2Findex.php&reauth=1 HTTP/1.1" 200 2318 "https://earthpayments.com/wp-login.php" "Mozilla/5.0 (Windows NT 10.0; Win64; x64) AppleWebKit/537.36 (KHTML, like Gecko) Chrome/120.0.0.0 Safari/537.36"
52.4.149.131 - - [04/Aug/2026:12:51:06 +0000] "POST /wp-cron.php?doing_wp_cron=1785847866.6563580036163330078125 HTTP/1.1" 499 0 "-" "WordPress/7.0.2; https://simplify.earth"
130.210.38.188 - - [04/Aug/2026:12:51:06 +0000] "GET /wp-admin/index.php HTTP/1.1" 302 5 "https://earthpayments.com/wp-login.php" "Mozilla/5.0 (Windows NT 10.0; Win64; x64) AppleWebKit/537.36 (KHTML, like Gecko) Chrome/120.0.0.0 Safari/537.36"
49.12.64.136 - - [04/Aug/2026:12:51:06 +0000] "GET /wp-login.php HTTP/2.0" 200 2295 "https://earthpayments.com/" "Mozilla/5.0 (Windows NT 10.0; Win64; x64) AppleWebKit/537.36 (KHTML, like Gecko) Chrome/150.0.0.0 Safari/537.36"
130.210.38.188 - - [04/Aug/2026:12:51:06 +0000] "GET /wp-login.php?redirect_to=https%3A%2F%2Fsimplify.earth%2Fwp-admin%2Findex.php&reauth=1 HTTP/1.1" 200 2318 "https://earthpayments.com/wp-login.php" "Mozilla/5.0 (Windows NT 10.0; Win64; x64) AppleWebKit/537.36 (KHTML, like Gecko) Chrome/120.0.0.0 Safari/537.36"
130.210.38.188 - - [04/Aug/2026:12:51:07 +0000] "GET /wp-admin/index.php HTTP/1.1" 302 5 "https://earthpayments.com/wp-login.php" "Mozilla/5.0 (Windows NT 11.0; Win64; x64) AppleWebKit/537.36 (KHTML, like Gecko) Chrome/121.0.0.0 Safari/537.36"
130.210.38.188 - - [04/Aug/2026:12:51:07 +0000] "GET /wp-login.php?redirect_to=https%3A%2F%2Fsimplify.earth%2Fwp-admin%2Findex.php&reauth=1 HTTP/1.1" 200 2318 "https://earthpayments.com/wp-login.php" "Mozilla/5.0 (Windows NT 11.0; Win64; x64) AppleWebKit/537.36 (KHTML, like Gecko) Chrome/121.0.0.0 Safari/537.36"
130.210.38.188 - - [04/Aug/2026:12:51:08 +0000] "GET /wp-admin/index.php HTTP/1.1" 302 5 "https://earthpayments.com/wp-login.php" "Mozilla/5.0 (Macintosh; Intel Mac OS X 13_6_1) AppleWebKit/605.1.15 (KHTML, like Gecko) Version/17.0 Safari/605.1.15"
130.210.38.188 - - [04/Aug/2026:12:51:08 +0000] "GET /wp-login.php?redirect_to=https%3A%2F%2Fsimplify.earth%2Fwp-admin%2Findex.php&reauth=1 HTTP/1.1" 200 2318 "https://earthpayments.com/wp-login.php" "Mozilla/5.0 (Macintosh; Intel Mac OS X 13_6_1) AppleWebKit/605.1.15 (KHTML, like Gecko) Version/17.0 Safari/605.1.15"
130.210.38.188 - - [04/Aug/2026:12:51:09 +0000] "GET /wp-admin/index.php HTTP/1.1" 302 5 "https://earthpayments.com/wp-login.php" "Mozilla/5.0 (Macintosh; Intel Mac OS X 13_6_1; rv:119.0) Gecko/20100101 Firefox/119.0"
130.210.38.188 - - [04/Aug/2026:12:51:09 +0000] "GET /wp-login.php?redirect_to=https%3A%2F%2Fsimplify.earth%2Fwp-admin%2Findex.php&reauth=1 HTTP/1.1" 200 2318 "https://earthpayments.com/wp-login.php" "Mozilla/5.0 (Macintosh; Intel Mac OS X 13_6_1; rv:119.0) Gecko/20100101 Firefox/119.0"
130.210.38.188 - - [04/Aug/2026:12:51:10 +0000] "GET /wp-admin/index.php HTTP/1.1" 302 5 "https://earthpayments.com/wp-login.php" "Mozilla/5.0 (X11; Linux x86_64) AppleWebKit/537.36 (KHTML, like Gecko) Chrome/119.0.0.0 Safari/537.36"
130.210.38.188 - - [04/Aug/2026:12:51:11 +0000] "GET /wp-login.php?redirect_to=https%3A%2F%2Fsimplify.earth%2Fwp-admin%2Findex.php&reauth=1 HTTP/1.1" 200 2318 "https://earthpayments.com/wp-login.php" "Mozilla/5.0 (X11; Linux x86_64) AppleWebKit/537.36 (KHTML, like Gecko) Chrome/119.0.0.0 Safari/537.36"
130.210.38.188 - - [04/Aug/2026:12:51:11 +0000] "GET /wp-admin/index.php HTTP/1.1" 302 5 "https://earthpayments.com/wp-login.php" "Mozilla/5.0 (X11; Ubuntu; Linux x86_64) AppleWebKit/537.36 (KHTML, like Gecko) Chrome/120.0.0.0 Safari/537.36"
130.210.38.188 - - [04/Aug/2026:12:51:12 +0000] "GET /wp-login.php?redirect_to=https%3A%2F%2Fsimplify.earth%2Fwp-admin%2Findex.php&reauth=1 HTTP/1.1" 200 2318 "https://earthpayments.com/wp-login.php" "Mozilla/5.0 (X11; Ubuntu; Linux x86_64) AppleWebKit/537.36 (KHTML, like Gecko) Chrome/120.0.0.0 Safari/537.36"
130.210.38.188 - - [04/Aug/2026:12:51:12 +0000] "GET /wp-admin/index.php HTTP/1.1" 302 5 "https://earthpayments.com/wp-login.php" "Mozilla/5.0 (Macintosh; Intel Mac OS X 10_15_7; rv:120.0) Gecko/20100101 Firefox/120.0"
130.210.38.188 - - [04/Aug/2026:12:51:13 +0000] "GET /wp-login.php?redirect_to=https%3A%2F%2Fsimplify.earth%2Fwp-admin%2Findex.php&reauth=1 HTTP/1.1" 200 2318 "https://earthpayments.com/wp-login.php" "Mozilla/5.0 (Macintosh; Intel Mac OS X 10_15_7; rv:120.0) Gecko/20100101 Firefox/120.0"
130.210.38.188 - - [04/Aug/2026:12:51:13 +0000] "GET /wp-admin/index.php HTTP/1.1" 302 5 "https://earthpayments.com/wp-login.php" "Mozilla/5.0 (Macintosh; Intel Mac OS X 10_15_7) AppleWebKit/537.36 (KHTML, like Gecko) Chrome/121.0.0.0 Safari/537.36"
130.210.38.188 - - [04/Aug/2026:12:51:14 +0000] "GET /wp-login.php?redirect_to=https%3A%2F%2Fsimplify.earth%2Fwp-admin%2Findex.php&reauth=1 HTTP/1.1" 200 2318 "https://earthpayments.com/wp-login.php" "Mozilla/5.0 (Macintosh; Intel Mac OS X 10_15_7) AppleWebKit/537.36 (KHTML, like Gecko) Chrome/121.0.0.0 Safari/537.36"
130.210.38.188 - - [04/Aug/2026:12:51:14 +0000] "GET /wp-admin/index.php HTTP/1.1" 302 5 "https://earthpayments.com/wp-login.php" "Mozilla/5.0 (Macintosh; Intel Mac OS X 10_15_7) AppleWebKit/605.1.15 (KHTML, like Gecko) Version/17.0 Safari/605.1.15"
130.210.38.188 - - [04/Aug/2026:12:51:15 +0000] "GET /wp-login.php?redirect_to=https%3A%2F%2Fsimplify.earth%2Fwp-admin%2Findex.php&reauth=1 HTTP/1.1" 200 2318 "https://earthpayments.com/wp-login.php" "Mozilla/5.0 (Macintosh; Intel Mac OS X 10_15_7) AppleWebKit/605.1.15 (KHTML, like Gecko) Version/17.0 Safari/605.1.15"
130.210.38.188 - - [04/Aug/2026:12:51:15 +0000] "GET /wp-admin/index.php HTTP/1.1" 302 5 "https://earthpayments.com/wp-login.php" "Mozilla/5.0 (Macintosh; Intel Mac OS X 13_6_1; rv:121.0) Gecko/20100101 Firefox/121.0"
130.210.38.188 - - [04/Aug/2026:12:51:16 +0000] "GET /wp-login.php?redirect_to=https%3A%2F%2Fsimplify.earth%2Fwp-admin%2Findex.php&reauth=1 HTTP/1.1" 200 2318 "https://earthpayments.com/wp-login.php" "Mozilla/5.0 (Macintosh; Intel Mac OS X 13_6_1; rv:121.0) Gecko/20100101 Firefox/121.0"
130.210.38.188 - - [04/Aug/2026:12:51:16 +0000] "GET /wp-admin/index.php HTTP/1.1" 302 5 "https://earthpayments.com/wp-login.php" "Mozilla/5.0 (Macintosh; Intel Mac OS X 13_6_1) AppleWebKit/605.1.15 (KHTML, like Gecko) Version/17.2 Safari/605.1.15"
130.210.38.188 - - [04/Aug/2026:12:51:17 +0000] "GET /wp-login.php?redirect_to=https%3A%2F%2Fsimplify.earth%2Fwp-admin%2Findex.php&reauth=1 HTTP/1.1" 200 2318 "https://earthpayments.com/wp-login.php" "Mozilla/5.0 (Macintosh; Intel Mac OS X 13_6_1) AppleWebKit/605.1.15 (KHTML, like Gecko) Version/17.2 Safari/605.1.15"
130.210.38.188 - - [04/Aug/2026:12:51:17 +0000] "GET /wp-admin/index.php HTTP/1.1" 302 5 "https://earthpayments.com/wp-login.php" "Mozilla/5.0 (Macintosh; Intel Mac OS X 10_15_7; rv:121.0) Gecko/20100101 Firefox/121.0"
130.210.38.188 - - [04/Aug/2026:12:51:18 +0000] "GET /wp-login.php?redirect_to=https%3A%2F%2Fsimplify.earth%2Fwp-admin%2Findex.php&reauth=1 HTTP/1.1" 200 2318 "https://earthpayments.com/wp-login.php" "Mozilla/5.0 (Macintosh; Intel Mac OS X 10_15_7; rv:121.0) Gecko/20100101 Firefox/121.0"
130.210.38.188 - - [04/Aug/2026:12:51:18 +0000] "GET /wp-admin/index.php HTTP/1.1" 302 5 "https://earthpayments.com/wp-login.php" "Mozilla/5.0 (Macintosh; Intel Mac OS X 13_6_1; rv:121.0) Gecko/20100101 Firefox/121.0"
130.210.38.188 - - [04/Aug/2026:12:51:18 +0000] "GET /wp-login.php?redirect_to=https%3A%2F%2Fsimplify.earth%2Fwp-admin%2Findex.php&reauth=1 HTTP/1.1" 200 2318 "https://earthpayments.com/wp-login.php" "Mozilla/5.0 (Macintosh; Intel Mac OS X 13_6_1; rv:121.0) Gecko/20100101 Firefox/121.0"
130.210.38.188 - - [04/Aug/2026:12:51:19 +0000] "GET /wp-admin/index.php HTTP/1.1" 302 5 "https://earthpayments.com/wp-login.php" "Mozilla/5.0 (Macintosh; Intel Mac OS X 13_6_1) AppleWebKit/537.36 (KHTML, like Gecko) Chrome/121.0.0.0 Safari/537.36"
130.210.38.188 - - [04/Aug/2026:12:51:19 +0000] "GET /wp-login.php?redirect_to=https%3A%2F%2Fsimplify.earth%2Fwp-admin%2Findex.php&reauth=1 HTTP/1.1" 200 2318 "https://earthpayments.com/wp-login.php" "Mozilla/5.0 (Macintosh; Intel Mac OS X 13_6_1) AppleWebKit/537.36 (KHTML, like Gecko) Chrome/121.0.0.0 Safari/537.36"
130.210.38.188 - - [04/Aug/2026:12:51:20 +0000] "GET /wp-admin/index.php HTTP/1.1" 302 5 "https://earthpayments.com/wp-login.php" "Mozilla/5.0 (Windows NT 10.0; Win64; x64; rv:120.0) Gecko/20100101 Firefox/120.0"
130.210.38.188 - - [04/Aug/2026:12:51:20 +0000] "GET /wp-login.php?redirect_to=https%3A%2F%2Fsimplify.earth%2Fwp-admin%2Findex.php&reauth=1 HTTP/1.1" 200 2318 "https://earthpayments.com/wp-login.php" "Mozilla/5.0 (Windows NT 10.0; Win64; x64; rv:120.0) Gecko/20100101 Firefox/120.0"
130.210.38.188 - - [04/Aug/2026:12:51:21 +0000] "GET /wp-admin/index.php HTTP/1.1" 302 5 "https://earthpayments.com/wp-login.php" "Mozilla/5.0 (Macintosh; Intel Mac OS X 13_6_1) AppleWebKit/605.1.15 (KHTML, like Gecko) Version/17.2 Safari/605.1.15"
130.210.38.188 - - [04/Aug/2026:12:51:21 +0000] "GET /wp-login.php?redirect_to=https%3A%2F%2Fsimplify.earth%2Fwp-admin%2Findex.php&reauth=1 HTTP/1.1" 200 2318 "https://earthpayments.com/wp-login.php" "Mozilla/5.0 (Macintosh; Intel Mac OS X 13_6_1) AppleWebKit/605.1.15 (KHTML, like Gecko) Version/17.2 Safari/605.1.15"
130.210.38.188 - - [04/Aug/2026:12:51:22 +0000] "GET /wp-admin/index.php HTTP/1.1" 302 5 "https://earthpayments.com/wp-login.php" "Mozilla/5.0 (Macintosh; Intel Mac OS X 13_6_1) AppleWebKit/537.36 (KHTML, like Gecko) Chrome/118.0.0.0 Safari/537.36"
130.210.38.188 - - [04/Aug/2026:12:51:22 +0000] "GET /wp-login.php?redirect_to=https%3A%2F%2Fsimplify.earth%2Fwp-admin%2Findex.php&reauth=1 HTTP/1.1" 200 2318 "https://earthpayments.com/wp-login.php" "Mozilla/5.0 (Macintosh; Intel Mac OS X 13_6_1) AppleWebKit/537.36 (KHTML, like Gecko) Chrome/118.0.0.0 Safari/537.36"
130.210.38.188 - - [04/Aug/2026:12:51:23 +0000] "GET /wp-admin/index.php HTTP/1.1" 302 5 "https://earthpayments.com/wp-login.php" "Mozilla/5.0 (Windows NT 10.0; Win64; x64; rv:120.0) Gecko/20100101 Firefox/120.0"
130.210.38.188 - - [04/Aug/2026:12:51:23 +0000] "GET /wp-login.php?redirect_to=https%3A%2F%2Fsimplify.earth%2Fwp-admin%2Findex.php&reauth=1 HTTP/1.1" 200 2318 "https://earthpayments.com/wp-login.php" "Mozilla/5.0 (Windows NT 10.0; Win64; x64; rv:120.0) Gecko/20100101 Firefox/120.0"
130.210.38.188 - - [04/Aug/2026:12:51:24 +0000] "GET /wp-admin/index.php HTTP/1.1" 302 5 "https://earthpayments.com/wp-login.php" "Mozilla/5.0 (Macintosh; Intel Mac OS X 10_15_7) AppleWebKit/605.1.15 (KHTML, like Gecko) Version/17.0 Safari/605.1.15"
130.210.38.188 - - [04/Aug/2026:12:51:24 +0000] "GET /wp-login.php?redirect_to=https%3A%2F%2Fsimplify.earth%2Fwp-admin%2Findex.php&reauth=1 HTTP/1.1" 200 2318 "https://earthpayments.com/wp-login.php" "Mozilla/5.0 (Macintosh; Intel Mac OS X 10_15_7) AppleWebKit/605.1.15 (KHTML, like Gecko) Version/17.0 Safari/605.1.15"
130.210.38.188 - - [04/Aug/2026:12:51:25 +0000] "GET /wp-admin/index.php HTTP/1.1" 302 5 "https://earthpayments.com/wp-login.php" "Mozilla/5.0 (Windows NT 11.0; Win64; x64; rv:121.0) Gecko/20100101 Firefox/121.0"
130.210.38.188 - - [04/Aug/2026:12:51:25 +0000] "GET /wp-login.php?redirect_to=https%3A%2F%2Fsimplify.earth%2Fwp-admin%2Findex.php&reauth=1 HTTP/1.1" 200 2318 "https://earthpayments.com/wp-login.php" "Mozilla/5.0 (Windows NT 11.0; Win64; x64; rv:121.0) Gecko/20100101 Firefox/121.0"
130.210.38.188 - - [04/Aug/2026:12:51:26 +0000] "GET /wp-admin/index.php HTTP/1.1" 302 5 "https://earthpayments.com/wp-login.php" "Mozilla/5.0 (X11; Linux x86_64) AppleWebKit/537.36 (KHTML, like Gecko) Chrome/120.0.0.0 Safari/537.36"
130.210.38.188 - - [04/Aug/2026:12:51:26 +0000] "GET /wp-login.php?redirect_to=https%3A%2F%2Fsimplify.earth%2Fwp-admin%2Findex.php&reauth=1 HTTP/1.1" 200 2318 "https://earthpayments.com/wp-login.php" "Mozilla/5.0 (X11; Linux x86_64) AppleWebKit/537.36 (KHTML, like Gecko) Chrome/120.0.0.0 Safari/537.36"
130.210.38.188 - - [04/Aug/2026:12:51:27 +0000] "GET /wp-admin/index.php HTTP/1.1" 302 5 "https://earthpayments.com/wp-login.php" "Mozilla/5.0 (Macintosh; Intel Mac OS X 10_15_7) AppleWebKit/605.1.15 (KHTML, like Gecko) Version/17.2 Safari/605.1.15"
130.210.38.188 - - [04/Aug/2026:12:51:27 +0000] "GET /wp-login.php?redirect_to=https%3A%2F%2Fsimplify.earth%2Fwp-admin%2Findex.php&reauth=1 HTTP/1.1" 200 2318 "https://earthpayments.com/wp-login.php" "Mozilla/5.0 (Macintosh; Intel Mac OS X 10_15_7) AppleWebKit/605.1.15 (KHTML, like Gecko) Version/17.2 Safari/605.1.15"
130.210.38.188 - - [04/Aug/2026:12:51:28 +0000] "GET /wp-admin/index.php HTTP/1.1" 302 5 "https://earthpayments.com/wp-login.php" "Mozilla/5.0 (Windows NT 10.0; Win64; x64) AppleWebKit/537.36 (KHTML, like Gecko) Chrome/120.0.0.0 Safari/537.36"
130.210.38.188 - - [04/Aug/2026:12:51:28 +0000] "GET /wp-login.php?redirect_to=https%3A%2F%2Fsimplify.earth%2Fwp-admin%2Findex.php&reauth=1 HTTP/1.1" 200 2318 "https://earthpayments.com/wp-login.php" "Mozilla/5.0 (Windows NT 10.0; Win64; x64) AppleWebKit/537.36 (KHTML, like Gecko) Chrome/120.0.0.0 Safari/537.36"
130.210.38.188 - - [04/Aug/2026:12:51:29 +0000] "GET /wp-admin/index.php HTTP/1.1" 302 5 "https://earthpayments.com/wp-login.php" "Mozilla/5.0 (Windows NT 11.0; Win64; x64; rv:121.0) Gecko/20100101 Firefox/121.0"
130.210.38.188 - - [04/Aug/2026:12:51:29 +0000] "GET /wp-login.php?redirect_to=https%3A%2F%2Fsimplify.earth%2Fwp-admin%2Findex.php&reauth=1 HTTP/1.1" 200 2318 "https://earthpayments.com/wp-login.php" "Mozilla/5.0 (Windows NT 11.0; Win64; x64; rv:121.0) Gecko/20100101 Firefox/121.0"
130.210.38.188 - - [04/Aug/2026:12:51:30 +0000] "GET /wp-admin/index.php HTTP/1.1" 302 5 "https://earthpayments.com/wp-login.php" "Mozilla/5.0 (Windows NT 11.0; Win64; x64) AppleWebKit/537.36 (KHTML, like Gecko) Chrome/119.0.0.0 Safari/537.36"
130.210.38.188 - - [04/Aug/2026:12:51:30 +0000] "GET /wp-login.php?redirect_to=https%3A%2F%2Fsimplify.earth%2Fwp-admin%2Findex.php&reauth=1 HTTP/1.1" 200 2318 "https://earthpayments.com/wp-login.php" "Mozilla/5.0 (Windows NT 11.0; Win64; x64) AppleWebKit/537.36 (KHTML, like Gecko) Chrome/119.0.0.0 Safari/537.36"
130.210.38.188 - - [04/Aug/2026:12:51:31 +0000] "GET /wp-admin/index.php HTTP/1.1" 302 5 "https://earthpayments.com/wp-login.php" "Mozilla/5.0 (Macintosh; Intel Mac OS X 10_15_7) AppleWebKit/605.1.15 (KHTML, like Gecko) Version/17.1 Safari/605.1.15"
130.210.38.188 - - [04/Aug/2026:12:51:31 +0000] "GET /wp-login.php?redirect_to=https%3A%2F%2Fsimplify.earth%2Fwp-admin%2Findex.php&reauth=1 HTTP/1.1" 200 2318 "https://earthpayments.com/wp-login.php" "Mozilla/5.0 (Macintosh; Intel Mac OS X 10_15_7) AppleWebKit/605.1.15 (KHTML, like Gecko) Version/17.1 Safari/605.1.15"
130.210.38.188 - - [04/Aug/2026:12:51:32 +0000] "GET /wp-admin/index.php HTTP/1.1" 302 5 "https://earthpayments.com/wp-login.php" "Mozilla/5.0 (Windows NT 11.0; Win64; x64; rv:119.0) Gecko/20100101 Firefox/119.0"
130.210.38.188 - - [04/Aug/2026:12:51:32 +0000] "GET /wp-login.php?redirect_to=https%3A%2F%2Fsimplify.earth%2Fwp-admin%2Findex.php&reauth=1 HTTP/1.1" 200 2318 "https://earthpayments.com/wp-login.php" "Mozilla/5.0 (Windows NT 11.0; Win64; x64; rv:119.0) Gecko/20100101 Firefox/119.0"
130.210.38.188 - - [04/Aug/2026:12:51:33 +0000] "GET /wp-admin/index.php HTTP/1.1" 302 5 "https://earthpayments.com/wp-login.php" "Mozilla/5.0 (Macintosh; Intel Mac OS X 10_15_7) AppleWebKit/537.36 (KHTML, like Gecko) Chrome/121.0.0.0 Safari/537.36"
130.210.38.188 - - [04/Aug/2026:12:51:33 +0000] "GET /wp-login.php?redirect_to=https%3A%2F%2Fsimplify.earth%2Fwp-admin%2Findex.php&reauth=1 HTTP/1.1" 200 2318 "https://earthpayments.com/wp-login.php" "Mozilla/5.0 (Macintosh; Intel Mac OS X 10_15_7) AppleWebKit/537.36 (KHTML, like Gecko) Chrome/121.0.0.0 Safari/537.36"
130.210.38.188 - - [04/Aug/2026:12:51:34 +0000] "GET /wp-admin/index.php HTTP/1.1" 302 5 "https://earthpayments.com/wp-login.php" "Mozilla/5.0 (Windows NT 11.0; Win64; x64) AppleWebKit/537.36 (KHTML, like Gecko) Chrome/118.0.0.0 Safari/537.36"
130.210.38.188 - - [04/Aug/2026:12:51:34 +0000] "GET /wp-login.php?redirect_to=https%3A%2F%2Fsimplify.earth%2Fwp-admin%2Findex.php&reauth=1 HTTP/1.1" 200 2318 "https://earthpayments.com/wp-login.php" "Mozilla/5.0 (Windows NT 11.0; Win64; x64) AppleWebKit/537.36 (KHTML, like Gecko) Chrome/118.0.0.0 Safari/537.36"
130.210.38.188 - - [04/Aug/2026:12:51:35 +0000] "GET /wp-admin/index.php HTTP/1.1" 302 5 "https://earthpayments.com/wp-login.php" "Mozilla/5.0 (Windows NT 11.0; Win64; x64; rv:121.0) Gecko/20100101 Firefox/121.0"
130.210.38.188 - - [04/Aug/2026:12:51:35 +0000] "GET /wp-login.php?redirect_to=https%3A%2F%2Fsimplify.earth%2Fwp-admin%2Findex.php&reauth=1 HTTP/1.1" 200 2318 "https://earthpayments.com/wp-login.php" "Mozilla/5.0 (Windows NT 11.0; Win64; x64; rv:121.0) Gecko/20100101 Firefox/121.0"
130.210.38.188 - - [04/Aug/2026:12:51:36 +0000] "GET /wp-admin/index.php HTTP/1.1" 302 5 "https://earthpayments.com/wp-login.php" "Mozilla/5.0 (Windows NT 11.0; Win64; x64; rv:118.0) Gecko/20100101 Firefox/118.0"
130.210.38.188 - - [04/Aug/2026:12:51:36 +0000] "GET /wp-login.php?redirect_to=https%3A%2F%2Fsimplify.earth%2Fwp-admin%2Findex.php&reauth=1 HTTP/1.1" 200 2318 "https://earthpayments.com/wp-login.php" "Mozilla/5.0 (Windows NT 11.0; Win64; x64; rv:118.0) Gecko/20100101 Firefox/118.0"
130.210.38.188 - - [04/Aug/2026:12:51:37 +0000] "GET /wp-admin/index.php HTTP/1.1" 302 5 "https://earthpayments.com/wp-login.php" "Mozilla/5.0 (Macintosh; Intel Mac OS X 13_6_1) AppleWebKit/605.1.15 (KHTML, like Gecko) Version/17.1 Safari/605.1.15"
130.210.38.188 - - [04/Aug/2026:12:51:37 +0000] "GET /wp-login.php?redirect_to=https%3A%2F%2Fsimplify.earth%2Fwp-admin%2Findex.php&reauth=1 HTTP/1.1" 200 2318 "https://earthpayments.com/wp-login.php" "Mozilla/5.0 (Macintosh; Intel Mac OS X 13_6_1) AppleWebKit/605.1.15 (KHTML, like Gecko) Version/17.1 Safari/605.1.15"
130.210.38.188 - - [04/Aug/2026:12:51:38 +0000] "GET /wp-admin/index.php HTTP/1.1" 302 5 "https://earthpayments.com/wp-login.php" "Mozilla/5.0 (Windows NT 11.0; Win64; x64; rv:121.0) Gecko/20100101 Firefox/121.0"
130.210.38.188 - - [04/Aug/2026:12:51:38 +0000] "GET /wp-login.php?redirect_to=https%3A%2F%2Fsimplify.earth%2Fwp-admin%2Findex.php&reauth=1 HTTP/1.1" 200 2318 "https://earthpayments.com/wp-login.php" "Mozilla/5.0 (Windows NT 11.0; Win64; x64; rv:121.0) Gecko/20100101 Firefox/121.0"
130.210.38.188 - - [04/Aug/2026:12:51:39 +0000] "GET /wp-admin/index.php HTTP/1.1" 302 5 "https://earthpayments.com/wp-login.php" "Mozilla/5.0 (Macintosh; Intel Mac OS X 13_6_1) AppleWebKit/605.1.15 (KHTML, like Gecko) Version/16.6 Safari/605.1.15"
130.210.38.188 - - [04/Aug/2026:12:51:39 +0000] "GET /wp-login.php?redirect_to=https%3A%2F%2Fsimplify.earth%2Fwp-admin%2Findex.php&reauth=1 HTTP/1.1" 200 2318 "https://earthpayments.com/wp-login.php" "Mozilla/5.0 (Macintosh; Intel Mac OS X 13_6_1) AppleWebKit/605.1.15 (KHTML, like Gecko) Version/16.6 Safari/605.1.15"
130.210.38.188 - - [04/Aug/2026:12:51:39 +0000] "GET /wp-admin/index.php HTTP/1.1" 302 5 "https://earthpayments.com/wp-login.php" "Mozilla/5.0 (Windows NT 10.0; Win64; x64) AppleWebKit/537.36 (KHTML, like Gecko) Chrome/118.0.0.0 Safari/537.36"
130.210.38.188 - - [04/Aug/2026:12:51:40 +0000] "GET /wp-login.php?redirect_to=https%3A%2F%2Fsimplify.earth%2Fwp-admin%2Findex.php&reauth=1 HTTP/1.1" 200 2318 "https://earthpayments.com/wp-login.php" "Mozilla/5.0 (Windows NT 10.0; Win64; x64) AppleWebKit/537.36 (KHTML, like Gecko) Chrome/118.0.0.0 Safari/537.36"
130.210.38.188 - - [04/Aug/2026:12:51:40 +0000] "GET /wp-admin/index.php HTTP/1.1" 302 5 "https://earthpayments.com/wp-login.php" "Mozilla/5.0 (Macintosh; Intel Mac OS X 13_6_1; rv:121.0) Gecko/20100101 Firefox/121.0"
130.210.38.188 - - [04/Aug/2026:12:51:41 +0000] "GET /wp-login.php?redirect_to=https%3A%2F%2Fsimplify.earth%2Fwp-admin%2Findex.php&reauth=1 HTTP/1.1" 200 2318 "https://earthpayments.com/wp-login.php" "Mozilla/5.0 (Macintosh; Intel Mac OS X 13_6_1; rv:121.0) Gecko/20100101 Firefox/121.0"
130.210.38.188 - - [04/Aug/2026:12:51:41 +0000] "GET /wp-admin/index.php HTTP/1.1" 302 5 "https://earthpayments.com/wp-login.php" "Mozilla/5.0 (Macintosh; Intel Mac OS X 13_6_1) AppleWebKit/537.36 (KHTML, like Gecko) Chrome/121.0.0.0 Safari/537.36"
130.210.38.188 - - [04/Aug/2026:12:51:42 +0000] "GET /wp-login.php?redirect_to=https%3A%2F%2Fsimplify.earth%2Fwp-admin%2Findex.php&reauth=1 HTTP/1.1" 200 2318 "https://earthpayments.com/wp-login.php" "Mozilla/5.0 (Macintosh; Intel Mac OS X 13_6_1) AppleWebKit/537.36 (KHTML, like Gecko) Chrome/121.0.0.0 Safari/537.36"
130.210.38.188 - - [04/Aug/2026:12:51:42 +0000] "GET /wp-admin/index.php HTTP/1.1" 302 5 "https://earthpayments.com/wp-login.php" "Mozilla/5.0 (Windows NT 10.0; Win64; x64; rv:120.0) Gecko/20100101 Firefox/120.0"
130.210.38.188 - - [04/Aug/2026:12:51:43 +0000] "GET /wp-login.php?redirect_to=https%3A%2F%2Fsimplify.earth%2Fwp-admin%2Findex.php&reauth=1 HTTP/1.1" 200 2318 "https://earthpayments.com/wp-login.php" "Mozilla/5.0 (Windows NT 10.0; Win64; x64; rv:120.0) Gecko/20100101 Firefox/120.0"
130.210.38.188 - - [04/Aug/2026:12:51:43 +0000] "GET /wp-admin/index.php HTTP/1.1" 302 5 "https://earthpayments.com/wp-login.php" "Mozilla/5.0 (Windows NT 10.0; Win64; x64) AppleWebKit/537.36 (KHTML, like Gecko) Chrome/120.0.0.0 Safari/537.36"
130.210.38.188 - - [04/Aug/2026:12:51:44 +0000] "GET /wp-login.php?redirect_to=https%3A%2F%2Fsimplify.earth%2Fwp-admin%2Findex.php&reauth=1 HTTP/1.1" 200 2318 "https://earthpayments.com/wp-login.php" "Mozilla/5.0 (Windows NT 10.0; Win64; x64) AppleWebKit/537.36 (KHTML, like Gecko) Chrome/120.0.0.0 Safari/537.36"
130.210.38.188 - - [04/Aug/2026:12:51:44 +0000] "GET /wp-admin/index.php HTTP/1.1" 302 5 "https://earthpayments.com/wp-login.php" "Mozilla/5.0 (X11; Linux x86_64) AppleWebKit/537.36 (KHTML, like Gecko) Chrome/120.0.0.0 Safari/537.36"
130.210.38.188 - - [04/Aug/2026:12:51:45 +0000] "GET /wp-login.php?redirect_to=https%3A%2F%2Fsimplify.earth%2Fwp-admin%2Findex.php&reauth=1 HTTP/1.1" 200 2318 "https://earthpayments.com/wp-login.php" "Mozilla/5.0 (X11; Linux x86_64) AppleWebKit/537.36 (KHTML, like Gecko) Chrome/120.0.0.0 Safari/537.36"
130.210.38.188 - - [04/Aug/2026:12:51:45 +0000] "GET /wp-admin/index.php HTTP/1.1" 302 5 "https://earthpayments.com/wp-login.php" "Mozilla/5.0 (Windows NT 10.0; Win64; x64) AppleWebKit/537.36 (KHTML, like Gecko) Chrome/118.0.0.0 Safari/537.36"
130.210.38.188 - - [04/Aug/2026:12:51:46 +0000] "GET /wp-login.php?redirect_to=https%3A%2F%2Fsimplify.earth%2Fwp-admin%2Findex.php&reauth=1 HTTP/1.1" 200 2318 "https://earthpayments.com/wp-login.php" "Mozilla/5.0 (Windows NT 10.0; Win64; x64) AppleWebKit/537.36 (KHTML, like Gecko) Chrome/118.0.0.0 Safari/537.36"
130.210.38.188 - - [04/Aug/2026:12:51:46 +0000] "GET /wp-admin/index.php HTTP/1.1" 302 5 "https://earthpayments.com/wp-login.php" "Mozilla/5.0 (Macintosh; Intel Mac OS X 13_6_1) AppleWebKit/605.1.15 (KHTML, like Gecko) Version/16.6 Safari/605.1.15"
130.210.38.188 - - [04/Aug/2026:12:51:47 +0000] "GET /wp-login.php?redirect_to=https%3A%2F%2Fsimplify.earth%2Fwp-admin%2Findex.php&reauth=1 HTTP/1.1" 200 2318 "https://earthpayments.com/wp-login.php" "Mozilla/5.0 (Macintosh; Intel Mac OS X 13_6_1) AppleWebKit/605.1.15 (KHTML, like Gecko) Version/16.6 Safari/605.1.15"
130.210.38.188 - - [04/Aug/2026:12:51:47 +0000] "GET /wp-admin/index.php HTTP/1.1" 302 5 "https://earthpayments.com/wp-login.php" "Mozilla/5.0 (Macintosh; Intel Mac OS X 10_15_7) AppleWebKit/605.1.15 (KHTML, like Gecko) Version/17.1 Safari/605.1.15"
51.68.111.212 - - [04/Aug/2026:12:51:47 +0000] "GET / HTTP/1.1" 200 19954 "-" "Mozilla/5.0 (compatible; MJ12bot/v2.0.5; http://mj12bot.com/)"
130.210.38.188 - - [04/Aug/2026:12:51:47 +0000] "GET /wp-login.php?redirect_to=https%3A%2F%2Fsimplify.earth%2Fwp-admin%2Findex.php&reauth=1 HTTP/1.1" 200 2318 "https://earthpayments.com/wp-login.php" "Mozilla/5.0 (Macintosh; Intel Mac OS X 10_15_7) AppleWebKit/605.1.15 (KHTML, like Gecko) Version/17.1 Safari/605.1.15"
130.210.38.188 - - [04/Aug/2026:12:51:48 +0000] "GET /wp-admin/index.php HTTP/1.1" 302 5 "https://earthpayments.com/wp-login.php" "Mozilla/5.0 (Macintosh; Intel Mac OS X 10_15_7) AppleWebKit/537.36 (KHTML, like Gecko) Chrome/119.0.0.0 Safari/537.36"
130.210.38.188 - - [04/Aug/2026:12:51:48 +0000] "GET /wp-login.php?redirect_to=https%3A%2F%2Fsimplify.earth%2Fwp-admin%2Findex.php&reauth=1 HTTP/1.1" 200 2318 "https://earthpayments.com/wp-login.php" "Mozilla/5.0 (Macintosh; Intel Mac OS X 10_15_7) AppleWebKit/537.36 (KHTML, like Gecko) Chrome/119.0.0.0 Safari/537.36"
130.210.38.188 - - [04/Aug/2026:12:51:49 +0000] "GET /wp-admin/index.php HTTP/1.1" 302 5 "https://earthpayments.com/wp-login.php" "Mozilla/5.0 (Windows NT 11.0; Win64; x64; rv:121.0) Gecko/20100101 Firefox/121.0"
130.210.38.188 - - [04/Aug/2026:12:51:49 +0000] "GET /wp-login.php?redirect_to=https%3A%2F%2Fsimplify.earth%2Fwp-admin%2Findex.php&reauth=1 HTTP/1.1" 200 2318 "https://earthpayments.com/wp-login.php" "Mozilla/5.0 (Windows NT 11.0; Win64; x64; rv:121.0) Gecko/20100101 Firefox/121.0"
130.210.38.188 - - [04/Aug/2026:12:51:50 +0000] "GET /wp-admin/index.php HTTP/1.1" 302 5 "https://earthpayments.com/wp-login.php" "Mozilla/5.0 (Windows NT 10.0; Win64; x64; rv:118.0) Gecko/20100101 Firefox/118.0"
130.210.38.188 - - [04/Aug/2026:12:51:50 +0000] "GET /wp-login.php?redirect_to=https%3A%2F%2Fsimplify.earth%2Fwp-admin%2Findex.php&reauth=1 HTTP/1.1" 200 2318 "https://earthpayments.com/wp-login.php" "Mozilla/5.0 (Windows NT 10.0; Win64; x64; rv:118.0) Gecko/20100101 Firefox/118.0"
52.4.149.131 - - [04/Aug/2026:12:52:31 +0000] "POST /wp-cron.php?doing_wp_cron=1785847951.2199029922485351562500 HTTP/1.1" 499 0 "-" "WordPress/7.0.2; https://simplify.earth"
35.89.21.92 - - [04/Aug/2026:12:52:31 +0000] "GET / HTTP/1.1" 200 19954 "-" "Mozilla/5.0 (Macintosh; Intel Mac OS X 10_13_6) AppleWebKit/537.36 (KHTML, like Gecko) Chrome/76.0.3809.100 Safari/537.36"
52.4.149.131 - - [04/Aug/2026:12:55:03 +0000] "POST /wp-cron.php?doing_wp_cron=1785848103.9559559822082519531250 HTTP/1.1" 499 0 "-" "WordPress/7.0.2; https://simplify.earth"
103.231.7.194 - - [04/Aug/2026:12:55:03 +0000] "GET / HTTP/1.1" 200 19954 "-" "NOC-Monitor/1.0 (+https://github.com/)"
103.231.7.194 - - [04/Aug/2026:12:55:04 +0000] "GET / HTTP/1.1" 200 19954 "-" "NOC-Monitor/1.0 (+https://github.com/)"
103.231.7.194 - - [04/Aug/2026:12:55:04 +0000] "GET / HTTP/1.1" 200 19954 "-" "NOC-Monitor/1.0 (+https://github.com/)"
103.231.7.194 - - [04/Aug/2026:12:55:04 +0000] "GET / HTTP/1.1" 200 19954 "-" "NOC-Monitor/1.0 (+https://github.com/)"
52.4.149.131 - - [04/Aug/2026:12:55:43 +0000] "POST /wp-cron.php?doing_wp_cron=1785848143.3657219409942626953125 HTTP/1.1" 499 0 "-" "WordPress/7.0.2; https://simplify.earth"
86.125.136.143 - - [04/Aug/2026:12:55:43 +0000] "GET /wp-login.php HTTP/2.0" 200 2295 "https://earthpayments.com/" "Mozilla/5.0 (Windows NT 10.0; Win64; x64) AppleWebKit/537.36 (KHTML, like Gecko) Chrome/150.0.0.0 Safari/537.36"
86.125.136.143 - - [04/Aug/2026:12:55:44 +0000] "POST /wp-login.php HTTP/2.0" 200 2478 "https://earthpayments.com/wp-login.php" "Mozilla/5.0 (Windows NT 10.0; Win64; x64) AppleWebKit/537.36 (KHTML, like Gecko) Chrome/150.0.0.0 Safari/537.36"
52.4.149.131 - - [04/Aug/2026:12:57:15 +0000] "POST /wp-cron.php?doing_wp_cron=1785848235.2292919158935546875000 HTTP/1.1" 499 0 "-" "WordPress/7.0.2; https://simplify.earth"
103.133.214.160 - - [04/Aug/2026:12:57:15 +0000] "GET /wp-login.php HTTP/2.0" 200 2295 "-" "Mozilla/5.0 (Windows NT 10.0; Win64; x64) AppleWebKit/537.36 (KHTML, like Gecko) Chrome/150.0.0.0 Safari/537.36"
103.133.214.160 - - [04/Aug/2026:12:57:15 +0000] "POST /wp-login.php HTTP/2.0" 200 2478 "https://simplify.earth/wp-login.php" "Mozilla/5.0 (Windows NT 10.0; Win64; x64) AppleWebKit/537.36 (KHTML, like Gecko) Chrome/150.0.0.0 Safari/537.36"
216.73.216.232 - - [04/Aug/2026:12:57:33 +0000] "GET /sitemap.xml HTTP/2.0" 200 366 "-" "Mozilla/5.0 AppleWebKit/537.36 (KHTML, like Gecko; compatible; ClaudeBot/1.0; +claudebot@anthropic.com)"
103.155.85.173 - - [04/Aug/2026:12:58:04 +0000] "GET /wp-login.php HTTP/2.0" 200 2295 "https://earthpayments.com/" "Mozilla/5.0 (Windows NT 10.0; Win64; x64) AppleWebKit/537.36 (KHTML, like Gecko) Chrome/150.0.0.0 Safari/537.36"
52.4.149.131 - - [04/Aug/2026:12:58:09 +0000] "POST /wp-cron.php?doing_wp_cron=1785848289.3609180450439453125000 HTTP/1.1" 499 0 "-" "WordPress/7.0.2; https://simplify.earth"
103.155.85.173 - - [04/Aug/2026:12:58:09 +0000] "POST /wp-login.php HTTP/2.0" 200 2481 "https://earthpayments.com/wp-login.php" "Mozilla/5.0 (Windows NT 10.0; Win64; x64) AppleWebKit/537.36 (KHTML, like Gecko) Chrome/150.0.0.0 Safari/537.36"
66.249.92.198 - - [04/Aug/2026:12:58:28 +0000] "GET /privacy-policy/ HTTP/1.1" 200 23209 "-" "PlayStore-Google"
152.53.111.131 - - [04/Aug/2026:12:58:40 +0000] "GET /wp-login.php HTTP/2.0" 200 2295 "-" "Mozilla/5.0 (Windows NT 10.0; Win64; x64) AppleWebKit/537.36 (KHTML, like Gecko) Chrome/150.0.0.0 Safari/537.36"
152.53.111.131 - - [04/Aug/2026:12:58:40 +0000] "POST /wp-login.php HTTP/2.0" 200 2481 "https://simplify.earth/wp-login.php" "Mozilla/5.0 (Windows NT 10.0; Win64; x64) AppleWebKit/537.36 (KHTML, like Gecko) Chrome/150.0.0.0 Safari/537.36"
52.4.149.131 - - [04/Aug/2026:12:59:40 +0000] "POST /wp-cron.php?doing_wp_cron=1785848380.7678530216217041015625 HTTP/1.1" 499 0 "-" "WordPress/7.0.2; https://simplify.earth"
57.141.0.31 - - [04/Aug/2026:12:59:40 +0000] "GET /?sitemap=1 HTTP/2.0" 301 0 "-" "Mozilla/5.0 (Macintosh; Intel Mac OS X 10_15_7) AppleWebKit/537.36 (KHTML, like Gecko) Chrome/145.0.0.0 Safari/537.36 (compatible; meta-externalagent/1.1 (+https://developers.facebook.com/docs/sharing/webmasters/crawler))"
57.141.0.21 - - [04/Aug/2026:12:59:43 +0000] "GET / HTTP/2.0" 200 19941 "-" "Mozilla/5.0 (Macintosh; Intel Mac OS X 10_15_7) AppleWebKit/537.36 (KHTML, like Gecko) Chrome/145.0.0.0 Safari/537.36 (compatible; meta-externalagent/1.1 (+https://developers.facebook.com/docs/sharing/webmasters/crawler))"
103.231.7.194 - - [04/Aug/2026:13:00:02 +0000] "GET / HTTP/1.1" 200 19954 "-" "NOC-Monitor/1.0 (+https://github.com/)"
103.231.7.194 - - [04/Aug/2026:13:00:02 +0000] "GET / HTTP/1.1" 200 19954 "-" "NOC-Monitor/1.0 (+https://github.com/)"
103.231.7.194 - - [04/Aug/2026:13:00:03 +0000] "GET / HTTP/1.1" 200 19954 "-" "NOC-Monitor/1.0 (+https://github.com/)"
103.231.7.194 - - [04/Aug/2026:13:00:05 +0000] "GET / HTTP/1.1" 200 19954 "-" "NOC-Monitor/1.0 (+https://github.com/)"
52.4.149.131 - - [04/Aug/2026:13:00:16 +0000] "POST /wp-cron.php?doing_wp_cron=1785848416.7141540050506591796875 HTTP/1.1" 499 0 "-" "WordPress/7.0.2; https://simplify.earth"
216.73.216.232 - - [04/Aug/2026:13:00:16 +0000] "GET /?sitemap=1 HTTP/2.0" 301 0 "-" "Mozilla/5.0 AppleWebKit/537.36 (KHTML, like Gecko; compatible; ClaudeBot/1.0; +claudebot@anthropic.com)"
216.73.216.232 - - [04/Aug/2026:13:00:17 +0000] "GET / HTTP/2.0" 200 19941 "https://simplify.earth/?sitemap=1" "Mozilla/5.0 AppleWebKit/537.36 (KHTML, like Gecko; compatible; ClaudeBot/1.0; +claudebot@anthropic.com)"
52.4.149.131 - - [04/Aug/2026:13:05:03 +0000] "POST /wp-cron.php?doing_wp_cron=1785848703.2856121063232421875000 HTTP/1.1" 499 0 "-" "WordPress/7.0.2; https://simplify.earth"
103.231.7.194 - - [04/Aug/2026:13:05:03 +0000] "GET / HTTP/1.1" 200 19954 "-" "NOC-Monitor/1.0 (+https://github.com/)"
103.231.7.194 - - [04/Aug/2026:13:05:04 +0000] "GET / HTTP/1.1" 200 19954 "-" "NOC-Monitor/1.0 (+https://github.com/)"
103.231.7.194 - - [04/Aug/2026:13:05:04 +0000] "GET / HTTP/1.1" 200 19954 "-" "NOC-Monitor/1.0 (+https://github.com/)"
52.4.149.131 - - [04/Aug/2026:13:05:06 +0000] "POST /wp-cron.php?doing_wp_cron=1785848706.6589760780334472656250 HTTP/1.1" 499 0 "-" "WordPress/7.0.2; https://simplify.earth"
103.231.7.194 - - [04/Aug/2026:13:05:06 +0000] "GET / HTTP/1.1" 200 19954 "-" "NOC-Monitor/1.0 (+https://github.com/)"
52.4.149.131 - - [04/Aug/2026:13:06:42 +0000] "POST /wp-cron.php?doing_wp_cron=1785848802.7606000900268554687500 HTTP/1.1" 499 0 "-" "WordPress/7.0.2; https://simplify.earth"
198.235.24.145 - - [04/Aug/2026:13:06:42 +0000] "GET /wp-login.php HTTP/1.1" 200 6485 "-" "Hello from Palo Alto Networks, find out more about our scans in https://docs-cortex.paloaltonetworks.com/r/1/Cortex-Xpanse/Scanning-activity"
52.4.149.131 - - [04/Aug/2026:13:09:17 +0000] "POST /wp-cron.php?doing_wp_cron=1785848957.2379860877990722656250 HTTP/1.1" 499 0 "-" "WordPress/7.0.2; https://simplify.earth"
112.86.225.84 - - [04/Aug/2026:13:09:17 +0000] "GET / HTTP/1.1" 200 19954 "-" "Sogou web spider/4.0(+http://www.sogou.com/docs/help/webmasters.htm#07)"
103.231.7.194 - - [04/Aug/2026:13:10:02 +0000] "GET / HTTP/1.1" 200 19954 "-" "NOC-Monitor/1.0 (+https://github.com/)"
103.231.7.194 - - [04/Aug/2026:13:10:02 +0000] "GET / HTTP/1.1" 200 19954 "-" "NOC-Monitor/1.0 (+https://github.com/)"
103.231.7.194 - - [04/Aug/2026:13:10:03 +0000] "GET / HTTP/1.1" 200 19954 "-" "NOC-Monitor/1.0 (+https://github.com/)"
103.231.7.194 - - [04/Aug/2026:13:10:04 +0000] "GET / HTTP/1.1" 200 19954 "-" "NOC-Monitor/1.0 (+https://github.com/)"
52.4.149.131 - - [04/Aug/2026:13:11:32 +0000] "POST /wp-cron.php?doing_wp_cron=1785849092.5102050304412841796875 HTTP/1.1" 499 0 "-" "WordPress/7.0.2; https://simplify.earth"
103.75.185.95 - - [04/Aug/2026:13:11:32 +0000] "GET /wp-login.php HTTP/2.0" 200 2295 "https://earthpayments.com/" "Mozilla/5.0 (Windows NT 10.0; Win64; x64) AppleWebKit/537.36 (KHTML, like Gecko) Chrome/150.0.0.0 Safari/537.36"
103.75.185.95 - - [04/Aug/2026:13:11:33 +0000] "POST /wp-login.php HTTP/2.0" 200 2481 "https://earthpayments.com/wp-login.php" "Mozilla/5.0 (Windows NT 10.0; Win64; x64) AppleWebKit/537.36 (KHTML, like Gecko) Chrome/150.0.0.0 Safari/537.36"
52.4.149.131 - - [04/Aug/2026:13:12:55 +0000] "POST /wp-cron.php?doing_wp_cron=1785849175.5518128871917724609375 HTTP/1.1" 499 0 "-" "WordPress/7.0.2; https://simplify.earth"
103.152.79.199 - - [04/Aug/2026:13:12:55 +0000] "GET /wp-login.php HTTP/2.0" 200 2295 "-" "Mozilla/5.0 (Windows NT 10.0; Win64; x64) AppleWebKit/537.36 (KHTML, like Gecko) Chrome/150.0.0.0 Safari/537.36"
103.152.79.199 - - [04/Aug/2026:13:12:56 +0000] "POST /wp-login.php HTTP/2.0" 200 2481 "https://simplify.earth/wp-login.php" "Mozilla/5.0 (Windows NT 10.0; Win64; x64) AppleWebKit/537.36 (KHTML, like Gecko) Chrome/150.0.0.0 Safari/537.36"
52.4.149.131 - - [04/Aug/2026:13:15:02 +0000] "POST /wp-cron.php?doing_wp_cron=1785849302.9221448898315429687500 HTTP/1.1" 499 0 "-" "WordPress/7.0.2; https://simplify.earth"
103.231.7.194 - - [04/Aug/2026:13:15:02 +0000] "GET / HTTP/1.1" 200 19954 "-" "NOC-Monitor/1.0 (+https://github.com/)"
52.4.149.131 - - [04/Aug/2026:13:15:02 +0000] "POST /wp-cron.php?doing_wp_cron=1785849302.9277930259704589843750 HTTP/1.1" 499 0 "-" "WordPress/7.0.2; https://simplify.earth"
103.231.7.194 - - [04/Aug/2026:13:15:02 +0000] "GET / HTTP/1.1" 200 19954 "-" "NOC-Monitor/1.0 (+https://github.com/)"
103.231.7.194 - - [04/Aug/2026:13:15:03 +0000] "GET / HTTP/1.1" 200 19954 "-" "NOC-Monitor/1.0 (+https://github.com/)"
103.231.7.194 - - [04/Aug/2026:13:15:04 +0000] "GET / HTTP/1.1" 200 19954 "-" "NOC-Monitor/1.0 (+https://github.com/)"
52.4.149.131 - - [04/Aug/2026:13:15:56 +0000] "POST /wp-cron.php?doing_wp_cron=1785849356.5205180644989013671875 HTTP/1.1" 499 0 "-" "WordPress/7.0.2; https://simplify.earth"
54.39.203.136 - - [04/Aug/2026:13:15:56 +0000] "GET /yep-casino-anmeldung-welche-vorteile-erwarten-spieler/feed/ HTTP/2.0" 200 473 "-" "Mozilla/5.0 (compatible; AhrefsBot/7.0; +http://ahrefs.com/robot/)"
52.4.149.131 - - [04/Aug/2026:13:16:44 +0000] "POST /wp-cron.php?doing_wp_cron=1785849404.8106000423431396484375 HTTP/1.1" 499 0 "-" "WordPress/7.0.2; https://simplify.earth"
165.245.188.197 - - [04/Aug/2026:13:16:45 +0000] "POST /wp-json/batch/v1 HTTP/1.1" 207 27 "-" "Mozilla/5.0 (compatible)"
165.245.188.197 - - [04/Aug/2026:13:16:45 +0000] "POST /wp-json/batch/v1 HTTP/1.1" 207 27 "-" "Mozilla/5.0 (compatible)"
165.245.188.197 - - [04/Aug/2026:13:16:46 +0000] "POST /wp-json/batch/v1 HTTP/1.1" 207 490 "-" "Mozilla/5.0 (compatible)"
52.4.149.131 - - [04/Aug/2026:13:19:51 +0000] "POST /wp-cron.php?doing_wp_cron=1785849591.0531589984893798828125 HTTP/1.1" 499 0 "-" "WordPress/7.0.2; https://simplify.earth"
198.235.24.170 - - [04/Aug/2026:13:19:51 +0000] "GET / HTTP/1.1" 200 91335 "-" "Hello from Palo Alto Networks, find out more about our scans in https://docs-cortex.paloaltonetworks.com/r/1/Cortex-Xpanse/Scanning-activity"
103.231.7.194 - - [04/Aug/2026:13:20:02 +0000] "GET / HTTP/1.1" 200 19954 "-" "NOC-Monitor/1.0 (+https://github.com/)"
103.231.7.194 - - [04/Aug/2026:13:20:02 +0000] "GET / HTTP/1.1" 200 19954 "-" "NOC-Monitor/1.0 (+https://github.com/)"
103.231.7.194 - - [04/Aug/2026:13:20:05 +0000] "GET / HTTP/1.1" 200 19954 "-" "NOC-Monitor/1.0 (+https://github.com/)"
52.4.149.131 - - [04/Aug/2026:13:20:06 +0000] "POST /wp-cron.php?doing_wp_cron=1785849606.0674710273742675781250 HTTP/1.1" 499 0 "-" "WordPress/7.0.2; https://simplify.earth"
103.231.7.194 - - [04/Aug/2026:13:20:06 +0000] "GET / HTTP/1.1" 200 19954 "-" "NOC-Monitor/1.0 (+https://github.com/)"
52.4.149.131 - - [04/Aug/2026:13:22:46 +0000] "POST /wp-cron.php?doing_wp_cron=1785849766.8729960918426513671875 HTTP/1.1" 499 0 "-" "WordPress/7.0.2; https://simplify.earth"
68.183.22.192 - - [04/Aug/2026:13:22:46 +0000] "GET /wp-login.php HTTP/2.0" 200 2295 "https://earthpayments.com/" "Mozilla/5.0 (Windows NT 10.0; Win64; x64) AppleWebKit/537.36 (KHTML, like Gecko) Chrome/150.0.0.0 Safari/537.36"
68.183.22.192 - - [04/Aug/2026:13:22:47 +0000] "POST /wp-login.php HTTP/2.0" 200 2481 "https://earthpayments.com/wp-login.php" "Mozilla/5.0 (Windows NT 10.0; Win64; x64) AppleWebKit/537.36 (KHTML, like Gecko) Chrome/150.0.0.0 Safari/537.36"
103.152.79.199 - - [04/Aug/2026:13:22:56 +0000] "GET /wp-login.php HTTP/2.0" 200 2295 "-" "Mozilla/5.0 (Windows NT 10.0; Win64; x64) AppleWebKit/537.36 (KHTML, like Gecko) Chrome/150.0.0.0 Safari/537.36"
103.152.79.199 - - [04/Aug/2026:13:22:57 +0000] "POST /wp-login.php HTTP/2.0" 200 2478 "https://simplify.earth/wp-login.php" "Mozilla/5.0 (Windows NT 10.0; Win64; x64) AppleWebKit/537.36 (KHTML, like Gecko) Chrome/150.0.0.0 Safari/537.36"
52.4.149.131 - - [04/Aug/2026:13:24:04 +0000] "POST /wp-cron.php?doing_wp_cron=1785849844.3454809188842773437500 HTTP/1.1" 499 0 "-" "WordPress/7.0.2; https://simplify.earth"
212.80.9.235 - - [04/Aug/2026:13:24:04 +0000] "GET /wp-login.php HTTP/2.0" 200 2295 "-" "Mozilla/5.0 (Windows NT 10.0; Win64; x64) AppleWebKit/537.36 (KHTML, like Gecko) Chrome/150.0.0.0 Safari/537.36"
212.80.9.235 - - [04/Aug/2026:13:24:04 +0000] "POST /wp-login.php HTTP/2.0" 200 2481 "https://simplify.earth/wp-login.php" "Mozilla/5.0 (Windows NT 10.0; Win64; x64) AppleWebKit/537.36 (KHTML, like Gecko) Chrome/150.0.0.0 Safari/537.36"
52.4.149.131 - - [04/Aug/2026:13:24:51 +0000] "POST /wp-cron.php?doing_wp_cron=1785849891.2076659202575683593750 HTTP/1.1" 499 0 "-" "WordPress/7.0.2; https://simplify.earth"
112.86.225.104 - - [04/Aug/2026:13:24:51 +0000] "GET / HTTP/1.1" 200 19954 "-" "Sogou web spider/4.0(+http://www.sogou.com/docs/help/webmasters.htm#07)"
103.231.7.194 - - [04/Aug/2026:13:25:03 +0000] "GET / HTTP/1.1" 200 19954 "-" "NOC-Monitor/1.0 (+https://github.com/)"
103.231.7.194 - - [04/Aug/2026:13:25:03 +0000] "GET / HTTP/1.1" 200 19954 "-" "NOC-Monitor/1.0 (+https://github.com/)"
103.231.7.194 - - [04/Aug/2026:13:25:03 +0000] "GET / HTTP/1.1" 200 19954 "-" "NOC-Monitor/1.0 (+https://github.com/)"
103.231.7.194 - - [04/Aug/2026:13:25:04 +0000] "GET / HTTP/1.1" 200 19954 "-" "NOC-Monitor/1.0 (+https://github.com/)"
52.4.149.131 - - [04/Aug/2026:13:25:14 +0000] "POST /wp-cron.php?doing_wp_cron=1785849914.1915590763092041015625 HTTP/1.1" 499 0 "-" "WordPress/7.0.2; https://simplify.earth"
95.108.213.218 - - [04/Aug/2026:13:25:14 +0000] "GET / HTTP/2.0" 200 19941 "-" "Mozilla/5.0 (compatible; YandexBot/3.0; +http://yandex.com/bots)"
213.180.203.19 - - [04/Aug/2026:13:25:31 +0000] "GET /sitemap.xml HTTP/2.0" 200 366 "-" "Mozilla/5.0 (compatible; YandexBot/3.0; +http://yandex.com/bots)"
52.4.149.131 - - [04/Aug/2026:13:26:38 +0000] "POST /wp-cron.php?doing_wp_cron=1785849998.1383690834045410156250 HTTP/1.1" 499 0 "-" "WordPress/7.0.2; https://simplify.earth"
