File: //var/log/nginx/simplify.earth_access.log.1
52.4.149.131 - - [04/Aug/2026:00:00:03 +0000] "POST /wp-cron.php?doing_wp_cron=1785801603.2394928932189941406250 HTTP/1.1" 499 0 "-" "WordPress/7.0.2; https://simplify.earth"
103.231.7.194 - - [04/Aug/2026:00:00:03 +0000] "GET / HTTP/1.1" 200 19950 "-" "NOC-Monitor/1.0 (+https://github.com/)"
52.4.149.131 - - [04/Aug/2026:00:00:03 +0000] "POST /wp-cron.php?doing_wp_cron=1785801603.4726009368896484375000 HTTP/1.1" 499 0 "-" "WordPress/7.0.2; https://simplify.earth"
103.231.7.194 - - [04/Aug/2026:00:00:03 +0000] "GET / HTTP/1.1" 200 19950 "-" "NOC-Monitor/1.0 (+https://github.com/)"
103.231.7.194 - - [04/Aug/2026:00:00:05 +0000] "GET / HTTP/1.1" 200 19950 "-" "NOC-Monitor/1.0 (+https://github.com/)"
103.231.7.194 - - [04/Aug/2026:00:00:06 +0000] "GET / HTTP/1.1" 200 19950 "-" "NOC-Monitor/1.0 (+https://github.com/)"
103.231.7.194 - - [04/Aug/2026:00:05:05 +0000] "GET / HTTP/1.1" 200 19950 "-" "NOC-Monitor/1.0 (+https://github.com/)"
52.4.149.131 - - [04/Aug/2026:00:05:05 +0000] "POST /wp-cron.php?doing_wp_cron=1785801905.1449830532073974609375 HTTP/1.1" 499 0 "-" "WordPress/7.0.2; https://simplify.earth"
103.231.7.194 - - [04/Aug/2026:00:05:05 +0000] "GET / HTTP/1.1" 200 19950 "-" "NOC-Monitor/1.0 (+https://github.com/)"
52.4.149.131 - - [04/Aug/2026:00:05:05 +0000] "POST /wp-cron.php?doing_wp_cron=1785801905.1449830532073974609375 HTTP/1.1" 499 0 "-" "WordPress/7.0.2; https://simplify.earth"
103.231.7.194 - - [04/Aug/2026:00:05:08 +0000] "GET / HTTP/1.1" 200 19950 "-" "NOC-Monitor/1.0 (+https://github.com/)"
103.231.7.194 - - [04/Aug/2026:00:05:08 +0000] "GET / HTTP/1.1" 200 19950 "-" "NOC-Monitor/1.0 (+https://github.com/)"
52.4.149.131 - - [04/Aug/2026:00:10:04 +0000] "POST /wp-cron.php?doing_wp_cron=1785802204.5636498928070068359375 HTTP/1.1" 499 0 "-" "WordPress/7.0.2; https://simplify.earth"
103.231.7.194 - - [04/Aug/2026:00:10:04 +0000] "GET / HTTP/1.1" 200 19950 "-" "NOC-Monitor/1.0 (+https://github.com/)"
103.231.7.194 - - [04/Aug/2026:00:10:04 +0000] "GET / HTTP/1.1" 200 19950 "-" "NOC-Monitor/1.0 (+https://github.com/)"
103.231.7.194 - - [04/Aug/2026:00:10:11 +0000] "GET / HTTP/1.1" 200 19950 "-" "NOC-Monitor/1.0 (+https://github.com/)"
103.231.7.194 - - [04/Aug/2026:00:10:12 +0000] "GET / HTTP/1.1" 200 19950 "-" "NOC-Monitor/1.0 (+https://github.com/)"
52.4.149.131 - - [04/Aug/2026:00:11:38 +0000] "POST /wp-cron.php?doing_wp_cron=1785802298.0764760971069335937500 HTTP/1.1" 499 0 "-" "WordPress/7.0.2; https://simplify.earth"
152.42.226.162 - - [04/Aug/2026:00:11:38 +0000] "GET /wp-login.php HTTP/1.1" 200 2307 "-" "Mozilla/5.0 (Windows NT 10.0) AppleWebKit/537.36 (KHTML, like Gecko) Chrome/138.0.0.0 Safari/537.36"
51.161.65.162 - - [04/Aug/2026:00:12:28 +0000] "GET /wie-profitiert-man-von-der-vielfalt-der-spiele-bei-highfly-casino-optimal/feed/ HTTP/2.0" 200 486 "-" "Mozilla/5.0 (compatible; AhrefsBot/7.0; +http://ahrefs.com/robot/)"
52.4.149.131 - - [04/Aug/2026:00:14:27 +0000] "POST /wp-cron.php?doing_wp_cron=1785802467.5316569805145263671875 HTTP/1.1" 499 0 "-" "WordPress/7.0.2; https://simplify.earth"
178.20.43.173 - - [04/Aug/2026:00:14:27 +0000] "GET / HTTP/1.0" 200 91321 "https://simplify.earth/" "Mozilla/5.0 (Windows NT 10.0; Win64; x64) AppleWebKit/537.36 (KHTML, like Gecko) Chrome/130.0.0.0 Safari/537.36"
178.20.43.173 - - [04/Aug/2026:00:14:28 +0000] "GET /contact-us/ HTTP/1.0" 200 81567 "https://simplify.earth/contact-us/" "Mozilla/5.0 (Windows NT 10.0; Win64; x64) AppleWebKit/537.36 (KHTML, like Gecko) Chrome/130.0.0.0 Safari/537.36"
178.20.43.173 - - [04/Aug/2026:00:14:30 +0000] "POST /wp-admin/admin-ajax.php HTTP/1.0" 200 79 "https://simplify.earth/contact-us/" "Mozilla/5.0 (Windows NT 10.0; Win64; x64) AppleWebKit/537.36 (KHTML, like Gecko) Chrome/130.0.0.0 Safari/537.36"
52.4.149.131 - - [04/Aug/2026:00:14:51 +0000] "POST /wp-cron.php?doing_wp_cron=1785802491.6642611026763916015625 HTTP/1.1" 499 0 "-" "WordPress/7.0.2; https://simplify.earth"
13.140.140.94 - - [04/Aug/2026:00:14:51 +0000] "POST /index.php?rest_route=/batch/v1 HTTP/1.1" 207 27 "https://simplify.earth/" "WordPress/6.4.3; https://wordpress.org/"
13.140.140.94 - - [04/Aug/2026:00:14:52 +0000] "POST /index.php?rest_route=/batch/v1 HTTP/1.1" 207 490 "https://simplify.earth/" "WordPress/6.4.3; https://wordpress.org/"
13.140.140.94 - - [04/Aug/2026:00:14:52 +0000] "POST /index.php?rest_route=/batch/v1 HTTP/1.1" 207 490 "https://simplify.earth/" "WordPress/6.4.3; https://wordpress.org/"
13.140.140.94 - - [04/Aug/2026:00:14:52 +0000] "POST /index.php?rest_route=/batch/v1 HTTP/1.1" 207 490 "https://simplify.earth/" "WordPress/6.4.3; https://wordpress.org/"
13.140.140.94 - - [04/Aug/2026:00:14:53 +0000] "POST /index.php?rest_route=/batch/v1 HTTP/1.1" 207 490 "https://simplify.earth/" "WordPress/6.4.3; https://wordpress.org/"
13.140.140.94 - - [04/Aug/2026:00:14:54 +0000] "POST /index.php?rest_route=/batch/v1 HTTP/1.1" 207 490 "https://simplify.earth/" "WordPress/6.4.3; https://wordpress.org/"
13.140.140.94 - - [04/Aug/2026:00:14:54 +0000] "POST /index.php?rest_route=/batch/v1 HTTP/1.1" 207 490 "https://simplify.earth/" "WordPress/6.4.3; https://wordpress.org/"
13.140.140.94 - - [04/Aug/2026:00:14:55 +0000] "POST /index.php?rest_route=/batch/v1 HTTP/1.1" 207 490 "https://simplify.earth/" "WordPress/6.4.3; https://wordpress.org/"
13.140.140.94 - - [04/Aug/2026:00:14:57 +0000] "POST /index.php?rest_route=/batch/v1 HTTP/1.1" 207 490 "https://simplify.earth/" "WordPress/6.4.3; https://wordpress.org/"
13.140.140.94 - - [04/Aug/2026:00:14:58 +0000] "POST /index.php?rest_route=/batch/v1 HTTP/1.1" 207 490 "https://simplify.earth/" "WordPress/6.4.3; https://wordpress.org/"
13.140.140.94 - - [04/Aug/2026:00:14:58 +0000] "POST /index.php?rest_route=/batch/v1 HTTP/1.1" 207 490 "https://simplify.earth/" "WordPress/6.4.3; https://wordpress.org/"
13.140.140.94 - - [04/Aug/2026:00:14:58 +0000] "POST /index.php?rest_route=/batch/v1 HTTP/1.1" 207 490 "https://simplify.earth/" "WordPress/6.4.3; https://wordpress.org/"
13.140.140.94 - - [04/Aug/2026:00:14:59 +0000] "POST /index.php?rest_route=/batch/v1 HTTP/1.1" 207 490 "https://simplify.earth/" "WordPress/6.4.3; https://wordpress.org/"
13.140.140.94 - - [04/Aug/2026:00:14:59 +0000] "POST /index.php?rest_route=/batch/v1 HTTP/1.1" 207 490 "https://simplify.earth/" "WordPress/6.4.3; https://wordpress.org/"
13.140.140.94 - - [04/Aug/2026:00:15:00 +0000] "POST /index.php?rest_route=/batch/v1 HTTP/1.1" 207 490 "https://simplify.earth/" "WordPress/6.4.3; https://wordpress.org/"
13.140.140.94 - - [04/Aug/2026:00:15:00 +0000] "POST /index.php?rest_route=/batch/v1 HTTP/1.1" 207 490 "https://simplify.earth/" "WordPress/6.4.3; https://wordpress.org/"
13.140.140.94 - - [04/Aug/2026:00:15:01 +0000] "POST /index.php?rest_route=/batch/v1 HTTP/1.1" 207 646 "https://simplify.earth/" "WordPress/6.4.3; https://wordpress.org/"
13.140.140.94 - - [04/Aug/2026:00:15:01 +0000] "POST /?rest_route=/batch/v1 HTTP/1.1" 207 490 "-" "Mozilla/5.0"
13.140.140.94 - - [04/Aug/2026:00:15:02 +0000] "POST /?rest_route=/batch/v1 HTTP/1.1" 207 490 "-" "Mozilla/5.0"
13.140.140.94 - - [04/Aug/2026:00:15:04 +0000] "POST /?rest_route=/batch/v1 HTTP/1.1" 207 490 "-" "Mozilla/5.0"
103.231.7.194 - - [04/Aug/2026:00:15:04 +0000] "GET / HTTP/1.1" 200 19950 "-" "NOC-Monitor/1.0 (+https://github.com/)"
13.140.140.94 - - [04/Aug/2026:00:15:05 +0000] "POST /?rest_route=/batch/v1 HTTP/1.1" 207 490 "-" "Mozilla/5.0"
13.140.140.94 - - [04/Aug/2026:00:15:05 +0000] "GET /index.php?rest_route=/batch/v1 HTTP/1.1" 404 128 "https://www.simplify.earth/" "WordPress/6.4.3; https://wordpress.org/"
103.231.7.194 - - [04/Aug/2026:00:15:05 +0000] "GET / HTTP/1.1" 200 19950 "-" "NOC-Monitor/1.0 (+https://github.com/)"
103.231.7.194 - - [04/Aug/2026:00:15:05 +0000] "GET / HTTP/1.1" 200 19950 "-" "NOC-Monitor/1.0 (+https://github.com/)"
13.140.140.94 - - [04/Aug/2026:00:15:06 +0000] "GET /?rest_route=%2Fbatch%2Fv1 HTTP/1.1" 404 128 "https://www.simplify.earth/" "WordPress/6.4.3; https://wordpress.org/"
103.231.7.194 - - [04/Aug/2026:00:15:07 +0000] "GET / HTTP/1.1" 200 19950 "-" "NOC-Monitor/1.0 (+https://github.com/)"
13.140.140.94 - - [04/Aug/2026:00:15:07 +0000] "GET /?rest_route=/batch%2Fv1 HTTP/1.1" 404 128 "https://www.simplify.earth/" "WordPress/6.4.3; https://wordpress.org/"
13.140.140.94 - - [04/Aug/2026:00:15:07 +0000] "GET /?rest_route=/batch/v1 HTTP/1.1" 404 128 "https://www.simplify.earth/" "WordPress/6.4.3; https://wordpress.org/"
13.140.140.94 - - [04/Aug/2026:00:15:08 +0000] "GET /wp-json/batch/v1 HTTP/1.1" 404 128 "https://www.simplify.earth/" "WordPress/6.4.3; https://wordpress.org/"
13.140.140.94 - - [04/Aug/2026:00:15:09 +0000] "GET /wp-json/Batch/v1 HTTP/1.1" 404 128 "https://www.simplify.earth/" "WordPress/6.4.3; https://wordpress.org/"
13.140.140.94 - - [04/Aug/2026:00:15:09 +0000] "GET //wp-json/batch/v1 HTTP/1.1" 404 128 "https://www.simplify.earth/" "WordPress/6.4.3; https://wordpress.org/"
13.140.140.94 - - [04/Aug/2026:00:15:10 +0000] "GET /wp-json/batch/v1/ HTTP/1.1" 404 128 "https://www.simplify.earth/" "WordPress/6.4.3; https://wordpress.org/"
13.140.140.94 - - [04/Aug/2026:00:15:11 +0000] "GET /blog/wp-json/batch/v1 HTTP/1.1" 404 13285 "https://www.simplify.earth/" "WordPress/6.4.3; https://wordpress.org/"
13.140.140.94 - - [04/Aug/2026:00:15:12 +0000] "GET /wordpress/wp-json/batch/v1 HTTP/1.1" 404 13285 "https://www.simplify.earth/" "WordPress/6.4.3; https://wordpress.org/"
13.140.140.94 - - [04/Aug/2026:00:15:12 +0000] "POST /index.php?rest_route=/batch/v1 HTTP/1.1" 207 27 "https://simplify.earth/" "WordPress/6.4.3; https://wordpress.org/"
13.140.140.94 - - [04/Aug/2026:00:15:13 +0000] "POST /index.php?rest_route=/batch/v1 HTTP/1.1" 207 490 "https://simplify.earth/" "WordPress/6.4.3; https://wordpress.org/"
13.140.140.94 - - [04/Aug/2026:00:15:13 +0000] "POST /index.php?rest_route=/batch/v1 HTTP/1.1" 207 490 "https://simplify.earth/" "WordPress/6.4.3; https://wordpress.org/"
13.140.140.94 - - [04/Aug/2026:00:15:13 +0000] "POST /index.php?rest_route=/batch/v1 HTTP/1.1" 207 490 "https://simplify.earth/" "WordPress/6.4.3; https://wordpress.org/"
13.140.140.94 - - [04/Aug/2026:00:15:14 +0000] "POST /index.php?rest_route=/batch/v1 HTTP/1.1" 207 490 "https://simplify.earth/" "WordPress/6.4.3; https://wordpress.org/"
13.140.140.94 - - [04/Aug/2026:00:15:14 +0000] "POST /index.php?rest_route=/batch/v1 HTTP/1.1" 207 490 "https://simplify.earth/" "WordPress/6.4.3; https://wordpress.org/"
13.140.140.94 - - [04/Aug/2026:00:15:15 +0000] "POST /index.php?rest_route=/batch/v1 HTTP/1.1" 207 490 "https://simplify.earth/" "WordPress/6.4.3; https://wordpress.org/"
13.140.140.94 - - [04/Aug/2026:00:15:16 +0000] "POST /index.php?rest_route=/batch/v1 HTTP/1.1" 207 490 "https://simplify.earth/" "WordPress/6.4.3; https://wordpress.org/"
13.140.140.94 - - [04/Aug/2026:00:15:18 +0000] "POST /index.php?rest_route=/batch/v1 HTTP/1.1" 207 490 "https://simplify.earth/" "WordPress/6.4.3; https://wordpress.org/"
13.140.140.94 - - [04/Aug/2026:00:15:18 +0000] "POST /index.php?rest_route=/batch/v1 HTTP/1.1" 207 490 "https://simplify.earth/" "WordPress/6.4.3; https://wordpress.org/"
13.140.140.94 - - [04/Aug/2026:00:15:19 +0000] "POST /index.php?rest_route=/batch/v1 HTTP/1.1" 207 490 "https://simplify.earth/" "WordPress/6.4.3; https://wordpress.org/"
13.140.140.94 - - [04/Aug/2026:00:15:19 +0000] "POST /index.php?rest_route=/batch/v1 HTTP/1.1" 207 490 "https://simplify.earth/" "WordPress/6.4.3; https://wordpress.org/"
13.140.140.94 - - [04/Aug/2026:00:15:19 +0000] "POST /index.php?rest_route=/batch/v1 HTTP/1.1" 207 490 "https://simplify.earth/" "WordPress/6.4.3; https://wordpress.org/"
13.140.140.94 - - [04/Aug/2026:00:15:20 +0000] "POST /index.php?rest_route=/batch/v1 HTTP/1.1" 207 490 "https://simplify.earth/" "WordPress/6.4.3; https://wordpress.org/"
13.140.140.94 - - [04/Aug/2026:00:15:20 +0000] "POST /index.php?rest_route=/batch/v1 HTTP/1.1" 207 490 "https://simplify.earth/" "WordPress/6.4.3; https://wordpress.org/"
13.140.140.94 - - [04/Aug/2026:00:15:21 +0000] "POST /index.php?rest_route=/batch/v1 HTTP/1.1" 207 490 "https://simplify.earth/" "WordPress/6.4.3; https://wordpress.org/"
13.140.140.94 - - [04/Aug/2026:00:15:21 +0000] "POST /index.php?rest_route=/batch/v1 HTTP/1.1" 207 646 "https://simplify.earth/" "WordPress/6.4.3; https://wordpress.org/"
13.140.140.94 - - [04/Aug/2026:00:15:22 +0000] "GET /?rest_route=/batch/v1 HTTP/1.1" 404 125 "-" "Mozilla/5.0"
13.140.140.94 - - [04/Aug/2026:00:15:23 +0000] "GET /?rest_route=/batch/v1 HTTP/1.1" 404 125 "-" "Mozilla/5.0"
13.140.140.94 - - [04/Aug/2026:00:15:25 +0000] "GET /?rest_route=/batch/v1 HTTP/1.1" 404 125 "-" "Mozilla/5.0"
13.140.140.94 - - [04/Aug/2026:00:15:26 +0000] "GET /?rest_route=/batch/v1 HTTP/1.1" 404 125 "-" "Mozilla/5.0"
13.140.140.94 - - [04/Aug/2026:00:15:27 +0000] "GET /index.php?rest_route=/batch/v1 HTTP/1.1" 404 128 "http://simplify.earth/" "WordPress/6.4.3; https://wordpress.org/"
13.140.140.94 - - [04/Aug/2026:00:15:27 +0000] "GET /?rest_route=%2Fbatch%2Fv1 HTTP/1.1" 404 128 "http://simplify.earth/" "WordPress/6.4.3; https://wordpress.org/"
13.140.140.94 - - [04/Aug/2026:00:15:28 +0000] "GET /?rest_route=/batch%2Fv1 HTTP/1.1" 404 128 "http://simplify.earth/" "WordPress/6.4.3; https://wordpress.org/"
13.140.140.94 - - [04/Aug/2026:00:15:28 +0000] "GET /?rest_route=/batch/v1 HTTP/1.1" 404 128 "http://simplify.earth/" "WordPress/6.4.3; https://wordpress.org/"
13.140.140.94 - - [04/Aug/2026:00:15:29 +0000] "GET /wp-json/batch/v1 HTTP/1.1" 404 128 "http://simplify.earth/" "WordPress/6.4.3; https://wordpress.org/"
13.140.140.94 - - [04/Aug/2026:00:15:29 +0000] "GET /wp-json/Batch/v1 HTTP/1.1" 404 128 "http://simplify.earth/" "WordPress/6.4.3; https://wordpress.org/"
13.140.140.94 - - [04/Aug/2026:00:15:30 +0000] "GET //wp-json/batch/v1 HTTP/1.1" 404 128 "http://simplify.earth/" "WordPress/6.4.3; https://wordpress.org/"
13.140.140.94 - - [04/Aug/2026:00:15:31 +0000] "GET /wp-json/batch/v1/ HTTP/1.1" 404 128 "http://simplify.earth/" "WordPress/6.4.3; https://wordpress.org/"
52.4.149.131 - - [04/Aug/2026:00:18:19 +0000] "POST /wp-cron.php?doing_wp_cron=1785802699.3058769702911376953125 HTTP/1.1" 499 0 "-" "WordPress/7.0.2; https://simplify.earth"
85.208.96.206 - - [04/Aug/2026:00:18:19 +0000] "GET /comparare-i-bonus-dei-casino-sicuri-non-aams-2/ HTTP/1.1" 404 13312 "-" "Mozilla/5.0 (compatible; SemrushBot/7~bl; +http://www.semrush.com/bot.html)"
52.4.149.131 - - [04/Aug/2026:00:20:04 +0000] "POST /wp-cron.php?doing_wp_cron=1785802804.0865709781646728515625 HTTP/1.1" 499 0 "-" "WordPress/7.0.2; https://simplify.earth"
103.231.7.194 - - [04/Aug/2026:00:20:04 +0000] "GET / HTTP/1.1" 200 19950 "-" "NOC-Monitor/1.0 (+https://github.com/)"
103.231.7.194 - - [04/Aug/2026:00:20:04 +0000] "GET / HTTP/1.1" 200 19950 "-" "NOC-Monitor/1.0 (+https://github.com/)"
103.231.7.194 - - [04/Aug/2026:00:20:05 +0000] "GET / HTTP/1.1" 200 19950 "-" "NOC-Monitor/1.0 (+https://github.com/)"
103.231.7.194 - - [04/Aug/2026:00:20:12 +0000] "GET / HTTP/1.1" 200 19950 "-" "NOC-Monitor/1.0 (+https://github.com/)"
52.4.149.131 - - [04/Aug/2026:00:21:15 +0000] "POST /wp-cron.php?doing_wp_cron=1785802875.8189311027526855468750 HTTP/1.1" 499 0 "-" "WordPress/7.0.2; https://simplify.earth"
71.6.134.235 - - [04/Aug/2026:00:21:15 +0000] "GET / HTTP/1.1" 200 19950 "https://www.earthpayments.com/" "Mozilla/5.0 (Windows NT 10.0; Win64; x64) AppleWebKit/537.36 (KHTML, like Gecko) Chrome/133.0.0.0 Safari/537.36"
52.4.149.131 - - [04/Aug/2026:00:22:57 +0000] "POST /wp-cron.php?doing_wp_cron=1785802977.5436520576477050781250 HTTP/1.1" 499 0 "-" "WordPress/7.0.2; https://simplify.earth"
103.82.22.235 - - [04/Aug/2026:00:22:57 +0000] "GET /?author=1&feed=rss2 HTTP/2.0" 301 0 "-" "Mozilla/5.0 (Windows NT 10.0; Win64; x64) AppleWebKit/537.36 (KHTML, like Gecko) Chrome/133.0.0.0 Safari/537.36"
103.82.22.235 - - [04/Aug/2026:00:22:58 +0000] "GET /feed/ HTTP/2.0" 200 6892 "-" "Mozilla/5.0 (Windows NT 10.0; Win64; x64) AppleWebKit/537.36 (KHTML, like Gecko) Chrome/133.0.0.0 Safari/537.36"
51.79.215.219 - - [04/Aug/2026:00:23:01 +0000] "GET /rss/ HTTP/2.0" 301 0 "-" "Mozilla/5.0 (Windows NT 10.0; Win64; x64) AppleWebKit/537.36 (KHTML, like Gecko) Chrome/133.0.0.0 Safari/537.36"
51.79.215.219 - - [04/Aug/2026:00:23:02 +0000] "GET /feed/ HTTP/2.0" 200 6892 "-" "Mozilla/5.0 (Windows NT 10.0; Win64; x64) AppleWebKit/537.36 (KHTML, like Gecko) Chrome/133.0.0.0 Safari/537.36"
103.152.79.199 - - [04/Aug/2026:00:23:04 +0000] "GET /feed/ HTTP/2.0" 200 6892 "-" "Mozilla/5.0 (Windows NT 10.0; Win64; x64) AppleWebKit/537.36 (KHTML, like Gecko) Chrome/133.0.0.0 Safari/537.36"
212.80.9.235 - - [04/Aug/2026:00:23:10 +0000] "GET /author-sitemap.xml HTTP/2.0" 404 564 "-" "Mozilla/5.0 (Windows NT 10.0; Win64; x64) AppleWebKit/537.36 (KHTML, like Gecko) Chrome/133.0.0.0 Safari/537.36"
157.66.26.183 - - [04/Aug/2026:00:23:16 +0000] "GET /author-sitemap.xml HTTP/2.0" 404 564 "-" "Mozilla/5.0 (Windows NT 10.0; Win64; x64) AppleWebKit/537.36 (KHTML, like Gecko) Chrome/133.0.0.0 Safari/537.36"
160.119.64.32 - - [04/Aug/2026:00:23:16 +0000] "GET /?author=2&feed=rss2 HTTP/2.0" 301 0 "-" "Mozilla/5.0 (Windows NT 10.0; Win64; x64) AppleWebKit/537.36 (KHTML, like Gecko) Chrome/133.0.0.0 Safari/537.36"
160.119.64.32 - - [04/Aug/2026:00:23:19 +0000] "GET /feed/?author=2 HTTP/2.0" 200 563 "-" "Mozilla/5.0 (Windows NT 10.0; Win64; x64) AppleWebKit/537.36 (KHTML, like Gecko) Chrome/133.0.0.0 Safari/537.36"
103.82.22.235 - - [04/Aug/2026:00:23:21 +0000] "GET /sitemap_index.xml HTTP/2.0" 200 366 "-" "Mozilla/5.0 (Windows NT 10.0; Win64; x64) AppleWebKit/537.36 (KHTML, like Gecko) Chrome/133.0.0.0 Safari/537.36"
205.210.31.12 - - [04/Aug/2026:00:23:23 +0000] "GET /wp-login.php HTTP/1.1" 200 6485 "-" "Hello from Palo Alto Networks, find out more about our scans in https://docs-cortex.paloaltonetworks.com/r/1/Cortex-Xpanse/Scanning-activity"
212.80.9.235 - - [04/Aug/2026:00:23:23 +0000] "GET /wp-sitemap-users-1.xml HTTP/2.0" 404 564 "-" "Mozilla/5.0 (Windows NT 10.0; Win64; x64) AppleWebKit/537.36 (KHTML, like Gecko) Chrome/133.0.0.0 Safari/537.36"
184.168.126.180 - - [04/Aug/2026:00:23:26 +0000] "GET /?author=3&feed=rss2 HTTP/2.0" 301 0 "-" "Mozilla/5.0 (Windows NT 10.0; Win64; x64) AppleWebKit/537.36 (KHTML, like Gecko) Chrome/133.0.0.0 Safari/537.36"
184.168.126.180 - - [04/Aug/2026:00:23:27 +0000] "GET /feed/?author=3 HTTP/2.0" 200 564 "-" "Mozilla/5.0 (Windows NT 10.0; Win64; x64) AppleWebKit/537.36 (KHTML, like Gecko) Chrome/133.0.0.0 Safari/537.36"
184.168.126.180 - - [04/Aug/2026:00:23:29 +0000] "GET /wp-json/rankmath/v1/getHead?url=https://earthpayments.com HTTP/2.0" 404 117 "-" "Mozilla/5.0 (Windows NT 10.0; Win64; x64) AppleWebKit/537.36 (KHTML, like Gecko) Chrome/133.0.0.0 Safari/537.36"
52.4.149.131 - - [04/Aug/2026:00:23:40 +0000] "POST /wp-cron.php?doing_wp_cron=1785803020.3482789993286132812500 HTTP/1.1" 499 0 "-" "WordPress/7.0.2; https://simplify.earth"
103.74.116.239 - - [04/Aug/2026:00:23:40 +0000] "GET /wp-json/wp/v2/posts?per_page=20&_embed=author&_fields=_embedded HTTP/2.0" 200 27 "-" "Mozilla/5.0 (Windows NT 10.0; Win64; x64) AppleWebKit/537.36 (KHTML, like Gecko) Chrome/133.0.0.0 Safari/537.36"
152.228.213.32 - - [04/Aug/2026:00:23:43 +0000] "GET /?author=5&feed=rss2 HTTP/2.0" 301 0 "-" "Mozilla/5.0 (Windows NT 10.0; Win64; x64) AppleWebKit/537.36 (KHTML, like Gecko) Chrome/133.0.0.0 Safari/537.36"
152.228.213.32 - - [04/Aug/2026:00:23:44 +0000] "GET /feed/?author=5 HTTP/2.0" 200 564 "-" "Mozilla/5.0 (Windows NT 10.0; Win64; x64) AppleWebKit/537.36 (KHTML, like Gecko) Chrome/133.0.0.0 Safari/537.36"
168.144.81.91 - - [04/Aug/2026:00:23:49 +0000] "GET /wp-json/webmention/1.0 HTTP/2.0" 404 117 "-" "Mozilla/5.0 (Windows NT 10.0; Win64; x64) AppleWebKit/537.36 (KHTML, like Gecko) Chrome/133.0.0.0 Safari/537.36"
184.168.126.180 - - [04/Aug/2026:00:23:53 +0000] "GET /wp-json/wp/v2/users?_fields=slug&per_page=100&page=1 HTTP/2.0" 200 46 "-" "Mozilla/5.0 (Windows NT 10.0; Win64; x64) AppleWebKit/537.36 (KHTML, like Gecko) Chrome/133.0.0.0 Safari/537.36"
103.133.214.160 - - [04/Aug/2026:00:24:04 +0000] "GET /?rest_route=/wp/v2/users&_fields=slug&per_page=100&page=1 HTTP/2.0" 200 46 "-" "Mozilla/5.0 (Windows NT 10.0; Win64; x64) AppleWebKit/537.36 (KHTML, like Gecko) Chrome/133.0.0.0 Safari/537.36"
152.228.213.32 - - [04/Aug/2026:00:24:05 +0000] "GET /wp-json/wp/v2/users?per_page=100&_fields=slug HTTP/2.0" 200 46 "-" "Mozilla/5.0 (Windows NT 10.0; Win64; x64) AppleWebKit/537.36 (KHTML, like Gecko) Chrome/133.0.0.0 Safari/537.36"
138.68.158.60 - - [04/Aug/2026:00:24:13 +0000] "GET /?author=2 HTTP/2.0" 200 13574 "-" "Mozilla/5.0 (Windows NT 10.0; Win64; x64) AppleWebKit/537.36 (KHTML, like Gecko) Chrome/133.0.0.0 Safari/537.36"
152.228.213.32 - - [04/Aug/2026:00:24:16 +0000] "GET /index.php?rest_route=/wp/v2/users&per_page=100&_fields=slug HTTP/2.0" 200 46 "-" "Mozilla/5.0 (Windows NT 10.0; Win64; x64) AppleWebKit/537.36 (KHTML, like Gecko) Chrome/133.0.0.0 Safari/537.36"
184.168.126.180 - - [04/Aug/2026:00:24:19 +0000] "GET /wp-json/wp/v2/users?_jsonp=callback&per_page=100&_fields=id,slug HTTP/2.0" 200 67 "-" "Mozilla/5.0 (Windows NT 10.0; Win64; x64) AppleWebKit/537.36 (KHTML, like Gecko) Chrome/133.0.0.0 Safari/537.36"
152.53.111.131 - - [04/Aug/2026:00:24:25 +0000] "GET /?author=3 HTTP/2.0" 200 13572 "-" "Mozilla/5.0 (Windows NT 10.0; Win64; x64) AppleWebKit/537.36 (KHTML, like Gecko) Chrome/133.0.0.0 Safari/537.36"
107.150.97.175 - - [04/Aug/2026:00:24:30 +0000] "GET / HTTP/1.1" 200 19950 "https://52.4.149.131:443" "Mozilla/5.0 (Macintosh; Intel Mac OS X 10_15_7) AppleWebKit/537.36 (KHTML, like Gecko) Chrome/132.0.0.0 Safari/537.36"
52.4.149.131 - - [04/Aug/2026:00:24:49 +0000] "POST /wp-cron.php?doing_wp_cron=1785803089.7721920013427734375000 HTTP/1.1" 499 0 "-" "WordPress/7.0.2; https://simplify.earth"
107.150.97.175 - - [04/Aug/2026:00:24:49 +0000] "GET /comments/feed/ HTTP/1.1" 200 457 "-" "Mozilla/5.0 (Macintosh; Intel Mac OS X 10_15_7) AppleWebKit/537.36 (KHTML, like Gecko) Chrome/132.0.0.0 Safari/537.36"
107.150.97.175 - - [04/Aug/2026:00:24:50 +0000] "GET /feed/ HTTP/1.1" 200 6905 "-" "Mozilla/5.0 (Macintosh; Intel Mac OS X 10_15_7) AppleWebKit/537.36 (KHTML, like Gecko) Chrome/132.0.0.0 Safari/537.36"
107.150.97.175 - - [04/Aug/2026:00:24:51 +0000] "GET /wp-content/uploads/2025/07/Group-1078.png HTTP/1.1" 200 4355 "-" "Mozilla/5.0 (Macintosh; Intel Mac OS X 10_15_7) AppleWebKit/537.36 (KHTML, like Gecko) Chrome/132.0.0.0 Safari/537.36"
103.231.7.194 - - [04/Aug/2026:00:25:06 +0000] "GET / HTTP/1.1" 200 19950 "-" "NOC-Monitor/1.0 (+https://github.com/)"
103.231.7.194 - - [04/Aug/2026:00:25:08 +0000] "GET / HTTP/1.1" 200 19950 "-" "NOC-Monitor/1.0 (+https://github.com/)"
103.231.7.194 - - [04/Aug/2026:00:25:09 +0000] "GET / HTTP/1.1" 200 19950 "-" "NOC-Monitor/1.0 (+https://github.com/)"
103.231.7.194 - - [04/Aug/2026:00:25:12 +0000] "GET / HTTP/1.1" 200 19950 "-" "NOC-Monitor/1.0 (+https://github.com/)"
52.4.149.131 - - [04/Aug/2026:00:27:15 +0000] "POST /wp-cron.php?doing_wp_cron=1785803235.3649709224700927734375 HTTP/1.1" 499 0 "-" "WordPress/7.0.2; https://simplify.earth"
13.140.140.94 - - [04/Aug/2026:00:27:15 +0000] "POST /index.php?rest_route=/batch/v1 HTTP/1.1" 207 27 "https://simplify.earth/" "WordPress/6.4.3; https://wordpress.org/"
13.140.140.94 - - [04/Aug/2026:00:27:15 +0000] "POST /index.php?rest_route=/batch/v1 HTTP/1.1" 207 490 "https://simplify.earth/" "WordPress/6.4.3; https://wordpress.org/"
13.140.140.94 - - [04/Aug/2026:00:27:16 +0000] "POST /index.php?rest_route=/batch/v1 HTTP/1.1" 207 490 "https://simplify.earth/" "WordPress/6.4.3; https://wordpress.org/"
13.140.140.94 - - [04/Aug/2026:00:27:16 +0000] "POST /index.php?rest_route=/batch/v1 HTTP/1.1" 207 490 "https://simplify.earth/" "WordPress/6.4.3; https://wordpress.org/"
13.140.140.94 - - [04/Aug/2026:00:27:17 +0000] "POST /index.php?rest_route=/batch/v1 HTTP/1.1" 207 490 "https://simplify.earth/" "WordPress/6.4.3; https://wordpress.org/"
13.140.140.94 - - [04/Aug/2026:00:27:17 +0000] "POST /index.php?rest_route=/batch/v1 HTTP/1.1" 207 490 "https://simplify.earth/" "WordPress/6.4.3; https://wordpress.org/"
13.140.140.94 - - [04/Aug/2026:00:27:17 +0000] "POST /index.php?rest_route=/batch/v1 HTTP/1.1" 207 490 "https://simplify.earth/" "WordPress/6.4.3; https://wordpress.org/"
13.140.140.94 - - [04/Aug/2026:00:27:19 +0000] "POST /index.php?rest_route=/batch/v1 HTTP/1.1" 207 490 "https://simplify.earth/" "WordPress/6.4.3; https://wordpress.org/"
13.140.140.94 - - [04/Aug/2026:00:27:21 +0000] "POST /index.php?rest_route=/batch/v1 HTTP/1.1" 207 490 "https://simplify.earth/" "WordPress/6.4.3; https://wordpress.org/"
13.140.140.94 - - [04/Aug/2026:00:27:21 +0000] "POST /index.php?rest_route=/batch/v1 HTTP/1.1" 207 490 "https://simplify.earth/" "WordPress/6.4.3; https://wordpress.org/"
13.140.140.94 - - [04/Aug/2026:00:27:21 +0000] "POST /index.php?rest_route=/batch/v1 HTTP/1.1" 207 490 "https://simplify.earth/" "WordPress/6.4.3; https://wordpress.org/"
13.140.140.94 - - [04/Aug/2026:00:27:22 +0000] "POST /index.php?rest_route=/batch/v1 HTTP/1.1" 207 490 "https://simplify.earth/" "WordPress/6.4.3; https://wordpress.org/"
13.140.140.94 - - [04/Aug/2026:00:27:22 +0000] "POST /index.php?rest_route=/batch/v1 HTTP/1.1" 207 490 "https://simplify.earth/" "WordPress/6.4.3; https://wordpress.org/"
13.140.140.94 - - [04/Aug/2026:00:27:23 +0000] "POST /index.php?rest_route=/batch/v1 HTTP/1.1" 207 490 "https://simplify.earth/" "WordPress/6.4.3; https://wordpress.org/"
13.140.140.94 - - [04/Aug/2026:00:27:23 +0000] "POST /index.php?rest_route=/batch/v1 HTTP/1.1" 207 490 "https://simplify.earth/" "WordPress/6.4.3; https://wordpress.org/"
13.140.140.94 - - [04/Aug/2026:00:27:23 +0000] "POST /index.php?rest_route=/batch/v1 HTTP/1.1" 207 490 "https://simplify.earth/" "WordPress/6.4.3; https://wordpress.org/"
13.140.140.94 - - [04/Aug/2026:00:27:24 +0000] "POST /index.php?rest_route=/batch/v1 HTTP/1.1" 207 646 "https://simplify.earth/" "WordPress/6.4.3; https://wordpress.org/"
196.119.248.100 - - [04/Aug/2026:00:27:25 +0000] "POST /?rest_route=/batch/v1 HTTP/1.1" 207 490 "-" "Mozilla/5.0"
196.119.248.100 - - [04/Aug/2026:00:27:27 +0000] "POST /?rest_route=/batch/v1 HTTP/1.1" 207 490 "-" "Mozilla/5.0"
196.119.248.100 - - [04/Aug/2026:00:27:29 +0000] "POST /?rest_route=/batch/v1 HTTP/1.1" 207 490 "-" "Mozilla/5.0"
196.119.248.100 - - [04/Aug/2026:00:27:30 +0000] "POST /?rest_route=/batch/v1 HTTP/1.1" 207 490 "-" "Mozilla/5.0"
13.140.140.94 - - [04/Aug/2026:00:27:31 +0000] "GET /index.php?rest_route=/batch/v1 HTTP/1.1" 404 128 "https://www.simplify.earth/" "WordPress/6.4.3; https://wordpress.org/"
13.140.140.94 - - [04/Aug/2026:00:27:31 +0000] "GET /?rest_route=%2Fbatch%2Fv1 HTTP/1.1" 404 128 "https://www.simplify.earth/" "WordPress/6.4.3; https://wordpress.org/"
13.140.140.94 - - [04/Aug/2026:00:27:32 +0000] "GET /?rest_route=/batch%2Fv1 HTTP/1.1" 404 128 "https://www.simplify.earth/" "WordPress/6.4.3; https://wordpress.org/"
13.140.140.94 - - [04/Aug/2026:00:27:33 +0000] "GET /?rest_route=/batch/v1 HTTP/1.1" 404 128 "https://www.simplify.earth/" "WordPress/6.4.3; https://wordpress.org/"
13.140.140.94 - - [04/Aug/2026:00:27:33 +0000] "GET /wp-json/batch/v1 HTTP/1.1" 404 128 "https://www.simplify.earth/" "WordPress/6.4.3; https://wordpress.org/"
52.4.149.131 - - [04/Aug/2026:00:27:34 +0000] "POST /wp-cron.php?doing_wp_cron=1785803254.4069879055023193359375 HTTP/1.1" 499 0 "-" "WordPress/7.0.2; https://simplify.earth"
13.140.140.94 - - [04/Aug/2026:00:27:34 +0000] "GET /wp-json/Batch/v1 HTTP/1.1" 404 128 "https://www.simplify.earth/" "WordPress/6.4.3; https://wordpress.org/"
13.140.140.94 - - [04/Aug/2026:00:27:35 +0000] "GET //wp-json/batch/v1 HTTP/1.1" 404 128 "https://www.simplify.earth/" "WordPress/6.4.3; https://wordpress.org/"
13.140.140.94 - - [04/Aug/2026:00:27:35 +0000] "GET /wp-json/batch/v1/ HTTP/1.1" 404 128 "https://www.simplify.earth/" "WordPress/6.4.3; https://wordpress.org/"
13.140.140.94 - - [04/Aug/2026:00:27:36 +0000] "GET /blog/wp-json/batch/v1 HTTP/1.1" 404 13285 "https://www.simplify.earth/" "WordPress/6.4.3; https://wordpress.org/"
13.140.140.94 - - [04/Aug/2026:00:27:37 +0000] "GET /wordpress/wp-json/batch/v1 HTTP/1.1" 404 13285 "https://www.simplify.earth/" "WordPress/6.4.3; https://wordpress.org/"
13.140.140.94 - - [04/Aug/2026:00:27:37 +0000] "POST /index.php?rest_route=/batch/v1 HTTP/1.1" 207 27 "https://simplify.earth/" "WordPress/6.4.3; https://wordpress.org/"
13.140.140.94 - - [04/Aug/2026:00:27:38 +0000] "POST /index.php?rest_route=/batch/v1 HTTP/1.1" 207 490 "https://simplify.earth/" "WordPress/6.4.3; https://wordpress.org/"
13.140.140.94 - - [04/Aug/2026:00:27:38 +0000] "POST /index.php?rest_route=/batch/v1 HTTP/1.1" 207 490 "https://simplify.earth/" "WordPress/6.4.3; https://wordpress.org/"
13.140.140.94 - - [04/Aug/2026:00:27:39 +0000] "POST /index.php?rest_route=/batch/v1 HTTP/1.1" 207 490 "https://simplify.earth/" "WordPress/6.4.3; https://wordpress.org/"
13.140.140.94 - - [04/Aug/2026:00:27:39 +0000] "POST /index.php?rest_route=/batch/v1 HTTP/1.1" 207 490 "https://simplify.earth/" "WordPress/6.4.3; https://wordpress.org/"
13.140.140.94 - - [04/Aug/2026:00:27:39 +0000] "POST /index.php?rest_route=/batch/v1 HTTP/1.1" 207 490 "https://simplify.earth/" "WordPress/6.4.3; https://wordpress.org/"
13.140.140.94 - - [04/Aug/2026:00:27:40 +0000] "POST /index.php?rest_route=/batch/v1 HTTP/1.1" 207 490 "https://simplify.earth/" "WordPress/6.4.3; https://wordpress.org/"
13.140.140.94 - - [04/Aug/2026:00:27:41 +0000] "POST /index.php?rest_route=/batch/v1 HTTP/1.1" 207 490 "https://simplify.earth/" "WordPress/6.4.3; https://wordpress.org/"
13.140.140.94 - - [04/Aug/2026:00:27:43 +0000] "POST /index.php?rest_route=/batch/v1 HTTP/1.1" 207 490 "https://simplify.earth/" "WordPress/6.4.3; https://wordpress.org/"
13.140.140.94 - - [04/Aug/2026:00:27:43 +0000] "POST /index.php?rest_route=/batch/v1 HTTP/1.1" 207 490 "https://simplify.earth/" "WordPress/6.4.3; https://wordpress.org/"
13.140.140.94 - - [04/Aug/2026:00:27:44 +0000] "POST /index.php?rest_route=/batch/v1 HTTP/1.1" 207 490 "https://simplify.earth/" "WordPress/6.4.3; https://wordpress.org/"
13.140.140.94 - - [04/Aug/2026:00:27:44 +0000] "POST /index.php?rest_route=/batch/v1 HTTP/1.1" 207 490 "https://simplify.earth/" "WordPress/6.4.3; https://wordpress.org/"
13.140.140.94 - - [04/Aug/2026:00:27:45 +0000] "POST /index.php?rest_route=/batch/v1 HTTP/1.1" 207 490 "https://simplify.earth/" "WordPress/6.4.3; https://wordpress.org/"
13.140.140.94 - - [04/Aug/2026:00:27:45 +0000] "POST /index.php?rest_route=/batch/v1 HTTP/1.1" 207 490 "https://simplify.earth/" "WordPress/6.4.3; https://wordpress.org/"
13.140.140.94 - - [04/Aug/2026:00:27:45 +0000] "POST /index.php?rest_route=/batch/v1 HTTP/1.1" 207 490 "https://simplify.earth/" "WordPress/6.4.3; https://wordpress.org/"
13.140.140.94 - - [04/Aug/2026:00:27:46 +0000] "POST /index.php?rest_route=/batch/v1 HTTP/1.1" 207 490 "https://simplify.earth/" "WordPress/6.4.3; https://wordpress.org/"
13.140.140.94 - - [04/Aug/2026:00:27:46 +0000] "POST /index.php?rest_route=/batch/v1 HTTP/1.1" 207 646 "https://simplify.earth/" "WordPress/6.4.3; https://wordpress.org/"
196.119.248.100 - - [04/Aug/2026:00:27:48 +0000] "GET /?rest_route=/batch/v1 HTTP/1.1" 404 125 "-" "Mozilla/5.0"
196.119.248.100 - - [04/Aug/2026:00:27:50 +0000] "GET /?rest_route=/batch/v1 HTTP/1.1" 404 125 "-" "Mozilla/5.0"
196.119.248.100 - - [04/Aug/2026:00:27:54 +0000] "GET /?rest_route=/batch/v1 HTTP/1.1" 404 125 "-" "Mozilla/5.0"
196.119.248.100 - - [04/Aug/2026:00:27:55 +0000] "GET /?rest_route=/batch/v1 HTTP/1.1" 404 125 "-" "Mozilla/5.0"
13.140.140.94 - - [04/Aug/2026:00:27:56 +0000] "GET /index.php?rest_route=/batch/v1 HTTP/1.1" 404 128 "http://simplify.earth/" "WordPress/6.4.3; https://wordpress.org/"
13.140.140.94 - - [04/Aug/2026:00:27:57 +0000] "GET /?rest_route=%2Fbatch%2Fv1 HTTP/1.1" 404 128 "http://simplify.earth/" "WordPress/6.4.3; https://wordpress.org/"
13.140.140.94 - - [04/Aug/2026:00:27:57 +0000] "GET /?rest_route=/batch%2Fv1 HTTP/1.1" 404 128 "http://simplify.earth/" "WordPress/6.4.3; https://wordpress.org/"
13.140.140.94 - - [04/Aug/2026:00:27:58 +0000] "GET /?rest_route=/batch/v1 HTTP/1.1" 404 128 "http://simplify.earth/" "WordPress/6.4.3; https://wordpress.org/"
13.140.140.94 - - [04/Aug/2026:00:27:58 +0000] "GET /wp-json/batch/v1 HTTP/1.1" 404 128 "http://simplify.earth/" "WordPress/6.4.3; https://wordpress.org/"
107.150.97.175 - - [04/Aug/2026:00:27:59 +0000] "GET /wp-content/uploads/2025/07/Group-1078.png HTTP/1.1" 200 4355 "-" "Mozilla/5.0 (Windows NT 10.0; Win64; x64) AppleWebKit/537.36 (KHTML, like Gecko) Chrome/137.0.0.0 Safari/537.36"
13.140.140.94 - - [04/Aug/2026:00:27:59 +0000] "GET /wp-json/Batch/v1 HTTP/1.1" 404 128 "http://simplify.earth/" "WordPress/6.4.3; https://wordpress.org/"
13.140.140.94 - - [04/Aug/2026:00:28:00 +0000] "GET //wp-json/batch/v1 HTTP/1.1" 404 128 "http://simplify.earth/" "WordPress/6.4.3; https://wordpress.org/"
13.140.140.94 - - [04/Aug/2026:00:28:00 +0000] "GET /wp-json/batch/v1/ HTTP/1.1" 404 128 "http://simplify.earth/" "WordPress/6.4.3; https://wordpress.org/"
13.140.140.94 - - [04/Aug/2026:00:28:01 +0000] "GET /blog/wp-json/batch/v1 HTTP/1.1" 404 13285 "http://simplify.earth/" "WordPress/6.4.3; https://wordpress.org/"
13.140.140.94 - - [04/Aug/2026:00:28:02 +0000] "GET /wordpress/wp-json/batch/v1 HTTP/1.1" 404 13285 "http://simplify.earth/" "WordPress/6.4.3; https://wordpress.org/"
13.140.140.94 - - [04/Aug/2026:00:28:03 +0000] "GET /index.php?rest_route=/batch/v1 HTTP/1.1" 404 128 "http://www.simplify.earth/" "WordPress/6.4.3; https://wordpress.org/"
13.140.140.94 - - [04/Aug/2026:00:28:03 +0000] "GET /?rest_route=%2Fbatch%2Fv1 HTTP/1.1" 404 128 "http://www.simplify.earth/" "WordPress/6.4.3; https://wordpress.org/"
13.140.140.94 - - [04/Aug/2026:00:28:04 +0000] "GET /?rest_route=/batch%2Fv1 HTTP/1.1" 404 128 "http://www.simplify.earth/" "WordPress/6.4.3; https://wordpress.org/"
13.140.140.94 - - [04/Aug/2026:00:28:05 +0000] "GET /?rest_route=/batch/v1 HTTP/1.1" 404 128 "http://www.simplify.earth/" "WordPress/6.4.3; https://wordpress.org/"
13.140.140.94 - - [04/Aug/2026:00:28:06 +0000] "GET /wp-json/batch/v1 HTTP/1.1" 404 128 "http://www.simplify.earth/" "WordPress/6.4.3; https://wordpress.org/"
13.140.140.94 - - [04/Aug/2026:00:28:07 +0000] "GET /wp-json/Batch/v1 HTTP/1.1" 404 128 "http://www.simplify.earth/" "WordPress/6.4.3; https://wordpress.org/"
13.140.140.94 - - [04/Aug/2026:00:28:08 +0000] "GET //wp-json/batch/v1 HTTP/1.1" 404 128 "http://www.simplify.earth/" "WordPress/6.4.3; https://wordpress.org/"
13.140.140.94 - - [04/Aug/2026:00:28:09 +0000] "GET /wp-json/batch/v1/ HTTP/1.1" 404 128 "http://www.simplify.earth/" "WordPress/6.4.3; https://wordpress.org/"
13.140.140.94 - - [04/Aug/2026:00:28:10 +0000] "GET /blog/wp-json/batch/v1 HTTP/1.1" 404 13285 "http://www.simplify.earth/" "WordPress/6.4.3; https://wordpress.org/"
13.140.140.94 - - [04/Aug/2026:00:28:11 +0000] "GET /wordpress/wp-json/batch/v1 HTTP/1.1" 404 13285 "http://www.simplify.earth/" "WordPress/6.4.3; https://wordpress.org/"
13.140.140.94 - - [04/Aug/2026:00:28:11 +0000] "POST /index.php?rest_route=/batch/v1 HTTP/1.1" 207 27 "https://simplify.earth/" "WordPress/6.4.3; https://wordpress.org/"
13.140.140.94 - - [04/Aug/2026:00:28:12 +0000] "POST /index.php?rest_route=/batch/v1 HTTP/1.1" 207 490 "https://simplify.earth/" "WordPress/6.4.3; https://wordpress.org/"
13.140.140.94 - - [04/Aug/2026:00:28:12 +0000] "POST /index.php?rest_route=/batch/v1 HTTP/1.1" 207 490 "https://simplify.earth/" "WordPress/6.4.3; https://wordpress.org/"
13.140.140.94 - - [04/Aug/2026:00:28:12 +0000] "POST /index.php?rest_route=/batch/v1 HTTP/1.1" 207 490 "https://simplify.earth/" "WordPress/6.4.3; https://wordpress.org/"
13.140.140.94 - - [04/Aug/2026:00:28:13 +0000] "POST /index.php?rest_route=/batch/v1 HTTP/1.1" 207 490 "https://simplify.earth/" "WordPress/6.4.3; https://wordpress.org/"
13.140.140.94 - - [04/Aug/2026:00:28:13 +0000] "POST /index.php?rest_route=/batch/v1 HTTP/1.1" 207 490 "https://simplify.earth/" "WordPress/6.4.3; https://wordpress.org/"
13.140.140.94 - - [04/Aug/2026:00:28:13 +0000] "POST /index.php?rest_route=/batch/v1 HTTP/1.1" 207 490 "https://simplify.earth/" "WordPress/6.4.3; https://wordpress.org/"
13.140.140.94 - - [04/Aug/2026:00:28:15 +0000] "POST /index.php?rest_route=/batch/v1 HTTP/1.1" 207 490 "https://simplify.earth/" "WordPress/6.4.3; https://wordpress.org/"
13.140.140.94 - - [04/Aug/2026:00:28:17 +0000] "POST /index.php?rest_route=/batch/v1 HTTP/1.1" 207 490 "https://simplify.earth/" "WordPress/6.4.3; https://wordpress.org/"
13.140.140.94 - - [04/Aug/2026:00:28:17 +0000] "POST /index.php?rest_route=/batch/v1 HTTP/1.1" 207 490 "https://simplify.earth/" "WordPress/6.4.3; https://wordpress.org/"
13.140.140.94 - - [04/Aug/2026:00:28:17 +0000] "POST /index.php?rest_route=/batch/v1 HTTP/1.1" 207 490 "https://simplify.earth/" "WordPress/6.4.3; https://wordpress.org/"
13.140.140.94 - - [04/Aug/2026:00:28:18 +0000] "POST /index.php?rest_route=/batch/v1 HTTP/1.1" 207 490 "https://simplify.earth/" "WordPress/6.4.3; https://wordpress.org/"
13.140.140.94 - - [04/Aug/2026:00:28:18 +0000] "POST /index.php?rest_route=/batch/v1 HTTP/1.1" 207 490 "https://simplify.earth/" "WordPress/6.4.3; https://wordpress.org/"
13.140.140.94 - - [04/Aug/2026:00:28:19 +0000] "POST /index.php?rest_route=/batch/v1 HTTP/1.1" 207 490 "https://simplify.earth/" "WordPress/6.4.3; https://wordpress.org/"
13.140.140.94 - - [04/Aug/2026:00:28:19 +0000] "POST /index.php?rest_route=/batch/v1 HTTP/1.1" 207 490 "https://simplify.earth/" "WordPress/6.4.3; https://wordpress.org/"
13.140.140.94 - - [04/Aug/2026:00:28:19 +0000] "POST /index.php?rest_route=/batch/v1 HTTP/1.1" 207 490 "https://simplify.earth/" "WordPress/6.4.3; https://wordpress.org/"
13.140.140.94 - - [04/Aug/2026:00:28:20 +0000] "POST /index.php?rest_route=/batch/v1 HTTP/1.1" 207 646 "https://simplify.earth/" "WordPress/6.4.3; https://wordpress.org/"
13.140.140.94 - - [04/Aug/2026:00:28:23 +0000] "GET /index.php?rest_route=/batch/v1 HTTP/1.1" 404 128 "http://www.simplify.earth/" "WordPress/6.4.3; https://wordpress.org/"
13.140.140.94 - - [04/Aug/2026:00:28:24 +0000] "GET /?rest_route=%2Fbatch%2Fv1 HTTP/1.1" 404 128 "http://www.simplify.earth/" "WordPress/6.4.3; https://wordpress.org/"
13.140.140.94 - - [04/Aug/2026:00:28:25 +0000] "GET /?rest_route=/batch%2Fv1 HTTP/1.1" 404 128 "http://www.simplify.earth/" "WordPress/6.4.3; https://wordpress.org/"
13.140.140.94 - - [04/Aug/2026:00:28:26 +0000] "GET /?rest_route=/batch/v1 HTTP/1.1" 404 128 "http://www.simplify.earth/" "WordPress/6.4.3; https://wordpress.org/"
13.140.140.94 - - [04/Aug/2026:00:28:27 +0000] "GET /wp-json/batch/v1 HTTP/1.1" 404 128 "http://www.simplify.earth/" "WordPress/6.4.3; https://wordpress.org/"
13.140.140.94 - - [04/Aug/2026:00:28:28 +0000] "GET /wp-json/Batch/v1 HTTP/1.1" 404 128 "http://www.simplify.earth/" "WordPress/6.4.3; https://wordpress.org/"
13.140.140.94 - - [04/Aug/2026:00:28:28 +0000] "GET //wp-json/batch/v1 HTTP/1.1" 404 128 "http://www.simplify.earth/" "WordPress/6.4.3; https://wordpress.org/"
13.140.140.94 - - [04/Aug/2026:00:28:29 +0000] "GET /wp-json/batch/v1/ HTTP/1.1" 404 128 "http://www.simplify.earth/" "WordPress/6.4.3; https://wordpress.org/"
13.140.140.94 - - [04/Aug/2026:00:28:30 +0000] "GET /blog/wp-json/batch/v1 HTTP/1.1" 404 13285 "http://www.simplify.earth/" "WordPress/6.4.3; https://wordpress.org/"
13.140.140.94 - - [04/Aug/2026:00:28:31 +0000] "GET /wordpress/wp-json/batch/v1 HTTP/1.1" 404 13285 "http://www.simplify.earth/" "WordPress/6.4.3; https://wordpress.org/"
13.140.140.94 - - [04/Aug/2026:00:28:32 +0000] "GET /index.php?rest_route=/batch/v1 HTTP/1.1" 404 128 "http://simplify.earth/" "WordPress/6.4.3; https://wordpress.org/"
13.140.140.94 - - [04/Aug/2026:00:28:32 +0000] "GET /?rest_route=%2Fbatch%2Fv1 HTTP/1.1" 404 128 "http://simplify.earth/" "WordPress/6.4.3; https://wordpress.org/"
13.140.140.94 - - [04/Aug/2026:00:28:33 +0000] "GET /?rest_route=/batch%2Fv1 HTTP/1.1" 404 128 "http://simplify.earth/" "WordPress/6.4.3; https://wordpress.org/"
52.4.149.131 - - [04/Aug/2026:00:28:34 +0000] "POST /wp-cron.php?doing_wp_cron=1785803314.1707720756530761718750 HTTP/1.1" 499 0 "-" "WordPress/7.0.2; https://simplify.earth"
13.140.140.94 - - [04/Aug/2026:00:28:34 +0000] "GET /?rest_route=/batch/v1 HTTP/1.1" 404 128 "http://simplify.earth/" "WordPress/6.4.3; https://wordpress.org/"
13.140.140.94 - - [04/Aug/2026:00:28:34 +0000] "GET /wp-json/batch/v1 HTTP/1.1" 404 128 "http://simplify.earth/" "WordPress/6.4.3; https://wordpress.org/"
13.140.140.94 - - [04/Aug/2026:00:28:35 +0000] "GET /wp-json/Batch/v1 HTTP/1.1" 404 128 "http://simplify.earth/" "WordPress/6.4.3; https://wordpress.org/"
13.140.140.94 - - [04/Aug/2026:00:28:35 +0000] "GET //wp-json/batch/v1 HTTP/1.1" 404 128 "http://simplify.earth/" "WordPress/6.4.3; https://wordpress.org/"
13.140.140.94 - - [04/Aug/2026:00:28:36 +0000] "GET /wp-json/batch/v1/ HTTP/1.1" 404 128 "http://simplify.earth/" "WordPress/6.4.3; https://wordpress.org/"
13.140.140.94 - - [04/Aug/2026:00:28:37 +0000] "GET /blog/wp-json/batch/v1 HTTP/1.1" 404 13285 "http://simplify.earth/" "WordPress/6.4.3; https://wordpress.org/"
13.140.140.94 - - [04/Aug/2026:00:28:37 +0000] "GET /wordpress/wp-json/batch/v1 HTTP/1.1" 404 13285 "http://simplify.earth/" "WordPress/6.4.3; https://wordpress.org/"
13.140.140.94 - - [04/Aug/2026:00:28:38 +0000] "GET /index.php?rest_route=/batch/v1 HTTP/1.1" 404 128 "https://www.simplify.earth/" "WordPress/6.4.3; https://wordpress.org/"
13.140.140.94 - - [04/Aug/2026:00:28:39 +0000] "GET /?rest_route=%2Fbatch%2Fv1 HTTP/1.1" 404 128 "https://www.simplify.earth/" "WordPress/6.4.3; https://wordpress.org/"
13.140.140.94 - - [04/Aug/2026:00:28:40 +0000] "GET /?rest_route=/batch%2Fv1 HTTP/1.1" 404 128 "https://www.simplify.earth/" "WordPress/6.4.3; https://wordpress.org/"
13.140.140.94 - - [04/Aug/2026:00:28:40 +0000] "GET /?rest_route=/batch/v1 HTTP/1.1" 404 128 "https://www.simplify.earth/" "WordPress/6.4.3; https://wordpress.org/"
13.140.140.94 - - [04/Aug/2026:00:28:41 +0000] "GET /wp-json/batch/v1 HTTP/1.1" 404 128 "https://www.simplify.earth/" "WordPress/6.4.3; https://wordpress.org/"
13.140.140.94 - - [04/Aug/2026:00:28:42 +0000] "GET /wp-json/Batch/v1 HTTP/1.1" 404 128 "https://www.simplify.earth/" "WordPress/6.4.3; https://wordpress.org/"
13.140.140.94 - - [04/Aug/2026:00:28:42 +0000] "GET //wp-json/batch/v1 HTTP/1.1" 404 128 "https://www.simplify.earth/" "WordPress/6.4.3; https://wordpress.org/"
13.140.140.94 - - [04/Aug/2026:00:28:43 +0000] "GET /wp-json/batch/v1/ HTTP/1.1" 404 128 "https://www.simplify.earth/" "WordPress/6.4.3; https://wordpress.org/"
13.140.140.94 - - [04/Aug/2026:00:28:44 +0000] "GET /blog/wp-json/batch/v1 HTTP/1.1" 404 13285 "https://www.simplify.earth/" "WordPress/6.4.3; https://wordpress.org/"
13.140.140.94 - - [04/Aug/2026:00:28:45 +0000] "GET /wordpress/wp-json/batch/v1 HTTP/1.1" 404 13285 "https://www.simplify.earth/" "WordPress/6.4.3; https://wordpress.org/"
13.140.140.94 - - [04/Aug/2026:00:28:45 +0000] "POST /index.php?rest_route=/batch/v1 HTTP/1.1" 207 27 "https://simplify.earth/" "WordPress/6.4.3; https://wordpress.org/"
13.140.140.94 - - [04/Aug/2026:00:28:45 +0000] "POST /index.php?rest_route=/batch/v1 HTTP/1.1" 207 490 "https://simplify.earth/" "WordPress/6.4.3; https://wordpress.org/"
13.140.140.94 - - [04/Aug/2026:00:28:46 +0000] "POST /index.php?rest_route=/batch/v1 HTTP/1.1" 207 490 "https://simplify.earth/" "WordPress/6.4.3; https://wordpress.org/"
13.140.140.94 - - [04/Aug/2026:00:28:46 +0000] "POST /index.php?rest_route=/batch/v1 HTTP/1.1" 207 490 "https://simplify.earth/" "WordPress/6.4.3; https://wordpress.org/"
13.140.140.94 - - [04/Aug/2026:00:28:47 +0000] "POST /index.php?rest_route=/batch/v1 HTTP/1.1" 207 490 "https://simplify.earth/" "WordPress/6.4.3; https://wordpress.org/"
13.140.140.94 - - [04/Aug/2026:00:28:47 +0000] "POST /index.php?rest_route=/batch/v1 HTTP/1.1" 207 490 "https://simplify.earth/" "WordPress/6.4.3; https://wordpress.org/"
13.140.140.94 - - [04/Aug/2026:00:28:47 +0000] "POST /index.php?rest_route=/batch/v1 HTTP/1.1" 207 490 "https://simplify.earth/" "WordPress/6.4.3; https://wordpress.org/"
13.140.140.94 - - [04/Aug/2026:00:28:49 +0000] "POST /index.php?rest_route=/batch/v1 HTTP/1.1" 207 490 "https://simplify.earth/" "WordPress/6.4.3; https://wordpress.org/"
13.140.140.94 - - [04/Aug/2026:00:28:51 +0000] "POST /index.php?rest_route=/batch/v1 HTTP/1.1" 207 490 "https://simplify.earth/" "WordPress/6.4.3; https://wordpress.org/"
13.140.140.94 - - [04/Aug/2026:00:28:51 +0000] "POST /index.php?rest_route=/batch/v1 HTTP/1.1" 207 490 "https://simplify.earth/" "WordPress/6.4.3; https://wordpress.org/"
13.140.140.94 - - [04/Aug/2026:00:28:51 +0000] "POST /index.php?rest_route=/batch/v1 HTTP/1.1" 207 490 "https://simplify.earth/" "WordPress/6.4.3; https://wordpress.org/"
13.140.140.94 - - [04/Aug/2026:00:28:52 +0000] "POST /index.php?rest_route=/batch/v1 HTTP/1.1" 207 490 "https://simplify.earth/" "WordPress/6.4.3; https://wordpress.org/"
13.140.140.94 - - [04/Aug/2026:00:28:52 +0000] "POST /index.php?rest_route=/batch/v1 HTTP/1.1" 207 490 "https://simplify.earth/" "WordPress/6.4.3; https://wordpress.org/"
13.140.140.94 - - [04/Aug/2026:00:28:53 +0000] "POST /index.php?rest_route=/batch/v1 HTTP/1.1" 207 490 "https://simplify.earth/" "WordPress/6.4.3; https://wordpress.org/"
13.140.140.94 - - [04/Aug/2026:00:28:53 +0000] "POST /index.php?rest_route=/batch/v1 HTTP/1.1" 207 490 "https://simplify.earth/" "WordPress/6.4.3; https://wordpress.org/"
13.140.140.94 - - [04/Aug/2026:00:28:53 +0000] "POST /index.php?rest_route=/batch/v1 HTTP/1.1" 207 490 "https://simplify.earth/" "WordPress/6.4.3; https://wordpress.org/"
13.140.140.94 - - [04/Aug/2026:00:28:54 +0000] "POST /index.php?rest_route=/batch/v1 HTTP/1.1" 207 646 "https://simplify.earth/" "WordPress/6.4.3; https://wordpress.org/"
13.140.140.94 - - [04/Aug/2026:00:28:57 +0000] "POST /index.php?rest_route=/batch/v1 HTTP/1.1" 207 27 "https://simplify.earth/" "WordPress/6.4.3; https://wordpress.org/"
13.140.140.94 - - [04/Aug/2026:00:28:57 +0000] "POST /index.php?rest_route=/batch/v1 HTTP/1.1" 207 490 "https://simplify.earth/" "WordPress/6.4.3; https://wordpress.org/"
13.140.140.94 - - [04/Aug/2026:00:28:58 +0000] "POST /index.php?rest_route=/batch/v1 HTTP/1.1" 207 490 "https://simplify.earth/" "WordPress/6.4.3; https://wordpress.org/"
13.140.140.94 - - [04/Aug/2026:00:28:58 +0000] "POST /index.php?rest_route=/batch/v1 HTTP/1.1" 207 490 "https://simplify.earth/" "WordPress/6.4.3; https://wordpress.org/"
13.140.140.94 - - [04/Aug/2026:00:28:58 +0000] "POST /index.php?rest_route=/batch/v1 HTTP/1.1" 207 490 "https://simplify.earth/" "WordPress/6.4.3; https://wordpress.org/"
13.140.140.94 - - [04/Aug/2026:00:28:59 +0000] "POST /index.php?rest_route=/batch/v1 HTTP/1.1" 207 490 "https://simplify.earth/" "WordPress/6.4.3; https://wordpress.org/"
13.140.140.94 - - [04/Aug/2026:00:28:59 +0000] "POST /index.php?rest_route=/batch/v1 HTTP/1.1" 207 490 "https://simplify.earth/" "WordPress/6.4.3; https://wordpress.org/"
13.140.140.94 - - [04/Aug/2026:00:29:00 +0000] "POST /index.php?rest_route=/batch/v1 HTTP/1.1" 207 490 "https://simplify.earth/" "WordPress/6.4.3; https://wordpress.org/"
13.140.140.94 - - [04/Aug/2026:00:29:02 +0000] "POST /index.php?rest_route=/batch/v1 HTTP/1.1" 207 490 "https://simplify.earth/" "WordPress/6.4.3; https://wordpress.org/"
13.140.140.94 - - [04/Aug/2026:00:29:03 +0000] "POST /index.php?rest_route=/batch/v1 HTTP/1.1" 207 490 "https://simplify.earth/" "WordPress/6.4.3; https://wordpress.org/"
13.140.140.94 - - [04/Aug/2026:00:29:03 +0000] "POST /index.php?rest_route=/batch/v1 HTTP/1.1" 207 490 "https://simplify.earth/" "WordPress/6.4.3; https://wordpress.org/"
13.140.140.94 - - [04/Aug/2026:00:29:04 +0000] "POST /index.php?rest_route=/batch/v1 HTTP/1.1" 207 490 "https://simplify.earth/" "WordPress/6.4.3; https://wordpress.org/"
13.140.140.94 - - [04/Aug/2026:00:29:04 +0000] "POST /index.php?rest_route=/batch/v1 HTTP/1.1" 207 490 "https://simplify.earth/" "WordPress/6.4.3; https://wordpress.org/"
13.140.140.94 - - [04/Aug/2026:00:29:04 +0000] "POST /index.php?rest_route=/batch/v1 HTTP/1.1" 207 490 "https://simplify.earth/" "WordPress/6.4.3; https://wordpress.org/"
13.140.140.94 - - [04/Aug/2026:00:29:05 +0000] "POST /index.php?rest_route=/batch/v1 HTTP/1.1" 207 490 "https://simplify.earth/" "WordPress/6.4.3; https://wordpress.org/"
13.140.140.94 - - [04/Aug/2026:00:29:05 +0000] "POST /index.php?rest_route=/batch/v1 HTTP/1.1" 207 490 "https://simplify.earth/" "WordPress/6.4.3; https://wordpress.org/"
13.140.140.94 - - [04/Aug/2026:00:29:06 +0000] "POST /index.php?rest_route=/batch/v1 HTTP/1.1" 207 646 "https://simplify.earth/" "WordPress/6.4.3; https://wordpress.org/"
13.140.140.94 - - [04/Aug/2026:00:29:06 +0000] "GET /index.php?rest_route=/batch/v1 HTTP/1.1" 404 128 "https://www.simplify.earth/" "WordPress/6.4.3; https://wordpress.org/"
13.140.140.94 - - [04/Aug/2026:00:29:07 +0000] "GET /?rest_route=%2Fbatch%2Fv1 HTTP/1.1" 404 128 "https://www.simplify.earth/" "WordPress/6.4.3; https://wordpress.org/"
13.140.140.94 - - [04/Aug/2026:00:29:07 +0000] "GET /?rest_route=/batch%2Fv1 HTTP/1.1" 404 128 "https://www.simplify.earth/" "WordPress/6.4.3; https://wordpress.org/"
13.140.140.94 - - [04/Aug/2026:00:29:08 +0000] "GET /?rest_route=/batch/v1 HTTP/1.1" 404 128 "https://www.simplify.earth/" "WordPress/6.4.3; https://wordpress.org/"
13.140.140.94 - - [04/Aug/2026:00:29:09 +0000] "GET /wp-json/batch/v1 HTTP/1.1" 404 128 "https://www.simplify.earth/" "WordPress/6.4.3; https://wordpress.org/"
