130.210.38.188 - - [04/Aug/2026:12:47:02 +0000] "GET /wp-login.php?redirect_to=https%3A%2F%2Fsimplify.earth%2Fwp-admin%2Findex.php&reauth=1 HTTP/1.1" 200 2318 "https://earthpayments.com/wp-login.php" "Mozilla/5.0 (Windows NT 10.0; Win64; x64; rv:118.0) Gecko/20100101 Firefox/118.0"
130.210.38.188 - - [04/Aug/2026:12:47:03 +0000] "GET /wp-admin/index.php HTTP/1.1" 302 5 "https://earthpayments.com/wp-login.php" "Mozilla/5.0 (Windows NT 11.0; Win64; x64) AppleWebKit/537.36 (KHTML, like Gecko) Chrome/121.0.0.0 Safari/537.36"
130.210.38.188 - - [04/Aug/2026:12:47:03 +0000] "GET /wp-login.php?redirect_to=https%3A%2F%2Fsimplify.earth%2Fwp-admin%2Findex.php&reauth=1 HTTP/1.1" 200 2318 "https://earthpayments.com/wp-login.php" "Mozilla/5.0 (Windows NT 11.0; Win64; x64) AppleWebKit/537.36 (KHTML, like Gecko) Chrome/121.0.0.0 Safari/537.36"
130.210.38.188 - - [04/Aug/2026:12:47:04 +0000] "GET /wp-admin/index.php HTTP/1.1" 302 5 "https://earthpayments.com/wp-login.php" "Mozilla/5.0 (Macintosh; Intel Mac OS X 13_6_1) AppleWebKit/605.1.15 (KHTML, like Gecko) Version/17.0 Safari/605.1.15"
130.210.38.188 - - [04/Aug/2026:12:47:04 +0000] "GET /wp-login.php?redirect_to=https%3A%2F%2Fsimplify.earth%2Fwp-admin%2Findex.php&reauth=1 HTTP/1.1" 200 2318 "https://earthpayments.com/wp-login.php" "Mozilla/5.0 (Macintosh; Intel Mac OS X 13_6_1) AppleWebKit/605.1.15 (KHTML, like Gecko) Version/17.0 Safari/605.1.15"
130.210.38.188 - - [04/Aug/2026:12:47:05 +0000] "GET /wp-admin/index.php HTTP/1.1" 302 5 "https://earthpayments.com/wp-login.php" "Mozilla/5.0 (Windows NT 10.0; Win64; x64) AppleWebKit/537.36 (KHTML, like Gecko) Chrome/121.0.0.0 Safari/537.36"
52.4.149.131 - - [04/Aug/2026:12:47:06 +0000] "POST /wp-cron.php?doing_wp_cron=1785847626.0610949993133544921875 HTTP/1.1" 499 0 "-" "WordPress/7.0.2; https://simplify.earth"
130.210.38.188 - - [04/Aug/2026:12:47:06 +0000] "GET /wp-login.php?redirect_to=https%3A%2F%2Fsimplify.earth%2Fwp-admin%2Findex.php&reauth=1 HTTP/1.1" 200 2318 "https://earthpayments.com/wp-login.php" "Mozilla/5.0 (Windows NT 10.0; Win64; x64) AppleWebKit/537.36 (KHTML, like Gecko) Chrome/121.0.0.0 Safari/537.36"
160.187.146.79 - - [04/Aug/2026:12:47:06 +0000] "GET /wp-login.php HTTP/2.0" 200 2295 "-" "Mozilla/5.0 (Windows NT 10.0; Win64; x64) AppleWebKit/537.36 (KHTML, like Gecko) Chrome/150.0.0.0 Safari/537.36"
45.156.129.111 - - [04/Aug/2026:12:47:06 +0000] "GET / HTTP/1.1" 200 19954 "https://quotemelimo.com/" "Mozilla/5.0 AppleWebKit/537.36 (KHTML, like Gecko) Chrome/123.0.6312.86 Safari/537.36"
130.210.38.188 - - [04/Aug/2026:12:47:06 +0000] "GET /wp-admin/index.php HTTP/1.1" 302 5 "https://earthpayments.com/wp-login.php" "Mozilla/5.0 (Macintosh; Intel Mac OS X 10_15_7; rv:118.0) Gecko/20100101 Firefox/118.0"
54.39.136.241 - - [04/Aug/2026:12:47:06 +0000] "GET /wie-nachhaltig-ist-das-wachstum-von-mr-sloty-casino-im-markt/feed/ HTTP/2.0" 200 480 "-" "Mozilla/5.0 (compatible; AhrefsBot/7.0; +http://ahrefs.com/robot/)"
45.156.129.113 - - [04/Aug/2026:12:47:06 +0000] "GET /sitecore/shell/sitecore.version.xml HTTP/1.1" 404 564 "https://quotemelimo.com/sitecore/shell/sitecore.version.xml" "Mozilla/5.0 AppleWebKit/537.36 (KHTML, like Gecko) Chrome/123.0.6312.86 Safari/537.36"
130.210.38.188 - - [04/Aug/2026:12:47:07 +0000] "GET /wp-login.php?redirect_to=https%3A%2F%2Fsimplify.earth%2Fwp-admin%2Findex.php&reauth=1 HTTP/1.1" 200 2318 "https://earthpayments.com/wp-login.php" "Mozilla/5.0 (Macintosh; Intel Mac OS X 10_15_7; rv:118.0) Gecko/20100101 Firefox/118.0"
45.156.129.113 - - [04/Aug/2026:12:47:07 +0000] "GET /showLogin.cc HTTP/1.1" 404 13314 "https://quotemelimo.com/showLogin.cc" "Mozilla/5.0 AppleWebKit/537.36 (KHTML, like Gecko) Chrome/123.0.6312.86 Safari/537.36"
130.210.38.188 - - [04/Aug/2026:12:47:07 +0000] "GET /wp-admin/index.php HTTP/1.1" 302 5 "https://earthpayments.com/wp-login.php" "Mozilla/5.0 (X11; Ubuntu; Linux x86_64) AppleWebKit/537.36 (KHTML, like Gecko) Chrome/121.0.0.0 Safari/537.36"
160.187.146.79 - - [04/Aug/2026:12:47:07 +0000] "POST /wp-login.php HTTP/2.0" 200 2481 "https://simplify.earth/wp-login.php" "Mozilla/5.0 (Windows NT 10.0; Win64; x64) AppleWebKit/537.36 (KHTML, like Gecko) Chrome/150.0.0.0 Safari/537.36"
130.210.38.188 - - [04/Aug/2026:12:47:08 +0000] "GET /wp-login.php?redirect_to=https%3A%2F%2Fsimplify.earth%2Fwp-admin%2Findex.php&reauth=1 HTTP/1.1" 200 2318 "https://earthpayments.com/wp-login.php" "Mozilla/5.0 (X11; Ubuntu; Linux x86_64) AppleWebKit/537.36 (KHTML, like Gecko) Chrome/121.0.0.0 Safari/537.36"
45.156.129.110 - - [04/Aug/2026:12:47:08 +0000] "GET /Telerik.Web.UI.WebResource.axd?type=rau HTTP/1.1" 404 13314 "https://quotemelimo.com/Telerik.Web.UI.WebResource.axd?type=rau" "Mozilla/5.0 AppleWebKit/537.36 (KHTML, like Gecko) Chrome/123.0.6312.86 Safari/537.36"
130.210.38.188 - - [04/Aug/2026:12:47:08 +0000] "GET /wp-admin/index.php HTTP/1.1" 302 5 "https://earthpayments.com/wp-login.php" "Mozilla/5.0 (Macintosh; Intel Mac OS X 10_15_7) AppleWebKit/537.36 (KHTML, like Gecko) Chrome/121.0.0.0 Safari/537.36"
130.210.38.188 - - [04/Aug/2026:12:47:08 +0000] "GET /wp-login.php?redirect_to=https%3A%2F%2Fsimplify.earth%2Fwp-admin%2Findex.php&reauth=1 HTTP/1.1" 200 2318 "https://earthpayments.com/wp-login.php" "Mozilla/5.0 (Macintosh; Intel Mac OS X 10_15_7) AppleWebKit/537.36 (KHTML, like Gecko) Chrome/121.0.0.0 Safari/537.36"
45.156.129.113 - - [04/Aug/2026:12:47:09 +0000] "GET /index.jsp HTTP/1.1" 404 13314 "https://quotemelimo.com/index.jsp" "Mozilla/5.0 AppleWebKit/537.36 (KHTML, like Gecko) Chrome/123.0.6312.86 Safari/537.36"
130.210.38.188 - - [04/Aug/2026:12:47:09 +0000] "GET /wp-admin/index.php HTTP/1.1" 302 5 "https://earthpayments.com/wp-login.php" "Mozilla/5.0 (X11; Ubuntu; Linux x86_64) AppleWebKit/537.36 (KHTML, like Gecko) Chrome/119.0.0.0 Safari/537.36"
45.156.129.111 - - [04/Aug/2026:12:47:09 +0000] "GET /login HTTP/1.1" 302 5 "https://quotemelimo.com/login" "Mozilla/5.0 AppleWebKit/537.36 (KHTML, like Gecko) Chrome/123.0.6312.86 Safari/537.36"
130.210.38.188 - - [04/Aug/2026:12:47:09 +0000] "GET /wp-login.php?redirect_to=https%3A%2F%2Fsimplify.earth%2Fwp-admin%2Findex.php&reauth=1 HTTP/1.1" 200 2318 "https://earthpayments.com/wp-login.php" "Mozilla/5.0 (X11; Ubuntu; Linux x86_64) AppleWebKit/537.36 (KHTML, like Gecko) Chrome/119.0.0.0 Safari/537.36"
45.156.129.111 - - [04/Aug/2026:12:47:09 +0000] "GET /wp-login.php HTTP/1.1" 200 2307 "https://simplify.earth/login" "Mozilla/5.0 AppleWebKit/537.36 (KHTML, like Gecko) Chrome/123.0.6312.86 Safari/537.36"
130.210.38.188 - - [04/Aug/2026:12:47:10 +0000] "GET /wp-admin/index.php HTTP/1.1" 302 5 "https://earthpayments.com/wp-login.php" "Mozilla/5.0 (Macintosh; Intel Mac OS X 13_6_1) AppleWebKit/537.36 (KHTML, like Gecko) Chrome/120.0.0.0 Safari/537.36"
45.156.129.113 - - [04/Aug/2026:12:47:10 +0000] "GET /sugar_version.json HTTP/1.1" 404 13314 "https://quotemelimo.com/sugar_version.json" "Mozilla/5.0 AppleWebKit/537.36 (KHTML, like Gecko) Chrome/123.0.6312.86 Safari/537.36"
130.210.38.188 - - [04/Aug/2026:12:47:10 +0000] "GET /wp-login.php?redirect_to=https%3A%2F%2Fsimplify.earth%2Fwp-admin%2Findex.php&reauth=1 HTTP/1.1" 200 2318 "https://earthpayments.com/wp-login.php" "Mozilla/5.0 (Macintosh; Intel Mac OS X 13_6_1) AppleWebKit/537.36 (KHTML, like Gecko) Chrome/120.0.0.0 Safari/537.36"
45.156.129.110 - - [04/Aug/2026:12:47:11 +0000] "GET /zabbix/favicon.ico HTTP/1.1" 404 564 "https://quotemelimo.com/zabbix/favicon.ico" "Mozilla/5.0 AppleWebKit/537.36 (KHTML, like Gecko) Chrome/123.0.6312.86 Safari/537.36"
130.210.38.188 - - [04/Aug/2026:12:47:11 +0000] "GET /wp-admin/index.php HTTP/1.1" 302 5 "https://earthpayments.com/wp-login.php" "Mozilla/5.0 (Macintosh; Intel Mac OS X 13_6_1; rv:121.0) Gecko/20100101 Firefox/121.0"
130.210.38.188 - - [04/Aug/2026:12:47:11 +0000] "GET /wp-login.php?redirect_to=https%3A%2F%2Fsimplify.earth%2Fwp-admin%2Findex.php&reauth=1 HTTP/1.1" 200 2318 "https://earthpayments.com/wp-login.php" "Mozilla/5.0 (Macintosh; Intel Mac OS X 13_6_1; rv:121.0) Gecko/20100101 Firefox/121.0"
45.156.129.113 - - [04/Aug/2026:12:47:12 +0000] "GET /login.do HTTP/1.1" 404 13314 "https://quotemelimo.com/login.do" "Mozilla/5.0 AppleWebKit/537.36 (KHTML, like Gecko) Chrome/123.0.6312.86 Safari/537.36"
130.210.38.188 - - [04/Aug/2026:12:47:12 +0000] "GET /wp-admin/index.php HTTP/1.1" 302 5 "https://earthpayments.com/wp-login.php" "Mozilla/5.0 (Windows NT 10.0; Win64; x64) AppleWebKit/537.36 (KHTML, like Gecko) Chrome/119.0.0.0 Safari/537.36"
130.210.38.188 - - [04/Aug/2026:12:47:12 +0000] "GET /wp-login.php?redirect_to=https%3A%2F%2Fsimplify.earth%2Fwp-admin%2Findex.php&reauth=1 HTTP/1.1" 200 2318 "https://earthpayments.com/wp-login.php" "Mozilla/5.0 (Windows NT 10.0; Win64; x64) AppleWebKit/537.36 (KHTML, like Gecko) Chrome/119.0.0.0 Safari/537.36"
45.156.129.110 - - [04/Aug/2026:12:47:13 +0000] "GET /cgi-bin/authLogin.cgi HTTP/1.1" 404 13314 "https://quotemelimo.com/cgi-bin/authLogin.cgi" "Mozilla/5.0 AppleWebKit/537.36 (KHTML, like Gecko) Chrome/123.0.6312.86 Safari/537.36"
130.210.38.188 - - [04/Aug/2026:12:47:13 +0000] "GET /wp-admin/index.php HTTP/1.1" 302 5 "https://earthpayments.com/wp-login.php" "Mozilla/5.0 (Macintosh; Intel Mac OS X 10_15_7; rv:118.0) Gecko/20100101 Firefox/118.0"
130.210.38.188 - - [04/Aug/2026:12:47:13 +0000] "GET /wp-login.php?redirect_to=https%3A%2F%2Fsimplify.earth%2Fwp-admin%2Findex.php&reauth=1 HTTP/1.1" 200 2318 "https://earthpayments.com/wp-login.php" "Mozilla/5.0 (Macintosh; Intel Mac OS X 10_15_7; rv:118.0) Gecko/20100101 Firefox/118.0"
45.156.129.111 - - [04/Aug/2026:12:47:14 +0000] "GET / HTTP/1.1" 200 19954 "https://quotemelimo.com/" "Mozilla/5.0 AppleWebKit/537.36 (KHTML, like Gecko) Chrome/123.0.6312.86 Safari/537.36"
130.210.38.188 - - [04/Aug/2026:12:47:14 +0000] "GET /wp-admin/index.php HTTP/1.1" 302 5 "https://earthpayments.com/wp-login.php" "Mozilla/5.0 (Macintosh; Intel Mac OS X 13_6_1; rv:119.0) Gecko/20100101 Firefox/119.0"
45.156.129.112 - - [04/Aug/2026:12:47:14 +0000] "GET /WebInterface/ HTTP/1.1" 404 13314 "https://quotemelimo.com/WebInterface/" "Mozilla/5.0 AppleWebKit/537.36 (KHTML, like Gecko) Chrome/123.0.6312.86 Safari/537.36"
130.210.38.188 - - [04/Aug/2026:12:47:14 +0000] "GET /wp-login.php?redirect_to=https%3A%2F%2Fsimplify.earth%2Fwp-admin%2Findex.php&reauth=1 HTTP/1.1" 200 2318 "https://earthpayments.com/wp-login.php" "Mozilla/5.0 (Macintosh; Intel Mac OS X 13_6_1; rv:119.0) Gecko/20100101 Firefox/119.0"
45.156.129.113 - - [04/Aug/2026:12:47:15 +0000] "GET /license.txt HTTP/1.1" 200 8321 "https://quotemelimo.com/license.txt" "Mozilla/5.0 AppleWebKit/537.36 (KHTML, like Gecko) Chrome/123.0.6312.86 Safari/537.36"
130.210.38.188 - - [04/Aug/2026:12:47:15 +0000] "GET /wp-admin/index.php HTTP/1.1" 302 5 "https://earthpayments.com/wp-login.php" "Mozilla/5.0 (Macintosh; Intel Mac OS X 10_15_7) AppleWebKit/605.1.15 (KHTML, like Gecko) Version/17.0 Safari/605.1.15"
130.210.38.188 - - [04/Aug/2026:12:47:15 +0000] "GET /wp-login.php?redirect_to=https%3A%2F%2Fsimplify.earth%2Fwp-admin%2Findex.php&reauth=1 HTTP/1.1" 200 2318 "https://earthpayments.com/wp-login.php" "Mozilla/5.0 (Macintosh; Intel Mac OS X 10_15_7) AppleWebKit/605.1.15 (KHTML, like Gecko) Version/17.0 Safari/605.1.15"
130.210.38.188 - - [04/Aug/2026:12:47:16 +0000] "GET /wp-admin/index.php HTTP/1.1" 302 5 "https://earthpayments.com/wp-login.php" "Mozilla/5.0 (X11; Ubuntu; Linux x86_64) AppleWebKit/537.36 (KHTML, like Gecko) Chrome/118.0.0.0 Safari/537.36"
130.210.38.188 - - [04/Aug/2026:12:47:16 +0000] "GET /wp-login.php?redirect_to=https%3A%2F%2Fsimplify.earth%2Fwp-admin%2Findex.php&reauth=1 HTTP/1.1" 200 2318 "https://earthpayments.com/wp-login.php" "Mozilla/5.0 (X11; Ubuntu; Linux x86_64) AppleWebKit/537.36 (KHTML, like Gecko) Chrome/118.0.0.0 Safari/537.36"
45.156.129.110 - - [04/Aug/2026:12:47:17 +0000] "GET /wp-content/plugins/wp-video-lightbox/readme.txt HTTP/1.1" 404 564 "https://quotemelimo.com/wp-content/plugins/wp-video-lightbox/readme.txt" "Mozilla/5.0 AppleWebKit/537.36 (KHTML, like Gecko) Chrome/123.0.6312.86 Safari/537.36"
130.210.38.188 - - [04/Aug/2026:12:47:17 +0000] "GET /wp-admin/index.php HTTP/1.1" 302 5 "https://earthpayments.com/wp-login.php" "Mozilla/5.0 (Macintosh; Intel Mac OS X 13_6_1) AppleWebKit/605.1.15 (KHTML, like Gecko) Version/17.2 Safari/605.1.15"
45.156.129.110 - - [04/Aug/2026:12:47:17 +0000] "GET /wp-content/plugins/kingcomposer/readme.txt HTTP/1.1" 404 564 "https://quotemelimo.com/wp-content/plugins/kingcomposer/readme.txt" "Mozilla/5.0 AppleWebKit/537.36 (KHTML, like Gecko) Chrome/123.0.6312.86 Safari/537.36"
130.210.38.188 - - [04/Aug/2026:12:47:17 +0000] "GET /wp-login.php?redirect_to=https%3A%2F%2Fsimplify.earth%2Fwp-admin%2Findex.php&reauth=1 HTTP/1.1" 200 2318 "https://earthpayments.com/wp-login.php" "Mozilla/5.0 (Macintosh; Intel Mac OS X 13_6_1) AppleWebKit/605.1.15 (KHTML, like Gecko) Version/17.2 Safari/605.1.15"
45.156.129.110 - - [04/Aug/2026:12:47:17 +0000] "GET /wp-content/plugins/wpschoolpress/readme.txt HTTP/1.1" 404 564 "https://quotemelimo.com/wp-content/plugins/wpschoolpress/readme.txt" "Mozilla/5.0 AppleWebKit/537.36 (KHTML, like Gecko) Chrome/123.0.6312.86 Safari/537.36"
45.156.129.111 - - [04/Aug/2026:12:47:18 +0000] "GET /wp-content/plugins/wpforms-lite/readme.txt HTTP/1.1" 200 11217 "https://quotemelimo.com/wp-content/plugins/wpforms-lite/readme.txt" "Mozilla/5.0 AppleWebKit/537.36 (KHTML, like Gecko) Chrome/123.0.6312.86 Safari/537.36"
45.156.129.113 - - [04/Aug/2026:12:47:18 +0000] "GET /wp-content/plugins/elementor/readme.txt HTTP/1.1" 200 12872 "https://quotemelimo.com/wp-content/plugins/elementor/readme.txt" "Mozilla/5.0 AppleWebKit/537.36 (KHTML, like Gecko) Chrome/123.0.6312.86 Safari/537.36"
45.156.129.112 - - [04/Aug/2026:12:47:18 +0000] "GET /wp-content/plugins/akismet/readme.txt HTTP/1.1" 404 564 "https://quotemelimo.com/wp-content/plugins/akismet/readme.txt" "Mozilla/5.0 AppleWebKit/537.36 (KHTML, like Gecko) Chrome/123.0.6312.86 Safari/537.36"
45.156.129.112 - - [04/Aug/2026:12:47:18 +0000] "GET /wp-content/plugins/jetpack/readme.txt HTTP/1.1" 404 564 "https://quotemelimo.com/wp-content/plugins/jetpack/readme.txt" "Mozilla/5.0 AppleWebKit/537.36 (KHTML, like Gecko) Chrome/123.0.6312.86 Safari/537.36"
45.156.129.112 - - [04/Aug/2026:12:47:18 +0000] "GET /wp-content/plugins/ultimate-addons-for-gutenberg/readme.txt HTTP/1.1" 404 564 "https://quotemelimo.com/wp-content/plugins/ultimate-addons-for-gutenberg/readme.txt" "Mozilla/5.0 AppleWebKit/537.36 (KHTML, like Gecko) Chrome/123.0.6312.86 Safari/537.36"
45.156.129.113 - - [04/Aug/2026:12:47:18 +0000] "GET /wp-content/plugins/woocommerce/readme.txt HTTP/1.1" 404 564 "https://quotemelimo.com/wp-content/plugins/woocommerce/readme.txt" "Mozilla/5.0 AppleWebKit/537.36 (KHTML, like Gecko) Chrome/123.0.6312.86 Safari/537.36"
45.156.129.112 - - [04/Aug/2026:12:47:18 +0000] "GET /wp-content/plugins/wordfence/readme.txt HTTP/1.1" 404 564 "https://quotemelimo.com/wp-content/plugins/wordfence/readme.txt" "Mozilla/5.0 AppleWebKit/537.36 (KHTML, like Gecko) Chrome/123.0.6312.86 Safari/537.36"
45.156.129.112 - - [04/Aug/2026:12:47:18 +0000] "GET /wp-content/plugins/header-footer-elementor/readme.txt HTTP/1.1" 404 564 "https://quotemelimo.com/wp-content/plugins/header-footer-elementor/readme.txt" "Mozilla/5.0 AppleWebKit/537.36 (KHTML, like Gecko) Chrome/123.0.6312.86 Safari/537.36"
45.156.129.112 - - [04/Aug/2026:12:47:18 +0000] "GET /wp-content/plugins/svg-support/readme.txt HTTP/1.1" 404 564 "https://quotemelimo.com/wp-content/plugins/svg-support/readme.txt" "Mozilla/5.0 AppleWebKit/537.36 (KHTML, like Gecko) Chrome/123.0.6312.86 Safari/537.36"
45.156.129.110 - - [04/Aug/2026:12:47:18 +0000] "GET /wp-content/plugins/ewww-image-optimizer/readme.txt HTTP/1.1" 404 564 "https://quotemelimo.com/wp-content/plugins/ewww-image-optimizer/readme.txt" "Mozilla/5.0 AppleWebKit/537.36 (KHTML, like Gecko) Chrome/123.0.6312.86 Safari/537.36"
45.156.129.110 - - [04/Aug/2026:12:47:18 +0000] "GET /wp-content/plugins/insert-headers-and-footers/readme.txt HTTP/1.1" 404 564 "https://quotemelimo.com/wp-content/plugins/insert-headers-and-footers/readme.txt" "Mozilla/5.0 AppleWebKit/537.36 (KHTML, like Gecko) Chrome/123.0.6312.86 Safari/537.36"
45.156.129.111 - - [04/Aug/2026:12:47:18 +0000] "GET /wp-content/plugins/really-simple-ssl/readme.txt HTTP/1.1" 404 564 "https://quotemelimo.com/wp-content/plugins/really-simple-ssl/readme.txt" "Mozilla/5.0 AppleWebKit/537.36 (KHTML, like Gecko) Chrome/123.0.6312.86 Safari/537.36"
45.156.129.111 - - [04/Aug/2026:12:47:18 +0000] "GET /wp-content/plugins/better-search-replace/readme.txt HTTP/1.1" 404 564 "https://quotemelimo.com/wp-content/plugins/better-search-replace/readme.txt" "Mozilla/5.0 AppleWebKit/537.36 (KHTML, like Gecko) Chrome/123.0.6312.86 Safari/537.36"
45.156.129.111 - - [04/Aug/2026:12:47:18 +0000] "GET /wp-content/plugins/duplicator/readme.txt HTTP/1.1" 404 564 "https://quotemelimo.com/wp-content/plugins/duplicator/readme.txt" "Mozilla/5.0 AppleWebKit/537.36 (KHTML, like Gecko) Chrome/123.0.6312.86 Safari/537.36"
45.156.129.111 - - [04/Aug/2026:12:47:18 +0000] "GET /wp-content/plugins/duplicate-post/readme.txt HTTP/1.1" 404 564 "https://quotemelimo.com/wp-content/plugins/duplicate-post/readme.txt" "Mozilla/5.0 AppleWebKit/537.36 (KHTML, like Gecko) Chrome/123.0.6312.86 Safari/537.36"
45.156.129.111 - - [04/Aug/2026:12:47:18 +0000] "GET /wp-content/plugins/wp-super-cache/readme.txt HTTP/1.1" 404 564 "https://quotemelimo.com/wp-content/plugins/wp-super-cache/readme.txt" "Mozilla/5.0 AppleWebKit/537.36 (KHTML, like Gecko) Chrome/123.0.6312.86 Safari/537.36"
45.156.129.110 - - [04/Aug/2026:12:47:18 +0000] "GET /wp-content/plugins/google-site-kit/readme.txt HTTP/1.1" 200 4317 "https://quotemelimo.com/wp-content/plugins/google-site-kit/readme.txt" "Mozilla/5.0 AppleWebKit/537.36 (KHTML, like Gecko) Chrome/123.0.6312.86 Safari/537.36"
45.156.129.113 - - [04/Aug/2026:12:47:18 +0000] "GET /wp-content/plugins/hostinger/readme.txt HTTP/1.1" 404 564 "https://quotemelimo.com/wp-content/plugins/hostinger/readme.txt" "Mozilla/5.0 AppleWebKit/537.36 (KHTML, like Gecko) Chrome/123.0.6312.86 Safari/537.36"
45.156.129.113 - - [04/Aug/2026:12:47:18 +0000] "GET /wp-content/plugins/advanced-custom-fields/readme.txt HTTP/1.1" 404 564 "https://quotemelimo.com/wp-content/plugins/advanced-custom-fields/readme.txt" "Mozilla/5.0 AppleWebKit/537.36 (KHTML, like Gecko) Chrome/123.0.6312.86 Safari/537.36"
45.156.129.112 - - [04/Aug/2026:12:47:18 +0000] "GET /wp-content/plugins/essential-addons-for-elementor-lite/readme.txt HTTP/1.1" 404 564 "https://quotemelimo.com/wp-content/plugins/essential-addons-for-elementor-lite/readme.txt" "Mozilla/5.0 AppleWebKit/537.36 (KHTML, like Gecko) Chrome/123.0.6312.86 Safari/537.36"
45.156.129.112 - - [04/Aug/2026:12:47:18 +0000] "GET /wp-content/plugins/wp-optimize/readme.txt HTTP/1.1" 404 564 "https://quotemelimo.com/wp-content/plugins/wp-optimize/readme.txt" "Mozilla/5.0 AppleWebKit/537.36 (KHTML, like Gecko) Chrome/123.0.6312.86 Safari/537.36"
45.156.129.112 - - [04/Aug/2026:12:47:18 +0000] "GET /wp-content/plugins/autoptimize/readme.txt HTTP/1.1" 404 564 "https://quotemelimo.com/wp-content/plugins/autoptimize/readme.txt" "Mozilla/5.0 AppleWebKit/537.36 (KHTML, like Gecko) Chrome/123.0.6312.86 Safari/537.36"
45.156.129.111 - - [04/Aug/2026:12:47:18 +0000] "GET /wp-content/plugins/contact-form-7/readme.txt HTTP/1.1" 404 564 "https://quotemelimo.com/wp-content/plugins/contact-form-7/readme.txt" "Mozilla/5.0 AppleWebKit/537.36 (KHTML, like Gecko) Chrome/123.0.6312.86 Safari/537.36"
45.156.129.111 - - [04/Aug/2026:12:47:18 +0000] "GET /wp-content/plugins/mailchimp-for-wp/readme.txt HTTP/1.1" 404 564 "https://quotemelimo.com/wp-content/plugins/mailchimp-for-wp/readme.txt" "Mozilla/5.0 AppleWebKit/537.36 (KHTML, like Gecko) Chrome/123.0.6312.86 Safari/537.36"
45.156.129.113 - - [04/Aug/2026:12:47:18 +0000] "GET /wp-content/plugins/wordpress-seo/readme.txt HTTP/1.1" 404 564 "https://quotemelimo.com/wp-content/plugins/wordpress-seo/readme.txt" "Mozilla/5.0 AppleWebKit/537.36 (KHTML, like Gecko) Chrome/123.0.6312.86 Safari/537.36"
45.156.129.110 - - [04/Aug/2026:12:47:18 +0000] "GET /wp-content/plugins/duplicate-page/readme.txt HTTP/1.1" 404 564 "https://quotemelimo.com/wp-content/plugins/duplicate-page/readme.txt" "Mozilla/5.0 AppleWebKit/537.36 (KHTML, like Gecko) Chrome/123.0.6312.86 Safari/537.36"
45.156.129.113 - - [04/Aug/2026:12:47:18 +0000] "GET /wp-content/plugins/code-snippets/readme.txt HTTP/1.1" 404 564 "https://quotemelimo.com/wp-content/plugins/code-snippets/readme.txt" "Mozilla/5.0 AppleWebKit/537.36 (KHTML, like Gecko) Chrome/123.0.6312.86 Safari/537.36"
45.156.129.110 - - [04/Aug/2026:12:47:18 +0000] "GET /wp-content/plugins/litespeed-cache/readme.txt HTTP/1.1" 404 564 "https://quotemelimo.com/wp-content/plugins/litespeed-cache/readme.txt" "Mozilla/5.0 AppleWebKit/537.36 (KHTML, like Gecko) Chrome/123.0.6312.86 Safari/537.36"
45.156.129.111 - - [04/Aug/2026:12:47:18 +0000] "GET /wp-content/plugins/disable-comments/readme.txt HTTP/1.1" 404 564 "https://quotemelimo.com/wp-content/plugins/disable-comments/readme.txt" "Mozilla/5.0 AppleWebKit/537.36 (KHTML, like Gecko) Chrome/123.0.6312.86 Safari/537.36"
45.156.129.113 - - [04/Aug/2026:12:47:18 +0000] "GET /wp-content/plugins/wp-file-manager/readme.txt HTTP/1.1" 404 564 "https://quotemelimo.com/wp-content/plugins/wp-file-manager/readme.txt" "Mozilla/5.0 AppleWebKit/537.36 (KHTML, like Gecko) Chrome/123.0.6312.86 Safari/537.36"
45.156.129.112 - - [04/Aug/2026:12:47:18 +0000] "GET /wp-content/plugins/updraftplus/readme.txt HTTP/1.1" 404 564 "https://quotemelimo.com/wp-content/plugins/updraftplus/readme.txt" "Mozilla/5.0 AppleWebKit/537.36 (KHTML, like Gecko) Chrome/123.0.6312.86 Safari/537.36"
45.156.129.110 - - [04/Aug/2026:12:47:18 +0000] "GET /wp-content/plugins/astra-sites/readme.txt HTTP/1.1" 404 564 "https://quotemelimo.com/wp-content/plugins/astra-sites/readme.txt" "Mozilla/5.0 AppleWebKit/537.36 (KHTML, like Gecko) Chrome/123.0.6312.86 Safari/537.36"
45.156.129.110 - - [04/Aug/2026:12:47:18 +0000] "GET /wp-content/plugins/smart-slider-3/readme.txt HTTP/1.1" 404 564 "https://quotemelimo.com/wp-content/plugins/smart-slider-3/readme.txt" "Mozilla/5.0 AppleWebKit/537.36 (KHTML, like Gecko) Chrome/123.0.6312.86 Safari/537.36"
45.156.129.110 - - [04/Aug/2026:12:47:18 +0000] "GET /wp-content/plugins/w3-total-cache/readme.txt HTTP/1.1" 404 564 "https://quotemelimo.com/wp-content/plugins/w3-total-cache/readme.txt" "Mozilla/5.0 AppleWebKit/537.36 (KHTML, like Gecko) Chrome/123.0.6312.86 Safari/537.36"
45.156.129.110 - - [04/Aug/2026:12:47:18 +0000] "GET /wp-content/plugins/sg-security/readme.txt HTTP/1.1" 404 564 "https://quotemelimo.com/wp-content/plugins/sg-security/readme.txt" "Mozilla/5.0 AppleWebKit/537.36 (KHTML, like Gecko) Chrome/123.0.6312.86 Safari/537.36"
45.156.129.113 - - [04/Aug/2026:12:47:18 +0000] "GET /wp-content/plugins/seo-by-rank-math/readme.txt HTTP/1.1" 404 564 "https://quotemelimo.com/wp-content/plugins/seo-by-rank-math/readme.txt" "Mozilla/5.0 AppleWebKit/537.36 (KHTML, like Gecko) Chrome/123.0.6312.86 Safari/537.36"
45.156.129.112 - - [04/Aug/2026:12:47:18 +0000] "GET /wp-content/plugins/all-in-one-wp-migration/readme.txt HTTP/1.1" 404 564 "https://quotemelimo.com/wp-content/plugins/all-in-one-wp-migration/readme.txt" "Mozilla/5.0 AppleWebKit/537.36 (KHTML, like Gecko) Chrome/123.0.6312.86 Safari/537.36"
45.156.129.112 - - [04/Aug/2026:12:47:18 +0000] "GET /wp-content/plugins/redux-framework/readme.txt HTTP/1.1" 404 564 "https://quotemelimo.com/wp-content/plugins/redux-framework/readme.txt" "Mozilla/5.0 AppleWebKit/537.36 (KHTML, like Gecko) Chrome/123.0.6312.86 Safari/537.36"
45.156.129.113 - - [04/Aug/2026:12:47:18 +0000] "GET /wp-content/plugins/all-in-one-wp-security-and-firewall/readme.txt HTTP/1.1" 404 564 "https://quotemelimo.com/wp-content/plugins/all-in-one-wp-security-and-firewall/readme.txt" "Mozilla/5.0 AppleWebKit/537.36 (KHTML, like Gecko) Chrome/123.0.6312.86 Safari/537.36"
45.156.129.110 - - [04/Aug/2026:12:47:18 +0000] "GET /wp-content/plugins/envato-elements/readme.txt HTTP/1.1" 200 3940 "https://quotemelimo.com/wp-content/plugins/envato-elements/readme.txt" "Mozilla/5.0 AppleWebKit/537.36 (KHTML, like Gecko) Chrome/123.0.6312.86 Safari/537.36"
45.156.129.112 - - [04/Aug/2026:12:47:18 +0000] "GET /wp-content/plugins/limit-login-attempts-reloaded/readme.txt HTTP/1.1" 404 564 "https://quotemelimo.com/wp-content/plugins/limit-login-attempts-reloaded/readme.txt" "Mozilla/5.0 AppleWebKit/537.36 (KHTML, like Gecko) Chrome/123.0.6312.86 Safari/537.36"
45.156.129.113 - - [04/Aug/2026:12:47:18 +0000] "GET /wp-content/plugins/coming-soon/readme.txt HTTP/1.1" 404 564 "https://quotemelimo.com/wp-content/plugins/coming-soon/readme.txt" "Mozilla/5.0 AppleWebKit/537.36 (KHTML, like Gecko) Chrome/123.0.6312.86 Safari/537.36"
45.156.129.112 - - [04/Aug/2026:12:47:18 +0000] "GET /wp-content/plugins/loginizer/readme.txt HTTP/1.1" 404 564 "https://quotemelimo.com/wp-content/plugins/loginizer/readme.txt" "Mozilla/5.0 AppleWebKit/537.36 (KHTML, like Gecko) Chrome/123.0.6312.86 Safari/537.36"
45.156.129.111 - - [04/Aug/2026:12:47:18 +0000] "GET /wp-content/plugins/better-wp-security/readme.txt HTTP/1.1" 404 564 "https://quotemelimo.com/wp-content/plugins/better-wp-security/readme.txt" "Mozilla/5.0 AppleWebKit/537.36 (KHTML, like Gecko) Chrome/123.0.6312.86 Safari/537.36"
45.156.129.110 - - [04/Aug/2026:12:47:18 +0000] "GET /wp-content/plugins/wp-fastest-cache/readme.txt HTTP/1.1" 404 564 "https://quotemelimo.com/wp-content/plugins/wp-fastest-cache/readme.txt" "Mozilla/5.0 AppleWebKit/537.36 (KHTML, like Gecko) Chrome/123.0.6312.86 Safari/537.36"
45.156.129.111 - - [04/Aug/2026:12:47:18 +0000] "GET /wp-content/plugins/all-in-one-seo-pack/readme.txt HTTP/1.1" 404 564 "https://quotemelimo.com/wp-content/plugins/all-in-one-seo-pack/readme.txt" "Mozilla/5.0 AppleWebKit/537.36 (KHTML, like Gecko) Chrome/123.0.6312.86 Safari/537.36"
45.156.129.113 - - [04/Aug/2026:12:47:18 +0000] "GET /wp-content/plugins/google-analytics-for-wordpress/readme.txt HTTP/1.1" 404 564 "https://quotemelimo.com/wp-content/plugins/google-analytics-for-wordpress/readme.txt" "Mozilla/5.0 AppleWebKit/537.36 (KHTML, like Gecko) Chrome/123.0.6312.86 Safari/537.36"
45.156.129.111 - - [04/Aug/2026:12:47:18 +0000] "GET /wp-content/plugins/wps-hide-login/readme.txt HTTP/1.1" 404 564 "https://quotemelimo.com/wp-content/plugins/wps-hide-login/readme.txt" "Mozilla/5.0 AppleWebKit/537.36 (KHTML, like Gecko) Chrome/123.0.6312.86 Safari/537.36"
45.156.129.110 - - [04/Aug/2026:12:47:18 +0000] "GET /wp-content/plugins/complianz-gdpr/readme.txt HTTP/1.1" 404 564 "https://quotemelimo.com/wp-content/plugins/complianz-gdpr/readme.txt" "Mozilla/5.0 AppleWebKit/537.36 (KHTML, like Gecko) Chrome/123.0.6312.86 Safari/537.36"
45.156.129.113 - - [04/Aug/2026:12:47:18 +0000] "GET /wp-content/plugins/redirection/readme.txt HTTP/1.1" 404 564 "https://quotemelimo.com/wp-content/plugins/redirection/readme.txt" "Mozilla/5.0 AppleWebKit/537.36 (KHTML, like Gecko) Chrome/123.0.6312.86 Safari/537.36"
130.210.38.188 - - [04/Aug/2026:12:47:18 +0000] "GET /wp-admin/index.php HTTP/1.1" 302 5 "https://earthpayments.com/wp-login.php" "Mozilla/5.0 (Windows NT 10.0; Win64; x64) AppleWebKit/537.36 (KHTML, like Gecko) Chrome/120.0.0.0 Safari/537.36"
130.210.38.188 - - [04/Aug/2026:12:47:18 +0000] "GET /wp-login.php?redirect_to=https%3A%2F%2Fsimplify.earth%2Fwp-admin%2Findex.php&reauth=1 HTTP/1.1" 200 2318 "https://earthpayments.com/wp-login.php" "Mozilla/5.0 (Windows NT 10.0; Win64; x64) AppleWebKit/537.36 (KHTML, like Gecko) Chrome/120.0.0.0 Safari/537.36"
45.156.129.113 - - [04/Aug/2026:12:47:18 +0000] "GET /wp-content/plugins/wp-user-avatar/readme.txt HTTP/1.1" 404 564 "https://quotemelimo.com/wp-content/plugins/wp-user-avatar/readme.txt" "Mozilla/5.0 AppleWebKit/537.36 (KHTML, like Gecko) Chrome/123.0.6312.86 Safari/537.36"
45.156.129.113 - - [04/Aug/2026:12:47:18 +0000] "GET /wp-content/plugins/wp-central/readme.txt HTTP/1.1" 404 564 "https://quotemelimo.com/wp-content/plugins/wp-central/readme.txt" "Mozilla/5.0 AppleWebKit/537.36 (KHTML, like Gecko) Chrome/123.0.6312.86 Safari/537.36"
45.156.129.111 - - [04/Aug/2026:12:47:19 +0000] "GET /wp-content/plugins/bbpress/readme.txt HTTP/1.1" 404 564 "https://quotemelimo.com/wp-content/plugins/bbpress/readme.txt" "Mozilla/5.0 AppleWebKit/537.36 (KHTML, like Gecko) Chrome/123.0.6312.86 Safari/537.36"
130.210.38.188 - - [04/Aug/2026:12:47:19 +0000] "GET /wp-admin/index.php HTTP/1.1" 302 5 "https://earthpayments.com/wp-login.php" "Mozilla/5.0 (Macintosh; Intel Mac OS X 10_15_7; rv:120.0) Gecko/20100101 Firefox/120.0"
45.156.129.110 - - [04/Aug/2026:12:47:19 +0000] "GET /wp-content/plugins/wp-time-capsule/readme.txt HTTP/1.1" 404 564 "https://quotemelimo.com/wp-content/plugins/wp-time-capsule/readme.txt" "Mozilla/5.0 AppleWebKit/537.36 (KHTML, like Gecko) Chrome/123.0.6312.86 Safari/537.36"
130.210.38.188 - - [04/Aug/2026:12:47:19 +0000] "GET /wp-login.php?redirect_to=https%3A%2F%2Fsimplify.earth%2Fwp-admin%2Findex.php&reauth=1 HTTP/1.1" 200 2318 "https://earthpayments.com/wp-login.php" "Mozilla/5.0 (Macintosh; Intel Mac OS X 10_15_7; rv:120.0) Gecko/20100101 Firefox/120.0"
45.156.129.110 - - [04/Aug/2026:12:47:19 +0000] "GET /wp-content/plugins/iwp-client/readme.txt HTTP/1.1" 404 564 "https://quotemelimo.com/wp-content/plugins/iwp-client/readme.txt" "Mozilla/5.0 AppleWebKit/537.36 (KHTML, like Gecko) Chrome/123.0.6312.86 Safari/537.36"
45.156.129.111 - - [04/Aug/2026:12:47:20 +0000] "GET /wp-content/plugins/fancy-product-designer/readme.txt HTTP/1.1" 404 564 "https://quotemelimo.com/wp-content/plugins/fancy-product-designer/readme.txt" "Mozilla/5.0 AppleWebKit/537.36 (KHTML, like Gecko) Chrome/123.0.6312.86 Safari/537.36"
130.210.38.188 - - [04/Aug/2026:12:47:20 +0000] "GET /wp-admin/index.php HTTP/1.1" 302 5 "https://earthpayments.com/wp-login.php" "Mozilla/5.0 (Macintosh; Intel Mac OS X 13_6_1) AppleWebKit/605.1.15 (KHTML, like Gecko) Version/17.2 Safari/605.1.15"
45.156.129.112 - - [04/Aug/2026:12:47:20 +0000] "GET /wp-content/plugins/wordpress-database-reset/readme.txt HTTP/1.1" 404 564 "https://quotemelimo.com/wp-content/plugins/wordpress-database-reset/readme.txt" "Mozilla/5.0 AppleWebKit/537.36 (KHTML, like Gecko) Chrome/123.0.6312.86 Safari/537.36"
130.210.38.188 - - [04/Aug/2026:12:47:20 +0000] "GET /wp-login.php?redirect_to=https%3A%2F%2Fsimplify.earth%2Fwp-admin%2Findex.php&reauth=1 HTTP/1.1" 200 2318 "https://earthpayments.com/wp-login.php" "Mozilla/5.0 (Macintosh; Intel Mac OS X 13_6_1) AppleWebKit/605.1.15 (KHTML, like Gecko) Version/17.2 Safari/605.1.15"
45.156.129.110 - - [04/Aug/2026:12:47:20 +0000] "GET /wp-content/plugins/optinmonster/readme.txt HTTP/1.1" 404 564 "https://quotemelimo.com/wp-content/plugins/optinmonster/readme.txt" "Mozilla/5.0 AppleWebKit/537.36 (KHTML, like Gecko) Chrome/123.0.6312.86 Safari/537.36"
130.210.38.188 - - [04/Aug/2026:12:47:21 +0000] "GET /wp-admin/index.php HTTP/1.1" 302 5 "https://earthpayments.com/wp-login.php" "Mozilla/5.0 (Macintosh; Intel Mac OS X 13_6_1; rv:121.0) Gecko/20100101 Firefox/121.0"
130.210.38.188 - - [04/Aug/2026:12:47:21 +0000] "GET /wp-login.php?redirect_to=https%3A%2F%2Fsimplify.earth%2Fwp-admin%2Findex.php&reauth=1 HTTP/1.1" 200 2318 "https://earthpayments.com/wp-login.php" "Mozilla/5.0 (Macintosh; Intel Mac OS X 13_6_1; rv:121.0) Gecko/20100101 Firefox/121.0"
45.156.129.111 - - [04/Aug/2026:12:47:22 +0000] "GET /solr/ HTTP/1.1" 404 13314 "https://quotemelimo.com/solr/#/" "Mozilla/5.0 AppleWebKit/537.36 (KHTML, like Gecko) Chrome/123.0.6312.86 Safari/537.36"
130.210.38.188 - - [04/Aug/2026:12:47:22 +0000] "GET /wp-admin/index.php HTTP/1.1" 302 5 "https://earthpayments.com/wp-login.php" "Mozilla/5.0 (Windows NT 10.0; Win64; x64; rv:118.0) Gecko/20100101 Firefox/118.0"
130.210.38.188 - - [04/Aug/2026:12:47:22 +0000] "GET /wp-login.php?redirect_to=https%3A%2F%2Fsimplify.earth%2Fwp-admin%2Findex.php&reauth=1 HTTP/1.1" 200 2318 "https://earthpayments.com/wp-login.php" "Mozilla/5.0 (Windows NT 10.0; Win64; x64; rv:118.0) Gecko/20100101 Firefox/118.0"
45.156.129.111 - - [04/Aug/2026:12:47:22 +0000] "GET /api/session/properties HTTP/1.1" 404 13287 "https://quotemelimo.com/api/session/properties" "Mozilla/5.0 AppleWebKit/537.36 (KHTML, like Gecko) Chrome/123.0.6312.86 Safari/537.36"
45.156.129.111 - - [04/Aug/2026:12:47:22 +0000] "GET /favicon-32x32.png HTTP/1.1" 404 564 "https://quotemelimo.com/favicon-32x32.png" "Mozilla/5.0 AppleWebKit/537.36 (KHTML, like Gecko) Chrome/123.0.6312.86 Safari/537.36"
45.156.129.113 - - [04/Aug/2026:12:47:23 +0000] "GET /static/historypage.js HTTP/1.1" 404 564 "https://quotemelimo.com/static/historypage.js" "Mozilla/5.0 AppleWebKit/537.36 (KHTML, like Gecko) Chrome/123.0.6312.86 Safari/537.36"
130.210.38.188 - - [04/Aug/2026:12:47:23 +0000] "GET /wp-admin/index.php HTTP/1.1" 302 5 "https://earthpayments.com/wp-login.php" "Mozilla/5.0 (Macintosh; Intel Mac OS X 10_15_7; rv:119.0) Gecko/20100101 Firefox/119.0"
130.210.38.188 - - [04/Aug/2026:12:47:23 +0000] "GET /wp-login.php?redirect_to=https%3A%2F%2Fsimplify.earth%2Fwp-admin%2Findex.php&reauth=1 HTTP/1.1" 200 2318 "https://earthpayments.com/wp-login.php" "Mozilla/5.0 (Macintosh; Intel Mac OS X 10_15_7; rv:119.0) Gecko/20100101 Firefox/119.0"
45.156.129.111 - - [04/Aug/2026:12:47:23 +0000] "GET / HTTP/1.1" 200 19954 "https://quotemelimo.com/" "Mozilla/5.0 AppleWebKit/537.36 (KHTML, like Gecko) Chrome/123.0.6312.86 Safari/537.36"
45.156.129.113 - - [04/Aug/2026:12:47:23 +0000] "GET /js/NewWindow_2_all.js HTTP/1.1" 404 564 "https://quotemelimo.com/js/NewWindow_2_all.js" "Mozilla/5.0 AppleWebKit/537.36 (KHTML, like Gecko) Chrome/123.0.6312.86 Safari/537.36"
130.210.38.188 - - [04/Aug/2026:12:47:24 +0000] "GET /wp-admin/index.php HTTP/1.1" 302 5 "https://earthpayments.com/wp-login.php" "Mozilla/5.0 (Macintosh; Intel Mac OS X 13_6_1; rv:118.0) Gecko/20100101 Firefox/118.0"
130.210.38.188 - - [04/Aug/2026:12:47:24 +0000] "GET /wp-login.php?redirect_to=https%3A%2F%2Fsimplify.earth%2Fwp-admin%2Findex.php&reauth=1 HTTP/1.1" 200 2318 "https://earthpayments.com/wp-login.php" "Mozilla/5.0 (Macintosh; Intel Mac OS X 13_6_1; rv:118.0) Gecko/20100101 Firefox/118.0"
45.156.129.112 - - [04/Aug/2026:12:47:24 +0000] "GET /identity HTTP/1.1" 404 13314 "https://quotemelimo.com/identity" "Mozilla/5.0 AppleWebKit/537.36 (KHTML, like Gecko) Chrome/123.0.6312.86 Safari/537.36"
45.156.129.113 - - [04/Aug/2026:12:47:25 +0000] "GET /console HTTP/1.1" 404 13314 "https://quotemelimo.com/console" "Mozilla/5.0 AppleWebKit/537.36 (KHTML, like Gecko) Chrome/123.0.6312.86 Safari/537.36"
130.210.38.188 - - [04/Aug/2026:12:47:25 +0000] "GET /wp-admin/index.php HTTP/1.1" 302 5 "https://earthpayments.com/wp-login.php" "Mozilla/5.0 (Windows NT 10.0; Win64; x64) AppleWebKit/537.36 (KHTML, like Gecko) Chrome/119.0.0.0 Safari/537.36"
130.210.38.188 - - [04/Aug/2026:12:47:25 +0000] "GET /wp-login.php?redirect_to=https%3A%2F%2Fsimplify.earth%2Fwp-admin%2Findex.php&reauth=1 HTTP/1.1" 200 2318 "https://earthpayments.com/wp-login.php" "Mozilla/5.0 (Windows NT 10.0; Win64; x64) AppleWebKit/537.36 (KHTML, like Gecko) Chrome/119.0.0.0 Safari/537.36"
45.156.129.113 - - [04/Aug/2026:12:47:25 +0000] "GET /owa/ HTTP/1.1" 404 13314 "https://quotemelimo.com/owa/" "Mozilla/5.0 AppleWebKit/537.36 (KHTML, like Gecko) Chrome/123.0.6312.86 Safari/537.36"
130.210.38.188 - - [04/Aug/2026:12:47:26 +0000] "GET /wp-admin/index.php HTTP/1.1" 302 5 "https://earthpayments.com/wp-login.php" "Mozilla/5.0 (Macintosh; Intel Mac OS X 13_6_1) AppleWebKit/537.36 (KHTML, like Gecko) Chrome/121.0.0.0 Safari/537.36"
45.156.129.113 - - [04/Aug/2026:12:47:26 +0000] "GET / HTTP/1.1" 200 19954 "https://quotemelimo.com/" "Mozilla/5.0 AppleWebKit/537.36 (KHTML, like Gecko) Chrome/123.0.6312.86 Safari/537.36"
130.210.38.188 - - [04/Aug/2026:12:47:26 +0000] "GET /wp-login.php?redirect_to=https%3A%2F%2Fsimplify.earth%2Fwp-admin%2Findex.php&reauth=1 HTTP/1.1" 200 2318 "https://earthpayments.com/wp-login.php" "Mozilla/5.0 (Macintosh; Intel Mac OS X 13_6_1) AppleWebKit/537.36 (KHTML, like Gecko) Chrome/121.0.0.0 Safari/537.36"
130.210.38.188 - - [04/Aug/2026:12:47:27 +0000] "GET /wp-admin/index.php HTTP/1.1" 302 5 "https://earthpayments.com/wp-login.php" "Mozilla/5.0 (Windows NT 11.0; Win64; x64; rv:118.0) Gecko/20100101 Firefox/118.0"
130.210.38.188 - - [04/Aug/2026:12:47:27 +0000] "GET /wp-login.php?redirect_to=https%3A%2F%2Fsimplify.earth%2Fwp-admin%2Findex.php&reauth=1 HTTP/1.1" 200 2318 "https://earthpayments.com/wp-login.php" "Mozilla/5.0 (Windows NT 11.0; Win64; x64; rv:118.0) Gecko/20100101 Firefox/118.0"
130.210.38.188 - - [04/Aug/2026:12:47:28 +0000] "GET /wp-admin/index.php HTTP/1.1" 302 5 "https://earthpayments.com/wp-login.php" "Mozilla/5.0 (X11; Linux x86_64) AppleWebKit/537.36 (KHTML, like Gecko) Chrome/119.0.0.0 Safari/537.36"
130.210.38.188 - - [04/Aug/2026:12:47:28 +0000] "GET /wp-login.php?redirect_to=https%3A%2F%2Fsimplify.earth%2Fwp-admin%2Findex.php&reauth=1 HTTP/1.1" 200 2318 "https://earthpayments.com/wp-login.php" "Mozilla/5.0 (X11; Linux x86_64) AppleWebKit/537.36 (KHTML, like Gecko) Chrome/119.0.0.0 Safari/537.36"
130.210.38.188 - - [04/Aug/2026:12:47:29 +0000] "GET /wp-admin/index.php HTTP/1.1" 302 5 "https://earthpayments.com/wp-login.php" "Mozilla/5.0 (X11; Linux x86_64) AppleWebKit/537.36 (KHTML, like Gecko) Chrome/120.0.0.0 Safari/537.36"
130.210.38.188 - - [04/Aug/2026:12:47:29 +0000] "GET /wp-login.php?redirect_to=https%3A%2F%2Fsimplify.earth%2Fwp-admin%2Findex.php&reauth=1 HTTP/1.1" 200 2318 "https://earthpayments.com/wp-login.php" "Mozilla/5.0 (X11; Linux x86_64) AppleWebKit/537.36 (KHTML, like Gecko) Chrome/120.0.0.0 Safari/537.36"
130.210.38.188 - - [04/Aug/2026:12:47:30 +0000] "GET /wp-admin/index.php HTTP/1.1" 302 5 "https://earthpayments.com/wp-login.php" "Mozilla/5.0 (Windows NT 10.0; Win64; x64; rv:121.0) Gecko/20100101 Firefox/121.0"
130.210.38.188 - - [04/Aug/2026:12:47:30 +0000] "GET /wp-login.php?redirect_to=https%3A%2F%2Fsimplify.earth%2Fwp-admin%2Findex.php&reauth=1 HTTP/1.1" 200 2318 "https://earthpayments.com/wp-login.php" "Mozilla/5.0 (Windows NT 10.0; Win64; x64; rv:121.0) Gecko/20100101 Firefox/121.0"
130.210.38.188 - - [04/Aug/2026:12:47:30 +0000] "GET /wp-admin/index.php HTTP/1.1" 302 5 "https://earthpayments.com/wp-login.php" "Mozilla/5.0 (X11; Linux x86_64) AppleWebKit/537.36 (KHTML, like Gecko) Chrome/121.0.0.0 Safari/537.36"
130.210.38.188 - - [04/Aug/2026:12:47:31 +0000] "GET /wp-login.php?redirect_to=https%3A%2F%2Fsimplify.earth%2Fwp-admin%2Findex.php&reauth=1 HTTP/1.1" 200 2318 "https://earthpayments.com/wp-login.php" "Mozilla/5.0 (X11; Linux x86_64) AppleWebKit/537.36 (KHTML, like Gecko) Chrome/121.0.0.0 Safari/537.36"
130.210.38.188 - - [04/Aug/2026:12:47:31 +0000] "GET /wp-admin/index.php HTTP/1.1" 302 5 "https://earthpayments.com/wp-login.php" "Mozilla/5.0 (Windows NT 11.0; Win64; x64; rv:121.0) Gecko/20100101 Firefox/121.0"
130.210.38.188 - - [04/Aug/2026:12:47:32 +0000] "GET /wp-login.php?redirect_to=https%3A%2F%2Fsimplify.earth%2Fwp-admin%2Findex.php&reauth=1 HTTP/1.1" 200 2318 "https://earthpayments.com/wp-login.php" "Mozilla/5.0 (Windows NT 11.0; Win64; x64; rv:121.0) Gecko/20100101 Firefox/121.0"
130.210.38.188 - - [04/Aug/2026:12:47:32 +0000] "GET /wp-admin/index.php HTTP/1.1" 302 5 "https://earthpayments.com/wp-login.php" "Mozilla/5.0 (X11; Linux x86_64) AppleWebKit/537.36 (KHTML, like Gecko) Chrome/121.0.0.0 Safari/537.36"
130.210.38.188 - - [04/Aug/2026:12:47:33 +0000] "GET /wp-login.php?redirect_to=https%3A%2F%2Fsimplify.earth%2Fwp-admin%2Findex.php&reauth=1 HTTP/1.1" 200 2318 "https://earthpayments.com/wp-login.php" "Mozilla/5.0 (X11; Linux x86_64) AppleWebKit/537.36 (KHTML, like Gecko) Chrome/121.0.0.0 Safari/537.36"
130.210.38.188 - - [04/Aug/2026:12:47:33 +0000] "GET /wp-admin/index.php HTTP/1.1" 302 5 "https://earthpayments.com/wp-login.php" "Mozilla/5.0 (Macintosh; Intel Mac OS X 13_6_1) AppleWebKit/605.1.15 (KHTML, like Gecko) Version/17.1 Safari/605.1.15"
130.210.38.188 - - [04/Aug/2026:12:47:34 +0000] "GET /wp-login.php?redirect_to=https%3A%2F%2Fsimplify.earth%2Fwp-admin%2Findex.php&reauth=1 HTTP/1.1" 200 2318 "https://earthpayments.com/wp-login.php" "Mozilla/5.0 (Macintosh; Intel Mac OS X 13_6_1) AppleWebKit/605.1.15 (KHTML, like Gecko) Version/17.1 Safari/605.1.15"
130.210.38.188 - - [04/Aug/2026:12:47:34 +0000] "GET /wp-admin/index.php HTTP/1.1" 302 5 "https://earthpayments.com/wp-login.php" "Mozilla/5.0 (Macintosh; Intel Mac OS X 10_15_7; rv:119.0) Gecko/20100101 Firefox/119.0"
130.210.38.188 - - [04/Aug/2026:12:47:35 +0000] "GET /wp-login.php?redirect_to=https%3A%2F%2Fsimplify.earth%2Fwp-admin%2Findex.php&reauth=1 HTTP/1.1" 200 2318 "https://earthpayments.com/wp-login.php" "Mozilla/5.0 (Macintosh; Intel Mac OS X 10_15_7; rv:119.0) Gecko/20100101 Firefox/119.0"
130.210.38.188 - - [04/Aug/2026:12:47:35 +0000] "GET /wp-admin/index.php HTTP/1.1" 302 5 "https://earthpayments.com/wp-login.php" "Mozilla/5.0 (Windows NT 10.0; Win64; x64) AppleWebKit/537.36 (KHTML, like Gecko) Chrome/120.0.0.0 Safari/537.36"
130.210.38.188 - - [04/Aug/2026:12:47:36 +0000] "GET /wp-login.php?redirect_to=https%3A%2F%2Fsimplify.earth%2Fwp-admin%2Findex.php&reauth=1 HTTP/1.1" 200 2318 "https://earthpayments.com/wp-login.php" "Mozilla/5.0 (Windows NT 10.0; Win64; x64) AppleWebKit/537.36 (KHTML, like Gecko) Chrome/120.0.0.0 Safari/537.36"
130.210.38.188 - - [04/Aug/2026:12:47:36 +0000] "GET /wp-admin/index.php HTTP/1.1" 302 5 "https://earthpayments.com/wp-login.php" "Mozilla/5.0 (Windows NT 11.0; Win64; x64) AppleWebKit/537.36 (KHTML, like Gecko) Chrome/118.0.0.0 Safari/537.36"
130.210.38.188 - - [04/Aug/2026:12:47:37 +0000] "GET /wp-login.php?redirect_to=https%3A%2F%2Fsimplify.earth%2Fwp-admin%2Findex.php&reauth=1 HTTP/1.1" 200 2318 "https://earthpayments.com/wp-login.php" "Mozilla/5.0 (Windows NT 11.0; Win64; x64) AppleWebKit/537.36 (KHTML, like Gecko) Chrome/118.0.0.0 Safari/537.36"
130.210.38.188 - - [04/Aug/2026:12:47:37 +0000] "GET /wp-admin/index.php HTTP/1.1" 302 5 "https://earthpayments.com/wp-login.php" "Mozilla/5.0 (Macintosh; Intel Mac OS X 13_6_1) AppleWebKit/537.36 (KHTML, like Gecko) Chrome/120.0.0.0 Safari/537.36"
130.210.38.188 - - [04/Aug/2026:12:47:38 +0000] "GET /wp-login.php?redirect_to=https%3A%2F%2Fsimplify.earth%2Fwp-admin%2Findex.php&reauth=1 HTTP/1.1" 200 2318 "https://earthpayments.com/wp-login.php" "Mozilla/5.0 (Macintosh; Intel Mac OS X 13_6_1) AppleWebKit/537.36 (KHTML, like Gecko) Chrome/120.0.0.0 Safari/537.36"
130.210.38.188 - - [04/Aug/2026:12:47:38 +0000] "GET /wp-admin/index.php HTTP/1.1" 302 5 "https://earthpayments.com/wp-login.php" "Mozilla/5.0 (Macintosh; Intel Mac OS X 13_6_1) AppleWebKit/537.36 (KHTML, like Gecko) Chrome/119.0.0.0 Safari/537.36"
130.210.38.188 - - [04/Aug/2026:12:47:38 +0000] "GET /wp-login.php?redirect_to=https%3A%2F%2Fsimplify.earth%2Fwp-admin%2Findex.php&reauth=1 HTTP/1.1" 200 2318 "https://earthpayments.com/wp-login.php" "Mozilla/5.0 (Macintosh; Intel Mac OS X 13_6_1) AppleWebKit/537.36 (KHTML, like Gecko) Chrome/119.0.0.0 Safari/537.36"
130.210.38.188 - - [04/Aug/2026:12:47:39 +0000] "GET /wp-admin/index.php HTTP/1.1" 302 5 "https://earthpayments.com/wp-login.php" "Mozilla/5.0 (Macintosh; Intel Mac OS X 10_15_7; rv:119.0) Gecko/20100101 Firefox/119.0"
130.210.38.188 - - [04/Aug/2026:12:47:39 +0000] "GET /wp-login.php?redirect_to=https%3A%2F%2Fsimplify.earth%2Fwp-admin%2Findex.php&reauth=1 HTTP/1.1" 200 2318 "https://earthpayments.com/wp-login.php" "Mozilla/5.0 (Macintosh; Intel Mac OS X 10_15_7; rv:119.0) Gecko/20100101 Firefox/119.0"
130.210.38.188 - - [04/Aug/2026:12:47:40 +0000] "GET /wp-admin/index.php HTTP/1.1" 302 5 "https://earthpayments.com/wp-login.php" "Mozilla/5.0 (Windows NT 10.0; Win64; x64; rv:120.0) Gecko/20100101 Firefox/120.0"
130.210.38.188 - - [04/Aug/2026:12:47:40 +0000] "GET /wp-login.php?redirect_to=https%3A%2F%2Fsimplify.earth%2Fwp-admin%2Findex.php&reauth=1 HTTP/1.1" 200 2318 "https://earthpayments.com/wp-login.php" "Mozilla/5.0 (Windows NT 10.0; Win64; x64; rv:120.0) Gecko/20100101 Firefox/120.0"
130.210.38.188 - - [04/Aug/2026:12:47:41 +0000] "GET /wp-admin/index.php HTTP/1.1" 302 5 "https://earthpayments.com/wp-login.php" "Mozilla/5.0 (Windows NT 10.0; Win64; x64) AppleWebKit/537.36 (KHTML, like Gecko) Chrome/119.0.0.0 Safari/537.36"
130.210.38.188 - - [04/Aug/2026:12:47:41 +0000] "GET /wp-login.php?redirect_to=https%3A%2F%2Fsimplify.earth%2Fwp-admin%2Findex.php&reauth=1 HTTP/1.1" 200 2318 "https://earthpayments.com/wp-login.php" "Mozilla/5.0 (Windows NT 10.0; Win64; x64) AppleWebKit/537.36 (KHTML, like Gecko) Chrome/119.0.0.0 Safari/537.36"
130.210.38.188 - - [04/Aug/2026:12:47:42 +0000] "GET /wp-admin/index.php HTTP/1.1" 302 5 "https://earthpayments.com/wp-login.php" "Mozilla/5.0 (X11; Ubuntu; Linux x86_64) AppleWebKit/537.36 (KHTML, like Gecko) Chrome/118.0.0.0 Safari/537.36"
130.210.38.188 - - [04/Aug/2026:12:47:42 +0000] "GET /wp-login.php?redirect_to=https%3A%2F%2Fsimplify.earth%2Fwp-admin%2Findex.php&reauth=1 HTTP/1.1" 200 2318 "https://earthpayments.com/wp-login.php" "Mozilla/5.0 (X11; Ubuntu; Linux x86_64) AppleWebKit/537.36 (KHTML, like Gecko) Chrome/118.0.0.0 Safari/537.36"
130.210.38.188 - - [04/Aug/2026:12:47:43 +0000] "GET /wp-admin/index.php HTTP/1.1" 302 5 "https://earthpayments.com/wp-login.php" "Mozilla/5.0 (Macintosh; Intel Mac OS X 13_6_1; rv:118.0) Gecko/20100101 Firefox/118.0"
130.210.38.188 - - [04/Aug/2026:12:47:43 +0000] "GET /wp-login.php?redirect_to=https%3A%2F%2Fsimplify.earth%2Fwp-admin%2Findex.php&reauth=1 HTTP/1.1" 200 2318 "https://earthpayments.com/wp-login.php" "Mozilla/5.0 (Macintosh; Intel Mac OS X 13_6_1; rv:118.0) Gecko/20100101 Firefox/118.0"
130.210.38.188 - - [04/Aug/2026:12:47:44 +0000] "GET /wp-admin/index.php HTTP/1.1" 302 5 "https://earthpayments.com/wp-login.php" "Mozilla/5.0 (Macintosh; Intel Mac OS X 10_15_7; rv:121.0) Gecko/20100101 Firefox/121.0"
130.210.38.188 - - [04/Aug/2026:12:47:44 +0000] "GET /wp-login.php?redirect_to=https%3A%2F%2Fsimplify.earth%2Fwp-admin%2Findex.php&reauth=1 HTTP/1.1" 200 2318 "https://earthpayments.com/wp-login.php" "Mozilla/5.0 (Macintosh; Intel Mac OS X 10_15_7; rv:121.0) Gecko/20100101 Firefox/121.0"
130.210.38.188 - - [04/Aug/2026:12:47:45 +0000] "GET /wp-admin/index.php HTTP/1.1" 302 5 "https://earthpayments.com/wp-login.php" "Mozilla/5.0 (X11; Ubuntu; Linux x86_64) AppleWebKit/537.36 (KHTML, like Gecko) Chrome/120.0.0.0 Safari/537.36"
130.210.38.188 - - [04/Aug/2026:12:47:45 +0000] "GET /wp-login.php?redirect_to=https%3A%2F%2Fsimplify.earth%2Fwp-admin%2Findex.php&reauth=1 HTTP/1.1" 200 2318 "https://earthpayments.com/wp-login.php" "Mozilla/5.0 (X11; Ubuntu; Linux x86_64) AppleWebKit/537.36 (KHTML, like Gecko) Chrome/120.0.0.0 Safari/537.36"
130.210.38.188 - - [04/Aug/2026:12:47:46 +0000] "GET /wp-admin/index.php HTTP/1.1" 302 5 "https://earthpayments.com/wp-login.php" "Mozilla/5.0 (Windows NT 11.0; Win64; x64; rv:119.0) Gecko/20100101 Firefox/119.0"
130.210.38.188 - - [04/Aug/2026:12:47:46 +0000] "GET /wp-login.php?redirect_to=https%3A%2F%2Fsimplify.earth%2Fwp-admin%2Findex.php&reauth=1 HTTP/1.1" 200 2318 "https://earthpayments.com/wp-login.php" "Mozilla/5.0 (Windows NT 11.0; Win64; x64; rv:119.0) Gecko/20100101 Firefox/119.0"
130.210.38.188 - - [04/Aug/2026:12:47:47 +0000] "GET /wp-admin/index.php HTTP/1.1" 302 5 "https://earthpayments.com/wp-login.php" "Mozilla/5.0 (X11; Ubuntu; Linux x86_64) AppleWebKit/537.36 (KHTML, like Gecko) Chrome/118.0.0.0 Safari/537.36"
130.210.38.188 - - [04/Aug/2026:12:47:47 +0000] "GET /wp-login.php?redirect_to=https%3A%2F%2Fsimplify.earth%2Fwp-admin%2Findex.php&reauth=1 HTTP/1.1" 200 2318 "https://earthpayments.com/wp-login.php" "Mozilla/5.0 (X11; Ubuntu; Linux x86_64) AppleWebKit/537.36 (KHTML, like Gecko) Chrome/118.0.0.0 Safari/537.36"
130.210.38.188 - - [04/Aug/2026:12:47:48 +0000] "GET /wp-admin/index.php HTTP/1.1" 302 5 "https://earthpayments.com/wp-login.php" "Mozilla/5.0 (Macintosh; Intel Mac OS X 10_15_7) AppleWebKit/537.36 (KHTML, like Gecko) Chrome/118.0.0.0 Safari/537.36"
130.210.38.188 - - [04/Aug/2026:12:47:48 +0000] "GET /wp-login.php?redirect_to=https%3A%2F%2Fsimplify.earth%2Fwp-admin%2Findex.php&reauth=1 HTTP/1.1" 200 2318 "https://earthpayments.com/wp-login.php" "Mozilla/5.0 (Macintosh; Intel Mac OS X 10_15_7) AppleWebKit/537.36 (KHTML, like Gecko) Chrome/118.0.0.0 Safari/537.36"
130.210.38.188 - - [04/Aug/2026:12:47:49 +0000] "GET /wp-admin/index.php HTTP/1.1" 302 5 "https://earthpayments.com/wp-login.php" "Mozilla/5.0 (Windows NT 10.0; Win64; x64; rv:118.0) Gecko/20100101 Firefox/118.0"
130.210.38.188 - - [04/Aug/2026:12:47:49 +0000] "GET /wp-login.php?redirect_to=https%3A%2F%2Fsimplify.earth%2Fwp-admin%2Findex.php&reauth=1 HTTP/1.1" 200 2318 "https://earthpayments.com/wp-login.php" "Mozilla/5.0 (Windows NT 10.0; Win64; x64; rv:118.0) Gecko/20100101 Firefox/118.0"
130.210.38.188 - - [04/Aug/2026:12:47:50 +0000] "GET /wp-admin/index.php HTTP/1.1" 302 5 "https://earthpayments.com/wp-login.php" "Mozilla/5.0 (Macintosh; Intel Mac OS X 10_15_7) AppleWebKit/537.36 (KHTML, like Gecko) Chrome/118.0.0.0 Safari/537.36"
130.210.38.188 - - [04/Aug/2026:12:47:50 +0000] "GET /wp-login.php?redirect_to=https%3A%2F%2Fsimplify.earth%2Fwp-admin%2Findex.php&reauth=1 HTTP/1.1" 200 2318 "https://earthpayments.com/wp-login.php" "Mozilla/5.0 (Macintosh; Intel Mac OS X 10_15_7) AppleWebKit/537.36 (KHTML, like Gecko) Chrome/118.0.0.0 Safari/537.36"
130.210.38.188 - - [04/Aug/2026:12:47:51 +0000] "GET /wp-admin/index.php HTTP/1.1" 302 5 "https://earthpayments.com/wp-login.php" "Mozilla/5.0 (Windows NT 11.0; Win64; x64) AppleWebKit/537.36 (KHTML, like Gecko) Chrome/118.0.0.0 Safari/537.36"
