114.119.154.211 - - [04/Aug/2026:06:36:38 +0000] "GET /2026/01/25/ HTTP/1.1" 200 13531 "https://simplify.earth/2026/01/25/" "Mozilla/5.0 (Linux; Android 7.0;) AppleWebKit/537.36 (HTML, like Gecko) Mobile Safari/537.36 (compatible; PetalBot;+https://webmaster.petalsearch.com/site/petalbot)"
52.4.149.131 - - [04/Aug/2026:06:38:02 +0000] "POST /wp-cron.php?doing_wp_cron=1785825482.5787560939788818359375 HTTP/1.1" 499 0 "-" "WordPress/7.0.2; https://simplify.earth"
114.119.131.139 - - [04/Aug/2026:06:38:02 +0000] "GET /2026/01/17/ HTTP/1.1" 200 13531 "https://simplify.earth/2026/01/17/" "Mozilla/5.0 (Linux; Android 7.0;) AppleWebKit/537.36 (HTML, like Gecko) Mobile Safari/537.36 (compatible; PetalBot;+https://webmaster.petalsearch.com/site/petalbot)"
103.231.7.194 - - [04/Aug/2026:06:40:04 +0000] "GET / HTTP/1.1" 200 19955 "-" "NOC-Monitor/1.0 (+https://github.com/)"
52.4.149.131 - - [04/Aug/2026:06:40:04 +0000] "POST /wp-cron.php?doing_wp_cron=1785825604.1432390213012695312500 HTTP/1.1" 499 0 "-" "WordPress/7.0.2; https://simplify.earth"
52.4.149.131 - - [04/Aug/2026:06:40:04 +0000] "POST /wp-cron.php?doing_wp_cron=1785825604.3947660923004150390625 HTTP/1.1" 499 0 "-" "WordPress/7.0.2; https://simplify.earth"
103.231.7.194 - - [04/Aug/2026:06:40:04 +0000] "GET / HTTP/1.1" 200 19955 "-" "NOC-Monitor/1.0 (+https://github.com/)"
103.231.7.194 - - [04/Aug/2026:06:40:13 +0000] "GET / HTTP/1.1" 200 19955 "-" "NOC-Monitor/1.0 (+https://github.com/)"
103.231.7.194 - - [04/Aug/2026:06:40:13 +0000] "GET / HTTP/1.1" 200 19955 "-" "NOC-Monitor/1.0 (+https://github.com/)"
52.4.149.131 - - [04/Aug/2026:06:45:03 +0000] "POST /wp-cron.php?doing_wp_cron=1785825903.1755421161651611328125 HTTP/1.1" 499 0 "-" "WordPress/7.0.2; https://simplify.earth"
103.231.7.194 - - [04/Aug/2026:06:45:03 +0000] "GET / HTTP/1.1" 200 19955 "-" "NOC-Monitor/1.0 (+https://github.com/)"
103.231.7.194 - - [04/Aug/2026:06:45:03 +0000] "GET / HTTP/1.1" 200 19955 "-" "NOC-Monitor/1.0 (+https://github.com/)"
103.231.7.194 - - [04/Aug/2026:06:45:04 +0000] "GET / HTTP/1.1" 200 19955 "-" "NOC-Monitor/1.0 (+https://github.com/)"
103.231.7.194 - - [04/Aug/2026:06:45:04 +0000] "GET / HTTP/1.1" 200 19955 "-" "NOC-Monitor/1.0 (+https://github.com/)"
57.141.0.70 - - [04/Aug/2026:06:47:49 +0000] "GET /sitemap.xml HTTP/2.0" 200 366 "-" "Mozilla/5.0 (X11; Linux x86_64) AppleWebKit/537.36 (KHTML, like Gecko) Chrome/145.0.0.0 Safari/537.36 (compatible; meta-externalagent/1.1 (+https://developers.facebook.com/docs/sharing/webmasters/crawler))"
52.4.149.131 - - [04/Aug/2026:06:49:26 +0000] "POST /wp-cron.php?doing_wp_cron=1785826166.4952690601348876953125 HTTP/1.1" 499 0 "-" "WordPress/7.0.2; https://simplify.earth"
54.39.203.33 - - [04/Aug/2026:06:49:26 +0000] "GET /wie-steht-jettbet-casino-im-vergleich-zur-konkurrenz/feed/ HTTP/2.0" 200 477 "-" "Mozilla/5.0 (compatible; AhrefsBot/7.0; +http://ahrefs.com/robot/)"
52.4.149.131 - - [04/Aug/2026:06:50:02 +0000] "POST /wp-cron.php?doing_wp_cron=1785826202.2221839427947998046875 HTTP/1.1" 499 0 "-" "WordPress/7.0.2; https://simplify.earth"
103.231.7.194 - - [04/Aug/2026:06:50:02 +0000] "GET / HTTP/1.1" 200 19955 "-" "NOC-Monitor/1.0 (+https://github.com/)"
103.231.7.194 - - [04/Aug/2026:06:50:02 +0000] "GET / HTTP/1.1" 200 19955 "-" "NOC-Monitor/1.0 (+https://github.com/)"
103.231.7.194 - - [04/Aug/2026:06:50:02 +0000] "GET / HTTP/1.1" 200 19955 "-" "NOC-Monitor/1.0 (+https://github.com/)"
103.231.7.194 - - [04/Aug/2026:06:50:04 +0000] "GET / HTTP/1.1" 200 19955 "-" "NOC-Monitor/1.0 (+https://github.com/)"
68.168.20.83 - - [04/Aug/2026:06:52:41 +0000] "GET /images/images/cache.php HTTP/1.1" 404 47 "www.google.com" "Mozlila/5.0 (Linux; Android 7.0; SM-G892A Bulid/NRD90M; wv) AppleWebKit/537.36 (KHTML, like Gecko) Version/4.0 Chrome/60.0.3112.107 Moblie Safari/537.36"
68.168.20.83 - - [04/Aug/2026:06:52:41 +0000] "GET /images/images/cache.php HTTP/1.1" 404 47 "www.google.com" "Mozlila/5.0 (Linux; Android 7.0; SM-G892A Bulid/NRD90M; wv) AppleWebKit/537.36 (KHTML, like Gecko) Version/4.0 Chrome/60.0.3112.107 Moblie Safari/537.36"
52.4.149.131 - - [04/Aug/2026:06:54:28 +0000] "POST /wp-cron.php?doing_wp_cron=1785826468.6672120094299316406250 HTTP/1.1" 499 0 "-" "WordPress/7.0.2; https://simplify.earth"
209.136.158.254 - - [04/Aug/2026:06:54:28 +0000] "POST /wp-login.php HTTP/1.1" 200 2481 "-" "Mozilla/5.0 (Windows NT 10.0; WOW64; rv:140.0) Gecko/20100101 Firefox/140.0"
52.4.149.131 - - [04/Aug/2026:06:55:03 +0000] "POST /wp-cron.php?doing_wp_cron=1785826503.7587790489196777343750 HTTP/1.1" 499 0 "-" "WordPress/7.0.2; https://simplify.earth"
103.231.7.194 - - [04/Aug/2026:06:55:03 +0000] "GET / HTTP/1.1" 200 19955 "-" "NOC-Monitor/1.0 (+https://github.com/)"
103.231.7.194 - - [04/Aug/2026:06:55:04 +0000] "GET / HTTP/1.1" 200 19955 "-" "NOC-Monitor/1.0 (+https://github.com/)"
103.231.7.194 - - [04/Aug/2026:06:55:05 +0000] "GET / HTTP/1.1" 200 19955 "-" "NOC-Monitor/1.0 (+https://github.com/)"
103.231.7.194 - - [04/Aug/2026:06:55:05 +0000] "GET / HTTP/1.1" 200 19955 "-" "NOC-Monitor/1.0 (+https://github.com/)"
66.249.66.197 - - [04/Aug/2026:06:56:23 +0000] "GET /wp-content/plugins/skyboot-custom-icons-for-elementor/assets/css/linearicons.css?ver=1.1.1 HTTP/1.1" 200 1784 "https://simplify.earth/" "Mozilla/5.0 (Linux; Android 6.0.1; Nexus 5X Build/MMB29P) AppleWebKit/537.36 (KHTML, like Gecko) Chrome/150.0.7871.186 Mobile Safari/537.36 (compatible; Googlebot/2.1; +http://www.google.com/bot.html)"
66.249.66.196 - - [04/Aug/2026:06:56:29 +0000] "GET /wp-content/plugins/elementskit-lite/widgets/init/assets/css/widget-styles.css?ver=3.10.02 HTTP/1.1" 200 69688 "https://simplify.earth/" "Mozilla/5.0 (Linux; Android 6.0.1; Nexus 5X Build/MMB29P) AppleWebKit/537.36 (KHTML, like Gecko) Chrome/150.0.7871.186 Mobile Safari/537.36 (compatible; Googlebot/2.1; +http://www.google.com/bot.html)"
66.249.66.197 - - [04/Aug/2026:06:56:31 +0000] "GET /wp-content/plugins/elementor/assets/css/widget-heading.min.css?ver=4.0.8 HTTP/1.1" 200 560 "https://simplify.earth/" "Mozilla/5.0 (Linux; Android 6.0.1; Nexus 5X Build/MMB29P) AppleWebKit/537.36 (KHTML, like Gecko) Chrome/150.0.7871.186 Mobile Safari/537.36 (compatible; Googlebot/2.1; +http://www.google.com/bot.html)"
66.249.66.196 - - [04/Aug/2026:06:56:32 +0000] "GET /wp-content/plugins/elementskit-lite/modules/elementskit-icon-pack/assets/css/ekiticons.css?ver=3.10.02 HTTP/1.1" 200 11992 "https://simplify.earth/" "Mozilla/5.0 (Linux; Android 6.0.1; Nexus 5X Build/MMB29P) AppleWebKit/537.36 (KHTML, like Gecko) Chrome/150.0.7871.186 Mobile Safari/537.36 (compatible; Googlebot/2.1; +http://www.google.com/bot.html)"
66.249.66.197 - - [04/Aug/2026:06:56:32 +0000] "GET /wp-content/plugins/skyboot-custom-icons-for-elementor/assets/css/elegant.css?ver=1.1.1 HTTP/1.1" 200 4679 "https://simplify.earth/" "Mozilla/5.0 (Linux; Android 6.0.1; Nexus 5X Build/MMB29P) AppleWebKit/537.36 (KHTML, like Gecko) Chrome/150.0.7871.186 Mobile Safari/537.36 (compatible; Googlebot/2.1; +http://www.google.com/bot.html)"
66.249.66.196 - - [04/Aug/2026:06:56:39 +0000] "GET /wp-content/plugins/google-site-kit/dist/assets/js/googlesitekit-events-provider-wpforms-063cb453c64ecfd3dafe.js HTTP/1.1" 200 2679 "https://simplify.earth/" "Mozilla/5.0 (Linux; Android 6.0.1; Nexus 5X Build/MMB29P) AppleWebKit/537.36 (KHTML, like Gecko) Chrome/150.0.7871.186 Mobile Safari/537.36 (compatible; Googlebot/2.1; +http://www.google.com/bot.html)"
66.249.66.196 - - [04/Aug/2026:06:56:40 +0000] "GET /wp-content/plugins/elementor-pro/assets/js/elements-handlers.min.js?ver=4.0.4 HTTP/1.1" 200 12383 "https://simplify.earth/" "Mozilla/5.0 (Linux; Android 6.0.1; Nexus 5X Build/MMB29P) AppleWebKit/537.36 (KHTML, like Gecko) Chrome/150.0.7871.186 Mobile Safari/537.36 (compatible; Googlebot/2.1; +http://www.google.com/bot.html)"
66.249.66.196 - - [04/Aug/2026:06:56:46 +0000] "GET / HTTP/1.1" 200 19955 "-" "Mozilla/5.0 (compatible; Googlebot/2.1; +http://www.google.com/bot.html)"
52.4.149.131 - - [04/Aug/2026:06:56:46 +0000] "POST /wp-cron.php?doing_wp_cron=1785826606.3678801059722900390625 HTTP/1.1" 499 0 "-" "WordPress/7.0.2; https://simplify.earth"
66.249.66.196 - - [04/Aug/2026:06:56:46 +0000] "GET / HTTP/1.1" 200 19955 "-" "Mozilla/5.0 (Linux; Android 6.0.1; Nexus 5X Build/MMB29P) AppleWebKit/537.36 (KHTML, like Gecko) Chrome/99.0.4844.84 Mobile Safari/537.36 (compatible; Googlebot/2.1; +http://www.google.com/bot.html)"
52.4.149.131 - - [04/Aug/2026:06:58:01 +0000] "POST /wp-cron.php?doing_wp_cron=1785826681.9783070087432861328125 HTTP/1.1" 499 0 "-" "WordPress/7.0.2; https://simplify.earth"
178.20.43.173 - - [04/Aug/2026:06:58:01 +0000] "GET / HTTP/1.0" 200 91321 "https://simplify.earth/" "Mozilla/5.0 (Windows NT 10.0; Win64; x64) AppleWebKit/537.36 (KHTML, like Gecko) Chrome/129.0.0.0 Safari/537.36"
178.20.43.173 - - [04/Aug/2026:06:58:03 +0000] "GET /contact-us/ HTTP/1.0" 200 81567 "https://simplify.earth/contact-us/" "Mozilla/5.0 (Windows NT 10.0; Win64; x64) AppleWebKit/537.36 (KHTML, like Gecko) Chrome/129.0.0.0 Safari/537.36"
178.20.43.173 - - [04/Aug/2026:06:58:05 +0000] "POST /wp-admin/admin-ajax.php HTTP/1.0" 200 79 "https://simplify.earth/contact-us/" "Mozilla/5.0 (Windows NT 10.0; Win64; x64) AppleWebKit/537.36 (KHTML, like Gecko) Chrome/129.0.0.0 Safari/537.36"
185.225.33.121 - - [04/Aug/2026:06:58:06 +0000] "POST /wp-login.php HTTP/1.1" 200 2486 "-" "Mozilla/5.0 (Windows NT 10.0; Win64; x64) AppleWebKit/537.36 (KHTML, like Gecko) Chrome/137.0.0.0 Safari/537.36"
52.4.149.131 - - [04/Aug/2026:07:00:02 +0000] "POST /wp-cron.php?doing_wp_cron=1785826802.2518239021301269531250 HTTP/1.1" 499 0 "-" "WordPress/7.0.2; https://simplify.earth"
103.231.7.194 - - [04/Aug/2026:07:00:02 +0000] "GET / HTTP/1.1" 200 19955 "-" "NOC-Monitor/1.0 (+https://github.com/)"
103.231.7.194 - - [04/Aug/2026:07:00:02 +0000] "GET / HTTP/1.1" 200 19955 "-" "NOC-Monitor/1.0 (+https://github.com/)"
103.231.7.194 - - [04/Aug/2026:07:00:03 +0000] "GET / HTTP/1.1" 200 19955 "-" "NOC-Monitor/1.0 (+https://github.com/)"
103.231.7.194 - - [04/Aug/2026:07:00:04 +0000] "GET / HTTP/1.1" 200 19955 "-" "NOC-Monitor/1.0 (+https://github.com/)"
52.4.149.131 - - [04/Aug/2026:07:00:44 +0000] "POST /wp-cron.php?doing_wp_cron=1785826844.7861349582672119140625 HTTP/1.1" 499 0 "-" "WordPress/7.0.2; https://simplify.earth"
51.68.111.244 - - [04/Aug/2026:07:00:44 +0000] "GET / HTTP/1.1" 200 19955 "-" "Mozilla/5.0 (compatible; MJ12bot/v2.0.5; http://mj12bot.com/)"
49.51.73.183 - - [04/Aug/2026:07:00:53 +0000] "GET / HTTP/1.1" 200 19955 "http://www.earthpayments.com" "Mozilla/5.0 (iPhone; CPU iPhone OS 13_2_3 like Mac OS X) AppleWebKit/605.1.15 (KHTML, like Gecko) Version/13.0.3 Mobile/15E148 Safari/604.1"
57.141.0.17 - - [04/Aug/2026:07:02:37 +0000] "GET /page-sitemap.xml HTTP/2.0" 404 564 "-" "Mozilla/5.0 (X11; Linux x86_64) AppleWebKit/537.36 (KHTML, like Gecko) Chrome/145.0.0.0 Safari/537.36 (compatible; meta-externalagent/1.1 (+https://developers.facebook.com/docs/sharing/webmasters/crawler))"
74.248.35.25 - - [04/Aug/2026:07:02:38 +0000] "GET /wp-content/plugins/hellopress/wp_filemanager.php HTTP/1.1" 404 27 "-" "-"
74.248.35.25 - - [04/Aug/2026:07:02:39 +0000] "GET /this_is_a_new_hello_world.php HTTP/1.1" 404 27 "-" "-"
74.248.35.25 - - [04/Aug/2026:07:02:39 +0000] "GET /xyn.php HTTP/1.1" 404 27 "-" "-"
74.248.35.25 - - [04/Aug/2026:07:02:40 +0000] "GET /err.php HTTP/1.1" 404 27 "-" "-"
74.248.35.25 - - [04/Aug/2026:07:02:40 +0000] "GET /img.php HTTP/1.1" 404 27 "-" "-"
74.248.35.25 - - [04/Aug/2026:07:02:40 +0000] "GET //aa.php HTTP/1.1" 404 27 "-" "-"
74.248.35.25 - - [04/Aug/2026:07:02:41 +0000] "GET //av.php HTTP/1.1" 404 27 "-" "-"
74.248.35.25 - - [04/Aug/2026:07:02:41 +0000] "GET /xa.php HTTP/1.1" 404 27 "-" "-"
74.248.35.25 - - [04/Aug/2026:07:02:41 +0000] "GET /media.php HTTP/1.1" 404 27 "-" "-"
74.248.35.25 - - [04/Aug/2026:07:02:42 +0000] "GET /images.php HTTP/1.1" 404 27 "-" "-"
74.248.35.25 - - [04/Aug/2026:07:02:42 +0000] "GET /xp.php HTTP/1.1" 404 27 "-" "-"
74.248.35.25 - - [04/Aug/2026:07:02:42 +0000] "GET /admin.php HTTP/1.1" 404 27 "-" "-"
74.248.35.25 - - [04/Aug/2026:07:02:42 +0000] "GET /222.php HTTP/1.1" 404 27 "-" "-"
74.248.35.25 - - [04/Aug/2026:07:02:42 +0000] "GET /mac.php HTTP/1.1" 404 27 "-" "-"
74.248.35.25 - - [04/Aug/2026:07:02:43 +0000] "GET /ops.php HTTP/1.1" 404 27 "-" "-"
74.248.35.25 - - [04/Aug/2026:07:02:43 +0000] "GET /8.php HTTP/1.1" 404 27 "-" "-"
74.248.35.25 - - [04/Aug/2026:07:02:43 +0000] "GET /biufile.php HTTP/1.1" 404 27 "-" "-"
74.248.35.25 - - [04/Aug/2026:07:02:43 +0000] "GET /coffexium.php HTTP/1.1" 404 27 "-" "-"
74.248.35.25 - - [04/Aug/2026:07:02:43 +0000] "GET /dex.php HTTP/1.1" 404 27 "-" "-"
74.248.35.25 - - [04/Aug/2026:07:02:44 +0000] "GET /1.php HTTP/1.1" 404 27 "-" "-"
74.248.35.25 - - [04/Aug/2026:07:02:45 +0000] "GET /coffee.php HTTP/1.1" 404 27 "-" "-"
74.248.35.25 - - [04/Aug/2026:07:02:45 +0000] "GET /classwithtostring.php?p= HTTP/1.1" 404 27 "-" "-"
74.248.35.25 - - [04/Aug/2026:07:02:46 +0000] "GET /wp-ws68.php?p= HTTP/1.1" 404 27 "-" "-"
74.248.35.25 - - [04/Aug/2026:07:02:46 +0000] "GET /mgrr.php HTTP/1.1" 404 27 "-" "-"
74.248.35.25 - - [04/Aug/2026:07:02:46 +0000] "GET /55.php?p= HTTP/1.1" 404 27 "-" "-"
74.248.35.25 - - [04/Aug/2026:07:02:46 +0000] "GET /ajax.php HTTP/1.1" 404 27 "-" "-"
74.248.35.25 - - [04/Aug/2026:07:02:46 +0000] "GET /yj09.php HTTP/1.1" 404 27 "-" "-"
74.248.35.25 - - [04/Aug/2026:07:02:47 +0000] "GET /ora.php HTTP/1.1" 404 27 "-" "-"
74.248.35.25 - - [04/Aug/2026:07:02:47 +0000] "GET /scxy.php HTTP/1.1" 404 27 "-" "-"
74.248.35.25 - - [04/Aug/2026:07:02:47 +0000] "GET /ws13.php?p= HTTP/1.1" 404 27 "-" "-"
74.248.35.25 - - [04/Aug/2026:07:02:47 +0000] "GET /btx25.php HTTP/1.1" 404 27 "-" "-"
74.248.35.25 - - [04/Aug/2026:07:02:48 +0000] "GET //xpohywjo.php HTTP/1.1" 404 27 "-" "-"
74.248.35.25 - - [04/Aug/2026:07:02:48 +0000] "GET /ecvvhlei.php HTTP/1.1" 404 27 "-" "-"
74.248.35.25 - - [04/Aug/2026:07:02:48 +0000] "GET /SDsadqwrf.php HTTP/1.1" 404 27 "-" "-"
74.248.35.25 - - [04/Aug/2026:07:02:49 +0000] "GET /ssjpxze.php HTTP/1.1" 404 27 "-" "-"
74.248.35.25 - - [04/Aug/2026:07:02:50 +0000] "GET /ors32envu.php HTTP/1.1" 404 27 "-" "-"
74.248.35.25 - - [04/Aug/2026:07:02:50 +0000] "GET /3PJcpMFsD8B.php HTTP/1.1" 404 27 "-" "-"
74.248.35.25 - - [04/Aug/2026:07:02:51 +0000] "GET /BDKR28WP.php HTTP/1.1" 404 27 "-" "-"
74.248.35.25 - - [04/Aug/2026:07:02:52 +0000] "GET /Unlimit2ed.php HTTP/1.1" 404 27 "-" "-"
74.248.35.25 - - [04/Aug/2026:07:02:52 +0000] "GET /Zoo.php HTTP/1.1" 404 27 "-" "-"
74.248.35.25 - - [04/Aug/2026:07:02:54 +0000] "GET /7a99cc49fa.php HTTP/1.1" 404 27 "-" "-"
74.248.35.25 - - [04/Aug/2026:07:02:54 +0000] "GET /fw.php HTTP/1.1" 404 27 "-" "-"
74.248.35.25 - - [04/Aug/2026:07:02:55 +0000] "GET /gecko-new.php HTTP/1.1" 404 27 "-" "-"
74.248.35.25 - - [04/Aug/2026:07:02:55 +0000] "GET /i99z7zzbwtpteujvv6s8hiCdefault.php?p= HTTP/1.1" 404 27 "-" "-"
74.248.35.25 - - [04/Aug/2026:07:02:55 +0000] "GET /sky.php HTTP/1.1" 404 27 "-" "-"
74.248.35.25 - - [04/Aug/2026:07:02:55 +0000] "GET /1wvekeybd9it2di2vyipgr6Cdefault.php HTTP/1.1" 404 27 "-" "-"
74.248.35.25 - - [04/Aug/2026:07:02:56 +0000] "GET /a3ampzmbipnkpxeqhqpsanCdefault.php HTTP/1.1" 404 27 "-" "-"
74.248.35.25 - - [04/Aug/2026:07:02:56 +0000] "GET /7.php HTTP/1.1" 404 27 "-" "-"
74.248.35.25 - - [04/Aug/2026:07:02:56 +0000] "GET /file5.php HTTP/1.1" 404 27 "-" "-"
74.248.35.25 - - [04/Aug/2026:07:02:56 +0000] "GET /fw.php HTTP/1.1" 404 27 "-" "-"
103.231.7.194 - - [04/Aug/2026:07:05:03 +0000] "GET / HTTP/1.1" 200 19955 "-" "NOC-Monitor/1.0 (+https://github.com/)"
52.4.149.131 - - [04/Aug/2026:07:05:03 +0000] "POST /wp-cron.php?doing_wp_cron=1785827103.9698369503021240234375 HTTP/1.1" 499 0 "-" "WordPress/7.0.2; https://simplify.earth"
103.231.7.194 - - [04/Aug/2026:07:05:03 +0000] "GET / HTTP/1.1" 200 19955 "-" "NOC-Monitor/1.0 (+https://github.com/)"
52.4.149.131 - - [04/Aug/2026:07:05:03 +0000] "POST /wp-cron.php?doing_wp_cron=1785827103.9698369503021240234375 HTTP/1.1" 499 0 "-" "WordPress/7.0.2; https://simplify.earth"
103.231.7.194 - - [04/Aug/2026:07:05:05 +0000] "GET / HTTP/1.1" 200 19955 "-" "NOC-Monitor/1.0 (+https://github.com/)"
103.231.7.194 - - [04/Aug/2026:07:05:06 +0000] "GET / HTTP/1.1" 200 19955 "-" "NOC-Monitor/1.0 (+https://github.com/)"
52.4.149.131 - - [04/Aug/2026:07:10:02 +0000] "POST /wp-cron.php?doing_wp_cron=1785827402.4479720592498779296875 HTTP/1.1" 499 0 "-" "WordPress/7.0.2; https://simplify.earth"
103.231.7.194 - - [04/Aug/2026:07:10:02 +0000] "GET / HTTP/1.1" 200 19955 "-" "NOC-Monitor/1.0 (+https://github.com/)"
103.231.7.194 - - [04/Aug/2026:07:10:02 +0000] "GET / HTTP/1.1" 200 19955 "-" "NOC-Monitor/1.0 (+https://github.com/)"
103.231.7.194 - - [04/Aug/2026:07:10:05 +0000] "GET / HTTP/1.1" 200 19955 "-" "NOC-Monitor/1.0 (+https://github.com/)"
103.231.7.194 - - [04/Aug/2026:07:10:05 +0000] "GET / HTTP/1.1" 200 19955 "-" "NOC-Monitor/1.0 (+https://github.com/)"
205.210.31.23 - - [04/Aug/2026:07:10:24 +0000] "GET / HTTP/1.1" 200 19955 "-" "Hello from Palo Alto Networks, find out more about our scans in https://docs-cortex.paloaltonetworks.com/r/1/Cortex-Xpanse/Scanning-activity"
52.4.149.131 - - [04/Aug/2026:07:12:32 +0000] "POST /wp-cron.php?doing_wp_cron=1785827552.2842950820922851562500 HTTP/1.1" 499 0 "-" "WordPress/7.0.2; https://simplify.earth"
192.250.239.237 - - [04/Aug/2026:07:12:32 +0000] "GET /wp-login.php HTTP/1.1" 200 2307 "-" "Mozilla/5.0 (Windows NT 10.0; WOW64; rv:142.0) Gecko/20100101 Firefox/142.0"
52.4.149.131 - - [04/Aug/2026:07:15:03 +0000] "POST /wp-cron.php?doing_wp_cron=1785827703.0009291172027587890625 HTTP/1.1" 499 0 "-" "WordPress/7.0.2; https://simplify.earth"
103.231.7.194 - - [04/Aug/2026:07:15:03 +0000] "GET / HTTP/1.1" 200 19955 "-" "NOC-Monitor/1.0 (+https://github.com/)"
103.231.7.194 - - [04/Aug/2026:07:15:03 +0000] "GET / HTTP/1.1" 200 19955 "-" "NOC-Monitor/1.0 (+https://github.com/)"
103.231.7.194 - - [04/Aug/2026:07:15:03 +0000] "GET / HTTP/1.1" 200 19955 "-" "NOC-Monitor/1.0 (+https://github.com/)"
103.231.7.194 - - [04/Aug/2026:07:15:04 +0000] "GET / HTTP/1.1" 200 19955 "-" "NOC-Monitor/1.0 (+https://github.com/)"
52.4.149.131 - - [04/Aug/2026:07:15:34 +0000] "POST /wp-cron.php?doing_wp_cron=1785827734.6205260753631591796875 HTTP/1.1" 499 0 "-" "WordPress/7.0.2; https://simplify.earth"
43.166.239.145 - - [04/Aug/2026:07:15:34 +0000] "GET / HTTP/1.1" 200 19955 "https://www.simplify.earth/" "Mozilla/5.0 (iPhone; CPU iPhone OS 13_2_3 like Mac OS X) AppleWebKit/605.1.15 (KHTML, like Gecko) Version/13.0.3 Mobile/15E148 Safari/604.1"
52.4.149.131 - - [04/Aug/2026:07:19:17 +0000] "POST /wp-cron.php?doing_wp_cron=1785827957.7523999214172363281250 HTTP/1.1" 499 0 "-" "WordPress/7.0.2; https://simplify.earth"
38.107.237.68 - - [04/Aug/2026:07:19:17 +0000] "GET / HTTP/1.1" 200 19955 "-" "Mozilla/5.0 (Windows NT 10.0; Win64; x64) AppleWebKit/537.36 (KHTML, like Gecko) Chrome/120.0.0.0 Safari/537.36"
38.107.237.68 - - [04/Aug/2026:07:19:23 +0000] "GET / HTTP/1.1" 200 19955 "-" "Mozilla/5.0 (Windows NT 10.0; Win64; x64) AppleWebKit/537.36 (KHTML, like Gecko) Chrome/120.0.0.0 Safari/537.36"
52.4.149.131 - - [04/Aug/2026:07:20:02 +0000] "POST /wp-cron.php?doing_wp_cron=1785828002.5509979724884033203125 HTTP/1.1" 499 0 "-" "WordPress/7.0.2; https://simplify.earth"
103.231.7.194 - - [04/Aug/2026:07:20:02 +0000] "GET / HTTP/1.1" 200 19955 "-" "NOC-Monitor/1.0 (+https://github.com/)"
103.231.7.194 - - [04/Aug/2026:07:20:02 +0000] "GET / HTTP/1.1" 200 19955 "-" "NOC-Monitor/1.0 (+https://github.com/)"
103.231.7.194 - - [04/Aug/2026:07:20:03 +0000] "GET / HTTP/1.1" 200 19955 "-" "NOC-Monitor/1.0 (+https://github.com/)"
103.231.7.194 - - [04/Aug/2026:07:20:05 +0000] "GET / HTTP/1.1" 200 19955 "-" "NOC-Monitor/1.0 (+https://github.com/)"
52.4.149.131 - - [04/Aug/2026:07:23:12 +0000] "POST /wp-cron.php?doing_wp_cron=1785828192.1738979816436767578125 HTTP/1.1" 499 0 "-" "WordPress/7.0.2; https://simplify.earth"
172.69.134.19 - - [04/Aug/2026:07:23:12 +0000] "GET / HTTP/2.0" 200 19942 "-" "Mozilla/5.0 (Macintosh; Intel Mac OS X 10_15_7) AppleWebKit/537.36 (KHTML, like Gecko) Chrome/147.0.0.0 Safari/537.36 CloudflareWebScanner/1.0"
52.4.149.131 - - [04/Aug/2026:07:25:10 +0000] "POST /wp-cron.php?doing_wp_cron=1785828310.0192720890045166015625 HTTP/1.1" 499 0 "-" "WordPress/7.0.2; https://simplify.earth"
103.231.7.194 - - [04/Aug/2026:07:25:10 +0000] "GET / HTTP/1.1" 200 19955 "-" "NOC-Monitor/1.0 (+https://github.com/)"
103.231.7.194 - - [04/Aug/2026:07:25:12 +0000] "GET / HTTP/1.1" 200 19955 "-" "NOC-Monitor/1.0 (+https://github.com/)"
103.231.7.194 - - [04/Aug/2026:07:25:13 +0000] "GET / HTTP/1.1" 200 19955 "-" "NOC-Monitor/1.0 (+https://github.com/)"
103.231.7.194 - - [04/Aug/2026:07:25:18 +0000] "GET / HTTP/1.1" 200 19955 "-" "NOC-Monitor/1.0 (+https://github.com/)"
52.4.149.131 - - [04/Aug/2026:07:25:35 +0000] "POST /wp-cron.php?doing_wp_cron=1785828335.3090140819549560546875 HTTP/1.1" 499 0 "-" "WordPress/7.0.2; https://simplify.earth"
51.159.109.133 - - [04/Aug/2026:07:25:35 +0000] "GET /wp-login.php HTTP/1.1" 200 2307 "-" "Mozilla/5.0 (Windows NT 10.0; Win64; x64; rv:144.0) Gecko/20100101 Firefox/144.0"
114.119.143.51 - - [04/Aug/2026:07:26:12 +0000] "GET /how-to-choose-and-set-up-the-best-online-booking-system-with-integrated-payments HTTP/1.1" 301 5 "https://simplify.earth/how-to-choose-and-set-up-the-best-online-booking-system-with-integrated-payments" "Mozilla/5.0 (Linux; Android 7.0;) AppleWebKit/537.36 (HTML, like Gecko) Mobile Safari/537.36 (compatible; PetalBot;+https://webmaster.petalsearch.com/site/petalbot)"
114.119.143.51 - - [04/Aug/2026:07:26:13 +0000] "GET /how-to-choose-and-set-up-the-best-online-booking-system-with-integrated-payments/ HTTP/1.1" 200 18524 "https://simplify.earth/how-to-choose-and-set-up-the-best-online-booking-system-with-integrated-payments" "Mozilla/5.0 (Linux; Android 7.0;) AppleWebKit/537.36 (HTML, like Gecko) Mobile Safari/537.36 (compatible; PetalBot;+https://webmaster.petalsearch.com/site/petalbot)"
52.4.149.131 - - [04/Aug/2026:07:30:04 +0000] "POST /wp-cron.php?doing_wp_cron=1785828604.5939900875091552734375 HTTP/1.1" 499 0 "-" "WordPress/7.0.2; https://simplify.earth"
103.231.7.194 - - [04/Aug/2026:07:30:04 +0000] "GET / HTTP/1.1" 200 19955 "-" "NOC-Monitor/1.0 (+https://github.com/)"
103.231.7.194 - - [04/Aug/2026:07:30:04 +0000] "GET / HTTP/1.1" 200 19955 "-" "NOC-Monitor/1.0 (+https://github.com/)"
103.231.7.194 - - [04/Aug/2026:07:30:08 +0000] "GET / HTTP/1.1" 200 19955 "-" "NOC-Monitor/1.0 (+https://github.com/)"
103.231.7.194 - - [04/Aug/2026:07:30:09 +0000] "GET / HTTP/1.1" 200 19955 "-" "NOC-Monitor/1.0 (+https://github.com/)"
47.236.96.46 - - [04/Aug/2026:07:32:46 +0000] "GET /wp-content/uploads/2020/07/blog_5.1-80x80.jpg HTTP/1.1" 404 162 "https://quotemelimo.com/wp-content/uploads/2020/07/blog_5.1-80x80.jpg" "Opera/9.64 (Macintosh; PPC Mac OS X; U; en) Presto/2.1.1"
52.4.149.131 - - [04/Aug/2026:07:34:31 +0000] "POST /wp-cron.php?doing_wp_cron=1785828871.7260019779205322265625 HTTP/1.1" 499 0 "-" "WordPress/7.0.2; https://simplify.earth"
163.7.12.95 - - [04/Aug/2026:07:34:31 +0000] "GET / HTTP/1.1" 200 91335 "-" "Mozilla/5.0 (Windows NT 10.0; Win64; x64) AppleWebKit/537.36 (KHTML, like Gecko) Chrome/126.0.0.0 Safari/537.36"
163.7.12.95 - - [04/Aug/2026:07:34:33 +0000] "GET /wp-json/batch/v1 HTTP/1.1" 404 125 "-" "Mozilla/5.0 (Windows NT 10.0; Win64; x64) AppleWebKit/537.36 (KHTML, like Gecko) Chrome/126.0.0.0 Safari/537.36"
163.7.12.95 - - [04/Aug/2026:07:34:35 +0000] "GET /?rest_route=/batch/v1 HTTP/1.1" 404 125 "-" "Mozilla/5.0 (Windows NT 10.0; Win64; x64) AppleWebKit/537.36 (KHTML, like Gecko) Chrome/126.0.0.0 Safari/537.36"
114.119.132.10 - - [04/Aug/2026:07:35:01 +0000] "GET /2026/01/06/ HTTP/1.1" 200 13531 "https://simplify.earth/2026/01/06/" "Mozilla/5.0 (Linux; Android 7.0;) AppleWebKit/537.36 (HTML, like Gecko) Mobile Safari/537.36 (compatible; PetalBot;+https://webmaster.petalsearch.com/site/petalbot)"
103.231.7.194 - - [04/Aug/2026:07:35:02 +0000] "GET / HTTP/1.1" 200 19955 "-" "NOC-Monitor/1.0 (+https://github.com/)"
103.231.7.194 - - [04/Aug/2026:07:35:03 +0000] "GET / HTTP/1.1" 200 19955 "-" "NOC-Monitor/1.0 (+https://github.com/)"
52.4.149.131 - - [04/Aug/2026:07:35:04 +0000] "POST /wp-cron.php?doing_wp_cron=1785828904.9407789707183837890625 HTTP/1.1" 499 0 "-" "WordPress/7.0.2; https://simplify.earth"
103.231.7.194 - - [04/Aug/2026:07:35:04 +0000] "GET / HTTP/1.1" 200 19955 "-" "NOC-Monitor/1.0 (+https://github.com/)"
103.231.7.194 - - [04/Aug/2026:07:35:04 +0000] "GET / HTTP/1.1" 200 19955 "-" "NOC-Monitor/1.0 (+https://github.com/)"
52.4.149.131 - - [04/Aug/2026:07:40:03 +0000] "POST /wp-cron.php?doing_wp_cron=1785829203.8611481189727783203125 HTTP/1.1" 499 0 "-" "WordPress/7.0.2; https://simplify.earth"
103.231.7.194 - - [04/Aug/2026:07:40:03 +0000] "GET / HTTP/1.1" 200 19955 "-" "NOC-Monitor/1.0 (+https://github.com/)"
103.231.7.194 - - [04/Aug/2026:07:40:04 +0000] "GET / HTTP/1.1" 200 19955 "-" "NOC-Monitor/1.0 (+https://github.com/)"
103.231.7.194 - - [04/Aug/2026:07:40:11 +0000] "GET / HTTP/1.1" 200 19955 "-" "NOC-Monitor/1.0 (+https://github.com/)"
103.231.7.194 - - [04/Aug/2026:07:40:12 +0000] "GET / HTTP/1.1" 200 19955 "-" "NOC-Monitor/1.0 (+https://github.com/)"
52.4.149.131 - - [04/Aug/2026:07:44:51 +0000] "POST /wp-cron.php?doing_wp_cron=1785829491.7099270820617675781250 HTTP/1.1" 499 0 "-" "WordPress/7.0.2; https://simplify.earth"
54.39.89.117 - - [04/Aug/2026:07:44:51 +0000] "GET /?sitemap=1 HTTP/2.0" 301 0 "-" "Mozilla/5.0 (compatible; AhrefsBot/7.0; +http://ahrefs.com/robot/)"
54.39.89.117 - - [04/Aug/2026:07:44:52 +0000] "GET / HTTP/2.0" 200 19942 "-" "Mozilla/5.0 (compatible; AhrefsBot/7.0; +http://ahrefs.com/robot/)"
103.231.7.194 - - [04/Aug/2026:07:45:04 +0000] "GET / HTTP/1.1" 200 19955 "-" "NOC-Monitor/1.0 (+https://github.com/)"
103.231.7.194 - - [04/Aug/2026:07:45:05 +0000] "GET / HTTP/1.1" 200 19955 "-" "NOC-Monitor/1.0 (+https://github.com/)"
103.231.7.194 - - [04/Aug/2026:07:45:06 +0000] "GET / HTTP/1.1" 200 19955 "-" "NOC-Monitor/1.0 (+https://github.com/)"
103.231.7.194 - - [04/Aug/2026:07:45:07 +0000] "GET / HTTP/1.1" 200 19955 "-" "NOC-Monitor/1.0 (+https://github.com/)"
52.4.149.131 - - [04/Aug/2026:07:45:36 +0000] "POST /wp-cron.php?doing_wp_cron=1785829536.2991900444030761718750 HTTP/1.1" 499 0 "-" "WordPress/7.0.2; https://simplify.earth"
137.184.179.145 - - [04/Aug/2026:07:45:36 +0000] "GET / HTTP/1.1" 200 19955 "-" "Mozilla/5.0 (X11; Linux x86_64) AppleWebKit/537.36 (KHTML, like Gecko) Chrome/142.0.0.0 Safari/537.36"
137.184.179.145 - - [04/Aug/2026:07:45:38 +0000] "GET /wp-content/uploads/2025/07/Group-1078.png HTTP/1.1" 200 4355 "https://simplify.earth/" "Mozilla/5.0 (X11; Linux x86_64) AppleWebKit/537.36 (KHTML, like Gecko) Chrome/142.0.0.0 Safari/537.36"
52.4.149.131 - - [04/Aug/2026:07:50:03 +0000] "POST /wp-cron.php?doing_wp_cron=1785829803.7321929931640625000000 HTTP/1.1" 499 0 "-" "WordPress/7.0.2; https://simplify.earth"
103.231.7.194 - - [04/Aug/2026:07:50:03 +0000] "GET / HTTP/1.1" 200 19955 "-" "NOC-Monitor/1.0 (+https://github.com/)"
103.231.7.194 - - [04/Aug/2026:07:50:04 +0000] "GET / HTTP/1.1" 200 19955 "-" "NOC-Monitor/1.0 (+https://github.com/)"
103.231.7.194 - - [04/Aug/2026:07:50:04 +0000] "GET / HTTP/1.1" 200 19955 "-" "NOC-Monitor/1.0 (+https://github.com/)"
103.231.7.194 - - [04/Aug/2026:07:50:07 +0000] "GET / HTTP/1.1" 200 19955 "-" "NOC-Monitor/1.0 (+https://github.com/)"
52.4.149.131 - - [04/Aug/2026:07:51:43 +0000] "POST /wp-cron.php?doing_wp_cron=1785829903.7566769123077392578125 HTTP/1.1" 499 0 "-" "WordPress/7.0.2; https://simplify.earth"
15.235.98.44 - - [04/Aug/2026:07:51:43 +0000] "GET /bet-on-red-casino-zahlungsmoglichkeiten-im-wandel-der-zeit/feed/ HTTP/2.0" 200 480 "-" "Mozilla/5.0 (compatible; AhrefsBot/7.0; +http://ahrefs.com/robot/)"
52.4.149.131 - - [04/Aug/2026:07:55:06 +0000] "POST /wp-cron.php?doing_wp_cron=1785830106.6800029277801513671875 HTTP/1.1" 499 0 "-" "WordPress/7.0.2; https://simplify.earth"
103.231.7.194 - - [04/Aug/2026:07:55:06 +0000] "GET / HTTP/1.1" 200 19955 "-" "NOC-Monitor/1.0 (+https://github.com/)"
103.231.7.194 - - [04/Aug/2026:07:55:07 +0000] "GET / HTTP/1.1" 200 19955 "-" "NOC-Monitor/1.0 (+https://github.com/)"
103.231.7.194 - - [04/Aug/2026:07:55:09 +0000] "GET / HTTP/1.1" 200 19955 "-" "NOC-Monitor/1.0 (+https://github.com/)"
103.231.7.194 - - [04/Aug/2026:07:55:10 +0000] "GET / HTTP/1.1" 200 19955 "-" "NOC-Monitor/1.0 (+https://github.com/)"
20.100.190.226 - - [04/Aug/2026:07:57:19 +0000] "GET /wp-content/plugins/hellopress/wp_filemanager.php HTTP/1.1" 404 27 "-" "-"
20.100.190.226 - - [04/Aug/2026:07:57:19 +0000] "GET /this_is_a_new_hello_world.php HTTP/1.1" 404 27 "-" "-"
20.100.190.226 - - [04/Aug/2026:07:57:20 +0000] "GET /ki.php HTTP/1.1" 404 27 "-" "-"
20.100.190.226 - - [04/Aug/2026:07:57:20 +0000] "GET /sid.php HTTP/1.1" 404 27 "-" "-"
20.100.190.226 - - [04/Aug/2026:07:57:20 +0000] "GET /nation.php HTTP/1.1" 404 27 "-" "-"
20.100.190.226 - - [04/Aug/2026:07:57:21 +0000] "GET /001.php HTTP/1.1" 404 27 "-" "-"
20.100.190.226 - - [04/Aug/2026:07:57:21 +0000] "GET /cocot.php HTTP/1.1" 404 27 "-" "-"
20.100.190.226 - - [04/Aug/2026:07:57:21 +0000] "GET /xxx.php HTTP/1.1" 404 27 "-" "-"
20.100.190.226 - - [04/Aug/2026:07:57:21 +0000] "GET /proxy.php HTTP/1.1" 404 27 "-" "-"
20.100.190.226 - - [04/Aug/2026:07:57:21 +0000] "GET /indice.php HTTP/1.1" 404 27 "-" "-"
20.100.190.226 - - [04/Aug/2026:07:57:22 +0000] "GET /Clean.php HTTP/1.1" 404 27 "-" "-"
20.100.190.226 - - [04/Aug/2026:07:57:22 +0000] "GET /phptesting.php HTTP/1.1" 404 27 "-" "-"
20.100.190.226 - - [04/Aug/2026:07:57:23 +0000] "GET /33.php HTTP/1.1" 404 27 "-" "-"
20.100.190.226 - - [04/Aug/2026:07:57:23 +0000] "GET /siteinfo.php HTTP/1.1" 404 27 "-" "-"
20.100.190.226 - - [04/Aug/2026:07:57:23 +0000] "GET /test1.php HTTP/1.1" 404 27 "-" "-"
20.100.190.226 - - [04/Aug/2026:07:57:23 +0000] "GET /catuploadcsv.php HTTP/1.1" 404 27 "-" "-"
20.100.190.226 - - [04/Aug/2026:07:57:23 +0000] "GET /omest.php HTTP/1.1" 404 27 "-" "-"
20.100.190.226 - - [04/Aug/2026:07:57:24 +0000] "GET /ccc.php HTTP/1.1" 404 27 "-" "-"
20.100.190.226 - - [04/Aug/2026:07:57:24 +0000] "GET /test-env.php HTTP/1.1" 404 27 "-" "-"
20.100.190.226 - - [04/Aug/2026:07:57:24 +0000] "GET /789.php HTTP/1.1" 404 27 "-" "-"
20.100.190.226 - - [04/Aug/2026:07:57:24 +0000] "GET /1975Team.php HTTP/1.1" 404 27 "-" "-"
20.100.190.226 - - [04/Aug/2026:07:57:25 +0000] "GET /timezone.php HTTP/1.1" 404 27 "-" "-"
20.100.190.226 - - [04/Aug/2026:07:57:25 +0000] "GET /uwu.php HTTP/1.1" 404 27 "-" "-"
20.100.190.226 - - [04/Aug/2026:07:57:25 +0000] "GET /encryption.php HTTP/1.1" 404 27 "-" "-"
52.4.149.131 - - [04/Aug/2026:07:57:26 +0000] "POST /wp-cron.php?doing_wp_cron=1785830246.2972419261932373046875 HTTP/1.1" 499 0 "-" "WordPress/7.0.2; https://simplify.earth"
20.100.190.226 - - [04/Aug/2026:07:57:26 +0000] "GET /info.php.1 HTTP/1.1" 404 49147 "-" "-"
20.100.190.226 - - [04/Aug/2026:07:57:26 +0000] "GET /a.php HTTP/1.1" 404 27 "-" "-"
20.100.190.226 - - [04/Aug/2026:07:57:26 +0000] "GET /viewinfo.php HTTP/1.1" 404 27 "-" "-"
20.100.190.226 - - [04/Aug/2026:07:57:27 +0000] "GET /Mo0n.php HTTP/1.1" 404 27 "-" "-"
20.100.190.226 - - [04/Aug/2026:07:57:27 +0000] "GET /cron.php HTTP/1.1" 404 27 "-" "-"
20.100.190.226 - - [04/Aug/2026:07:57:27 +0000] "GET /checkconfig.php HTTP/1.1" 404 27 "-" "-"
20.100.190.226 - - [04/Aug/2026:07:57:28 +0000] "GET /dummy.php HTTP/1.1" 404 27 "-" "-"
20.100.190.226 - - [04/Aug/2026:07:57:28 +0000] "GET /access.php HTTP/1.1" 404 27 "-" "-"
20.100.190.226 - - [04/Aug/2026:07:57:28 +0000] "GET /_status.php HTTP/1.1" 404 27 "-" "-"
20.100.190.226 - - [04/Aug/2026:07:57:28 +0000] "GET /release.php HTTP/1.1" 404 27 "-" "-"
20.100.190.226 - - [04/Aug/2026:07:57:29 +0000] "GET /validate.php HTTP/1.1" 404 27 "-" "-"
20.100.190.226 - - [04/Aug/2026:07:57:29 +0000] "GET /info.php.stage HTTP/1.1" 404 49147 "-" "-"
20.100.190.226 - - [04/Aug/2026:07:57:29 +0000] "GET /phpinfodev.php HTTP/1.1" 404 27 "-" "-"
20.100.190.226 - - [04/Aug/2026:07:57:30 +0000] "GET /kct403.php HTTP/1.1" 404 27 "-" "-"
20.100.190.226 - - [04/Aug/2026:07:57:30 +0000] "GET /php_load.php HTTP/1.1" 404 27 "-" "-"
20.100.190.226 - - [04/Aug/2026:07:57:31 +0000] "GET /df.php HTTP/1.1" 404 27 "-" "-"
20.100.190.226 - - [04/Aug/2026:07:57:31 +0000] "GET /xdmah.php HTTP/1.1" 404 27 "-" "-"
20.100.190.226 - - [04/Aug/2026:07:57:31 +0000] "GET /html.php HTTP/1.1" 404 27 "-" "-"
20.100.190.226 - - [04/Aug/2026:07:57:31 +0000] "GET /heroku.php HTTP/1.1" 404 27 "-" "-"
20.100.190.226 - - [04/Aug/2026:07:57:32 +0000] "GET /h.php HTTP/1.1" 404 27 "-" "-"
20.100.190.226 - - [04/Aug/2026:07:57:32 +0000] "GET /templatesdex.php HTTP/1.1" 404 27 "-" "-"
20.100.190.226 - - [04/Aug/2026:07:57:32 +0000] "GET /xinder.php HTTP/1.1" 404 27 "-" "-"
52.4.149.131 - - [04/Aug/2026:07:57:33 +0000] "POST /wp-cron.php?doing_wp_cron=1785830253.2208750247955322265625 HTTP/1.1" 499 0 "-" "WordPress/7.0.2; https://simplify.earth"
20.100.190.226 - - [04/Aug/2026:07:57:33 +0000] "GET /phpinfo.php1 HTTP/1.1" 404 49147 "-" "-"
20.100.190.226 - - [04/Aug/2026:07:57:33 +0000] "GET /777.php HTTP/1.1" 404 27 "-" "-"
20.100.190.226 - - [04/Aug/2026:07:57:33 +0000] "GET /xox.php HTTP/1.1" 404 27 "-" "-"
20.100.190.226 - - [04/Aug/2026:07:57:34 +0000] "GET /shl.php HTTP/1.1" 404 27 "-" "-"
20.100.190.226 - - [04/Aug/2026:07:57:34 +0000] "GET /info003.php HTTP/1.1" 404 27 "-" "-"
20.100.190.226 - - [04/Aug/2026:07:57:34 +0000] "GET /vp.php HTTP/1.1" 404 27 "-" "-"
20.100.190.226 - - [04/Aug/2026:07:57:35 +0000] "GET /w9d4kbr9.php HTTP/1.1" 404 27 "-" "-"
20.100.190.226 - - [04/Aug/2026:07:57:35 +0000] "GET /web.test.php HTTP/1.1" 404 27 "-" "-"
20.100.190.226 - - [04/Aug/2026:07:57:36 +0000] "GET /j.php HTTP/1.1" 404 27 "-" "-"
20.100.190.226 - - [04/Aug/2026:07:57:36 +0000] "GET /gelay.php HTTP/1.1" 404 27 "-" "-"
20.100.190.226 - - [04/Aug/2026:07:57:37 +0000] "GET /css_parser.php HTTP/1.1" 404 27 "-" "-"
20.100.190.226 - - [04/Aug/2026:07:57:37 +0000] "GET /word.php HTTP/1.1" 404 27 "-" "-"
20.100.190.226 - - [04/Aug/2026:07:57:37 +0000] "GET /web.php] HTTP/1.1" 404 49147 "-" "-"
20.100.190.226 - - [04/Aug/2026:07:57:38 +0000] "GET /test-2.php HTTP/1.1" 404 27 "-" "-"
20.100.190.226 - - [04/Aug/2026:07:57:38 +0000] "GET /wp_info.php HTTP/1.1" 404 27 "-" "-"
20.100.190.226 - - [04/Aug/2026:07:57:39 +0000] "GET /php_probe.php HTTP/1.1" 404 27 "-" "-"
20.100.190.226 - - [04/Aug/2026:07:57:39 +0000] "GET /extensions.php HTTP/1.1" 404 27 "-" "-"
20.100.190.226 - - [04/Aug/2026:07:57:40 +0000] "GET /php_details.php HTTP/1.1" 404 27 "-" "-"
20.100.190.226 - - [04/Aug/2026:07:57:40 +0000] "GET /hunter.php HTTP/1.1" 404 27 "-" "-"
20.100.190.226 - - [04/Aug/2026:07:57:40 +0000] "GET /ping_pong.php HTTP/1.1" 404 27 "-" "-"
20.100.190.226 - - [04/Aug/2026:07:57:40 +0000] "GET /pageinfo.php HTTP/1.1" 404 27 "-" "-"
20.100.190.226 - - [04/Aug/2026:07:57:41 +0000] "GET /info_test.php HTTP/1.1" 404 27 "-" "-"
20.100.190.226 - - [04/Aug/2026:07:57:41 +0000] "GET /compat-check.php HTTP/1.1" 404 27 "-" "-"
20.100.190.226 - - [04/Aug/2026:07:57:41 +0000] "GET /server_php.php HTTP/1.1" 404 27 "-" "-"
20.100.190.226 - - [04/Aug/2026:07:57:41 +0000] "GET /tinyfilemanager.php HTTP/1.1" 404 27 "-" "-"
20.100.190.226 - - [04/Aug/2026:07:57:42 +0000] "GET /test-phpinfo.php HTTP/1.1" 404 27 "-" "-"
20.100.190.226 - - [04/Aug/2026:07:57:42 +0000] "GET /AppServiceProvider.php HTTP/1.1" 404 27 "-" "-"
20.100.190.226 - - [04/Aug/2026:07:57:42 +0000] "GET /theme.php HTTP/1.1" 404 27 "-" "-"
20.100.190.226 - - [04/Aug/2026:07:57:42 +0000] "GET /ww.php HTTP/1.1" 404 27 "-" "-"
20.100.190.226 - - [04/Aug/2026:07:57:43 +0000] "GET /token.php HTTP/1.1" 404 27 "-" "-"
20.100.190.226 - - [04/Aug/2026:07:57:43 +0000] "GET /conf.php HTTP/1.1" 404 27 "-" "-"
20.100.190.226 - - [04/Aug/2026:07:57:43 +0000] "GET /tt.php HTTP/1.1" 404 27 "-" "-"
20.100.190.226 - - [04/Aug/2026:07:57:43 +0000] "GET /config_global.php HTTP/1.1" 404 27 "-" "-"
20.100.190.226 - - [04/Aug/2026:07:57:43 +0000] "GET /test_info3.php HTTP/1.1" 404 27 "-" "-"
20.100.190.226 - - [04/Aug/2026:07:57:44 +0000] "GET /28c5400b0b.php HTTP/1.1" 404 27 "-" "-"
20.100.190.226 - - [04/Aug/2026:07:57:44 +0000] "GET /siteindex.php HTTP/1.1" 404 27 "-" "-"
20.100.190.226 - - [04/Aug/2026:07:57:44 +0000] "GET /wp_wol.php HTTP/1.1" 404 27 "-" "-"
20.100.190.226 - - [04/Aug/2026:07:57:45 +0000] "GET /ioxi.php HTTP/1.1" 404 27 "-" "-"
20.100.190.226 - - [04/Aug/2026:07:57:45 +0000] "GET /website-test.php HTTP/1.1" 404 27 "-" "-"
20.100.190.226 - - [04/Aug/2026:07:57:45 +0000] "GET /host_info.php HTTP/1.1" 404 27 "-" "-"
20.100.190.226 - - [04/Aug/2026:07:57:46 +0000] "GET /demo.php HTTP/1.1" 404 27 "-" "-"
20.100.190.226 - - [04/Aug/2026:07:57:46 +0000] "GET /file-manager.php HTTP/1.1" 404 27 "-" "-"
20.100.190.226 - - [04/Aug/2026:07:57:47 +0000] "GET /servertest.php HTTP/1.1" 404 27 "-" "-"
20.100.190.226 - - [04/Aug/2026:07:57:47 +0000] "GET /phpinfo01.php HTTP/1.1" 404 27 "-" "-"
20.100.190.226 - - [04/Aug/2026:07:57:47 +0000] "GET /connection-test.php HTTP/1.1" 404 27 "-" "-"
20.100.190.226 - - [04/Aug/2026:07:57:48 +0000] "GET /setup.php.orig HTTP/1.1" 404 49147 "-" "-"
20.100.190.226 - - [04/Aug/2026:07:57:48 +0000] "GET /testing.php HTTP/1.1" 404 27 "-" "-"
20.100.190.226 - - [04/Aug/2026:07:57:49 +0000] "GET /lx.php HTTP/1.1" 404 27 "-" "-"
20.100.190.226 - - [04/Aug/2026:07:57:50 +0000] "GET /wp-config.php HTTP/1.1" 403 162 "-" "-"
20.100.190.226 - - [04/Aug/2026:07:57:50 +0000] "GET /dragonforce.php HTTP/1.1" 404 27 "-" "-"
20.100.190.226 - - [04/Aug/2026:07:57:50 +0000] "GET /checkinfo.php HTTP/1.1" 404 27 "-" "-"
20.100.190.226 - - [04/Aug/2026:07:57:50 +0000] "GET /test5.php HTTP/1.1" 404 27 "-" "-"
20.100.190.226 - - [04/Aug/2026:07:57:51 +0000] "GET /headerg.php HTTP/1.1" 404 27 "-" "-"
20.100.190.226 - - [04/Aug/2026:07:57:51 +0000] "GET /naik_dong.php HTTP/1.1" 404 27 "-" "-"
20.100.190.226 - - [04/Aug/2026:07:57:53 +0000] "GET /diag-php.php HTTP/1.1" 404 27 "-" "-"
20.100.190.226 - - [04/Aug/2026:07:57:53 +0000] "GET /installerUI.php HTTP/1.1" 404 27 "-" "-"
20.100.190.226 - - [04/Aug/2026:07:57:54 +0000] "GET /connection_test.php HTTP/1.1" 404 27 "-" "-"
20.100.190.226 - - [04/Aug/2026:07:57:54 +0000] "GET /zk.php HTTP/1.1" 404 27 "-" "-"
20.100.190.226 - - [04/Aug/2026:07:57:54 +0000] "GET /www.php HTTP/1.1" 404 27 "-" "-"
20.100.190.226 - - [04/Aug/2026:07:57:55 +0000] "GET /ping-pong.php HTTP/1.1" 404 27 "-" "-"
20.100.190.226 - - [04/Aug/2026:07:57:55 +0000] "GET /foreign_chars.php HTTP/1.1" 404 27 "-" "-"
20.100.190.226 - - [04/Aug/2026:07:57:55 +0000] "GET /con7ext.php HTTP/1.1" 404 27 "-" "-"
20.100.190.226 - - [04/Aug/2026:07:57:56 +0000] "GET /sql-test.php HTTP/1.1" 404 27 "-" "-"
20.100.190.226 - - [04/Aug/2026:07:57:56 +0000] "GET /phprelease.php HTTP/1.1" 404 27 "-" "-"
20.100.190.226 - - [04/Aug/2026:07:57:56 +0000] "GET /php-7.php HTTP/1.1" 404 27 "-" "-"
20.100.190.226 - - [04/Aug/2026:07:57:57 +0000] "GET /php-opcode.php HTTP/1.1" 404 27 "-" "-"
20.100.190.226 - - [04/Aug/2026:07:57:57 +0000] "GET /k90.php HTTP/1.1" 404 27 "-" "-"
20.100.190.226 - - [04/Aug/2026:07:57:58 +0000] "GET /uwu2.php HTTP/1.1" 404 27 "-" "-"
20.100.190.226 - - [04/Aug/2026:07:57:58 +0000] "GET /ahax.php HTTP/1.1" 404 27 "-" "-"
20.100.190.226 - - [04/Aug/2026:07:57:59 +0000] "GET /akcc.php HTTP/1.1" 404 27 "-" "-"
20.100.190.226 - - [04/Aug/2026:07:57:59 +0000] "GET /zews.php HTTP/1.1" 404 27 "-" "-"
20.100.190.226 - - [04/Aug/2026:07:57:59 +0000] "GET /124.php HTTP/1.1" 404 27 "-" "-"
20.100.190.226 - - [04/Aug/2026:07:57:59 +0000] "GET /shout.php HTTP/1.1" 404 27 "-" "-"
20.100.190.226 - - [04/Aug/2026:07:57:59 +0000] "GET /wp-gr.php HTTP/1.1" 404 27 "-" "-"
20.100.190.226 - - [04/Aug/2026:07:58:00 +0000] "GET /wp-mn.php HTTP/1.1" 404 27 "-" "-"
20.100.190.226 - - [04/Aug/2026:07:58:00 +0000] "GET /wp-mt.php HTTP/1.1" 404 27 "-" "-"
20.100.190.226 - - [04/Aug/2026:07:58:01 +0000] "GET /ova.php HTTP/1.1" 404 27 "-" "-"
20.100.190.226 - - [04/Aug/2026:07:58:01 +0000] "GET /abcd.php HTTP/1.1" 404 27 "-" "-"
20.100.190.226 - - [04/Aug/2026:07:58:01 +0000] "GET /we.php HTTP/1.1" 404 27 "-" "-"
20.100.190.226 - - [04/Aug/2026:07:58:02 +0000] "GET /ioxi-o.php HTTP/1.1" 404 27 "-" "-"
20.100.190.226 - - [04/Aug/2026:07:58:02 +0000] "GET /ar.php HTTP/1.1" 404 27 "-" "-"
20.100.190.226 - - [04/Aug/2026:07:58:02 +0000] "GET /qing.php HTTP/1.1" 404 27 "-" "-"
20.100.190.226 - - [04/Aug/2026:07:58:03 +0000] "GET /mms.php HTTP/1.1" 404 27 "-" "-"
20.100.190.226 - - [04/Aug/2026:07:58:03 +0000] "GET /lite.php HTTP/1.1" 404 27 "-" "-"
20.100.190.226 - - [04/Aug/2026:07:58:03 +0000] "GET /pp.php HTTP/1.1" 404 27 "-" "-"
20.100.190.226 - - [04/Aug/2026:07:58:03 +0000] "GET /a1.php HTTP/1.1" 404 27 "-" "-"
20.100.190.226 - - [04/Aug/2026:07:58:04 +0000] "GET /a2.php HTTP/1.1" 404 27 "-" "-"
20.100.190.226 - - [04/Aug/2026:07:58:04 +0000] "GET /12.php HTTP/1.1" 404 27 "-" "-"
20.100.190.226 - - [04/Aug/2026:07:58:04 +0000] "GET /2x.php HTTP/1.1" 404 27 "-" "-"
20.100.190.226 - - [04/Aug/2026:07:58:04 +0000] "GET /file32.php HTTP/1.1" 404 27 "-" "-"
20.100.190.226 - - [04/Aug/2026:07:58:05 +0000] "GET /class20.php HTTP/1.1" 404 27 "-" "-"
52.4.149.131 - - [04/Aug/2026:07:58:30 +0000] "POST /wp-cron.php?doing_wp_cron=1785830310.8324899673461914062500 HTTP/1.1" 499 0 "-" "WordPress/7.0.2; https://simplify.earth"
81.8.91.201 - - [04/Aug/2026:07:58:30 +0000] "POST /wp-login.php HTTP/1.1" 200 2481 "-" "Mozilla/5.0 (Windows NT 10.0) AppleWebKit/537.36 (KHTML, like Gecko) Chrome/141.0.0.0 Safari/537.36 Edg/141.0.0.0"
203.175.125.36 - - [04/Aug/2026:07:59:08 +0000] "GET /wp-json/batch/v1 HTTP/1.1" 404 128 "-" "Mozilla/5.0 (Windows NT 10.0; Win64; x64) AppleWebKit/537.36"
203.175.125.36 - - [04/Aug/2026:07:59:09 +0000] "GET /?rest_route=/batch/v1 HTTP/1.1" 404 128 "-" "Mozilla/5.0 (Windows NT 10.0; Win64; x64) AppleWebKit/537.36"
203.175.125.36 - - [04/Aug/2026:07:59:09 +0000] "GET /wp-json/batch/v1 HTTP/1.1" 404 128 "-" "Mozilla/5.0 (Windows NT 10.0; Win64; x64) AppleWebKit/537.36"
103.231.7.194 - - [04/Aug/2026:08:00:03 +0000] "GET / HTTP/1.1" 200 19955 "-" "NOC-Monitor/1.0 (+https://github.com/)"
52.4.149.131 - - [04/Aug/2026:08:00:03 +0000] "POST /wp-cron.php?doing_wp_cron=1785830403.8592739105224609375000 HTTP/1.1" 499 0 "-" "WordPress/7.0.2; https://simplify.earth"
103.231.7.194 - - [04/Aug/2026:08:00:03 +0000] "GET / HTTP/1.1" 200 19955 "-" "NOC-Monitor/1.0 (+https://github.com/)"
103.231.7.194 - - [04/Aug/2026:08:00:07 +0000] "GET / HTTP/1.1" 200 19955 "-" "NOC-Monitor/1.0 (+https://github.com/)"
103.231.7.194 - - [04/Aug/2026:08:00:08 +0000] "GET / HTTP/1.1" 200 19955 "-" "NOC-Monitor/1.0 (+https://github.com/)"
52.4.149.131 - - [04/Aug/2026:08:03:00 +0000] "POST /wp-cron.php?doing_wp_cron=1785830580.3210198879241943359375 HTTP/1.1" 499 0 "-" "WordPress/7.0.2; https://simplify.earth"
40.77.167.16 - - [04/Aug/2026:08:03:00 +0000] "GET /sign-in HTTP/2.0" 404 13299 "-" "Mozilla/5.0 AppleWebKit/537.36 (KHTML, like Gecko; compatible; bingbot/2.0; +http://www.bing.com/bingbot.htm) Chrome/116.0.1938.76 Safari/537.36"
52.4.149.131 - - [04/Aug/2026:08:05:03 +0000] "POST /wp-cron.php?doing_wp_cron=1785830703.6154439449310302734375 HTTP/1.1" 499 0 "-" "WordPress/7.0.2; https://simplify.earth"
103.231.7.194 - - [04/Aug/2026:08:05:03 +0000] "GET / HTTP/1.1" 200 19955 "-" "NOC-Monitor/1.0 (+https://github.com/)"
103.231.7.194 - - [04/Aug/2026:08:05:05 +0000] "GET / HTTP/1.1" 200 19955 "-" "NOC-Monitor/1.0 (+https://github.com/)"
103.231.7.194 - - [04/Aug/2026:08:05:06 +0000] "GET / HTTP/1.1" 200 19955 "-" "NOC-Monitor/1.0 (+https://github.com/)"
103.231.7.194 - - [04/Aug/2026:08:05:07 +0000] "GET / HTTP/1.1" 200 19955 "-" "NOC-Monitor/1.0 (+https://github.com/)"
34.42.188.17 - - [04/Aug/2026:08:09:13 +0000] "GET //wp-includes/ID3/license.txt HTTP/1.1" 200 1396 "-" "Mozilla/5.0 (Windows NT 10.0; Win64; x64) AppleWebKit/537.36 (KHTML, like Gecko) Chrome/95.0.4638.69 Safari/537.36"
52.4.149.131 - - [04/Aug/2026:08:09:13 +0000] "POST /wp-cron.php?doing_wp_cron=1785830953.5645329952239990234375 HTTP/1.1" 499 0 "-" "WordPress/7.0.2; https://simplify.earth"
34.42.188.17 - - [04/Aug/2026:08:09:13 +0000] "GET //feed/ HTTP/1.1" 301 5 "-" "Mozilla/5.0 (Windows NT 10.0; Win64; x64) AppleWebKit/537.36 (KHTML, like Gecko) Chrome/95.0.4638.69 Safari/537.36"
34.42.188.17 - - [04/Aug/2026:08:09:13 +0000] "GET //blog/wp-includes/wlwmanifest.xml HTTP/1.1" 404 564 "-" "Mozilla/5.0 (Windows NT 10.0; Win64; x64) AppleWebKit/537.36 (KHTML, like Gecko) Chrome/95.0.4638.69 Safari/537.36"
34.42.188.17 - - [04/Aug/2026:08:09:13 +0000] "GET //web/wp-includes/wlwmanifest.xml HTTP/1.1" 404 564 "-" "Mozilla/5.0 (Windows NT 10.0; Win64; x64) AppleWebKit/537.36 (KHTML, like Gecko) Chrome/95.0.4638.69 Safari/537.36"
34.42.188.17 - - [04/Aug/2026:08:09:14 +0000] "GET //wordpress/wp-includes/wlwmanifest.xml HTTP/1.1" 404 564 "-" "Mozilla/5.0 (Windows NT 10.0; Win64; x64) AppleWebKit/537.36 (KHTML, like Gecko) Chrome/95.0.4638.69 Safari/537.36"
34.42.188.17 - - [04/Aug/2026:08:09:14 +0000] "GET //wp/wp-includes/wlwmanifest.xml HTTP/1.1" 404 564 "-" "Mozilla/5.0 (Windows NT 10.0; Win64; x64) AppleWebKit/537.36 (KHTML, like Gecko) Chrome/95.0.4638.69 Safari/537.36"
34.42.188.17 - - [04/Aug/2026:08:09:14 +0000] "GET //2020/wp-includes/wlwmanifest.xml HTTP/1.1" 404 564 "-" "Mozilla/5.0 (Windows NT 10.0; Win64; x64) AppleWebKit/537.36 (KHTML, like Gecko) Chrome/95.0.4638.69 Safari/537.36"
34.42.188.17 - - [04/Aug/2026:08:09:14 +0000] "GET //2019/wp-includes/wlwmanifest.xml HTTP/1.1" 404 564 "-" "Mozilla/5.0 (Windows NT 10.0; Win64; x64) AppleWebKit/537.36 (KHTML, like Gecko) Chrome/95.0.4638.69 Safari/537.36"
34.42.188.17 - - [04/Aug/2026:08:09:14 +0000] "GET //2021/wp-includes/wlwmanifest.xml HTTP/1.1" 404 564 "-" "Mozilla/5.0 (Windows NT 10.0; Win64; x64) AppleWebKit/537.36 (KHTML, like Gecko) Chrome/95.0.4638.69 Safari/537.36"
34.42.188.17 - - [04/Aug/2026:08:09:14 +0000] "GET //shop/wp-includes/wlwmanifest.xml HTTP/1.1" 404 564 "-" "Mozilla/5.0 (Windows NT 10.0; Win64; x64) AppleWebKit/537.36 (KHTML, like Gecko) Chrome/95.0.4638.69 Safari/537.36"
34.42.188.17 - - [04/Aug/2026:08:09:14 +0000] "GET //wp1/wp-includes/wlwmanifest.xml HTTP/1.1" 404 564 "-" "Mozilla/5.0 (Windows NT 10.0; Win64; x64) AppleWebKit/537.36 (KHTML, like Gecko) Chrome/95.0.4638.69 Safari/537.36"
34.42.188.17 - - [04/Aug/2026:08:09:15 +0000] "GET //test/wp-includes/wlwmanifest.xml HTTP/1.1" 404 564 "-" "Mozilla/5.0 (Windows NT 10.0; Win64; x64) AppleWebKit/537.36 (KHTML, like Gecko) Chrome/95.0.4638.69 Safari/537.36"
34.42.188.17 - - [04/Aug/2026:08:09:15 +0000] "GET //site/wp-includes/wlwmanifest.xml HTTP/1.1" 404 564 "-" "Mozilla/5.0 (Windows NT 10.0; Win64; x64) AppleWebKit/537.36 (KHTML, like Gecko) Chrome/95.0.4638.69 Safari/537.36"
34.42.188.17 - - [04/Aug/2026:08:09:15 +0000] "GET //cms/wp-includes/wlwmanifest.xml HTTP/1.1" 404 564 "-" "Mozilla/5.0 (Windows NT 10.0; Win64; x64) AppleWebKit/537.36 (KHTML, like Gecko) Chrome/95.0.4638.69 Safari/537.36"
34.42.188.17 - - [04/Aug/2026:08:09:15 +0000] "" 400 0 "-" "-"
52.4.149.131 - - [04/Aug/2026:08:10:03 +0000] "POST /wp-cron.php?doing_wp_cron=1785831003.7301099300384521484375 HTTP/1.1" 499 0 "-" "WordPress/7.0.2; https://simplify.earth"
103.231.7.194 - - [04/Aug/2026:08:10:03 +0000] "GET / HTTP/1.1" 200 19955 "-" "NOC-Monitor/1.0 (+https://github.com/)"
103.231.7.194 - - [04/Aug/2026:08:10:04 +0000] "GET / HTTP/1.1" 200 19955 "-" "NOC-Monitor/1.0 (+https://github.com/)"
103.231.7.194 - - [04/Aug/2026:08:10:11 +0000] "GET / HTTP/1.1" 200 19955 "-" "NOC-Monitor/1.0 (+https://github.com/)"
103.231.7.194 - - [04/Aug/2026:08:10:11 +0000] "GET / HTTP/1.1" 200 19955 "-" "NOC-Monitor/1.0 (+https://github.com/)"
52.4.149.131 - - [04/Aug/2026:08:14:19 +0000] "POST /wp-cron.php?doing_wp_cron=1785831259.6879589557647705078125 HTTP/1.1" 499 0 "-" "WordPress/7.0.2; https://simplify.earth"
142.44.233.111 - - [04/Aug/2026:08:14:19 +0000] "GET /levant-casino-exklusive-angebote-fur-stammspieler/feed/ HTTP/2.0" 200 473 "-" "Mozilla/5.0 (compatible; AhrefsBot/7.0; +http://ahrefs.com/robot/)"
52.4.149.131 - - [04/Aug/2026:08:15:03 +0000] "POST /wp-cron.php?doing_wp_cron=1785831303.1456110477447509765625 HTTP/1.1" 499 0 "-" "WordPress/7.0.2; https://simplify.earth"
103.231.7.194 - - [04/Aug/2026:08:15:03 +0000] "GET / HTTP/1.1" 200 19955 "-" "NOC-Monitor/1.0 (+https://github.com/)"
103.231.7.194 - - [04/Aug/2026:08:15:03 +0000] "GET / HTTP/1.1" 200 19955 "-" "NOC-Monitor/1.0 (+https://github.com/)"
103.231.7.194 - - [04/Aug/2026:08:15:04 +0000] "GET / HTTP/1.1" 200 19955 "-" "NOC-Monitor/1.0 (+https://github.com/)"
103.231.7.194 - - [04/Aug/2026:08:15:04 +0000] "GET / HTTP/1.1" 200 19955 "-" "NOC-Monitor/1.0 (+https://github.com/)"
158.158.54.131 - - [04/Aug/2026:08:17:51 +0000] "GET /index/function.php HTTP/1.1" 404 47 "-" "Mozilla/5.0 (Windows NT 10.0; Win64; x64) AppleWebKit/537.36 (KHTML, like Gecko) Chrome/120.0.0.0 Safari/537.36"
158.158.54.131 - - [04/Aug/2026:08:17:51 +0000] "GET /i.php HTTP/1.1" 404 47 "-" "Mozilla/5.0 (Windows NT 10.0; Win64; x64) AppleWebKit/537.36 (KHTML, like Gecko) Chrome/120.0.0.0 Safari/537.36"
158.158.54.131 - - [04/Aug/2026:08:17:51 +0000] "GET /fone1.php HTTP/1.1" 404 47 "-" "Mozilla/5.0 (Windows NT 10.0; Win64; x64) AppleWebKit/537.36 (KHTML, like Gecko) Chrome/120.0.0.0 Safari/537.36"
158.158.54.131 - - [04/Aug/2026:08:17:51 +0000] "GET /doc.php HTTP/1.1" 404 47 "-" "Mozilla/5.0 (Windows NT 10.0; Win64; x64) AppleWebKit/537.36 (KHTML, like Gecko) Chrome/120.0.0.0 Safari/537.36"
