13.140.140.94 - - [04/Aug/2026:00:54:06 +0000] "POST /index.php?rest_route=/batch/v1 HTTP/1.1" 207 490 "https://simplify.earth/" "WordPress/6.4.3; https://wordpress.org/"
13.140.140.94 - - [04/Aug/2026:00:54:07 +0000] "POST /index.php?rest_route=/batch/v1 HTTP/1.1" 207 490 "https://simplify.earth/" "WordPress/6.4.3; https://wordpress.org/"
13.140.140.94 - - [04/Aug/2026:00:54:07 +0000] "POST /index.php?rest_route=/batch/v1 HTTP/1.1" 207 490 "https://simplify.earth/" "WordPress/6.4.3; https://wordpress.org/"
13.140.140.94 - - [04/Aug/2026:00:54:08 +0000] "POST /index.php?rest_route=/batch/v1 HTTP/1.1" 207 490 "https://simplify.earth/" "WordPress/6.4.3; https://wordpress.org/"
13.140.140.94 - - [04/Aug/2026:00:54:08 +0000] "POST /index.php?rest_route=/batch/v1 HTTP/1.1" 207 490 "https://simplify.earth/" "WordPress/6.4.3; https://wordpress.org/"
13.140.140.94 - - [04/Aug/2026:00:54:08 +0000] "POST /index.php?rest_route=/batch/v1 HTTP/1.1" 207 490 "https://simplify.earth/" "WordPress/6.4.3; https://wordpress.org/"
13.140.140.94 - - [04/Aug/2026:00:54:09 +0000] "POST /index.php?rest_route=/batch/v1 HTTP/1.1" 207 646 "https://simplify.earth/" "WordPress/6.4.3; https://wordpress.org/"
13.140.140.94 - - [04/Aug/2026:00:54:09 +0000] "POST /?rest_route=/batch/v1 HTTP/1.1" 207 490 "-" "Mozilla/5.0"
13.140.140.94 - - [04/Aug/2026:00:54:10 +0000] "POST /?rest_route=/batch/v1 HTTP/1.1" 207 490 "-" "Mozilla/5.0"
13.140.140.94 - - [04/Aug/2026:00:54:12 +0000] "POST /?rest_route=/batch/v1 HTTP/1.1" 207 490 "-" "Mozilla/5.0"
13.140.140.94 - - [04/Aug/2026:00:54:13 +0000] "POST /?rest_route=/batch/v1 HTTP/1.1" 207 490 "-" "Mozilla/5.0"
13.140.140.94 - - [04/Aug/2026:00:54:13 +0000] "GET /index.php?rest_route=/batch/v1 HTTP/1.1" 404 128 "https://www.simplify.earth/" "WordPress/6.4.3; https://wordpress.org/"
13.140.140.94 - - [04/Aug/2026:00:54:14 +0000] "GET /?rest_route=%2Fbatch%2Fv1 HTTP/1.1" 404 128 "https://www.simplify.earth/" "WordPress/6.4.3; https://wordpress.org/"
13.140.140.94 - - [04/Aug/2026:00:54:15 +0000] "GET /?rest_route=/batch%2Fv1 HTTP/1.1" 404 128 "https://www.simplify.earth/" "WordPress/6.4.3; https://wordpress.org/"
13.140.140.94 - - [04/Aug/2026:00:54:15 +0000] "GET /?rest_route=/batch/v1 HTTP/1.1" 404 128 "https://www.simplify.earth/" "WordPress/6.4.3; https://wordpress.org/"
13.140.140.94 - - [04/Aug/2026:00:54:16 +0000] "GET /wp-json/batch/v1 HTTP/1.1" 404 128 "https://www.simplify.earth/" "WordPress/6.4.3; https://wordpress.org/"
13.140.140.94 - - [04/Aug/2026:00:54:17 +0000] "GET /wp-json/Batch/v1 HTTP/1.1" 404 128 "https://www.simplify.earth/" "WordPress/6.4.3; https://wordpress.org/"
13.140.140.94 - - [04/Aug/2026:00:54:17 +0000] "GET //wp-json/batch/v1 HTTP/1.1" 404 128 "https://www.simplify.earth/" "WordPress/6.4.3; https://wordpress.org/"
13.140.140.94 - - [04/Aug/2026:00:54:18 +0000] "GET /wp-json/batch/v1/ HTTP/1.1" 404 128 "https://www.simplify.earth/" "WordPress/6.4.3; https://wordpress.org/"
13.140.140.94 - - [04/Aug/2026:00:54:19 +0000] "GET /blog/wp-json/batch/v1 HTTP/1.1" 404 13285 "https://www.simplify.earth/" "WordPress/6.4.3; https://wordpress.org/"
13.140.140.94 - - [04/Aug/2026:00:54:20 +0000] "GET /wordpress/wp-json/batch/v1 HTTP/1.1" 404 13285 "https://www.simplify.earth/" "WordPress/6.4.3; https://wordpress.org/"
13.140.140.94 - - [04/Aug/2026:00:54:20 +0000] "POST /index.php?rest_route=/batch/v1 HTTP/1.1" 207 27 "https://simplify.earth/" "WordPress/6.4.3; https://wordpress.org/"
13.140.140.94 - - [04/Aug/2026:00:54:21 +0000] "POST /index.php?rest_route=/batch/v1 HTTP/1.1" 207 490 "https://simplify.earth/" "WordPress/6.4.3; https://wordpress.org/"
13.140.140.94 - - [04/Aug/2026:00:54:21 +0000] "POST /index.php?rest_route=/batch/v1 HTTP/1.1" 207 490 "https://simplify.earth/" "WordPress/6.4.3; https://wordpress.org/"
13.140.140.94 - - [04/Aug/2026:00:54:21 +0000] "POST /index.php?rest_route=/batch/v1 HTTP/1.1" 207 490 "https://simplify.earth/" "WordPress/6.4.3; https://wordpress.org/"
13.140.140.94 - - [04/Aug/2026:00:54:22 +0000] "POST /index.php?rest_route=/batch/v1 HTTP/1.1" 207 490 "https://simplify.earth/" "WordPress/6.4.3; https://wordpress.org/"
13.140.140.94 - - [04/Aug/2026:00:54:22 +0000] "POST /index.php?rest_route=/batch/v1 HTTP/1.1" 207 490 "https://simplify.earth/" "WordPress/6.4.3; https://wordpress.org/"
13.140.140.94 - - [04/Aug/2026:00:54:23 +0000] "POST /index.php?rest_route=/batch/v1 HTTP/1.1" 207 490 "https://simplify.earth/" "WordPress/6.4.3; https://wordpress.org/"
13.140.140.94 - - [04/Aug/2026:00:54:24 +0000] "POST /index.php?rest_route=/batch/v1 HTTP/1.1" 207 490 "https://simplify.earth/" "WordPress/6.4.3; https://wordpress.org/"
13.140.140.94 - - [04/Aug/2026:00:54:26 +0000] "POST /index.php?rest_route=/batch/v1 HTTP/1.1" 207 490 "https://simplify.earth/" "WordPress/6.4.3; https://wordpress.org/"
13.140.140.94 - - [04/Aug/2026:00:54:26 +0000] "POST /index.php?rest_route=/batch/v1 HTTP/1.1" 207 490 "https://simplify.earth/" "WordPress/6.4.3; https://wordpress.org/"
13.140.140.94 - - [04/Aug/2026:00:54:27 +0000] "POST /index.php?rest_route=/batch/v1 HTTP/1.1" 207 490 "https://simplify.earth/" "WordPress/6.4.3; https://wordpress.org/"
13.140.140.94 - - [04/Aug/2026:00:54:27 +0000] "POST /index.php?rest_route=/batch/v1 HTTP/1.1" 207 490 "https://simplify.earth/" "WordPress/6.4.3; https://wordpress.org/"
13.140.140.94 - - [04/Aug/2026:00:54:27 +0000] "POST /index.php?rest_route=/batch/v1 HTTP/1.1" 207 490 "https://simplify.earth/" "WordPress/6.4.3; https://wordpress.org/"
13.140.140.94 - - [04/Aug/2026:00:54:28 +0000] "POST /index.php?rest_route=/batch/v1 HTTP/1.1" 207 490 "https://simplify.earth/" "WordPress/6.4.3; https://wordpress.org/"
13.140.140.94 - - [04/Aug/2026:00:54:28 +0000] "POST /index.php?rest_route=/batch/v1 HTTP/1.1" 207 490 "https://simplify.earth/" "WordPress/6.4.3; https://wordpress.org/"
13.140.140.94 - - [04/Aug/2026:00:54:29 +0000] "POST /index.php?rest_route=/batch/v1 HTTP/1.1" 207 490 "https://simplify.earth/" "WordPress/6.4.3; https://wordpress.org/"
13.140.140.94 - - [04/Aug/2026:00:54:29 +0000] "POST /index.php?rest_route=/batch/v1 HTTP/1.1" 207 646 "https://simplify.earth/" "WordPress/6.4.3; https://wordpress.org/"
13.140.140.94 - - [04/Aug/2026:00:54:30 +0000] "GET /?rest_route=/batch/v1 HTTP/1.1" 404 125 "-" "Mozilla/5.0"
13.140.140.94 - - [04/Aug/2026:00:54:31 +0000] "GET /?rest_route=/batch/v1 HTTP/1.1" 404 125 "-" "Mozilla/5.0"
13.140.140.94 - - [04/Aug/2026:00:54:33 +0000] "GET /?rest_route=/batch/v1 HTTP/1.1" 404 125 "-" "Mozilla/5.0"
52.4.149.131 - - [04/Aug/2026:00:54:34 +0000] "POST /wp-cron.php?doing_wp_cron=1785804874.6048979759216308593750 HTTP/1.1" 499 0 "-" "WordPress/7.0.2; https://simplify.earth"
13.140.140.94 - - [04/Aug/2026:00:54:34 +0000] "GET /?rest_route=/batch/v1 HTTP/1.1" 404 125 "-" "Mozilla/5.0"
13.140.140.94 - - [04/Aug/2026:00:54:35 +0000] "GET /index.php?rest_route=/batch/v1 HTTP/1.1" 404 128 "http://simplify.earth/" "WordPress/6.4.3; https://wordpress.org/"
13.140.140.94 - - [04/Aug/2026:00:54:35 +0000] "GET /?rest_route=%2Fbatch%2Fv1 HTTP/1.1" 404 128 "http://simplify.earth/" "WordPress/6.4.3; https://wordpress.org/"
13.140.140.94 - - [04/Aug/2026:00:54:36 +0000] "GET /?rest_route=/batch%2Fv1 HTTP/1.1" 404 128 "http://simplify.earth/" "WordPress/6.4.3; https://wordpress.org/"
13.140.140.94 - - [04/Aug/2026:00:54:36 +0000] "GET /?rest_route=/batch/v1 HTTP/1.1" 404 128 "http://simplify.earth/" "WordPress/6.4.3; https://wordpress.org/"
13.140.140.94 - - [04/Aug/2026:00:54:37 +0000] "GET /wp-json/batch/v1 HTTP/1.1" 404 128 "http://simplify.earth/" "WordPress/6.4.3; https://wordpress.org/"
13.140.140.94 - - [04/Aug/2026:00:54:38 +0000] "GET /wp-json/Batch/v1 HTTP/1.1" 404 128 "http://simplify.earth/" "WordPress/6.4.3; https://wordpress.org/"
13.140.140.94 - - [04/Aug/2026:00:54:38 +0000] "GET //wp-json/batch/v1 HTTP/1.1" 404 128 "http://simplify.earth/" "WordPress/6.4.3; https://wordpress.org/"
13.140.140.94 - - [04/Aug/2026:00:54:39 +0000] "GET /wp-json/batch/v1/ HTTP/1.1" 404 128 "http://simplify.earth/" "WordPress/6.4.3; https://wordpress.org/"
103.231.7.194 - - [04/Aug/2026:00:55:04 +0000] "GET / HTTP/1.1" 200 19950 "-" "NOC-Monitor/1.0 (+https://github.com/)"
103.231.7.194 - - [04/Aug/2026:00:55:05 +0000] "GET / HTTP/1.1" 200 19950 "-" "NOC-Monitor/1.0 (+https://github.com/)"
103.231.7.194 - - [04/Aug/2026:00:55:07 +0000] "GET / HTTP/1.1" 200 19950 "-" "NOC-Monitor/1.0 (+https://github.com/)"
103.231.7.194 - - [04/Aug/2026:00:55:09 +0000] "GET / HTTP/1.1" 200 19950 "-" "NOC-Monitor/1.0 (+https://github.com/)"
52.4.149.131 - - [04/Aug/2026:00:55:41 +0000] "POST /wp-cron.php?doing_wp_cron=1785804941.7425749301910400390625 HTTP/1.1" 499 0 "-" "WordPress/7.0.2; https://simplify.earth"
38.47.85.85 - - [04/Aug/2026:00:55:47 +0000] "GET /wp-json/ HTTP/1.1" 200 350068 "-" "Mozilla/5.0 (X11; Linux x86_64) AppleWebKit/537.36 (KHTML, like Gecko) Chrome/126.0.0.0 Safari/537.36"
38.47.85.85 - - [04/Aug/2026:00:55:52 +0000] "GET /?rest_route=/ HTTP/1.1" 200 350068 "-" "Mozilla/5.0 (X11; Linux x86_64) AppleWebKit/537.36 (KHTML, like Gecko) Chrome/126.0.0.0 Safari/537.36"
38.47.85.85 - - [04/Aug/2026:00:55:55 +0000] "GET /feed/ HTTP/1.1" 200 17393 "-" "Mozilla/5.0 (X11; Linux x86_64) AppleWebKit/537.36 (KHTML, like Gecko) Chrome/126.0.0.0 Safari/537.36"
38.47.85.85 - - [04/Aug/2026:00:55:57 +0000] "GET /wp-json/batch/v1 HTTP/1.1" 404 125 "-" "Mozilla/5.0 (X11; Linux x86_64) AppleWebKit/537.36 (KHTML, like Gecko) Chrome/126.0.0.0 Safari/537.36"
38.47.85.85 - - [04/Aug/2026:00:55:58 +0000] "GET /?rest_route=/batch/v1 HTTP/1.1" 404 125 "-" "Mozilla/5.0 (X11; Linux x86_64) AppleWebKit/537.36 (KHTML, like Gecko) Chrome/126.0.0.0 Safari/537.36"
38.47.85.85 - - [04/Aug/2026:00:55:59 +0000] "GET /wp-json/batch/v1 HTTP/1.1" 404 125 "-" "Mozilla/5.0 (X11; Linux x86_64) AppleWebKit/537.36 (KHTML, like Gecko) Chrome/126.0.0.0 Safari/537.36"
52.4.149.131 - - [04/Aug/2026:00:56:53 +0000] "POST /wp-cron.php?doing_wp_cron=1785805013.3609809875488281250000 HTTP/1.1" 499 0 "-" "WordPress/7.0.2; https://simplify.earth"
81.16.177.52 - - [04/Aug/2026:00:56:53 +0000] "GET / HTTP/1.1" 200 19950 "-" "Mozilla/5.0 (Windows NT 10.0; Win64; x64) AppleWebKit/537.36 (KHTML, like Gecko) Chrome/120.0.0.0 Safari/537.36"
81.16.177.52 - - [04/Aug/2026:00:56:54 +0000] "GET /config.json HTTP/1.1" 404 13312 "-" "Mozilla/5.0 (Windows NT 10.0; Win64; x64) AppleWebKit/537.36 (KHTML, like Gecko) Chrome/120.0.0.0 Safari/537.36"
81.16.177.52 - - [04/Aug/2026:00:56:54 +0000] "GET /api/config.json HTTP/1.1" 404 13312 "-" "Mozilla/5.0 (Windows NT 10.0; Win64; x64) AppleWebKit/537.36 (KHTML, like Gecko) Chrome/120.0.0.0 Safari/537.36"
81.16.177.52 - - [04/Aug/2026:00:56:54 +0000] "GET /config.js HTTP/1.1" 404 564 "-" "Mozilla/5.0 (Windows NT 10.0; Win64; x64) AppleWebKit/537.36 (KHTML, like Gecko) Chrome/120.0.0.0 Safari/537.36"
81.16.177.52 - - [04/Aug/2026:00:56:54 +0000] "GET /env.js HTTP/1.1" 404 564 "-" "Mozilla/5.0 (Windows NT 10.0; Win64; x64) AppleWebKit/537.36 (KHTML, like Gecko) Chrome/120.0.0.0 Safari/537.36"
103.231.7.194 - - [04/Aug/2026:01:00:04 +0000] "GET / HTTP/1.1" 200 19950 "-" "NOC-Monitor/1.0 (+https://github.com/)"
103.231.7.194 - - [04/Aug/2026:01:00:04 +0000] "GET / HTTP/1.1" 200 19950 "-" "NOC-Monitor/1.0 (+https://github.com/)"
52.4.149.131 - - [04/Aug/2026:01:00:04 +0000] "POST /wp-cron.php?doing_wp_cron=1785805204.0722320079803466796875 HTTP/1.1" 499 0 "-" "WordPress/7.0.2; https://simplify.earth"
103.231.7.194 - - [04/Aug/2026:01:00:06 +0000] "GET / HTTP/1.1" 200 19950 "-" "NOC-Monitor/1.0 (+https://github.com/)"
103.231.7.194 - - [04/Aug/2026:01:00:09 +0000] "GET / HTTP/1.1" 200 19950 "-" "NOC-Monitor/1.0 (+https://github.com/)"
52.4.149.131 - - [04/Aug/2026:01:01:40 +0000] "POST /wp-cron.php?doing_wp_cron=1785805300.9644699096679687500000 HTTP/1.1" 499 0 "-" "WordPress/7.0.2; https://simplify.earth"
138.199.60.23 - - [04/Aug/2026:01:01:41 +0000] "POST /wp-json/batch/v1 HTTP/1.1" 207 27 "-" "Mozilla/5.0 (X11; Linux x86_64) AppleWebKit/537.36 (KHTML, like Gecko) Chrome/126.0.0.0 Safari/537.36"
138.199.60.23 - - [04/Aug/2026:01:01:42 +0000] "POST /wp-json/batch/v1 HTTP/1.1" 207 490 "-" "Mozilla/5.0 (X11; Linux x86_64) AppleWebKit/537.36 (KHTML, like Gecko) Chrome/126.0.0.0 Safari/537.36"
138.199.60.23 - - [04/Aug/2026:01:01:43 +0000] "POST /wp-json/batch/v1 HTTP/1.1" 207 490 "-" "Mozilla/5.0 (X11; Linux x86_64) AppleWebKit/537.36 (KHTML, like Gecko) Chrome/126.0.0.0 Safari/537.36"
138.199.60.23 - - [04/Aug/2026:01:01:44 +0000] "POST /wp-json/batch/v1 HTTP/1.1" 207 646 "-" "Mozilla/5.0 (X11; Linux x86_64) AppleWebKit/537.36 (KHTML, like Gecko) Chrome/126.0.0.0 Safari/537.36"
52.4.149.131 - - [04/Aug/2026:01:05:02 +0000] "POST /wp-cron.php?doing_wp_cron=1785805502.8620469570159912109375 HTTP/1.1" 499 0 "-" "WordPress/7.0.2; https://simplify.earth"
103.231.7.194 - - [04/Aug/2026:01:05:02 +0000] "GET / HTTP/1.1" 200 19950 "-" "NOC-Monitor/1.0 (+https://github.com/)"
103.231.7.194 - - [04/Aug/2026:01:05:03 +0000] "GET / HTTP/1.1" 200 19950 "-" "NOC-Monitor/1.0 (+https://github.com/)"
103.231.7.194 - - [04/Aug/2026:01:05:06 +0000] "GET / HTTP/1.1" 200 19950 "-" "NOC-Monitor/1.0 (+https://github.com/)"
103.231.7.194 - - [04/Aug/2026:01:05:06 +0000] "GET / HTTP/1.1" 200 19950 "-" "NOC-Monitor/1.0 (+https://github.com/)"
52.4.149.131 - - [04/Aug/2026:01:08:28 +0000] "POST /wp-cron.php?doing_wp_cron=1785805708.9799389839172363281250 HTTP/1.1" 499 0 "-" "WordPress/7.0.2; https://simplify.earth"
152.53.35.166 - - [04/Aug/2026:01:08:28 +0000] "GET / HTTP/1.1" 200 19950 "-" "Mozilla/5.0 (Windows NT 10.0; Win64; x64) AppleWebKit/537.36 (KHTML, like Gecko) Chrome/124.0.0.0 Safari/537.36"
52.4.149.131 - - [04/Aug/2026:01:09:35 +0000] "POST /wp-cron.php?doing_wp_cron=1785805775.5435309410095214843750 HTTP/1.1" 499 0 "-" "WordPress/7.0.2; https://simplify.earth"
62.60.130.227 - - [04/Aug/2026:01:09:35 +0000] "GET /?rest_route=/batch/v1 HTTP/1.1" 404 125 "-" "Mozilla/5.0"
62.60.130.227 - - [04/Aug/2026:01:09:36 +0000] "GET /wp-json/batch/v1 HTTP/1.1" 404 125 "-" "Mozilla/5.0"
103.231.7.194 - - [04/Aug/2026:01:10:02 +0000] "GET / HTTP/1.1" 200 19950 "-" "NOC-Monitor/1.0 (+https://github.com/)"
103.231.7.194 - - [04/Aug/2026:01:10:02 +0000] "GET / HTTP/1.1" 200 19950 "-" "NOC-Monitor/1.0 (+https://github.com/)"
103.231.7.194 - - [04/Aug/2026:01:10:08 +0000] "GET / HTTP/1.1" 200 19950 "-" "NOC-Monitor/1.0 (+https://github.com/)"
103.231.7.194 - - [04/Aug/2026:01:10:08 +0000] "GET / HTTP/1.1" 200 19950 "-" "NOC-Monitor/1.0 (+https://github.com/)"
52.4.149.131 - - [04/Aug/2026:01:12:06 +0000] "POST /wp-cron.php?doing_wp_cron=1785805926.0900149345397949218750 HTTP/1.1" 499 0 "-" "WordPress/7.0.2; https://simplify.earth"
185.191.171.14 - - [04/Aug/2026:01:12:06 +0000] "GET /le-promozioni-piu-allettanti-dei-migliori-casino-online-non-aams-9/ HTTP/1.1" 404 13312 "-" "Mozilla/5.0 (compatible; SemrushBot/7~bl; +http://www.semrush.com/bot.html)"
52.4.149.131 - - [04/Aug/2026:01:12:54 +0000] "POST /wp-cron.php?doing_wp_cron=1785805974.1078870296478271484375 HTTP/1.1" 499 0 "-" "WordPress/7.0.2; https://simplify.earth"
15.235.27.47 - - [04/Aug/2026:01:12:54 +0000] "GET /betflare-turniere-und-wettbewerbe-spannend-fur-profis/feed/ HTTP/2.0" 200 472 "-" "Mozilla/5.0 (compatible; AhrefsBot/7.0; +http://ahrefs.com/robot/)"
52.4.149.131 - - [04/Aug/2026:01:15:04 +0000] "POST /wp-cron.php?doing_wp_cron=1785806104.1596100330352783203125 HTTP/1.1" 499 0 "-" "WordPress/7.0.2; https://simplify.earth"
103.231.7.194 - - [04/Aug/2026:01:15:04 +0000] "GET / HTTP/1.1" 200 19950 "-" "NOC-Monitor/1.0 (+https://github.com/)"
103.231.7.194 - - [04/Aug/2026:01:15:04 +0000] "GET / HTTP/1.1" 200 19950 "-" "NOC-Monitor/1.0 (+https://github.com/)"
103.231.7.194 - - [04/Aug/2026:01:15:05 +0000] "GET / HTTP/1.1" 200 19950 "-" "NOC-Monitor/1.0 (+https://github.com/)"
103.231.7.194 - - [04/Aug/2026:01:15:05 +0000] "GET / HTTP/1.1" 200 19950 "-" "NOC-Monitor/1.0 (+https://github.com/)"
52.4.149.131 - - [04/Aug/2026:01:16:23 +0000] "POST /wp-cron.php?doing_wp_cron=1785806183.5149118900299072265625 HTTP/1.1" 499 0 "-" "WordPress/7.0.2; https://simplify.earth"
142.44.228.204 - - [04/Aug/2026:01:16:23 +0000] "GET /welche-slots-sind-bei-lolly-spins-besonders-beliebt-und-warum/feed/ HTTP/2.0" 200 478 "-" "Mozilla/5.0 (compatible; AhrefsBot/7.0; +http://ahrefs.com/robot/)"
52.4.149.131 - - [04/Aug/2026:01:17:57 +0000] "POST /wp-cron.php?doing_wp_cron=1785806277.1461989879608154296875 HTTP/1.1" 499 0 "-" "WordPress/7.0.2; https://simplify.earth"
43.166.134.114 - - [04/Aug/2026:01:17:57 +0000] "GET / HTTP/1.1" 200 19950 "http://earthpayments.com" "Mozilla/5.0 (iPhone; CPU iPhone OS 13_2_3 like Mac OS X) AppleWebKit/605.1.15 (KHTML, like Gecko) Version/13.0.3 Mobile/15E148 Safari/604.1"
52.4.149.131 - - [04/Aug/2026:01:19:58 +0000] "POST /wp-cron.php?doing_wp_cron=1785806398.9459409713745117187500 HTTP/1.1" 499 0 "-" "WordPress/7.0.2; https://simplify.earth"
148.113.130.114 - - [04/Aug/2026:01:19:58 +0000] "GET /wie-frisch-sind-die-promotionen-von-fresh-casino-im-vergleich/feed/ HTTP/2.0" 200 477 "-" "Mozilla/5.0 (compatible; AhrefsBot/7.0; +http://ahrefs.com/robot/)"
103.231.7.194 - - [04/Aug/2026:01:20:03 +0000] "GET / HTTP/1.1" 200 19950 "-" "NOC-Monitor/1.0 (+https://github.com/)"
103.231.7.194 - - [04/Aug/2026:01:20:03 +0000] "GET / HTTP/1.1" 200 19950 "-" "NOC-Monitor/1.0 (+https://github.com/)"
103.231.7.194 - - [04/Aug/2026:01:20:05 +0000] "GET / HTTP/1.1" 200 19950 "-" "NOC-Monitor/1.0 (+https://github.com/)"
103.231.7.194 - - [04/Aug/2026:01:20:08 +0000] "GET / HTTP/1.1" 200 19950 "-" "NOC-Monitor/1.0 (+https://github.com/)"
185.191.171.7 - - [04/Aug/2026:01:20:10 +0000] "GET /home-old-2/ HTTP/1.1" 200 29249 "-" "Mozilla/5.0 (compatible; SemrushBot/7~bl; +http://www.semrush.com/bot.html)"
52.4.149.131 - - [04/Aug/2026:01:24:22 +0000] "POST /wp-cron.php?doing_wp_cron=1785806662.8226730823516845703125 HTTP/1.1" 499 0 "-" "WordPress/7.0.2; https://simplify.earth"
66.102.6.225 - - [04/Aug/2026:01:24:22 +0000] "GET /privacy-policy/ HTTP/1.1" 200 23198 "-" "Google"
52.4.149.131 - - [04/Aug/2026:01:25:04 +0000] "POST /wp-cron.php?doing_wp_cron=1785806704.2600109577178955078125 HTTP/1.1" 499 0 "-" "WordPress/7.0.2; https://simplify.earth"
103.231.7.194 - - [04/Aug/2026:01:25:04 +0000] "GET / HTTP/1.1" 200 19950 "-" "NOC-Monitor/1.0 (+https://github.com/)"
103.231.7.194 - - [04/Aug/2026:01:25:05 +0000] "GET / HTTP/1.1" 200 19950 "-" "NOC-Monitor/1.0 (+https://github.com/)"
103.231.7.194 - - [04/Aug/2026:01:25:06 +0000] "GET / HTTP/1.1" 200 19950 "-" "NOC-Monitor/1.0 (+https://github.com/)"
103.231.7.194 - - [04/Aug/2026:01:25:09 +0000] "GET / HTTP/1.1" 200 19950 "-" "NOC-Monitor/1.0 (+https://github.com/)"
93.180.236.11 - - [04/Aug/2026:01:26:24 +0000] "GET /app-ads.txt HTTP/1.1" 404 564 "-" "Mozilla/5.0 (Macintosh; Intel Mac OS X 10_15_7) AppleWebKit/537.36 (KHTML, like Gecko) Chrome/124.0.0.0 Safari/537.36"
52.4.149.131 - - [04/Aug/2026:01:26:40 +0000] "POST /wp-cron.php?doing_wp_cron=1785806800.3753690719604492187500 HTTP/1.1" 499 0 "-" "WordPress/7.0.2; https://simplify.earth"
52.3.206.35 - - [04/Aug/2026:01:26:40 +0000] "GET / HTTP/1.1" 200 19950 "-" "Mozilla/5.0 (Windows NT 10.0; Win64; x64) AppleWebKit/537.36 (KHTML, like Gecko) Chrome/138.0.0.0 Safari/537.36 Edg/138.0.0.0 ;Build/0220;"
201.212.21.10 - - [04/Aug/2026:01:28:01 +0000] "GET /sitemap.xml HTTP/1.1" 200 378 "-" "Mozilla/5.0 (Windows NT 10.0; Win64; x64) AppleWebKit/537.36 (KHTML, like Gecko) Chrome/130.0.6723.69 Safari/537.36"
52.4.149.131 - - [04/Aug/2026:01:30:03 +0000] "POST /wp-cron.php?doing_wp_cron=1785807003.6016359329223632812500 HTTP/1.1" 499 0 "-" "WordPress/7.0.2; https://simplify.earth"
103.231.7.194 - - [04/Aug/2026:01:30:03 +0000] "GET / HTTP/1.1" 200 19950 "-" "NOC-Monitor/1.0 (+https://github.com/)"
103.231.7.194 - - [04/Aug/2026:01:30:03 +0000] "GET / HTTP/1.1" 200 19950 "-" "NOC-Monitor/1.0 (+https://github.com/)"
103.231.7.194 - - [04/Aug/2026:01:30:05 +0000] "GET / HTTP/1.1" 200 19950 "-" "NOC-Monitor/1.0 (+https://github.com/)"
103.231.7.194 - - [04/Aug/2026:01:30:07 +0000] "GET / HTTP/1.1" 200 19950 "-" "NOC-Monitor/1.0 (+https://github.com/)"
52.4.149.131 - - [04/Aug/2026:01:32:39 +0000] "POST /wp-cron.php?doing_wp_cron=1785807159.7819941043853759765625 HTTP/1.1" 499 0 "-" "WordPress/7.0.2; https://simplify.earth"
212.55.193.47 - - [04/Aug/2026:01:32:39 +0000] "POST /wp-login.php HTTP/1.1" 200 2486 "-" "Mozilla/5.0 (Windows NT 10.0; Win64; x64; rv:144.0) Gecko/20100101 Firefox/144.0"
52.4.149.131 - - [04/Aug/2026:01:35:04 +0000] "POST /wp-cron.php?doing_wp_cron=1785807304.3517370223999023437500 HTTP/1.1" 499 0 "-" "WordPress/7.0.2; https://simplify.earth"
103.231.7.194 - - [04/Aug/2026:01:35:04 +0000] "GET / HTTP/1.1" 200 19950 "-" "NOC-Monitor/1.0 (+https://github.com/)"
103.231.7.194 - - [04/Aug/2026:01:35:04 +0000] "GET / HTTP/1.1" 200 19950 "-" "NOC-Monitor/1.0 (+https://github.com/)"
103.231.7.194 - - [04/Aug/2026:01:35:06 +0000] "GET / HTTP/1.1" 200 19950 "-" "NOC-Monitor/1.0 (+https://github.com/)"
103.231.7.194 - - [04/Aug/2026:01:35:07 +0000] "GET / HTTP/1.1" 200 19950 "-" "NOC-Monitor/1.0 (+https://github.com/)"
52.4.149.131 - - [04/Aug/2026:01:40:03 +0000] "POST /wp-cron.php?doing_wp_cron=1785807603.6736629009246826171875 HTTP/1.1" 499 0 "-" "WordPress/7.0.2; https://simplify.earth"
103.231.7.194 - - [04/Aug/2026:01:40:03 +0000] "GET / HTTP/1.1" 200 19950 "-" "NOC-Monitor/1.0 (+https://github.com/)"
103.231.7.194 - - [04/Aug/2026:01:40:03 +0000] "GET / HTTP/1.1" 200 19950 "-" "NOC-Monitor/1.0 (+https://github.com/)"
52.4.149.131 - - [04/Aug/2026:01:40:07 +0000] "POST /wp-cron.php?doing_wp_cron=1785807607.2084460258483886718750 HTTP/1.1" 499 0 "-" "WordPress/7.0.2; https://simplify.earth"
103.231.7.194 - - [04/Aug/2026:01:40:07 +0000] "GET / HTTP/1.1" 200 19950 "-" "NOC-Monitor/1.0 (+https://github.com/)"
103.231.7.194 - - [04/Aug/2026:01:40:08 +0000] "GET / HTTP/1.1" 200 19950 "-" "NOC-Monitor/1.0 (+https://github.com/)"
52.4.149.131 - - [04/Aug/2026:01:42:19 +0000] "POST /wp-cron.php?doing_wp_cron=1785807739.6427240371704101562500 HTTP/1.1" 499 0 "-" "WordPress/7.0.2; https://simplify.earth"
54.39.89.189 - - [04/Aug/2026:01:42:19 +0000] "GET /wie-gelingt-die-reibungslose-anmeldung-bei-catspins-ohne-fehler/feed/ HTTP/2.0" 200 478 "-" "Mozilla/5.0 (compatible; AhrefsBot/7.0; +http://ahrefs.com/robot/)"
52.4.149.131 - - [04/Aug/2026:01:43:13 +0000] "POST /wp-cron.php?doing_wp_cron=1785807793.6694951057434082031250 HTTP/1.1" 499 0 "-" "WordPress/7.0.2; https://simplify.earth"
163.61.60.30 - - [04/Aug/2026:01:43:13 +0000] "POST /wp-login.php HTTP/1.1" 200 2483 "-" "Mozilla/5.0 (Windows NT 10.0; Win64; x64) AppleWebKit/537.36 (KHTML, like Gecko) Chrome/141.0.0.0 Safari/537.36"
20.100.172.153 - - [04/Aug/2026:01:44:30 +0000] "GET /wp-content/plugins/hellopress/wp_filemanager.php HTTP/1.1" 404 27 "-" "-"
20.100.172.153 - - [04/Aug/2026:01:44:30 +0000] "GET /this_is_a_new_hello_world.php HTTP/1.1" 404 27 "-" "-"
20.100.172.153 - - [04/Aug/2026:01:44:30 +0000] "GET /err.php HTTP/1.1" 404 27 "-" "-"
20.100.172.153 - - [04/Aug/2026:01:44:30 +0000] "GET /img.php HTTP/1.1" 404 27 "-" "-"
20.100.172.153 - - [04/Aug/2026:01:44:31 +0000] "GET //aa.php HTTP/1.1" 404 27 "-" "-"
20.100.172.153 - - [04/Aug/2026:01:44:31 +0000] "GET //av.php HTTP/1.1" 404 27 "-" "-"
20.100.172.153 - - [04/Aug/2026:01:44:31 +0000] "GET /xa.php HTTP/1.1" 404 27 "-" "-"
20.100.172.153 - - [04/Aug/2026:01:44:31 +0000] "GET /media.php HTTP/1.1" 404 27 "-" "-"
20.100.172.153 - - [04/Aug/2026:01:44:31 +0000] "GET /images.php HTTP/1.1" 404 27 "-" "-"
20.100.172.153 - - [04/Aug/2026:01:44:32 +0000] "GET /xp.php HTTP/1.1" 404 27 "-" "-"
20.100.172.153 - - [04/Aug/2026:01:44:32 +0000] "GET /admin.php HTTP/1.1" 404 27 "-" "-"
20.100.172.153 - - [04/Aug/2026:01:44:32 +0000] "GET /222.php HTTP/1.1" 404 27 "-" "-"
20.100.172.153 - - [04/Aug/2026:01:44:32 +0000] "GET /mac.php HTTP/1.1" 404 27 "-" "-"
20.100.172.153 - - [04/Aug/2026:01:44:33 +0000] "GET /ops.php HTTP/1.1" 404 27 "-" "-"
20.100.172.153 - - [04/Aug/2026:01:44:33 +0000] "GET /8.php HTTP/1.1" 404 27 "-" "-"
20.100.172.153 - - [04/Aug/2026:01:44:33 +0000] "GET /biufile.php HTTP/1.1" 404 27 "-" "-"
20.100.172.153 - - [04/Aug/2026:01:44:33 +0000] "GET /coffexium.php HTTP/1.1" 404 27 "-" "-"
20.100.172.153 - - [04/Aug/2026:01:44:34 +0000] "GET /dex.php HTTP/1.1" 404 27 "-" "-"
20.100.172.153 - - [04/Aug/2026:01:44:34 +0000] "GET /1.php HTTP/1.1" 404 27 "-" "-"
20.100.172.153 - - [04/Aug/2026:01:44:34 +0000] "GET /coffee.php HTTP/1.1" 404 27 "-" "-"
20.100.172.153 - - [04/Aug/2026:01:44:34 +0000] "GET /classwithtostring.php?p= HTTP/1.1" 404 27 "-" "-"
20.100.172.153 - - [04/Aug/2026:01:44:34 +0000] "GET /wp-ws68.php?p= HTTP/1.1" 404 27 "-" "-"
20.100.172.153 - - [04/Aug/2026:01:44:35 +0000] "GET /mgrr.php HTTP/1.1" 404 27 "-" "-"
20.100.172.153 - - [04/Aug/2026:01:44:35 +0000] "GET /55.php?p= HTTP/1.1" 404 27 "-" "-"
20.100.172.153 - - [04/Aug/2026:01:44:35 +0000] "GET /ajax.php HTTP/1.1" 404 27 "-" "-"
20.100.172.153 - - [04/Aug/2026:01:44:35 +0000] "GET /yj09.php HTTP/1.1" 404 27 "-" "-"
20.100.172.153 - - [04/Aug/2026:01:44:35 +0000] "GET /ora.php HTTP/1.1" 404 27 "-" "-"
20.100.172.153 - - [04/Aug/2026:01:44:36 +0000] "GET /scxy.php HTTP/1.1" 404 27 "-" "-"
20.100.172.153 - - [04/Aug/2026:01:44:36 +0000] "GET /ws13.php?p= HTTP/1.1" 404 27 "-" "-"
20.100.172.153 - - [04/Aug/2026:01:44:36 +0000] "GET /btx25.php HTTP/1.1" 404 27 "-" "-"
20.100.172.153 - - [04/Aug/2026:01:44:36 +0000] "GET //xpohywjo.php HTTP/1.1" 404 27 "-" "-"
20.100.172.153 - - [04/Aug/2026:01:44:37 +0000] "GET /ecvvhlei.php HTTP/1.1" 404 27 "-" "-"
20.100.172.153 - - [04/Aug/2026:01:44:37 +0000] "GET /SDsadqwrf.php HTTP/1.1" 404 27 "-" "-"
20.100.172.153 - - [04/Aug/2026:01:44:37 +0000] "GET /ssjpxze.php HTTP/1.1" 404 27 "-" "-"
20.100.172.153 - - [04/Aug/2026:01:44:37 +0000] "GET /ors32envu.php HTTP/1.1" 404 27 "-" "-"
20.100.172.153 - - [04/Aug/2026:01:44:37 +0000] "GET /3PJcpMFsD8B.php HTTP/1.1" 404 27 "-" "-"
20.100.172.153 - - [04/Aug/2026:01:44:38 +0000] "GET /BDKR28WP.php HTTP/1.1" 404 27 "-" "-"
52.4.149.131 - - [04/Aug/2026:01:45:05 +0000] "POST /wp-cron.php?doing_wp_cron=1785807905.1149399280548095703125 HTTP/1.1" 499 0 "-" "WordPress/7.0.2; https://simplify.earth"
103.231.7.194 - - [04/Aug/2026:01:45:05 +0000] "GET / HTTP/1.1" 200 19950 "-" "NOC-Monitor/1.0 (+https://github.com/)"
103.231.7.194 - - [04/Aug/2026:01:45:06 +0000] "GET / HTTP/1.1" 200 19950 "-" "NOC-Monitor/1.0 (+https://github.com/)"
103.231.7.194 - - [04/Aug/2026:01:45:07 +0000] "GET / HTTP/1.1" 200 19950 "-" "NOC-Monitor/1.0 (+https://github.com/)"
103.231.7.194 - - [04/Aug/2026:01:45:08 +0000] "GET / HTTP/1.1" 200 19950 "-" "NOC-Monitor/1.0 (+https://github.com/)"
52.4.149.131 - - [04/Aug/2026:01:46:10 +0000] "POST /wp-cron.php?doing_wp_cron=1785807970.9403541088104248046875 HTTP/1.1" 499 0 "-" "WordPress/7.0.2; https://simplify.earth"
54.39.203.1 - - [04/Aug/2026:01:46:10 +0000] "GET /betty-spin-casino-erfahrungen-von-neulingen-und-profis/feed/ HTTP/2.0" 200 473 "-" "Mozilla/5.0 (compatible; AhrefsBot/7.0; +http://ahrefs.com/robot/)"
52.4.149.131 - - [04/Aug/2026:01:50:04 +0000] "POST /wp-cron.php?doing_wp_cron=1785808204.6741631031036376953125 HTTP/1.1" 200 31 "-" "WordPress/7.0.2; https://simplify.earth"
103.231.7.194 - - [04/Aug/2026:01:50:04 +0000] "GET / HTTP/1.1" 200 19950 "-" "NOC-Monitor/1.0 (+https://github.com/)"
103.231.7.194 - - [04/Aug/2026:01:50:04 +0000] "GET / HTTP/1.1" 200 19950 "-" "NOC-Monitor/1.0 (+https://github.com/)"
52.4.149.131 - - [04/Aug/2026:01:50:05 +0000] "POST /wp-cron.php?doing_wp_cron=1785808205.0254039764404296875000 HTTP/1.1" 499 0 "-" "WordPress/7.0.2; https://simplify.earth"
103.231.7.194 - - [04/Aug/2026:01:50:05 +0000] "GET / HTTP/1.1" 200 19950 "-" "NOC-Monitor/1.0 (+https://github.com/)"
103.231.7.194 - - [04/Aug/2026:01:50:08 +0000] "GET / HTTP/1.1" 200 19950 "-" "NOC-Monitor/1.0 (+https://github.com/)"
54.39.0.85 - - [04/Aug/2026:01:50:22 +0000] "GET /wie-funktioniert-das-banking-in-magical-spin-casino-optimal/feed/ HTTP/2.0" 200 477 "-" "Mozilla/5.0 (compatible; AhrefsBot/7.0; +http://ahrefs.com/robot/)"
52.4.149.131 - - [04/Aug/2026:01:52:14 +0000] "POST /wp-cron.php?doing_wp_cron=1785808334.5868940353393554687500 HTTP/1.1" 499 0 "-" "WordPress/7.0.2; https://simplify.earth"
216.73.216.232 - - [04/Aug/2026:01:52:14 +0000] "GET /?sitemap=1 HTTP/2.0" 301 0 "-" "Mozilla/5.0 AppleWebKit/537.36 (KHTML, like Gecko; compatible; ClaudeBot/1.0; +claudebot@anthropic.com)"
216.73.216.232 - - [04/Aug/2026:01:52:14 +0000] "GET / HTTP/2.0" 200 19937 "https://simplify.earth/?sitemap=1" "Mozilla/5.0 AppleWebKit/537.36 (KHTML, like Gecko; compatible; ClaudeBot/1.0; +claudebot@anthropic.com)"
216.73.216.232 - - [04/Aug/2026:01:54:58 +0000] "GET /sitemap.xml HTTP/2.0" 200 366 "-" "Mozilla/5.0 AppleWebKit/537.36 (KHTML, like Gecko; compatible; ClaudeBot/1.0; +claudebot@anthropic.com)"
52.4.149.131 - - [04/Aug/2026:01:55:05 +0000] "POST /wp-cron.php?doing_wp_cron=1785808505.1704499721527099609375 HTTP/1.1" 499 0 "-" "WordPress/7.0.2; https://simplify.earth"
103.231.7.194 - - [04/Aug/2026:01:55:05 +0000] "GET / HTTP/1.1" 200 19950 "-" "NOC-Monitor/1.0 (+https://github.com/)"
103.231.7.194 - - [04/Aug/2026:01:55:06 +0000] "GET / HTTP/1.1" 200 19950 "-" "NOC-Monitor/1.0 (+https://github.com/)"
103.231.7.194 - - [04/Aug/2026:01:55:07 +0000] "GET / HTTP/1.1" 200 19950 "-" "NOC-Monitor/1.0 (+https://github.com/)"
103.231.7.194 - - [04/Aug/2026:01:55:09 +0000] "GET / HTTP/1.1" 200 19950 "-" "NOC-Monitor/1.0 (+https://github.com/)"
52.4.149.131 - - [04/Aug/2026:01:57:36 +0000] "POST /wp-cron.php?doing_wp_cron=1785808656.4626920223236083984375 HTTP/1.1" 499 0 "-" "WordPress/7.0.2; https://simplify.earth"
185.104.188.51 - - [04/Aug/2026:01:57:36 +0000] "POST /wp-login.php HTTP/1.1" 200 2485 "-" "Mozilla/5.0 (Windows NT 10.0; Win64; x64) AppleWebKit/537.36 (KHTML, like Gecko) Chrome/139.0.0.0 Safari/537.36"
103.231.7.194 - - [04/Aug/2026:02:00:03 +0000] "GET / HTTP/1.1" 200 19950 "-" "NOC-Monitor/1.0 (+https://github.com/)"
52.4.149.131 - - [04/Aug/2026:02:00:03 +0000] "POST /wp-cron.php?doing_wp_cron=1785808803.3224298954010009765625 HTTP/1.1" 499 0 "-" "WordPress/7.0.2; https://simplify.earth"
103.231.7.194 - - [04/Aug/2026:02:00:03 +0000] "GET / HTTP/1.1" 200 19950 "-" "NOC-Monitor/1.0 (+https://github.com/)"
103.231.7.194 - - [04/Aug/2026:02:00:05 +0000] "GET / HTTP/1.1" 200 19950 "-" "NOC-Monitor/1.0 (+https://github.com/)"
103.231.7.194 - - [04/Aug/2026:02:00:06 +0000] "GET / HTTP/1.1" 200 19950 "-" "NOC-Monitor/1.0 (+https://github.com/)"
52.4.149.131 - - [04/Aug/2026:02:03:13 +0000] "POST /wp-cron.php?doing_wp_cron=1785808993.3610160350799560546875 HTTP/1.1" 499 0 "-" "WordPress/7.0.2; https://simplify.earth"
34.24.218.212 - - [04/Aug/2026:02:03:13 +0000] "HEAD /old/ HTTP/2.0" 404 0 "http://earthpayments.com/old/" "Mozilla/5.0 (Linux; Android 10; vivo 1904) AppleWebKit/537.36 (KHTML, like Gecko) Chrome/117.0.5938.60 Mobile Safari/537.36"
34.24.218.212 - - [04/Aug/2026:02:03:13 +0000] "HEAD /blog/ HTTP/2.0" 301 0 "http://earthpayments.com/blog/" "Mozilla/5.0 (Linux; Android 11; moto g31) AppleWebKit/537.36 (KHTML, like Gecko) Chrome/122.0.6261.96 Mobile Safari/537.36"
34.24.218.212 - - [04/Aug/2026:02:03:13 +0000] "HEAD /blogs/ HTTP/2.0" 200 0 "https://simplify.earth/blog/" "Mozilla/5.0 (Linux; Android 11; moto g31) AppleWebKit/537.36 (KHTML, like Gecko) Chrome/122.0.6261.96 Mobile Safari/537.36"
34.24.218.212 - - [04/Aug/2026:02:03:13 +0000] "HEAD /backup/ HTTP/2.0" 404 0 "http://earthpayments.com/backup/" "Mozilla/5.0 (Windows NT 11.0; Win64; x64) AppleWebKit/537.36 (KHTML, like Gecko) Edg/128.0.2790.25 Chrome/128.0.6540.22 Safari/537.36"
34.24.218.212 - - [04/Aug/2026:02:03:13 +0000] "HEAD /wordpress/ HTTP/2.0" 404 0 "http://earthpayments.com/wordpress/" "Mozilla/5.0 (Linux; Android 14; Samsung SM-A546B) AppleWebKit/537.36 (KHTML, like Gecko) Chrome/126.0.6478.14 Mobile Safari/537.36"
34.24.218.212 - - [04/Aug/2026:02:03:13 +0000] "HEAD /new/ HTTP/2.0" 404 0 "http://earthpayments.com/new/" "Mozilla/5.0 (X11; Fedora; Linux x86_64; rv:125.0) Gecko/20100101 Firefox/125.0"
34.24.218.212 - - [04/Aug/2026:02:03:14 +0000] "HEAD /wp/ HTTP/2.0" 404 0 "http://earthpayments.com/wp/" "Mozilla/5.0 (Linux; Android 12; TECNO CK6n) AppleWebKit/537.36 (KHTML, like Gecko) Chrome/125.0.6422.50 Mobile Safari/537.36"
34.24.218.212 - - [04/Aug/2026:02:03:14 +0000] "HEAD / HTTP/2.0" 200 0 "http://earthpayments.com/" "Mozilla/5.0 (Linux; Android 14; Samsung SM-A546B) AppleWebKit/537.36 (KHTML, like Gecko) Chrome/126.0.6478.14 Mobile Safari/537.36"
52.4.149.131 - - [04/Aug/2026:02:05:05 +0000] "POST /wp-cron.php?doing_wp_cron=1785809105.8720009326934814453125 HTTP/1.1" 499 0 "-" "WordPress/7.0.2; https://simplify.earth"
103.231.7.194 - - [04/Aug/2026:02:05:05 +0000] "GET / HTTP/1.1" 200 19950 "-" "NOC-Monitor/1.0 (+https://github.com/)"
52.4.149.131 - - [04/Aug/2026:02:05:05 +0000] "POST /wp-cron.php?doing_wp_cron=1785809105.8720009326934814453125 HTTP/1.1" 499 0 "-" "WordPress/7.0.2; https://simplify.earth"
103.231.7.194 - - [04/Aug/2026:02:05:05 +0000] "GET / HTTP/1.1" 200 19950 "-" "NOC-Monitor/1.0 (+https://github.com/)"
52.4.149.131 - - [04/Aug/2026:02:05:07 +0000] "POST /wp-cron.php?doing_wp_cron=1785809107.7253849506378173828125 HTTP/1.1" 499 0 "-" "WordPress/7.0.2; https://simplify.earth"
103.231.7.194 - - [04/Aug/2026:02:05:07 +0000] "GET / HTTP/1.1" 200 19950 "-" "NOC-Monitor/1.0 (+https://github.com/)"
103.231.7.194 - - [04/Aug/2026:02:05:07 +0000] "GET / HTTP/1.1" 200 19950 "-" "NOC-Monitor/1.0 (+https://github.com/)"
52.4.149.131 - - [04/Aug/2026:02:10:04 +0000] "POST /wp-cron.php?doing_wp_cron=1785809404.9487950801849365234375 HTTP/1.1" 499 0 "-" "WordPress/7.0.2; https://simplify.earth"
103.231.7.194 - - [04/Aug/2026:02:10:04 +0000] "GET / HTTP/1.1" 200 19950 "-" "NOC-Monitor/1.0 (+https://github.com/)"
103.231.7.194 - - [04/Aug/2026:02:10:05 +0000] "GET / HTTP/1.1" 200 19950 "-" "NOC-Monitor/1.0 (+https://github.com/)"
52.4.149.131 - - [04/Aug/2026:02:10:09 +0000] "POST /wp-cron.php?doing_wp_cron=1785809409.4256780147552490234375 HTTP/1.1" 499 0 "-" "WordPress/7.0.2; https://simplify.earth"
103.231.7.194 - - [04/Aug/2026:02:10:09 +0000] "GET / HTTP/1.1" 200 19950 "-" "NOC-Monitor/1.0 (+https://github.com/)"
103.231.7.194 - - [04/Aug/2026:02:10:10 +0000] "GET / HTTP/1.1" 200 19950 "-" "NOC-Monitor/1.0 (+https://github.com/)"
52.4.149.131 - - [04/Aug/2026:02:11:09 +0000] "POST /wp-cron.php?doing_wp_cron=1785809469.4832320213317871093750 HTTP/1.1" 499 0 "-" "WordPress/7.0.2; https://simplify.earth"
3.94.32.68 - - [04/Aug/2026:02:11:09 +0000] "GET / HTTP/1.1" 200 19950 "-" "Mozilla/5.0 (Windows NT 10.0; Win64; x64) AppleWebKit/537.36 (KHTML, like Gecko) Chrome/64.0.3282.186 Safari/537.36"
185.255.97.50 - - [04/Aug/2026:02:11:58 +0000] "GET /contact-us/ HTTP/1.0" 200 81567 "https://simplify.earth/contact-us/" "Mozilla/5.0 (Windows NT 10.0; Win64; x64) AppleWebKit/537.36 (KHTML, like Gecko) Chrome/130.0.0.0 Safari/537.36"
15.235.98.35 - - [04/Aug/2026:02:12:00 +0000] "GET /?sitemap=1 HTTP/2.0" 301 0 "-" "Mozilla/5.0 (compatible; AhrefsBot/7.0; +http://ahrefs.com/robot/)"
15.235.98.35 - - [04/Aug/2026:02:12:00 +0000] "GET / HTTP/2.0" 200 19937 "-" "Mozilla/5.0 (compatible; AhrefsBot/7.0; +http://ahrefs.com/robot/)"
185.255.97.50 - - [04/Aug/2026:02:12:00 +0000] "POST /wp-admin/admin-ajax.php HTTP/1.0" 200 79 "https://simplify.earth/contact-us/" "Mozilla/5.0 (Windows NT 10.0; Win64; x64) AppleWebKit/537.36 (KHTML, like Gecko) Chrome/130.0.0.0 Safari/537.36"
52.4.149.131 - - [04/Aug/2026:02:15:03 +0000] "POST /wp-cron.php?doing_wp_cron=1785809703.9243719577789306640625 HTTP/1.1" 499 0 "-" "WordPress/7.0.2; https://simplify.earth"
103.231.7.194 - - [04/Aug/2026:02:15:03 +0000] "GET / HTTP/1.1" 200 19950 "-" "NOC-Monitor/1.0 (+https://github.com/)"
103.231.7.194 - - [04/Aug/2026:02:15:04 +0000] "GET / HTTP/1.1" 200 19950 "-" "NOC-Monitor/1.0 (+https://github.com/)"
103.231.7.194 - - [04/Aug/2026:02:15:04 +0000] "GET / HTTP/1.1" 200 19950 "-" "NOC-Monitor/1.0 (+https://github.com/)"
103.231.7.194 - - [04/Aug/2026:02:15:05 +0000] "GET / HTTP/1.1" 200 19950 "-" "NOC-Monitor/1.0 (+https://github.com/)"
52.4.149.131 - - [04/Aug/2026:02:15:19 +0000] "POST /wp-cron.php?doing_wp_cron=1785809719.9329340457916259765625 HTTP/1.1" 499 0 "-" "WordPress/7.0.2; https://simplify.earth"
43.157.52.37 - - [04/Aug/2026:02:15:19 +0000] "GET / HTTP/1.1" 200 19950 "http://www.earthpayments.com" "Mozilla/5.0 (iPhone; CPU iPhone OS 13_2_3 like Mac OS X) AppleWebKit/605.1.15 (KHTML, like Gecko) Version/13.0.3 Mobile/15E148 Safari/604.1"
54.39.0.182 - - [04/Aug/2026:02:15:38 +0000] "GET /welche-technischen-voraussetzungen-braucht-man-zum-spielen-bei-lucky-bird-casino/feed/ HTTP/2.0" 200 493 "-" "Mozilla/5.0 (compatible; AhrefsBot/7.0; +http://ahrefs.com/robot/)"
52.4.149.131 - - [04/Aug/2026:02:18:54 +0000] "POST /wp-cron.php?doing_wp_cron=1785809934.5569489002227783203125 HTTP/1.1" 499 0 "-" "WordPress/7.0.2; https://simplify.earth"
54.39.0.95 - - [04/Aug/2026:02:18:54 +0000] "GET /gaining-confidence-with-mostbet-kod-promocyjny-bez-depozytu/ HTTP/2.0" 404 13299 "-" "Mozilla/5.0 (compatible; AhrefsBot/7.0; +http://ahrefs.com/robot/)"
52.4.149.131 - - [04/Aug/2026:02:20:04 +0000] "POST /wp-cron.php?doing_wp_cron=1785810004.5344700813293457031250 HTTP/1.1" 499 0 "-" "WordPress/7.0.2; https://simplify.earth"
103.231.7.194 - - [04/Aug/2026:02:20:04 +0000] "GET / HTTP/1.1" 200 19950 "-" "NOC-Monitor/1.0 (+https://github.com/)"
103.231.7.194 - - [04/Aug/2026:02:20:04 +0000] "GET / HTTP/1.1" 200 19950 "-" "NOC-Monitor/1.0 (+https://github.com/)"
103.231.7.194 - - [04/Aug/2026:02:20:05 +0000] "GET / HTTP/1.1" 200 19950 "-" "NOC-Monitor/1.0 (+https://github.com/)"
52.4.149.131 - - [04/Aug/2026:02:20:05 +0000] "POST /wp-cron.php?doing_wp_cron=1785810005.0013499259948730468750 HTTP/1.1" 499 0 "-" "WordPress/7.0.2; https://simplify.earth"
103.231.7.194 - - [04/Aug/2026:02:20:08 +0000] "GET / HTTP/1.1" 200 19950 "-" "NOC-Monitor/1.0 (+https://github.com/)"
217.154.5.38 - - [04/Aug/2026:02:20:20 +0000] "GET /wp-login.php HTTP/1.1" 200 2307 "-" "Mozilla/5.0 (Windows NT 10.0; Win64; x64) AppleWebKit/537.36 (KHTML, like Gecko) Chrome/141.0.0.0 Safari/537.36"
52.4.149.131 - - [04/Aug/2026:02:23:35 +0000] "POST /wp-cron.php?doing_wp_cron=1785810215.5220971107482910156250 HTTP/1.1" 499 0 "-" "WordPress/7.0.2; https://simplify.earth"
170.106.187.106 - - [04/Aug/2026:02:23:35 +0000] "GET / HTTP/1.1" 200 19950 "http://simplify.earth" "Mozilla/5.0 (iPhone; CPU iPhone OS 13_2_3 like Mac OS X) AppleWebKit/605.1.15 (KHTML, like Gecko) Version/13.0.3 Mobile/15E148 Safari/604.1"
52.4.149.131 - - [04/Aug/2026:02:25:06 +0000] "POST /wp-cron.php?doing_wp_cron=1785810306.6706409454345703125000 HTTP/1.1" 499 0 "-" "WordPress/7.0.2; https://simplify.earth"
103.231.7.194 - - [04/Aug/2026:02:25:06 +0000] "GET / HTTP/1.1" 200 19950 "-" "NOC-Monitor/1.0 (+https://github.com/)"
52.4.149.131 - - [04/Aug/2026:02:25:08 +0000] "POST /wp-cron.php?doing_wp_cron=1785810308.4613890647888183593750 HTTP/1.1" 499 0 "-" "WordPress/7.0.2; https://simplify.earth"
103.231.7.194 - - [04/Aug/2026:02:25:08 +0000] "GET / HTTP/1.1" 200 19950 "-" "NOC-Monitor/1.0 (+https://github.com/)"
103.231.7.194 - - [04/Aug/2026:02:25:09 +0000] "GET / HTTP/1.1" 200 19950 "-" "NOC-Monitor/1.0 (+https://github.com/)"
103.231.7.194 - - [04/Aug/2026:02:25:12 +0000] "GET / HTTP/1.1" 200 19950 "-" "NOC-Monitor/1.0 (+https://github.com/)"
52.4.149.131 - - [04/Aug/2026:02:27:33 +0000] "POST /wp-cron.php?doing_wp_cron=1785810453.3957929611206054687500 HTTP/1.1" 499 0 "-" "WordPress/7.0.2; https://simplify.earth"
217.154.5.38 - - [04/Aug/2026:02:27:33 +0000] "GET /wp-login.php HTTP/1.1" 200 2307 "-" "Mozilla/5.0 (Windows NT 10.0) AppleWebKit/537.36 (KHTML, like Gecko) Chrome/137.0.0.0 Safari/537.36"
74.7.241.30 - - [04/Aug/2026:02:28:42 +0000] "GET /sitemap.xml HTTP/2.0" 200 366 "-" "Mozilla/5.0 AppleWebKit/537.36 (KHTML, like Gecko; compatible; GPTBot/1.4; +https://openai.com/gptbot)"
103.231.7.194 - - [04/Aug/2026:02:30:06 +0000] "GET / HTTP/1.1" 200 19950 "-" "NOC-Monitor/1.0 (+https://github.com/)"
103.231.7.194 - - [04/Aug/2026:02:30:06 +0000] "GET / HTTP/1.1" 200 19950 "-" "NOC-Monitor/1.0 (+https://github.com/)"
52.4.149.131 - - [04/Aug/2026:02:30:06 +0000] "POST /wp-cron.php?doing_wp_cron=1785810606.1332929134368896484375 HTTP/1.1" 499 0 "-" "WordPress/7.0.2; https://simplify.earth"
52.4.149.131 - - [04/Aug/2026:02:30:09 +0000] "POST /wp-cron.php?doing_wp_cron=1785810609.5691928863525390625000 HTTP/1.1" 499 0 "-" "WordPress/7.0.2; https://simplify.earth"
103.231.7.194 - - [04/Aug/2026:02:30:09 +0000] "GET / HTTP/1.1" 200 19950 "-" "NOC-Monitor/1.0 (+https://github.com/)"
103.231.7.194 - - [04/Aug/2026:02:30:11 +0000] "GET / HTTP/1.1" 200 19950 "-" "NOC-Monitor/1.0 (+https://github.com/)"
20.250.24.46 - - [04/Aug/2026:02:33:26 +0000] "GET /wp-content/plugins/hellopress/wp_filemanager.php HTTP/1.1" 404 27 "-" "-"
20.250.24.46 - - [04/Aug/2026:02:33:26 +0000] "GET /this_is_a_new_hello_world.php HTTP/1.1" 404 27 "-" "-"
20.250.24.46 - - [04/Aug/2026:02:33:26 +0000] "GET /err.php HTTP/1.1" 404 27 "-" "-"
20.250.24.46 - - [04/Aug/2026:02:33:27 +0000] "GET /img.php HTTP/1.1" 404 27 "-" "-"
20.250.24.46 - - [04/Aug/2026:02:33:27 +0000] "GET //aa.php HTTP/1.1" 404 27 "-" "-"
20.250.24.46 - - [04/Aug/2026:02:33:27 +0000] "GET //av.php HTTP/1.1" 404 27 "-" "-"
20.250.24.46 - - [04/Aug/2026:02:33:27 +0000] "GET /xa.php HTTP/1.1" 404 27 "-" "-"
20.250.24.46 - - [04/Aug/2026:02:33:27 +0000] "GET /media.php HTTP/1.1" 404 27 "-" "-"
20.250.24.46 - - [04/Aug/2026:02:33:28 +0000] "GET /images.php HTTP/1.1" 404 27 "-" "-"
20.250.24.46 - - [04/Aug/2026:02:33:28 +0000] "GET /xp.php HTTP/1.1" 404 27 "-" "-"
20.250.24.46 - - [04/Aug/2026:02:33:28 +0000] "GET /admin.php HTTP/1.1" 404 27 "-" "-"
20.250.24.46 - - [04/Aug/2026:02:33:28 +0000] "GET /222.php HTTP/1.1" 404 27 "-" "-"
20.250.24.46 - - [04/Aug/2026:02:33:29 +0000] "GET /mac.php HTTP/1.1" 404 27 "-" "-"
20.250.24.46 - - [04/Aug/2026:02:33:29 +0000] "GET /ops.php HTTP/1.1" 404 27 "-" "-"
20.250.24.46 - - [04/Aug/2026:02:33:30 +0000] "GET /8.php HTTP/1.1" 404 27 "-" "-"
20.250.24.46 - - [04/Aug/2026:02:33:30 +0000] "GET /biufile.php HTTP/1.1" 404 27 "-" "-"
20.250.24.46 - - [04/Aug/2026:02:33:30 +0000] "GET /coffexium.php HTTP/1.1" 404 27 "-" "-"
20.250.24.46 - - [04/Aug/2026:02:33:30 +0000] "GET /dex.php HTTP/1.1" 404 27 "-" "-"
20.250.24.46 - - [04/Aug/2026:02:33:31 +0000] "GET /1.php HTTP/1.1" 404 27 "-" "-"
20.250.24.46 - - [04/Aug/2026:02:33:31 +0000] "GET /coffee.php HTTP/1.1" 404 27 "-" "-"
20.250.24.46 - - [04/Aug/2026:02:33:31 +0000] "GET /classwithtostring.php?p= HTTP/1.1" 404 27 "-" "-"
20.250.24.46 - - [04/Aug/2026:02:33:33 +0000] "GET /wp-ws68.php?p= HTTP/1.1" 404 27 "-" "-"
20.250.24.46 - - [04/Aug/2026:02:33:33 +0000] "GET /mgrr.php HTTP/1.1" 404 27 "-" "-"
20.250.24.46 - - [04/Aug/2026:02:33:33 +0000] "GET /55.php?p= HTTP/1.1" 404 27 "-" "-"
20.250.24.46 - - [04/Aug/2026:02:33:34 +0000] "GET /ajax.php HTTP/1.1" 404 27 "-" "-"
20.250.24.46 - - [04/Aug/2026:02:33:34 +0000] "GET /yj09.php HTTP/1.1" 404 27 "-" "-"
20.250.24.46 - - [04/Aug/2026:02:33:34 +0000] "GET /ora.php HTTP/1.1" 404 27 "-" "-"
20.250.24.46 - - [04/Aug/2026:02:33:34 +0000] "GET /scxy.php HTTP/1.1" 404 27 "-" "-"
20.250.24.46 - - [04/Aug/2026:02:33:35 +0000] "GET /ws13.php?p= HTTP/1.1" 404 27 "-" "-"
20.250.24.46 - - [04/Aug/2026:02:33:35 +0000] "GET /btx25.php HTTP/1.1" 404 27 "-" "-"
20.250.24.46 - - [04/Aug/2026:02:33:36 +0000] "GET //xpohywjo.php HTTP/1.1" 404 27 "-" "-"
20.250.24.46 - - [04/Aug/2026:02:33:36 +0000] "GET /ecvvhlei.php HTTP/1.1" 404 27 "-" "-"
20.250.24.46 - - [04/Aug/2026:02:33:36 +0000] "GET /SDsadqwrf.php HTTP/1.1" 404 27 "-" "-"
20.250.24.46 - - [04/Aug/2026:02:33:36 +0000] "GET /ssjpxze.php HTTP/1.1" 404 27 "-" "-"
20.250.24.46 - - [04/Aug/2026:02:33:36 +0000] "GET /ors32envu.php HTTP/1.1" 404 27 "-" "-"
20.250.24.46 - - [04/Aug/2026:02:33:37 +0000] "GET /3PJcpMFsD8B.php HTTP/1.1" 404 27 "-" "-"
20.250.24.46 - - [04/Aug/2026:02:33:37 +0000] "GET /BDKR28WP.php HTTP/1.1" 404 27 "-" "-"
52.4.149.131 - - [04/Aug/2026:02:35:04 +0000] "POST /wp-cron.php?doing_wp_cron=1785810904.6262040138244628906250 HTTP/1.1" 499 0 "-" "WordPress/7.0.2; https://simplify.earth"
103.231.7.194 - - [04/Aug/2026:02:35:04 +0000] "GET / HTTP/1.1" 200 19950 "-" "NOC-Monitor/1.0 (+https://github.com/)"
103.231.7.194 - - [04/Aug/2026:02:35:06 +0000] "GET / HTTP/1.1" 200 19950 "-" "NOC-Monitor/1.0 (+https://github.com/)"
103.231.7.194 - - [04/Aug/2026:02:35:08 +0000] "GET / HTTP/1.1" 200 19950 "-" "NOC-Monitor/1.0 (+https://github.com/)"
103.231.7.194 - - [04/Aug/2026:02:35:08 +0000] "GET / HTTP/1.1" 200 19950 "-" "NOC-Monitor/1.0 (+https://github.com/)"
52.4.149.131 - - [04/Aug/2026:02:35:09 +0000] "POST /wp-cron.php?doing_wp_cron=1785810908.9904758930206298828125 HTTP/1.1" 499 0 "-" "WordPress/7.0.2; https://simplify.earth"
52.4.149.131 - - [04/Aug/2026:02:35:10 +0000] "POST /wp-cron.php?doing_wp_cron=1785810910.4144499301910400390625 HTTP/1.1" 499 0 "-" "WordPress/7.0.2; https://simplify.earth"
52.4.149.131 - - [04/Aug/2026:02:40:04 +0000] "POST /wp-cron.php?doing_wp_cron=1785811204.2019739151000976562500 HTTP/1.1" 499 0 "-" "WordPress/7.0.2; https://simplify.earth"
103.231.7.194 - - [04/Aug/2026:02:40:04 +0000] "GET / HTTP/1.1" 200 19950 "-" "NOC-Monitor/1.0 (+https://github.com/)"
103.231.7.194 - - [04/Aug/2026:02:40:05 +0000] "GET / HTTP/1.1" 200 19950 "-" "NOC-Monitor/1.0 (+https://github.com/)"
52.4.149.131 - - [04/Aug/2026:02:40:11 +0000] "POST /wp-cron.php?doing_wp_cron=1785811211.2126998901367187500000 HTTP/1.1" 499 0 "-" "WordPress/7.0.2; https://simplify.earth"
103.231.7.194 - - [04/Aug/2026:02:40:11 +0000] "GET / HTTP/1.1" 200 19950 "-" "NOC-Monitor/1.0 (+https://github.com/)"
103.231.7.194 - - [04/Aug/2026:02:40:12 +0000] "GET / HTTP/1.1" 200 19950 "-" "NOC-Monitor/1.0 (+https://github.com/)"
52.4.149.131 - - [04/Aug/2026:02:44:45 +0000] "POST /wp-cron.php?doing_wp_cron=1785811485.2955989837646484375000 HTTP/1.1" 499 0 "-" "WordPress/7.0.2; https://simplify.earth"
15.235.27.191 - - [04/Aug/2026:02:44:45 +0000] "GET /warum-ist-casinova-casino-fur-spieler-serios/feed/ HTTP/2.0" 200 465 "-" "Mozilla/5.0 (compatible; AhrefsBot/7.0; +http://ahrefs.com/robot/)"
103.231.7.194 - - [04/Aug/2026:02:45:05 +0000] "GET / HTTP/1.1" 200 19950 "-" "NOC-Monitor/1.0 (+https://github.com/)"
103.231.7.194 - - [04/Aug/2026:02:45:06 +0000] "GET / HTTP/1.1" 200 19950 "-" "NOC-Monitor/1.0 (+https://github.com/)"
103.231.7.194 - - [04/Aug/2026:02:45:06 +0000] "GET / HTTP/1.1" 200 19950 "-" "NOC-Monitor/1.0 (+https://github.com/)"
52.4.149.131 - - [04/Aug/2026:02:45:07 +0000] "POST /wp-cron.php?doing_wp_cron=1785811507.4222950935363769531250 HTTP/1.1" 499 0 "-" "WordPress/7.0.2; https://simplify.earth"
103.231.7.194 - - [04/Aug/2026:02:45:07 +0000] "GET / HTTP/1.1" 200 19950 "-" "NOC-Monitor/1.0 (+https://github.com/)"
43.138.68.113 - - [04/Aug/2026:02:45:33 +0000] "GET / HTTP/1.1" 200 19950 "http://earthpayments.com" "Mozilla/5.0 (iPhone; CPU iPhone OS 13_2_3 like Mac OS X) AppleWebKit/605.1.15 (KHTML, like Gecko) Version/13.0.3 Mobile/15E148 Safari/604.1"
52.4.149.131 - - [04/Aug/2026:02:47:08 +0000] "POST /wp-cron.php?doing_wp_cron=1785811628.0346119403839111328125 HTTP/1.1" 499 0 "-" "WordPress/7.0.2; https://simplify.earth"
165.245.188.197 - - [04/Aug/2026:02:47:08 +0000] "POST /wp-json/batch/v1 HTTP/1.1" 207 27 "-" "Mozilla/5.0 (compatible)"
165.245.188.197 - - [04/Aug/2026:02:47:09 +0000] "POST /wp-json/batch/v1 HTTP/1.1" 207 27 "-" "Mozilla/5.0 (compatible)"
165.245.188.197 - - [04/Aug/2026:02:47:09 +0000] "POST /wp-json/batch/v1 HTTP/1.1" 207 490 "-" "Mozilla/5.0 (compatible)"
52.4.149.131 - - [04/Aug/2026:02:50:04 +0000] "POST /wp-cron.php?doing_wp_cron=1785811804.2779769897460937500000 HTTP/1.1" 499 0 "-" "WordPress/7.0.2; https://simplify.earth"
103.231.7.194 - - [04/Aug/2026:02:50:04 +0000] "GET / HTTP/1.1" 200 19950 "-" "NOC-Monitor/1.0 (+https://github.com/)"
52.4.149.131 - - [04/Aug/2026:02:50:04 +0000] "POST /wp-cron.php?doing_wp_cron=1785811804.6347041130065917968750 HTTP/1.1" 499 0 "-" "WordPress/7.0.2; https://simplify.earth"
103.231.7.194 - - [04/Aug/2026:02:50:04 +0000] "GET / HTTP/1.1" 200 19950 "-" "NOC-Monitor/1.0 (+https://github.com/)"
103.231.7.194 - - [04/Aug/2026:02:50:06 +0000] "GET / HTTP/1.1" 200 19950 "-" "NOC-Monitor/1.0 (+https://github.com/)"
103.231.7.194 - - [04/Aug/2026:02:50:11 +0000] "GET / HTTP/1.1" 200 19950 "-" "NOC-Monitor/1.0 (+https://github.com/)"
148.113.130.42 - - [04/Aug/2026:02:50:18 +0000] "GET /roman-casino-ohne-registrierung-ist-das-wirklich-moglich/feed/ HTTP/2.0" 200 475 "-" "Mozilla/5.0 (compatible; AhrefsBot/7.0; +http://ahrefs.com/robot/)"
52.4.149.131 - - [04/Aug/2026:02:55:08 +0000] "POST /wp-cron.php?doing_wp_cron=1785812108.3101830482482910156250 HTTP/1.1" 499 0 "-" "WordPress/7.0.2; https://simplify.earth"
103.231.7.194 - - [04/Aug/2026:02:55:08 +0000] "GET / HTTP/1.1" 200 19950 "-" "NOC-Monitor/1.0 (+https://github.com/)"
103.231.7.194 - - [04/Aug/2026:02:55:09 +0000] "GET / HTTP/1.1" 200 19950 "-" "NOC-Monitor/1.0 (+https://github.com/)"
103.231.7.194 - - [04/Aug/2026:02:55:09 +0000] "GET / HTTP/1.1" 200 19950 "-" "NOC-Monitor/1.0 (+https://github.com/)"
103.231.7.194 - - [04/Aug/2026:02:55:13 +0000] "GET / HTTP/1.1" 200 19950 "-" "NOC-Monitor/1.0 (+https://github.com/)"
103.20.193.117 - - [04/Aug/2026:02:55:47 +0000] "GET / HTTP/2.0" 200 19937 "https://52.4.149.131/" "Mozilla/5.0 (iPhone; CPU iPhone OS 18_5 like Mac OS X) AppleWebKit/605.1.15 (KHTML, like Gecko) Version/18.5 Mobile/15E148 Safari/604.1"
