103.231.7.194 - - [04/Aug/2026:10:14:29 +0000] "GET /wp-includes/js/jquery/jquery.min.js?ver=3.7.1 HTTP/2.0" 200 35438 "https://simplify.earth/" "Mozilla/5.0 (Macintosh; Intel Mac OS X 10_15_7) AppleWebKit/537.36 (KHTML, like Gecko) Chrome/150.0.0.0 Safari/537.36"
103.231.7.194 - - [04/Aug/2026:10:14:29 +0000] "GET /wp-includes/js/jquery/jquery-migrate.min.js?ver=3.4.1 HTTP/2.0" 200 5342 "https://simplify.earth/" "Mozilla/5.0 (Macintosh; Intel Mac OS X 10_15_7) AppleWebKit/537.36 (KHTML, like Gecko) Chrome/150.0.0.0 Safari/537.36"
103.231.7.194 - - [04/Aug/2026:10:14:29 +0000] "GET /wp-content/plugins/elementskit-lite/widgets/init/assets/js/widget-scripts.js?ver=3.10.02 HTTP/2.0" 200 16354 "https://simplify.earth/" "Mozilla/5.0 (Macintosh; Intel Mac OS X 10_15_7) AppleWebKit/537.36 (KHTML, like Gecko) Chrome/150.0.0.0 Safari/537.36"
103.231.7.194 - - [04/Aug/2026:10:14:29 +0000] "GET /wp-content/themes/hello-elementor/assets/js/hello-frontend.min.js?ver=3.3.0 HTTP/2.0" 200 655 "https://simplify.earth/" "Mozilla/5.0 (Macintosh; Intel Mac OS X 10_15_7) AppleWebKit/537.36 (KHTML, like Gecko) Chrome/150.0.0.0 Safari/537.36"
103.231.7.194 - - [04/Aug/2026:10:14:29 +0000] "GET /wp-content/plugins/elementor/assets/js/webpack.runtime.min.js?ver=4.0.8 HTTP/2.0" 200 2593 "https://simplify.earth/" "Mozilla/5.0 (Macintosh; Intel Mac OS X 10_15_7) AppleWebKit/537.36 (KHTML, like Gecko) Chrome/150.0.0.0 Safari/537.36"
103.231.7.194 - - [04/Aug/2026:10:14:29 +0000] "GET /wp-content/plugins/elementor/assets/js/frontend-modules.min.js?ver=4.0.8 HTTP/2.0" 200 18672 "https://simplify.earth/" "Mozilla/5.0 (Macintosh; Intel Mac OS X 10_15_7) AppleWebKit/537.36 (KHTML, like Gecko) Chrome/150.0.0.0 Safari/537.36"
103.231.7.194 - - [04/Aug/2026:10:14:29 +0000] "GET /wp-includes/js/jquery/ui/core.min.js?ver=1.13.3 HTTP/2.0" 200 7941 "https://simplify.earth/" "Mozilla/5.0 (Macintosh; Intel Mac OS X 10_15_7) AppleWebKit/537.36 (KHTML, like Gecko) Chrome/150.0.0.0 Safari/537.36"
103.231.7.194 - - [04/Aug/2026:10:14:29 +0000] "GET /wp-content/plugins/elementor/assets/js/frontend.min.js?ver=4.0.8 HTTP/2.0" 200 11866 "https://simplify.earth/" "Mozilla/5.0 (Macintosh; Intel Mac OS X 10_15_7) AppleWebKit/537.36 (KHTML, like Gecko) Chrome/150.0.0.0 Safari/537.36"
103.231.7.194 - - [04/Aug/2026:10:14:29 +0000] "GET /wp-content/plugins/elementor-pro/assets/lib/smartmenus/jquery.smartmenus.min.js?ver=1.2.1 HTTP/2.0" 200 8385 "https://simplify.earth/" "Mozilla/5.0 (Macintosh; Intel Mac OS X 10_15_7) AppleWebKit/537.36 (KHTML, like Gecko) Chrome/150.0.0.0 Safari/537.36"
103.231.7.194 - - [04/Aug/2026:10:14:29 +0000] "GET /wp-content/plugins/elementor-pro/assets/js/webpack-pro.runtime.min.js?ver=4.0.4 HTTP/2.0" 200 2925 "https://simplify.earth/" "Mozilla/5.0 (Macintosh; Intel Mac OS X 10_15_7) AppleWebKit/537.36 (KHTML, like Gecko) Chrome/150.0.0.0 Safari/537.36"
103.231.7.194 - - [04/Aug/2026:10:14:29 +0000] "GET /wp-includes/js/dist/hooks.min.js?ver=7496969728ca0f95732d HTTP/2.0" 200 1925 "https://simplify.earth/" "Mozilla/5.0 (Macintosh; Intel Mac OS X 10_15_7) AppleWebKit/537.36 (KHTML, like Gecko) Chrome/150.0.0.0 Safari/537.36"
103.231.7.194 - - [04/Aug/2026:10:14:29 +0000] "GET /wp-includes/js/dist/i18n.min.js?ver=781d11515ad3d91786ec HTTP/2.0" 200 2588 "https://simplify.earth/" "Mozilla/5.0 (Macintosh; Intel Mac OS X 10_15_7) AppleWebKit/537.36 (KHTML, like Gecko) Chrome/150.0.0.0 Safari/537.36"
103.231.7.194 - - [04/Aug/2026:10:14:29 +0000] "GET /wp-content/plugins/elementor-pro/assets/js/frontend.min.js?ver=4.0.4 HTTP/2.0" 200 7512 "https://simplify.earth/" "Mozilla/5.0 (Macintosh; Intel Mac OS X 10_15_7) AppleWebKit/537.36 (KHTML, like Gecko) Chrome/150.0.0.0 Safari/537.36"
103.231.7.194 - - [04/Aug/2026:10:14:29 +0000] "GET /wp-content/plugins/elementor-pro/assets/js/elements-handlers.min.js?ver=4.0.4 HTTP/2.0" 200 12370 "https://simplify.earth/" "Mozilla/5.0 (Macintosh; Intel Mac OS X 10_15_7) AppleWebKit/537.36 (KHTML, like Gecko) Chrome/150.0.0.0 Safari/537.36"
103.231.7.194 - - [04/Aug/2026:10:14:30 +0000] "GET /wp-content/plugins/google-site-kit/dist/assets/js/googlesitekit-events-provider-wpforms-063cb453c64ecfd3dafe.js HTTP/2.0" 200 2667 "https://simplify.earth/" "Mozilla/5.0 (Macintosh; Intel Mac OS X 10_15_7) AppleWebKit/537.36 (KHTML, like Gecko) Chrome/150.0.0.0 Safari/537.36"
103.231.7.194 - - [04/Aug/2026:10:14:31 +0000] "GET /wp-content/plugins/elementor/assets/js/shared-frontend-handlers.03caa53373b56d3bab67.bundle.min.js HTTP/2.0" 200 2930 "https://simplify.earth/" "Mozilla/5.0 (Macintosh; Intel Mac OS X 10_15_7) AppleWebKit/537.36 (KHTML, like Gecko) Chrome/150.0.0.0 Safari/537.36"
103.231.7.194 - - [04/Aug/2026:10:14:31 +0000] "GET /wp-content/plugins/elementor-pro/assets/js/nav-menu.3afa8f5eb1fef7c22561.bundle.min.js HTTP/2.0" 200 2032 "https://simplify.earth/" "Mozilla/5.0 (Macintosh; Intel Mac OS X 10_15_7) AppleWebKit/537.36 (KHTML, like Gecko) Chrome/150.0.0.0 Safari/537.36"
103.231.7.194 - - [04/Aug/2026:10:14:31 +0000] "GET /wp-content/plugins/elementor/assets/js/text-editor.45609661e409413f1cef.bundle.min.js HTTP/2.0" 200 667 "https://simplify.earth/" "Mozilla/5.0 (Macintosh; Intel Mac OS X 10_15_7) AppleWebKit/537.36 (KHTML, like Gecko) Chrome/150.0.0.0 Safari/537.36"
103.231.7.194 - - [04/Aug/2026:10:14:32 +0000] "GET /wp-includes/js/wp-emoji-release.min.js?ver=7.0.2 HTTP/2.0" 200 6307 "https://simplify.earth/" "Mozilla/5.0 (Macintosh; Intel Mac OS X 10_15_7) AppleWebKit/537.36 (KHTML, like Gecko) Chrome/150.0.0.0 Safari/537.36"
103.231.7.194 - - [04/Aug/2026:10:14:33 +0000] "GET /sw.js HTTP/2.0" 404 564 "https://simplify.earth/sw.js" "Mozilla/5.0 (Macintosh; Intel Mac OS X 10_15_7) AppleWebKit/537.36 (KHTML, like Gecko) Chrome/150.0.0.0 Safari/537.36"
103.231.7.194 - - [04/Aug/2026:10:15:04 +0000] "GET / HTTP/1.1" 200 19955 "-" "NOC-Monitor/1.0 (+https://github.com/)"
103.231.7.194 - - [04/Aug/2026:10:15:05 +0000] "GET / HTTP/1.1" 200 19955 "-" "NOC-Monitor/1.0 (+https://github.com/)"
52.4.149.131 - - [04/Aug/2026:10:15:06 +0000] "POST /wp-cron.php?doing_wp_cron=1785838506.3333029747009277343750 HTTP/1.1" 499 0 "-" "WordPress/7.0.2; https://simplify.earth"
103.231.7.194 - - [04/Aug/2026:10:15:06 +0000] "GET / HTTP/1.1" 200 19955 "-" "NOC-Monitor/1.0 (+https://github.com/)"
103.231.7.194 - - [04/Aug/2026:10:15:06 +0000] "GET /sw.js HTTP/2.0" 404 564 "https://simplify.earth/sw.js" "Mozilla/5.0 (Macintosh; Intel Mac OS X 10_15_7) AppleWebKit/537.36 (KHTML, like Gecko) Chrome/150.0.0.0 Safari/537.36"
103.231.7.194 - - [04/Aug/2026:10:15:07 +0000] "GET / HTTP/1.1" 200 19955 "-" "NOC-Monitor/1.0 (+https://github.com/)"
52.4.149.131 - - [04/Aug/2026:10:19:16 +0000] "POST /wp-cron.php?doing_wp_cron=1785838756.8510110378265380859375 HTTP/1.1" 499 0 "-" "WordPress/7.0.2; https://simplify.earth"
15.235.27.16 - - [04/Aug/2026:10:19:16 +0000] "GET /winstler-sicherheit-im-fokus-was-macht-das-casino-besonders/feed/ HTTP/2.0" 200 478 "-" "Mozilla/5.0 (compatible; AhrefsBot/7.0; +http://ahrefs.com/robot/)"
103.231.7.194 - - [04/Aug/2026:10:20:04 +0000] "GET / HTTP/1.1" 200 19955 "-" "NOC-Monitor/1.0 (+https://github.com/)"
103.231.7.194 - - [04/Aug/2026:10:20:04 +0000] "GET / HTTP/1.1" 200 19955 "-" "NOC-Monitor/1.0 (+https://github.com/)"
52.4.149.131 - - [04/Aug/2026:10:20:08 +0000] "POST /wp-cron.php?doing_wp_cron=1785838808.8970379829406738281250 HTTP/1.1" 499 0 "-" "WordPress/7.0.2; https://simplify.earth"
103.231.7.194 - - [04/Aug/2026:10:20:08 +0000] "GET / HTTP/1.1" 200 19955 "-" "NOC-Monitor/1.0 (+https://github.com/)"
103.231.7.194 - - [04/Aug/2026:10:20:09 +0000] "GET / HTTP/1.1" 200 19955 "-" "NOC-Monitor/1.0 (+https://github.com/)"
34.13.176.190 - - [04/Aug/2026:10:21:13 +0000] "GET //wp-includes/ID3/license.txt HTTP/1.1" 200 1396 "-" "Mozilla/5.0 (Windows NT 10.0; Win64; x64) AppleWebKit/537.36 (KHTML, like Gecko) Chrome/95.0.4638.69 Safari/537.36"
52.4.149.131 - - [04/Aug/2026:10:21:13 +0000] "POST /wp-cron.php?doing_wp_cron=1785838873.6179270744323730468750 HTTP/1.1" 499 0 "-" "WordPress/7.0.2; https://simplify.earth"
34.13.176.190 - - [04/Aug/2026:10:21:13 +0000] "GET //feed/ HTTP/1.1" 301 5 "-" "Mozilla/5.0 (Windows NT 10.0; Win64; x64) AppleWebKit/537.36 (KHTML, like Gecko) Chrome/95.0.4638.69 Safari/537.36"
34.13.176.190 - - [04/Aug/2026:10:21:13 +0000] "GET //blog/wp-includes/wlwmanifest.xml HTTP/1.1" 404 564 "-" "Mozilla/5.0 (Windows NT 10.0; Win64; x64) AppleWebKit/537.36 (KHTML, like Gecko) Chrome/95.0.4638.69 Safari/537.36"
34.13.176.190 - - [04/Aug/2026:10:21:13 +0000] "GET //web/wp-includes/wlwmanifest.xml HTTP/1.1" 404 564 "-" "Mozilla/5.0 (Windows NT 10.0; Win64; x64) AppleWebKit/537.36 (KHTML, like Gecko) Chrome/95.0.4638.69 Safari/537.36"
34.13.176.190 - - [04/Aug/2026:10:21:14 +0000] "GET //wordpress/wp-includes/wlwmanifest.xml HTTP/1.1" 404 564 "-" "Mozilla/5.0 (Windows NT 10.0; Win64; x64) AppleWebKit/537.36 (KHTML, like Gecko) Chrome/95.0.4638.69 Safari/537.36"
34.13.176.190 - - [04/Aug/2026:10:21:14 +0000] "GET //wp/wp-includes/wlwmanifest.xml HTTP/1.1" 404 564 "-" "Mozilla/5.0 (Windows NT 10.0; Win64; x64) AppleWebKit/537.36 (KHTML, like Gecko) Chrome/95.0.4638.69 Safari/537.36"
34.13.176.190 - - [04/Aug/2026:10:21:14 +0000] "GET //2020/wp-includes/wlwmanifest.xml HTTP/1.1" 404 564 "-" "Mozilla/5.0 (Windows NT 10.0; Win64; x64) AppleWebKit/537.36 (KHTML, like Gecko) Chrome/95.0.4638.69 Safari/537.36"
34.13.176.190 - - [04/Aug/2026:10:21:14 +0000] "GET //2019/wp-includes/wlwmanifest.xml HTTP/1.1" 404 564 "-" "Mozilla/5.0 (Windows NT 10.0; Win64; x64) AppleWebKit/537.36 (KHTML, like Gecko) Chrome/95.0.4638.69 Safari/537.36"
34.13.176.190 - - [04/Aug/2026:10:21:14 +0000] "GET //2021/wp-includes/wlwmanifest.xml HTTP/1.1" 404 564 "-" "Mozilla/5.0 (Windows NT 10.0; Win64; x64) AppleWebKit/537.36 (KHTML, like Gecko) Chrome/95.0.4638.69 Safari/537.36"
34.13.176.190 - - [04/Aug/2026:10:21:14 +0000] "GET //shop/wp-includes/wlwmanifest.xml HTTP/1.1" 404 564 "-" "Mozilla/5.0 (Windows NT 10.0; Win64; x64) AppleWebKit/537.36 (KHTML, like Gecko) Chrome/95.0.4638.69 Safari/537.36"
34.13.176.190 - - [04/Aug/2026:10:21:14 +0000] "GET //wp1/wp-includes/wlwmanifest.xml HTTP/1.1" 404 564 "-" "Mozilla/5.0 (Windows NT 10.0; Win64; x64) AppleWebKit/537.36 (KHTML, like Gecko) Chrome/95.0.4638.69 Safari/537.36"
34.13.176.190 - - [04/Aug/2026:10:21:14 +0000] "GET //test/wp-includes/wlwmanifest.xml HTTP/1.1" 404 564 "-" "Mozilla/5.0 (Windows NT 10.0; Win64; x64) AppleWebKit/537.36 (KHTML, like Gecko) Chrome/95.0.4638.69 Safari/537.36"
34.13.176.190 - - [04/Aug/2026:10:21:14 +0000] "GET //site/wp-includes/wlwmanifest.xml HTTP/1.1" 404 564 "-" "Mozilla/5.0 (Windows NT 10.0; Win64; x64) AppleWebKit/537.36 (KHTML, like Gecko) Chrome/95.0.4638.69 Safari/537.36"
34.13.176.190 - - [04/Aug/2026:10:21:15 +0000] "GET //cms/wp-includes/wlwmanifest.xml HTTP/1.1" 404 564 "-" "Mozilla/5.0 (Windows NT 10.0; Win64; x64) AppleWebKit/537.36 (KHTML, like Gecko) Chrome/95.0.4638.69 Safari/537.36"
34.13.176.190 - - [04/Aug/2026:10:21:15 +0000] "" 400 0 "-" "-"
52.4.149.131 - - [04/Aug/2026:10:23:25 +0000] "POST /wp-cron.php?doing_wp_cron=1785839005.9184300899505615234375 HTTP/1.1" 499 0 "-" "WordPress/7.0.2; https://simplify.earth"
20.197.226.217 - - [04/Aug/2026:10:23:25 +0000] "GET /wp-login.php HTTP/1.1" 200 2307 "-" "Mozilla/5.0 (Windows NT 10.0; Win64; x64) AppleWebKit/537.36 (KHTML, like Gecko) Chrome/141.0.0.0 Safari/537.36"
52.4.149.131 - - [04/Aug/2026:10:25:04 +0000] "POST /wp-cron.php?doing_wp_cron=1785839104.9102280139923095703125 HTTP/1.1" 499 0 "-" "WordPress/7.0.2; https://simplify.earth"
103.231.7.194 - - [04/Aug/2026:10:25:04 +0000] "GET / HTTP/1.1" 200 19955 "-" "NOC-Monitor/1.0 (+https://github.com/)"
103.231.7.194 - - [04/Aug/2026:10:25:05 +0000] "GET / HTTP/1.1" 200 19955 "-" "NOC-Monitor/1.0 (+https://github.com/)"
52.4.149.131 - - [04/Aug/2026:10:25:06 +0000] "POST /wp-cron.php?doing_wp_cron=1785839106.3648490905761718750000 HTTP/1.1" 499 0 "-" "WordPress/7.0.2; https://simplify.earth"
103.231.7.194 - - [04/Aug/2026:10:25:06 +0000] "GET / HTTP/1.1" 200 19955 "-" "NOC-Monitor/1.0 (+https://github.com/)"
103.231.7.194 - - [04/Aug/2026:10:25:07 +0000] "GET / HTTP/1.1" 200 19955 "-" "NOC-Monitor/1.0 (+https://github.com/)"
144.124.226.179 - - [04/Aug/2026:10:26:05 +0000] "GET / HTTP/1.0" 200 91321 "https://simplify.earth/" "Mozilla/5.0 (Windows NT 10.0; Win64; x64) AppleWebKit/537.36 (KHTML, like Gecko) Chrome/130.0.0.0 Safari/537.36 CCleaner/130.0.0.0"
52.4.149.131 - - [04/Aug/2026:10:26:06 +0000] "POST /wp-cron.php?doing_wp_cron=1785839166.8478488922119140625000 HTTP/1.1" 499 0 "-" "WordPress/7.0.2; https://simplify.earth"
144.124.226.179 - - [04/Aug/2026:10:26:06 +0000] "GET /contact-us/ HTTP/1.0" 200 81567 "https://simplify.earth/contact-us/" "Mozilla/5.0 (Windows NT 10.0; Win64; x64) AppleWebKit/537.36 (KHTML, like Gecko) Chrome/130.0.0.0 Safari/537.36 CCleaner/130.0.0.0"
144.124.226.179 - - [04/Aug/2026:10:26:08 +0000] "POST /wp-admin/admin-ajax.php HTTP/1.0" 200 79 "https://simplify.earth/contact-us/" "Mozilla/5.0 (Windows NT 10.0; Win64; x64) AppleWebKit/537.36 (KHTML, like Gecko) Chrome/130.0.0.0 Safari/537.36 CCleaner/130.0.0.0"
51.255.197.21 - - [04/Aug/2026:10:28:44 +0000] "GET /wp-login.php HTTP/2.0" 200 2295 "-" "Mozilla/5.0 (Windows NT 10.0; Win64; x64) AppleWebKit/537.36 (KHTML, like Gecko) Chrome/150.0.0.0 Safari/537.36"
52.4.149.131 - - [04/Aug/2026:10:28:44 +0000] "POST /wp-cron.php?doing_wp_cron=1785839324.9715158939361572265625 HTTP/1.1" 499 0 "-" "WordPress/7.0.2; https://simplify.earth"
52.4.149.131 - - [04/Aug/2026:10:28:44 +0000] "POST /wp-cron.php?doing_wp_cron=1785839324.9715158939361572265625 HTTP/1.1" 499 0 "-" "WordPress/7.0.2; https://simplify.earth"
51.255.197.21 - - [04/Aug/2026:10:28:44 +0000] "GET /wp-login.php HTTP/2.0" 200 2295 "-" "Mozilla/5.0 (Windows NT 10.0; Win64; x64) AppleWebKit/537.36 (KHTML, like Gecko) Chrome/150.0.0.0 Safari/537.36"
51.255.197.21 - - [04/Aug/2026:10:28:45 +0000] "POST /wp-login.php HTTP/2.0" 200 2482 "https://simplify.earth/wp-login.php" "Mozilla/5.0 (Windows NT 10.0; Win64; x64) AppleWebKit/537.36 (KHTML, like Gecko) Chrome/150.0.0.0 Safari/537.36"
51.255.197.21 - - [04/Aug/2026:10:28:45 +0000] "POST /wp-login.php HTTP/2.0" 200 2479 "https://simplify.earth/wp-login.php" "Mozilla/5.0 (Windows NT 10.0; Win64; x64) AppleWebKit/537.36 (KHTML, like Gecko) Chrome/150.0.0.0 Safari/537.36"
52.4.149.131 - - [04/Aug/2026:10:30:04 +0000] "POST /wp-cron.php?doing_wp_cron=1785839404.3269610404968261718750 HTTP/1.1" 499 0 "-" "WordPress/7.0.2; https://simplify.earth"
103.231.7.194 - - [04/Aug/2026:10:30:04 +0000] "GET / HTTP/1.1" 200 19955 "-" "NOC-Monitor/1.0 (+https://github.com/)"
103.231.7.194 - - [04/Aug/2026:10:30:04 +0000] "GET / HTTP/1.1" 200 19955 "-" "NOC-Monitor/1.0 (+https://github.com/)"
103.231.7.194 - - [04/Aug/2026:10:30:05 +0000] "GET / HTTP/1.1" 200 19955 "-" "NOC-Monitor/1.0 (+https://github.com/)"
52.4.149.131 - - [04/Aug/2026:10:30:14 +0000] "POST /wp-cron.php?doing_wp_cron=1785839414.7589910030364990234375 HTTP/1.1" 499 0 "-" "WordPress/7.0.2; https://simplify.earth"
103.231.7.194 - - [04/Aug/2026:10:30:14 +0000] "GET / HTTP/1.1" 200 19955 "-" "NOC-Monitor/1.0 (+https://github.com/)"
52.4.149.131 - - [04/Aug/2026:10:32:37 +0000] "POST /wp-cron.php?doing_wp_cron=1785839557.7262740135192871093750 HTTP/1.1" 499 0 "-" "WordPress/7.0.2; https://simplify.earth"
43.164.3.182 - - [04/Aug/2026:10:32:37 +0000] "GET / HTTP/1.1" 200 19955 "http://simplify.earth" "Mozilla/5.0 (iPhone; CPU iPhone OS 13_2_3 like Mac OS X) AppleWebKit/605.1.15 (KHTML, like Gecko) Version/13.0.3 Mobile/15E148 Safari/604.1"
4.232.147.36 - - [04/Aug/2026:10:32:47 +0000] "GET /wp-content/plugins/hellopress/wp_filemanager.php HTTP/1.1" 404 27 "-" "-"
4.232.147.36 - - [04/Aug/2026:10:32:48 +0000] "GET /this_is_a_new_hello_world.php HTTP/1.1" 404 27 "-" "-"
4.232.147.36 - - [04/Aug/2026:10:32:48 +0000] "GET /1.php HTTP/1.1" 404 27 "-" "-"
4.232.147.36 - - [04/Aug/2026:10:32:49 +0000] "GET /test1.php HTTP/1.1" 404 27 "-" "-"
4.232.147.36 - - [04/Aug/2026:10:32:49 +0000] "GET /we.php HTTP/1.1" 404 27 "-" "-"
4.232.147.36 - - [04/Aug/2026:10:32:49 +0000] "GET /ccc.php?p= HTTP/1.1" 404 27 "-" "-"
4.232.147.36 - - [04/Aug/2026:10:32:49 +0000] "GET /a.php HTTP/1.1" 404 27 "-" "-"
4.232.147.36 - - [04/Aug/2026:10:32:49 +0000] "GET /www.php HTTP/1.1" 404 27 "-" "-"
4.232.147.36 - - [04/Aug/2026:10:32:50 +0000] "GET /cron.php HTTP/1.1" 404 27 "-" "-"
4.232.147.36 - - [04/Aug/2026:10:32:50 +0000] "GET /info.php.1 HTTP/1.1" 404 49147 "-" "-"
4.232.147.36 - - [04/Aug/2026:10:32:50 +0000] "GET /wp-config.php HTTP/1.1" 403 162 "-" "-"
4.232.147.36 - - [04/Aug/2026:10:32:51 +0000] "GET /df.php HTTP/1.1" 404 27 "-" "-"
4.232.147.36 - - [04/Aug/2026:10:32:51 +0000] "GET /33.php HTTP/1.1" 404 27 "-" "-"
4.232.147.36 - - [04/Aug/2026:10:32:51 +0000] "GET /ahax.php HTTP/1.1" 404 27 "-" "-"
4.232.147.36 - - [04/Aug/2026:10:32:51 +0000] "GET /ioxi-o.php HTTP/1.1" 404 27 "-" "-"
4.232.147.36 - - [04/Aug/2026:10:32:51 +0000] "GET /siteindex.php HTTP/1.1" 404 27 "-" "-"
20.203.208.53 - - [04/Aug/2026:10:34:09 +0000] "GET /wp-content/plugins/hellopress/wp_filemanager.php HTTP/1.1" 404 27 "-" "-"
20.203.208.53 - - [04/Aug/2026:10:34:10 +0000] "GET /this_is_a_new_hello_world.php HTTP/1.1" 404 27 "-" "-"
20.203.208.53 - - [04/Aug/2026:10:34:10 +0000] "GET /1.php HTTP/1.1" 404 27 "-" "-"
20.203.208.53 - - [04/Aug/2026:10:34:10 +0000] "GET /test1.php HTTP/1.1" 404 27 "-" "-"
20.203.208.53 - - [04/Aug/2026:10:34:10 +0000] "GET /we.php HTTP/1.1" 404 27 "-" "-"
20.203.208.53 - - [04/Aug/2026:10:34:10 +0000] "GET /ccc.php?p= HTTP/1.1" 404 27 "-" "-"
20.203.208.53 - - [04/Aug/2026:10:34:11 +0000] "GET /a.php HTTP/1.1" 404 27 "-" "-"
20.203.208.53 - - [04/Aug/2026:10:34:11 +0000] "GET /www.php HTTP/1.1" 404 27 "-" "-"
20.203.208.53 - - [04/Aug/2026:10:34:11 +0000] "GET /cron.php HTTP/1.1" 404 27 "-" "-"
52.4.149.131 - - [04/Aug/2026:10:34:12 +0000] "POST /wp-cron.php?doing_wp_cron=1785839651.9869689941406250000000 HTTP/1.1" 499 0 "-" "WordPress/7.0.2; https://simplify.earth"
20.203.208.53 - - [04/Aug/2026:10:34:12 +0000] "GET /info.php.1 HTTP/1.1" 404 49147 "-" "-"
20.203.208.53 - - [04/Aug/2026:10:34:12 +0000] "GET /wp-config.php HTTP/1.1" 403 162 "-" "-"
20.203.208.53 - - [04/Aug/2026:10:34:12 +0000] "GET /df.php HTTP/1.1" 404 27 "-" "-"
20.203.208.53 - - [04/Aug/2026:10:34:12 +0000] "GET /33.php HTTP/1.1" 404 27 "-" "-"
20.203.208.53 - - [04/Aug/2026:10:34:12 +0000] "GET /ahax.php HTTP/1.1" 404 27 "-" "-"
20.203.208.53 - - [04/Aug/2026:10:34:13 +0000] "GET /ioxi-o.php HTTP/1.1" 404 27 "-" "-"
20.203.208.53 - - [04/Aug/2026:10:34:13 +0000] "GET /siteindex.php HTTP/1.1" 404 27 "-" "-"
103.231.7.194 - - [04/Aug/2026:10:35:03 +0000] "GET / HTTP/1.1" 200 19955 "-" "NOC-Monitor/1.0 (+https://github.com/)"
103.231.7.194 - - [04/Aug/2026:10:35:04 +0000] "GET / HTTP/1.1" 200 19955 "-" "NOC-Monitor/1.0 (+https://github.com/)"
103.231.7.194 - - [04/Aug/2026:10:35:05 +0000] "GET / HTTP/1.1" 200 19955 "-" "NOC-Monitor/1.0 (+https://github.com/)"
52.4.149.131 - - [04/Aug/2026:10:35:06 +0000] "POST /wp-cron.php?doing_wp_cron=1785839706.5286331176757812500000 HTTP/1.1" 499 0 "-" "WordPress/7.0.2; https://simplify.earth"
103.231.7.194 - - [04/Aug/2026:10:35:06 +0000] "GET / HTTP/1.1" 200 19955 "-" "NOC-Monitor/1.0 (+https://github.com/)"
45.78.203.158 - - [04/Aug/2026:10:38:59 +0000] "GET /wp-content/uploads/2017/11/unionpayhero3_opt-1.jpg HTTP/2.0" 404 564 "https://earthpayments.com/wp-content/uploads/2017/11/unionpayhero3_opt-1.jpg" "Mozilla/5.0 (Macintosh; Intel Mac OS X 10_15_7) AppleWebKit/537.36 (KHTML, like Gecko) Chrome/123.0.0.0 Safari/537.36"
74.248.36.185 - - [04/Aug/2026:10:40:09 +0000] "GET /wk/index.php HTTP/1.1" 404 47 "-" "Mozilla/5.0 (Windows NT 10.0; Win64; x64) AppleWebKit/537.36 (KHTML, like Gecko) Chrome/120.0.0.0 Safari/537.36"
74.248.36.185 - - [04/Aug/2026:10:40:09 +0000] "GET /av.php HTTP/1.1" 404 47 "-" "Mozilla/5.0 (Windows NT 10.0; Win64; x64) AppleWebKit/537.36 (KHTML, like Gecko) Chrome/120.0.0.0 Safari/537.36"
74.248.36.185 - - [04/Aug/2026:10:40:09 +0000] "GET /mini.php HTTP/1.1" 404 47 "-" "Mozilla/5.0 (Windows NT 10.0; Win64; x64) AppleWebKit/537.36 (KHTML, like Gecko) Chrome/120.0.0.0 Safari/537.36"
74.248.36.185 - - [04/Aug/2026:10:40:09 +0000] "GET /aa.php HTTP/1.1" 404 47 "-" "Mozilla/5.0 (Windows NT 10.0; Win64; x64) AppleWebKit/537.36 (KHTML, like Gecko) Chrome/120.0.0.0 Safari/537.36"
74.248.36.185 - - [04/Aug/2026:10:40:09 +0000] "GET /w.php HTTP/1.1" 404 47 "-" "Mozilla/5.0 (Windows NT 10.0; Win64; x64) AppleWebKit/537.36 (KHTML, like Gecko) Chrome/120.0.0.0 Safari/537.36"
74.248.36.185 - - [04/Aug/2026:10:40:10 +0000] "GET /admin.php HTTP/1.1" 404 47 "-" "Mozilla/5.0 (Windows NT 10.0; Win64; x64) AppleWebKit/537.36 (KHTML, like Gecko) Chrome/120.0.0.0 Safari/537.36"
74.248.36.185 - - [04/Aug/2026:10:40:10 +0000] "GET /wp-content/themes/admin.php HTTP/1.1" 404 47 "-" "Mozilla/5.0 (Windows NT 10.0; Win64; x64) AppleWebKit/537.36 (KHTML, like Gecko) Chrome/120.0.0.0 Safari/537.36"
74.248.36.185 - - [04/Aug/2026:10:40:10 +0000] "GET /m.php HTTP/1.1" 404 47 "-" "Mozilla/5.0 (Windows NT 10.0; Win64; x64) AppleWebKit/537.36 (KHTML, like Gecko) Chrome/120.0.0.0 Safari/537.36"
74.248.36.185 - - [04/Aug/2026:10:40:10 +0000] "GET /wp-admin/css/wp-login.php HTTP/1.1" 404 47 "-" "Mozilla/5.0 (Windows NT 10.0; Win64; x64) AppleWebKit/537.36 (KHTML, like Gecko) Chrome/120.0.0.0 Safari/537.36"
74.248.36.185 - - [04/Aug/2026:10:40:10 +0000] "GET /wp-includes/pomo/ HTTP/1.1" 403 564 "-" "Mozilla/5.0 (Windows NT 10.0; Win64; x64) AppleWebKit/537.36 (KHTML, like Gecko) Chrome/120.0.0.0 Safari/537.36"
74.248.36.185 - - [04/Aug/2026:10:40:10 +0000] "GET /classwithtostring.php HTTP/1.1" 404 47 "-" "Mozilla/5.0 (Windows NT 10.0; Win64; x64) AppleWebKit/537.36 (KHTML, like Gecko) Chrome/120.0.0.0 Safari/537.36"
74.248.36.185 - - [04/Aug/2026:10:40:10 +0000] "GET /gmo.php HTTP/1.1" 404 47 "-" "Mozilla/5.0 (Windows NT 10.0; Win64; x64) AppleWebKit/537.36 (KHTML, like Gecko) Chrome/120.0.0.0 Safari/537.36"
74.248.36.185 - - [04/Aug/2026:10:40:10 +0000] "GET /wp-content/languages/index.php HTTP/1.1" 404 47 "-" "Mozilla/5.0 (Windows NT 10.0; Win64; x64) AppleWebKit/537.36 (KHTML, like Gecko) Chrome/120.0.0.0 Safari/537.36"
74.248.36.185 - - [04/Aug/2026:10:40:11 +0000] "GET /wp-the.php HTTP/1.1" 404 47 "-" "Mozilla/5.0 (Windows NT 10.0; Win64; x64) AppleWebKit/537.36 (KHTML, like Gecko) Chrome/120.0.0.0 Safari/537.36"
74.248.36.185 - - [04/Aug/2026:10:40:11 +0000] "GET /404.php HTTP/1.1" 404 47 "-" "Mozilla/5.0 (Windows NT 10.0; Win64; x64) AppleWebKit/537.36 (KHTML, like Gecko) Chrome/120.0.0.0 Safari/537.36"
74.248.36.185 - - [04/Aug/2026:10:40:11 +0000] "GET /init.php HTTP/1.1" 404 47 "-" "Mozilla/5.0 (Windows NT 10.0; Win64; x64) AppleWebKit/537.36 (KHTML, like Gecko) Chrome/120.0.0.0 Safari/537.36"
74.248.36.185 - - [04/Aug/2026:10:40:11 +0000] "GET /file5.php HTTP/1.1" 404 47 "-" "Mozilla/5.0 (Windows NT 10.0; Win64; x64) AppleWebKit/537.36 (KHTML, like Gecko) Chrome/120.0.0.0 Safari/537.36"
74.248.36.185 - - [04/Aug/2026:10:40:11 +0000] "GET /wp-admin/maint/index.php HTTP/1.1" 404 47 "-" "Mozilla/5.0 (Windows NT 10.0; Win64; x64) AppleWebKit/537.36 (KHTML, like Gecko) Chrome/120.0.0.0 Safari/537.36"
74.248.36.185 - - [04/Aug/2026:10:40:11 +0000] "GET /shell.php HTTP/1.1" 404 47 "-" "Mozilla/5.0 (Windows NT 10.0; Win64; x64) AppleWebKit/537.36 (KHTML, like Gecko) Chrome/120.0.0.0 Safari/537.36"
74.248.36.185 - - [04/Aug/2026:10:40:11 +0000] "GET /f35.php HTTP/1.1" 404 47 "-" "Mozilla/5.0 (Windows NT 10.0; Win64; x64) AppleWebKit/537.36 (KHTML, like Gecko) Chrome/120.0.0.0 Safari/537.36"
74.248.36.185 - - [04/Aug/2026:10:40:12 +0000] "GET /new.php HTTP/1.1" 404 47 "-" "Mozilla/5.0 (Windows NT 10.0; Win64; x64) AppleWebKit/537.36 (KHTML, like Gecko) Chrome/120.0.0.0 Safari/537.36"
74.248.36.185 - - [04/Aug/2026:10:40:12 +0000] "GET /adminfuns.php HTTP/1.1" 404 47 "-" "Mozilla/5.0 (Windows NT 10.0; Win64; x64) AppleWebKit/537.36 (KHTML, like Gecko) Chrome/120.0.0.0 Safari/537.36"
52.4.149.131 - - [04/Aug/2026:10:40:12 +0000] "POST /wp-cron.php?doing_wp_cron=1785840012.3697779178619384765625 HTTP/1.1" 499 0 "-" "WordPress/7.0.2; https://simplify.earth"
74.248.36.185 - - [04/Aug/2026:10:40:12 +0000] "GET /wp-admin/ HTTP/1.1" 302 5 "-" "Mozilla/5.0 (Windows NT 10.0; Win64; x64) AppleWebKit/537.36 (KHTML, like Gecko) Chrome/120.0.0.0 Safari/537.36"
103.231.7.194 - - [04/Aug/2026:10:40:12 +0000] "GET / HTTP/1.1" 200 19955 "-" "NOC-Monitor/1.0 (+https://github.com/)"
74.248.36.185 - - [04/Aug/2026:10:40:12 +0000] "GET /wp-includes/IXR/ HTTP/1.1" 403 564 "-" "Mozilla/5.0 (Windows NT 10.0; Win64; x64) AppleWebKit/537.36 (KHTML, like Gecko) Chrome/120.0.0.0 Safari/537.36"
52.4.149.131 - - [04/Aug/2026:10:40:12 +0000] "POST /wp-cron.php?doing_wp_cron=1785840012.6390390396118164062500 HTTP/1.1" 499 0 "-" "WordPress/7.0.2; https://simplify.earth"
103.231.7.194 - - [04/Aug/2026:10:40:12 +0000] "GET / HTTP/1.1" 200 19955 "-" "NOC-Monitor/1.0 (+https://github.com/)"
74.248.36.185 - - [04/Aug/2026:10:40:12 +0000] "GET /fm.php HTTP/1.1" 404 47 "-" "Mozilla/5.0 (Windows NT 10.0; Win64; x64) AppleWebKit/537.36 (KHTML, like Gecko) Chrome/120.0.0.0 Safari/537.36"
74.248.36.185 - - [04/Aug/2026:10:40:13 +0000] "GET /admin/controller/extension/ HTTP/1.1" 404 13285 "-" "Mozilla/5.0 (Windows NT 10.0; Win64; x64) AppleWebKit/537.36 (KHTML, like Gecko) Chrome/120.0.0.0 Safari/537.36"
74.248.36.185 - - [04/Aug/2026:10:40:13 +0000] "GET /file.php HTTP/1.1" 404 47 "-" "Mozilla/5.0 (Windows NT 10.0; Win64; x64) AppleWebKit/537.36 (KHTML, like Gecko) Chrome/120.0.0.0 Safari/537.36"
74.248.36.185 - - [04/Aug/2026:10:40:13 +0000] "GET /wp-admin/css/colors/blue/ HTTP/1.1" 403 564 "-" "Mozilla/5.0 (Windows NT 10.0; Win64; x64) AppleWebKit/537.36 (KHTML, like Gecko) Chrome/120.0.0.0 Safari/537.36"
74.248.36.185 - - [04/Aug/2026:10:40:13 +0000] "GET /bolt.php HTTP/1.1" 404 47 "-" "Mozilla/5.0 (Windows NT 10.0; Win64; x64) AppleWebKit/537.36 (KHTML, like Gecko) Chrome/120.0.0.0 Safari/537.36"
74.248.36.185 - - [04/Aug/2026:10:40:13 +0000] "GET /3.php HTTP/1.1" 404 47 "-" "Mozilla/5.0 (Windows NT 10.0; Win64; x64) AppleWebKit/537.36 (KHTML, like Gecko) Chrome/120.0.0.0 Safari/537.36"
74.248.36.185 - - [04/Aug/2026:10:40:13 +0000] "GET /222.php HTTP/1.1" 404 47 "-" "Mozilla/5.0 (Windows NT 10.0; Win64; x64) AppleWebKit/537.36 (KHTML, like Gecko) Chrome/120.0.0.0 Safari/537.36"
74.248.36.185 - - [04/Aug/2026:10:40:13 +0000] "GET /wp-admin/images/admin.php HTTP/1.1" 404 47 "-" "Mozilla/5.0 (Windows NT 10.0; Win64; x64) AppleWebKit/537.36 (KHTML, like Gecko) Chrome/120.0.0.0 Safari/537.36"
74.248.36.185 - - [04/Aug/2026:10:40:14 +0000] "GET /wp-includes/js/codemirror/about.php HTTP/1.1" 404 47 "-" "Mozilla/5.0 (Windows NT 10.0; Win64; x64) AppleWebKit/537.36 (KHTML, like Gecko) Chrome/120.0.0.0 Safari/537.36"
74.248.36.185 - - [04/Aug/2026:10:40:14 +0000] "GET /wp-includes/Requests/library/ HTTP/1.1" 403 564 "-" "Mozilla/5.0 (Windows NT 10.0; Win64; x64) AppleWebKit/537.36 (KHTML, like Gecko) Chrome/120.0.0.0 Safari/537.36"
74.248.36.185 - - [04/Aug/2026:10:40:14 +0000] "GET /wp-content/admin.php HTTP/1.1" 404 47 "-" "Mozilla/5.0 (Windows NT 10.0; Win64; x64) AppleWebKit/537.36 (KHTML, like Gecko) Chrome/120.0.0.0 Safari/537.36"
74.248.36.185 - - [04/Aug/2026:10:40:14 +0000] "GET /wp-configs.php HTTP/1.1" 404 47 "-" "Mozilla/5.0 (Windows NT 10.0; Win64; x64) AppleWebKit/537.36 (KHTML, like Gecko) Chrome/120.0.0.0 Safari/537.36"
74.248.36.185 - - [04/Aug/2026:10:40:14 +0000] "GET /php.php HTTP/1.1" 404 47 "-" "Mozilla/5.0 (Windows NT 10.0; Win64; x64) AppleWebKit/537.36 (KHTML, like Gecko) Chrome/120.0.0.0 Safari/537.36"
74.248.36.185 - - [04/Aug/2026:10:40:14 +0000] "GET /wp-includes/index.php HTTP/1.1" 404 47 "-" "Mozilla/5.0 (Windows NT 10.0; Win64; x64) AppleWebKit/537.36 (KHTML, like Gecko) Chrome/120.0.0.0 Safari/537.36"
74.248.36.185 - - [04/Aug/2026:10:40:14 +0000] "GET /wp-admin/a.php HTTP/1.1" 404 47 "-" "Mozilla/5.0 (Windows NT 10.0; Win64; x64) AppleWebKit/537.36 (KHTML, like Gecko) Chrome/120.0.0.0 Safari/537.36"
74.248.36.185 - - [04/Aug/2026:10:40:15 +0000] "GET /wp-includes/sitemaps/providers/ HTTP/1.1" 403 564 "-" "Mozilla/5.0 (Windows NT 10.0; Win64; x64) AppleWebKit/537.36 (KHTML, like Gecko) Chrome/120.0.0.0 Safari/537.36"
74.248.36.185 - - [04/Aug/2026:10:40:15 +0000] "GET /wp-includes/block-bindings/ HTTP/1.1" 403 564 "-" "Mozilla/5.0 (Windows NT 10.0; Win64; x64) AppleWebKit/537.36 (KHTML, like Gecko) Chrome/120.0.0.0 Safari/537.36"
74.248.36.185 - - [04/Aug/2026:10:40:15 +0000] "GET /wp-includes/Text/about.php HTTP/1.1" 404 47 "-" "Mozilla/5.0 (Windows NT 10.0; Win64; x64) AppleWebKit/537.36 (KHTML, like Gecko) Chrome/120.0.0.0 Safari/537.36"
74.248.36.185 - - [04/Aug/2026:10:40:15 +0000] "GET /wp-admin.php HTTP/1.1" 404 47 "-" "Mozilla/5.0 (Windows NT 10.0; Win64; x64) AppleWebKit/537.36 (KHTML, like Gecko) Chrome/120.0.0.0 Safari/537.36"
74.248.36.185 - - [04/Aug/2026:10:40:15 +0000] "GET /size.php HTTP/1.1" 404 47 "-" "Mozilla/5.0 (Windows NT 10.0; Win64; x64) AppleWebKit/537.36 (KHTML, like Gecko) Chrome/120.0.0.0 Safari/537.36"
74.248.36.185 - - [04/Aug/2026:10:40:15 +0000] "GET /wp-includes/wp-class.php HTTP/1.1" 404 47 "-" "Mozilla/5.0 (Windows NT 10.0; Win64; x64) AppleWebKit/537.36 (KHTML, like Gecko) Chrome/120.0.0.0 Safari/537.36"
74.248.36.185 - - [04/Aug/2026:10:40:15 +0000] "GET /403.php HTTP/1.1" 404 47 "-" "Mozilla/5.0 (Windows NT 10.0; Win64; x64) AppleWebKit/537.36 (KHTML, like Gecko) Chrome/120.0.0.0 Safari/537.36"
74.248.36.185 - - [04/Aug/2026:10:40:16 +0000] "GET /wp-includes/IXR/wp-login.php HTTP/1.1" 404 47 "-" "Mozilla/5.0 (Windows NT 10.0; Win64; x64) AppleWebKit/537.36 (KHTML, like Gecko) Chrome/120.0.0.0 Safari/537.36"
74.248.36.185 - - [04/Aug/2026:10:40:16 +0000] "GET /as.php HTTP/1.1" 404 47 "-" "Mozilla/5.0 (Windows NT 10.0; Win64; x64) AppleWebKit/537.36 (KHTML, like Gecko) Chrome/120.0.0.0 Safari/537.36"
74.248.36.185 - - [04/Aug/2026:10:40:16 +0000] "GET /wp-admin/includes/index.php HTTP/1.1" 404 47 "-" "Mozilla/5.0 (Windows NT 10.0; Win64; x64) AppleWebKit/537.36 (KHTML, like Gecko) Chrome/120.0.0.0 Safari/537.36"
74.248.36.185 - - [04/Aug/2026:10:40:16 +0000] "GET /wp-admin/js/widgets/index.php HTTP/1.1" 404 47 "-" "Mozilla/5.0 (Windows NT 10.0; Win64; x64) AppleWebKit/537.36 (KHTML, like Gecko) Chrome/120.0.0.0 Safari/537.36"
74.248.36.185 - - [04/Aug/2026:10:40:16 +0000] "GET /plugins.php HTTP/1.1" 404 47 "-" "Mozilla/5.0 (Windows NT 10.0; Win64; x64) AppleWebKit/537.36 (KHTML, like Gecko) Chrome/120.0.0.0 Safari/537.36"
74.248.36.185 - - [04/Aug/2026:10:40:16 +0000] "GET /wp-includes/js/index.php HTTP/1.1" 404 47 "-" "Mozilla/5.0 (Windows NT 10.0; Win64; x64) AppleWebKit/537.36 (KHTML, like Gecko) Chrome/120.0.0.0 Safari/537.36"
74.248.36.185 - - [04/Aug/2026:10:40:16 +0000] "GET /go.php HTTP/1.1" 404 47 "-" "Mozilla/5.0 (Windows NT 10.0; Win64; x64) AppleWebKit/537.36 (KHTML, like Gecko) Chrome/120.0.0.0 Safari/537.36"
74.248.36.185 - - [04/Aug/2026:10:40:16 +0000] "GET /test1.php HTTP/1.1" 404 47 "-" "Mozilla/5.0 (Windows NT 10.0; Win64; x64) AppleWebKit/537.36 (KHTML, like Gecko) Chrome/120.0.0.0 Safari/537.36"
74.248.36.185 - - [04/Aug/2026:10:40:17 +0000] "GET /wp-admin/images/ HTTP/1.1" 403 564 "-" "Mozilla/5.0 (Windows NT 10.0; Win64; x64) AppleWebKit/537.36 (KHTML, like Gecko) Chrome/120.0.0.0 Safari/537.36"
74.248.36.185 - - [04/Aug/2026:10:40:17 +0000] "GET /images/index.php HTTP/1.1" 404 47 "-" "Mozilla/5.0 (Windows NT 10.0; Win64; x64) AppleWebKit/537.36 (KHTML, like Gecko) Chrome/120.0.0.0 Safari/537.36"
74.248.36.185 - - [04/Aug/2026:10:40:17 +0000] "GET /wp-includes/rest-api/fields/ HTTP/1.1" 403 564 "-" "Mozilla/5.0 (Windows NT 10.0; Win64; x64) AppleWebKit/537.36 (KHTML, like Gecko) Chrome/120.0.0.0 Safari/537.36"
74.248.36.185 - - [04/Aug/2026:10:40:17 +0000] "GET /asd.php HTTP/1.1" 404 47 "-" "Mozilla/5.0 (Windows NT 10.0; Win64; x64) AppleWebKit/537.36 (KHTML, like Gecko) Chrome/120.0.0.0 Safari/537.36"
74.248.36.185 - - [04/Aug/2026:10:40:17 +0000] "GET /wp-includes/customize/index.php HTTP/1.1" 404 47 "-" "Mozilla/5.0 (Windows NT 10.0; Win64; x64) AppleWebKit/537.36 (KHTML, like Gecko) Chrome/120.0.0.0 Safari/537.36"
74.248.36.185 - - [04/Aug/2026:10:40:17 +0000] "GET /wp-content/plugins/core-plugin/include.php HTTP/1.1" 404 47 "-" "Mozilla/5.0 (Windows NT 10.0; Win64; x64) AppleWebKit/537.36 (KHTML, like Gecko) Chrome/120.0.0.0 Safari/537.36"
74.248.36.185 - - [04/Aug/2026:10:40:17 +0000] "GET /atomlib.php HTTP/1.1" 404 47 "-" "Mozilla/5.0 (Windows NT 10.0; Win64; x64) AppleWebKit/537.36 (KHTML, like Gecko) Chrome/120.0.0.0 Safari/537.36"
74.248.36.185 - - [04/Aug/2026:10:40:17 +0000] "GET /wp-includes/html-api/ HTTP/1.1" 403 564 "-" "Mozilla/5.0 (Windows NT 10.0; Win64; x64) AppleWebKit/537.36 (KHTML, like Gecko) Chrome/120.0.0.0 Safari/537.36"
74.248.36.185 - - [04/Aug/2026:10:40:17 +0000] "GET /wp-admin/js/ HTTP/1.1" 403 564 "-" "Mozilla/5.0 (Windows NT 10.0; Win64; x64) AppleWebKit/537.36 (KHTML, like Gecko) Chrome/120.0.0.0 Safari/537.36"
74.248.36.185 - - [04/Aug/2026:10:40:18 +0000] "GET /wp-includes/IXR/chosen.php HTTP/1.1" 404 47 "-" "Mozilla/5.0 (Windows NT 10.0; Win64; x64) AppleWebKit/537.36 (KHTML, like Gecko) Chrome/120.0.0.0 Safari/537.36"
74.248.36.185 - - [04/Aug/2026:10:40:18 +0000] "GET /wp-admin/css/colors/ectoplasm/ HTTP/1.1" 403 564 "-" "Mozilla/5.0 (Windows NT 10.0; Win64; x64) AppleWebKit/537.36 (KHTML, like Gecko) Chrome/120.0.0.0 Safari/537.36"
74.248.36.185 - - [04/Aug/2026:10:40:18 +0000] "GET /wp-includes/blocks/block/ HTTP/1.1" 403 564 "-" "Mozilla/5.0 (Windows NT 10.0; Win64; x64) AppleWebKit/537.36 (KHTML, like Gecko) Chrome/120.0.0.0 Safari/537.36"
74.248.36.185 - - [04/Aug/2026:10:40:18 +0000] "GET /wp-includes/rest-api/ HTTP/1.1" 403 564 "-" "Mozilla/5.0 (Windows NT 10.0; Win64; x64) AppleWebKit/537.36 (KHTML, like Gecko) Chrome/120.0.0.0 Safari/537.36"
74.248.36.185 - - [04/Aug/2026:10:40:18 +0000] "GET /inputs.php HTTP/1.1" 404 47 "-" "Mozilla/5.0 (Windows NT 10.0; Win64; x64) AppleWebKit/537.36 (KHTML, like Gecko) Chrome/120.0.0.0 Safari/537.36"
74.248.36.185 - - [04/Aug/2026:10:40:18 +0000] "GET /wp-content/index.php HTTP/1.1" 200 31 "-" "Mozilla/5.0 (Windows NT 10.0; Win64; x64) AppleWebKit/537.36 (KHTML, like Gecko) Chrome/120.0.0.0 Safari/537.36"
103.231.7.194 - - [04/Aug/2026:10:40:18 +0000] "GET / HTTP/1.1" 200 19955 "-" "NOC-Monitor/1.0 (+https://github.com/)"
74.248.36.185 - - [04/Aug/2026:10:40:18 +0000] "GET /wp-admin/network/index.php HTTP/1.1" 302 5 "-" "Mozilla/5.0 (Windows NT 10.0; Win64; x64) AppleWebKit/537.36 (KHTML, like Gecko) Chrome/120.0.0.0 Safari/537.36"
74.248.36.185 - - [04/Aug/2026:10:40:18 +0000] "GET /wp-content/1.php HTTP/1.1" 404 47 "-" "Mozilla/5.0 (Windows NT 10.0; Win64; x64) AppleWebKit/537.36 (KHTML, like Gecko) Chrome/120.0.0.0 Safari/537.36"
74.248.36.185 - - [04/Aug/2026:10:40:19 +0000] "GET /plugin.php HTTP/1.1" 404 47 "-" "Mozilla/5.0 (Windows NT 10.0; Win64; x64) AppleWebKit/537.36 (KHTML, like Gecko) Chrome/120.0.0.0 Safari/537.36"
74.248.36.185 - - [04/Aug/2026:10:40:19 +0000] "GET /1.php HTTP/1.1" 404 47 "-" "Mozilla/5.0 (Windows NT 10.0; Win64; x64) AppleWebKit/537.36 (KHTML, like Gecko) Chrome/120.0.0.0 Safari/537.36"
74.248.36.185 - - [04/Aug/2026:10:40:19 +0000] "GET /gg.php HTTP/1.1" 404 47 "-" "Mozilla/5.0 (Windows NT 10.0; Win64; x64) AppleWebKit/537.36 (KHTML, like Gecko) Chrome/120.0.0.0 Safari/537.36"
74.248.36.185 - - [04/Aug/2026:10:40:19 +0000] "GET /wp-includes/images/crystal/ HTTP/1.1" 403 564 "-" "Mozilla/5.0 (Windows NT 10.0; Win64; x64) AppleWebKit/537.36 (KHTML, like Gecko) Chrome/120.0.0.0 Safari/537.36"
103.231.7.194 - - [04/Aug/2026:10:40:19 +0000] "GET / HTTP/1.1" 200 19955 "-" "NOC-Monitor/1.0 (+https://github.com/)"
74.248.36.185 - - [04/Aug/2026:10:40:19 +0000] "GET /wp.php HTTP/1.1" 404 47 "-" "Mozilla/5.0 (Windows NT 10.0; Win64; x64) AppleWebKit/537.36 (KHTML, like Gecko) Chrome/120.0.0.0 Safari/537.36"
74.248.36.185 - - [04/Aug/2026:10:40:19 +0000] "GET /wp-includes/blocks/about.php HTTP/1.1" 404 47 "-" "Mozilla/5.0 (Windows NT 10.0; Win64; x64) AppleWebKit/537.36 (KHTML, like Gecko) Chrome/120.0.0.0 Safari/537.36"
74.248.36.185 - - [04/Aug/2026:10:40:19 +0000] "GET /wp-admin/file.php HTTP/1.1" 404 47 "-" "Mozilla/5.0 (Windows NT 10.0; Win64; x64) AppleWebKit/537.36 (KHTML, like Gecko) Chrome/120.0.0.0 Safari/537.36"
74.248.36.185 - - [04/Aug/2026:10:40:20 +0000] "GET /wp-admin/user/index.php HTTP/1.1" 302 5 "-" "Mozilla/5.0 (Windows NT 10.0; Win64; x64) AppleWebKit/537.36 (KHTML, like Gecko) Chrome/120.0.0.0 Safari/537.36"
74.248.36.185 - - [04/Aug/2026:10:40:20 +0000] "GET /wp-content/plugins/WordPressCore/ HTTP/1.1" 404 13285 "-" "Mozilla/5.0 (Windows NT 10.0; Win64; x64) AppleWebKit/537.36 (KHTML, like Gecko) Chrome/120.0.0.0 Safari/537.36"
74.248.36.185 - - [04/Aug/2026:10:40:20 +0000] "GET /wp-admin/css/colors/blue/admin.php HTTP/1.1" 404 47 "-" "Mozilla/5.0 (Windows NT 10.0; Win64; x64) AppleWebKit/537.36 (KHTML, like Gecko) Chrome/120.0.0.0 Safari/537.36"
74.248.36.185 - - [04/Aug/2026:10:40:20 +0000] "GET /index/function.php HTTP/1.1" 404 47 "-" "Mozilla/5.0 (Windows NT 10.0; Win64; x64) AppleWebKit/537.36 (KHTML, like Gecko) Chrome/120.0.0.0 Safari/537.36"
74.248.36.185 - - [04/Aug/2026:10:40:20 +0000] "GET /wp-includes/PHPMailer/ HTTP/1.1" 403 564 "-" "Mozilla/5.0 (Windows NT 10.0; Win64; x64) AppleWebKit/537.36 (KHTML, like Gecko) Chrome/120.0.0.0 Safari/537.36"
74.248.36.185 - - [04/Aug/2026:10:40:20 +0000] "GET /wp-includes/css/ HTTP/1.1" 403 564 "-" "Mozilla/5.0 (Windows NT 10.0; Win64; x64) AppleWebKit/537.36 (KHTML, like Gecko) Chrome/120.0.0.0 Safari/537.36"
74.248.36.185 - - [04/Aug/2026:10:40:21 +0000] "GET /aaa.php HTTP/1.1" 404 47 "-" "Mozilla/5.0 (Windows NT 10.0; Win64; x64) AppleWebKit/537.36 (KHTML, like Gecko) Chrome/120.0.0.0 Safari/537.36"
74.248.36.185 - - [04/Aug/2026:10:40:21 +0000] "GET /getid3-core.php HTTP/1.1" 404 47 "-" "Mozilla/5.0 (Windows NT 10.0; Win64; x64) AppleWebKit/537.36 (KHTML, like Gecko) Chrome/120.0.0.0 Safari/537.36"
74.248.36.185 - - [04/Aug/2026:10:40:21 +0000] "GET /adminer.php HTTP/1.1" 404 47 "-" "Mozilla/5.0 (Windows NT 10.0; Win64; x64) AppleWebKit/537.36 (KHTML, like Gecko) Chrome/120.0.0.0 Safari/537.36"
74.248.36.185 - - [04/Aug/2026:10:40:21 +0000] "GET /wp-content/uploads/2024/ HTTP/1.1" 404 13285 "-" "Mozilla/5.0 (Windows NT 10.0; Win64; x64) AppleWebKit/537.36 (KHTML, like Gecko) Chrome/120.0.0.0 Safari/537.36"
74.248.36.185 - - [04/Aug/2026:10:40:21 +0000] "GET /alfa.php HTTP/1.1" 404 47 "-" "Mozilla/5.0 (Windows NT 10.0; Win64; x64) AppleWebKit/537.36 (KHTML, like Gecko) Chrome/120.0.0.0 Safari/537.36"
74.248.36.185 - - [04/Aug/2026:10:40:21 +0000] "GET /wp-content/uploads/ HTTP/1.1" 403 564 "-" "Mozilla/5.0 (Windows NT 10.0; Win64; x64) AppleWebKit/537.36 (KHTML, like Gecko) Chrome/120.0.0.0 Safari/537.36"
74.248.36.185 - - [04/Aug/2026:10:40:22 +0000] "GET /wp-content/themes/alera/alpha.php HTTP/1.1" 404 47 "-" "Mozilla/5.0 (Windows NT 10.0; Win64; x64) AppleWebKit/537.36 (KHTML, like Gecko) Chrome/120.0.0.0 Safari/537.36"
74.248.36.185 - - [04/Aug/2026:10:40:22 +0000] "GET /wp-includes/SimplePie/about.php HTTP/1.1" 404 47 "-" "Mozilla/5.0 (Windows NT 10.0; Win64; x64) AppleWebKit/537.36 (KHTML, like Gecko) Chrome/120.0.0.0 Safari/537.36"
74.248.36.185 - - [04/Aug/2026:10:40:22 +0000] "GET /wp-content/plugins/linkpreview/index.php HTTP/1.1" 404 47 "-" "Mozilla/5.0 (Windows NT 10.0; Win64; x64) AppleWebKit/537.36 (KHTML, like Gecko) Chrome/120.0.0.0 Safari/537.36"
74.248.36.185 - - [04/Aug/2026:10:40:22 +0000] "GET /edit.php HTTP/1.1" 404 47 "-" "Mozilla/5.0 (Windows NT 10.0; Win64; x64) AppleWebKit/537.36 (KHTML, like Gecko) Chrome/120.0.0.0 Safari/537.36"
74.248.36.185 - - [04/Aug/2026:10:40:22 +0000] "GET /wp-includes/block-supports/ HTTP/1.1" 403 564 "-" "Mozilla/5.0 (Windows NT 10.0; Win64; x64) AppleWebKit/537.36 (KHTML, like Gecko) Chrome/120.0.0.0 Safari/537.36"
74.248.36.185 - - [04/Aug/2026:10:40:22 +0000] "GET /wp-content/ HTTP/1.1" 200 31 "-" "Mozilla/5.0 (Windows NT 10.0; Win64; x64) AppleWebKit/537.36 (KHTML, like Gecko) Chrome/120.0.0.0 Safari/537.36"
74.248.36.185 - - [04/Aug/2026:10:40:22 +0000] "GET /sf.php HTTP/1.1" 404 47 "-" "Mozilla/5.0 (Windows NT 10.0; Win64; x64) AppleWebKit/537.36 (KHTML, like Gecko) Chrome/120.0.0.0 Safari/537.36"
74.248.36.185 - - [04/Aug/2026:10:40:23 +0000] "GET /wp-admin/js/widgets/ HTTP/1.1" 403 564 "-" "Mozilla/5.0 (Windows NT 10.0; Win64; x64) AppleWebKit/537.36 (KHTML, like Gecko) Chrome/120.0.0.0 Safari/537.36"
74.248.36.185 - - [04/Aug/2026:10:40:23 +0000] "GET /wso.php HTTP/1.1" 404 47 "-" "Mozilla/5.0 (Windows NT 10.0; Win64; x64) AppleWebKit/537.36 (KHTML, like Gecko) Chrome/120.0.0.0 Safari/537.36"
74.248.36.185 - - [04/Aug/2026:10:40:23 +0000] "GET /ioxi-o.php HTTP/1.1" 404 47 "-" "Mozilla/5.0 (Windows NT 10.0; Win64; x64) AppleWebKit/537.36 (KHTML, like Gecko) Chrome/120.0.0.0 Safari/537.36"
74.248.36.185 - - [04/Aug/2026:10:40:24 +0000] "GET /file56.php HTTP/1.1" 404 47 "-" "Mozilla/5.0 (Windows NT 10.0; Win64; x64) AppleWebKit/537.36 (KHTML, like Gecko) Chrome/120.0.0.0 Safari/537.36"
74.248.36.185 - - [04/Aug/2026:10:40:24 +0000] "GET /wp-includes/PHPMailer/admin.php HTTP/1.1" 404 47 "-" "Mozilla/5.0 (Windows NT 10.0; Win64; x64) AppleWebKit/537.36 (KHTML, like Gecko) Chrome/120.0.0.0 Safari/537.36"
74.248.36.185 - - [04/Aug/2026:10:40:24 +0000] "GET /wp-admin/css/index.php HTTP/1.1" 404 47 "-" "Mozilla/5.0 (Windows NT 10.0; Win64; x64) AppleWebKit/537.36 (KHTML, like Gecko) Chrome/120.0.0.0 Safari/537.36"
74.248.36.185 - - [04/Aug/2026:10:40:24 +0000] "GET /wp-content/edit.php HTTP/1.1" 404 47 "-" "Mozilla/5.0 (Windows NT 10.0; Win64; x64) AppleWebKit/537.36 (KHTML, like Gecko) Chrome/120.0.0.0 Safari/537.36"
74.248.36.185 - - [04/Aug/2026:10:40:24 +0000] "GET /2.php HTTP/1.1" 404 47 "-" "Mozilla/5.0 (Windows NT 10.0; Win64; x64) AppleWebKit/537.36 (KHTML, like Gecko) Chrome/120.0.0.0 Safari/537.36"
74.248.36.185 - - [04/Aug/2026:10:40:24 +0000] "GET /wp-content/uploads/admin.php HTTP/1.1" 404 47 "-" "Mozilla/5.0 (Windows NT 10.0; Win64; x64) AppleWebKit/537.36 (KHTML, like Gecko) Chrome/120.0.0.0 Safari/537.36"
74.248.36.185 - - [04/Aug/2026:10:40:24 +0000] "GET /mah.php HTTP/1.1" 404 47 "-" "Mozilla/5.0 (Windows NT 10.0; Win64; x64) AppleWebKit/537.36 (KHTML, like Gecko) Chrome/120.0.0.0 Safari/537.36"
74.248.36.185 - - [04/Aug/2026:10:40:25 +0000] "GET /send.php HTTP/1.1" 404 47 "-" "Mozilla/5.0 (Windows NT 10.0; Win64; x64) AppleWebKit/537.36 (KHTML, like Gecko) Chrome/120.0.0.0 Safari/537.36"
74.248.36.185 - - [04/Aug/2026:10:40:25 +0000] "GET /wp-content/plugins/dummyyummy/wp-signup.php HTTP/1.1" 404 47 "-" "Mozilla/5.0 (Windows NT 10.0; Win64; x64) AppleWebKit/537.36 (KHTML, like Gecko) Chrome/120.0.0.0 Safari/537.36"
74.248.36.185 - - [04/Aug/2026:10:40:25 +0000] "GET /wp-includes/js/crop/ HTTP/1.1" 403 564 "-" "Mozilla/5.0 (Windows NT 10.0; Win64; x64) AppleWebKit/537.36 (KHTML, like Gecko) Chrome/120.0.0.0 Safari/537.36"
74.248.36.185 - - [04/Aug/2026:10:40:25 +0000] "GET /about.php HTTP/1.1" 404 47 "-" "Mozilla/5.0 (Windows NT 10.0; Win64; x64) AppleWebKit/537.36 (KHTML, like Gecko) Chrome/120.0.0.0 Safari/537.36"
74.248.36.185 - - [04/Aug/2026:10:40:25 +0000] "GET /options.php HTTP/1.1" 404 47 "-" "Mozilla/5.0 (Windows NT 10.0; Win64; x64) AppleWebKit/537.36 (KHTML, like Gecko) Chrome/120.0.0.0 Safari/537.36"
74.248.36.185 - - [04/Aug/2026:10:40:25 +0000] "GET /wp-content/themes/index.php HTTP/1.1" 200 31 "-" "Mozilla/5.0 (Windows NT 10.0; Win64; x64) AppleWebKit/537.36 (KHTML, like Gecko) Chrome/120.0.0.0 Safari/537.36"
74.248.36.185 - - [04/Aug/2026:10:40:26 +0000] "GET /wp-file.php HTTP/1.1" 404 47 "-" "Mozilla/5.0 (Windows NT 10.0; Win64; x64) AppleWebKit/537.36 (KHTML, like Gecko) Chrome/120.0.0.0 Safari/537.36"
74.248.36.185 - - [04/Aug/2026:10:40:26 +0000] "GET /sid3.php HTTP/1.1" 404 47 "-" "Mozilla/5.0 (Windows NT 10.0; Win64; x64) AppleWebKit/537.36 (KHTML, like Gecko) Chrome/120.0.0.0 Safari/537.36"
193.142.147.109 - - [04/Aug/2026:10:40:30 +0000] "GET /RDWeb/Pages/ HTTP/1.1" 404 49147 "https://52.4.149.131:443/RDWeb/Pages/" "Mozilla/5.0 (Macintosh; Intel Mac OS X 10_15_7) AppleWebKit/605.1.15 (KHTML, like Gecko) Version/17.6 Safari/605.1.15"
193.142.147.109 - - [04/Aug/2026:10:40:30 +0000] "GET /RDWeb/Pages/ HTTP/1.1" 404 49147 "https://52.4.149.131/RDWeb/Pages/" "Mozilla/5.0 (Macintosh; Intel Mac OS X 10_15_7) AppleWebKit/605.1.15 (KHTML, like Gecko) Version/17.6 Safari/605.1.15"
52.4.149.131 - - [04/Aug/2026:10:43:56 +0000] "POST /wp-cron.php?doing_wp_cron=1785840236.8739359378814697265625 HTTP/1.1" 499 0 "-" "WordPress/7.0.2; https://simplify.earth"
148.113.128.238 - - [04/Aug/2026:10:43:56 +0000] "GET /?sitemap=1 HTTP/2.0" 301 0 "-" "Mozilla/5.0 (compatible; AhrefsBot/7.0; +http://ahrefs.com/robot/)"
148.113.128.238 - - [04/Aug/2026:10:43:57 +0000] "GET / HTTP/2.0" 200 19942 "-" "Mozilla/5.0 (compatible; AhrefsBot/7.0; +http://ahrefs.com/robot/)"
52.4.149.131 - - [04/Aug/2026:10:45:04 +0000] "POST /wp-cron.php?doing_wp_cron=1785840304.9219710826873779296875 HTTP/1.1" 499 0 "-" "WordPress/7.0.2; https://simplify.earth"
103.231.7.194 - - [04/Aug/2026:10:45:04 +0000] "GET / HTTP/1.1" 200 19955 "-" "NOC-Monitor/1.0 (+https://github.com/)"
52.4.149.131 - - [04/Aug/2026:10:45:08 +0000] "POST /wp-cron.php?doing_wp_cron=1785840308.4878869056701660156250 HTTP/1.1" 499 0 "-" "WordPress/7.0.2; https://simplify.earth"
103.231.7.194 - - [04/Aug/2026:10:45:08 +0000] "GET / HTTP/1.1" 200 19955 "-" "NOC-Monitor/1.0 (+https://github.com/)"
103.231.7.194 - - [04/Aug/2026:10:45:10 +0000] "GET / HTTP/1.1" 200 19955 "-" "NOC-Monitor/1.0 (+https://github.com/)"
103.231.7.194 - - [04/Aug/2026:10:45:11 +0000] "GET / HTTP/1.1" 200 19955 "-" "NOC-Monitor/1.0 (+https://github.com/)"
40.77.167.123 - - [04/Aug/2026:10:45:45 +0000] "GET /sitemap_index.xml HTTP/2.0" 200 366 "-" "Mozilla/5.0 AppleWebKit/537.36 (KHTML, like Gecko; compatible; bingbot/2.0; +http://www.bing.com/bingbot.htm) Chrome/116.0.1938.76 Safari/537.36"
52.4.149.131 - - [04/Aug/2026:10:47:28 +0000] "POST /wp-cron.php?doing_wp_cron=1785840448.8854589462280273437500 HTTP/1.1" 499 0 "-" "WordPress/7.0.2; https://simplify.earth"
66.249.66.196 - - [04/Aug/2026:10:47:28 +0000] "GET /comments/feed/ HTTP/1.1" 200 457 "-" "Mozilla/5.0 (Linux; Android 6.0.1; Nexus 5X Build/MMB29P) AppleWebKit/537.36 (KHTML, like Gecko) Chrome/150.0.7871.186 Mobile Safari/537.36 (compatible; Googlebot/2.1; +http://www.google.com/bot.html)"
66.249.66.198 - - [04/Aug/2026:10:47:29 +0000] "GET /app-ads.txt HTTP/1.1" 404 162 "-" "Google-adstxt"
43.128.149.102 - - [04/Aug/2026:10:48:04 +0000] "GET / HTTP/1.1" 200 19955 "http://earthpayments.com" "Mozilla/5.0 (iPhone; CPU iPhone OS 13_2_3 like Mac OS X) AppleWebKit/605.1.15 (KHTML, like Gecko) Version/13.0.3 Mobile/15E148 Safari/604.1"
52.4.149.131 - - [04/Aug/2026:10:50:03 +0000] "POST /wp-cron.php?doing_wp_cron=1785840603.6180300712585449218750 HTTP/1.1" 499 0 "-" "WordPress/7.0.2; https://simplify.earth"
103.231.7.194 - - [04/Aug/2026:10:50:03 +0000] "GET / HTTP/1.1" 200 19955 "-" "NOC-Monitor/1.0 (+https://github.com/)"
103.231.7.194 - - [04/Aug/2026:10:50:04 +0000] "GET / HTTP/1.1" 200 19955 "-" "NOC-Monitor/1.0 (+https://github.com/)"
52.4.149.131 - - [04/Aug/2026:10:50:08 +0000] "POST /wp-cron.php?doing_wp_cron=1785840608.8548719882965087890625 HTTP/1.1" 499 0 "-" "WordPress/7.0.2; https://simplify.earth"
103.231.7.194 - - [04/Aug/2026:10:50:08 +0000] "GET / HTTP/1.1" 200 19955 "-" "NOC-Monitor/1.0 (+https://github.com/)"
103.231.7.194 - - [04/Aug/2026:10:50:09 +0000] "GET / HTTP/1.1" 200 19955 "-" "NOC-Monitor/1.0 (+https://github.com/)"
66.249.66.196 - - [04/Aug/2026:10:50:22 +0000] "GET /wp-content/themes/hello-elementor/theme.min.css?ver=3.3.0 HTTP/1.1" 200 1442 "https://simplify.earth/" "Mozilla/5.0 (Linux; Android 6.0.1; Nexus 5X Build/MMB29P) AppleWebKit/537.36 (KHTML, like Gecko) Chrome/150.0.7871.186 Mobile Safari/537.36 (compatible; Googlebot/2.1; +http://www.google.com/bot.html)"
52.4.149.131 - - [04/Aug/2026:10:51:08 +0000] "POST /wp-cron.php?doing_wp_cron=1785840668.6474149227142333984375 HTTP/1.1" 499 0 "-" "WordPress/7.0.2; https://simplify.earth"
148.113.130.166 - - [04/Aug/2026:10:51:08 +0000] "GET /mr-punter-casino-promotionen-mit-fokus-auf-bonusvielfalt-und-fairness/feed/ HTTP/2.0" 200 485 "-" "Mozilla/5.0 (compatible; AhrefsBot/7.0; +http://ahrefs.com/robot/)"
66.249.66.196 - - [04/Aug/2026:10:51:57 +0000] "GET /wp-content/themes/hello-elementor/theme.min.css?ver=3.3.0 HTTP/1.1" 200 1442 "https://simplify.earth/" "Mozilla/5.0 (Linux; Android 6.0.1; Nexus 5X Build/MMB29P) AppleWebKit/537.36 (KHTML, like Gecko) Chrome/150.0.7871.186 Mobile Safari/537.36 (compatible; Googlebot/2.1; +http://www.google.com/bot.html)"
66.249.66.196 - - [04/Aug/2026:10:51:58 +0000] "GET /wp-includes/js/jquery/jquery-migrate.min.js?ver=3.4.1 HTTP/1.1" 200 5355 "https://simplify.earth/" "Mozilla/5.0 (Linux; Android 6.0.1; Nexus 5X Build/MMB29P) AppleWebKit/537.36 (KHTML, like Gecko) Chrome/150.0.7871.186 Mobile Safari/537.36 (compatible; Googlebot/2.1; +http://www.google.com/bot.html)"
52.4.149.131 - - [04/Aug/2026:10:54:49 +0000] "POST /wp-cron.php?doing_wp_cron=1785840889.8163170814514160156250 HTTP/1.1" 499 0 "-" "WordPress/7.0.2; https://simplify.earth"
66.249.66.197 - - [04/Aug/2026:10:54:49 +0000] "GET / HTTP/1.1" 200 19955 "-" "Mozilla/5.0 (Linux; Android 6.0.1; Nexus 5X Build/MMB29P) AppleWebKit/537.36 (KHTML, like Gecko) Chrome/99.0.4844.84 Mobile Safari/537.36 (compatible; Googlebot/2.1; +http://www.google.com/bot.html)"
