File: /var/log/nginx/simplipay.earth_access.log
52.4.149.131 - - [05/Aug/2026:00:05:04 +0000] "POST /wp-cron.php?doing_wp_cron=1785888304.4821019172668457031250 HTTP/1.1" 499 0 "-" "WordPress/7.0; https://simplipay.earth"
103.231.7.194 - - [05/Aug/2026:00:05:04 +0000] "GET / HTTP/1.1" 200 27984 "-" "NOC-Monitor/1.0 (+https://github.com/)"
52.4.149.131 - - [05/Aug/2026:00:10:02 +0000] "POST /wp-cron.php?doing_wp_cron=1785888602.4636249542236328125000 HTTP/1.1" 499 0 "-" "WordPress/7.0; https://simplipay.earth"
103.231.7.194 - - [05/Aug/2026:00:10:02 +0000] "GET / HTTP/1.1" 200 27984 "-" "NOC-Monitor/1.0 (+https://github.com/)"
52.4.149.131 - - [05/Aug/2026:00:15:05 +0000] "POST /wp-cron.php?doing_wp_cron=1785888905.1492691040039062500000 HTTP/1.1" 499 0 "-" "WordPress/7.0; https://simplipay.earth"
103.231.7.194 - - [05/Aug/2026:00:15:05 +0000] "GET / HTTP/1.1" 200 27984 "-" "NOC-Monitor/1.0 (+https://github.com/)"
52.4.149.131 - - [05/Aug/2026:00:20:02 +0000] "POST /wp-cron.php?doing_wp_cron=1785889202.7489850521087646484375 HTTP/1.1" 499 0 "-" "WordPress/7.0; https://simplipay.earth"
103.231.7.194 - - [05/Aug/2026:00:20:02 +0000] "GET / HTTP/1.1" 200 27984 "-" "NOC-Monitor/1.0 (+https://github.com/)"
52.4.149.131 - - [05/Aug/2026:00:25:04 +0000] "POST /wp-cron.php?doing_wp_cron=1785889504.6822459697723388671875 HTTP/1.1" 499 0 "-" "WordPress/7.0; https://simplipay.earth"
103.231.7.194 - - [05/Aug/2026:00:25:04 +0000] "GET / HTTP/1.1" 200 27984 "-" "NOC-Monitor/1.0 (+https://github.com/)"
52.4.149.131 - - [05/Aug/2026:00:29:27 +0000] "POST /wp-cron.php?doing_wp_cron=1785889767.2893030643463134765625 HTTP/1.1" 499 0 "-" "WordPress/7.0; https://simplipay.earth"
85.208.96.204 - - [05/Aug/2026:00:29:27 +0000] "GET / HTTP/1.1" 200 27984 "-" "Mozilla/5.0 (compatible; SemrushBot/7~bl; +http://www.semrush.com/bot.html)"
52.4.149.131 - - [05/Aug/2026:00:30:02 +0000] "POST /wp-cron.php?doing_wp_cron=1785889802.9654040336608886718750 HTTP/1.1" 499 0 "-" "WordPress/7.0; https://simplipay.earth"
103.231.7.194 - - [05/Aug/2026:00:30:02 +0000] "GET / HTTP/1.1" 200 27984 "-" "NOC-Monitor/1.0 (+https://github.com/)"
52.4.149.131 - - [05/Aug/2026:00:35:04 +0000] "POST /wp-cron.php?doing_wp_cron=1785890104.7939701080322265625000 HTTP/1.1" 499 0 "-" "WordPress/7.0; https://simplipay.earth"
103.231.7.194 - - [05/Aug/2026:00:35:04 +0000] "GET / HTTP/1.1" 200 27984 "-" "NOC-Monitor/1.0 (+https://github.com/)"
52.4.149.131 - - [05/Aug/2026:00:40:02 +0000] "POST /wp-cron.php?doing_wp_cron=1785890402.4443271160125732421875 HTTP/1.1" 499 0 "-" "WordPress/7.0; https://simplipay.earth"
103.231.7.194 - - [05/Aug/2026:00:40:02 +0000] "GET / HTTP/1.1" 200 27984 "-" "NOC-Monitor/1.0 (+https://github.com/)"
52.4.149.131 - - [05/Aug/2026:00:45:05 +0000] "POST /wp-cron.php?doing_wp_cron=1785890705.0505990982055664062500 HTTP/1.1" 499 0 "-" "WordPress/7.0; https://simplipay.earth"
103.231.7.194 - - [05/Aug/2026:00:45:05 +0000] "GET / HTTP/1.1" 200 27984 "-" "NOC-Monitor/1.0 (+https://github.com/)"
52.4.149.131 - - [05/Aug/2026:00:50:02 +0000] "POST /wp-cron.php?doing_wp_cron=1785891002.6124680042266845703125 HTTP/1.1" 499 0 "-" "WordPress/7.0; https://simplipay.earth"
103.231.7.194 - - [05/Aug/2026:00:50:02 +0000] "GET / HTTP/1.1" 200 27984 "-" "NOC-Monitor/1.0 (+https://github.com/)"
52.4.149.131 - - [05/Aug/2026:00:55:05 +0000] "POST /wp-cron.php?doing_wp_cron=1785891305.1844170093536376953125 HTTP/1.1" 499 0 "-" "WordPress/7.0; https://simplipay.earth"
103.231.7.194 - - [05/Aug/2026:00:55:05 +0000] "GET / HTTP/1.1" 200 27984 "-" "NOC-Monitor/1.0 (+https://github.com/)"
52.4.149.131 - - [05/Aug/2026:01:00:02 +0000] "POST /wp-cron.php?doing_wp_cron=1785891602.6049330234527587890625 HTTP/1.1" 499 0 "-" "WordPress/7.0; https://simplipay.earth"
103.231.7.194 - - [05/Aug/2026:01:00:02 +0000] "GET / HTTP/1.1" 200 27984 "-" "NOC-Monitor/1.0 (+https://github.com/)"
52.4.149.131 - - [05/Aug/2026:01:03:02 +0000] "POST /wp-cron.php?doing_wp_cron=1785891781.9836900234222412109375 HTTP/1.1" 499 0 "-" "WordPress/7.0; https://simplipay.earth"
85.208.96.202 - - [05/Aug/2026:01:03:02 +0000] "GET /2025/09/20/grab-the-latest-madslots-casino-free-spins-and-special-bonus-codes/ HTTP/1.1" 200 22083 "-" "Mozilla/5.0 (compatible; SemrushBot/7~bl; +http://www.semrush.com/bot.html)"
52.4.149.131 - - [05/Aug/2026:01:05:05 +0000] "POST /wp-cron.php?doing_wp_cron=1785891905.0299220085144042968750 HTTP/1.1" 499 0 "-" "WordPress/7.0; https://simplipay.earth"
103.231.7.194 - - [05/Aug/2026:01:05:05 +0000] "GET / HTTP/1.1" 200 27984 "-" "NOC-Monitor/1.0 (+https://github.com/)"
52.4.149.131 - - [05/Aug/2026:01:10:02 +0000] "POST /wp-cron.php?doing_wp_cron=1785892202.7898769378662109375000 HTTP/1.1" 499 0 "-" "WordPress/7.0; https://simplipay.earth"
103.231.7.194 - - [05/Aug/2026:01:10:02 +0000] "GET / HTTP/1.1" 200 27984 "-" "NOC-Monitor/1.0 (+https://github.com/)"
52.4.149.131 - - [05/Aug/2026:01:15:06 +0000] "POST /wp-cron.php?doing_wp_cron=1785892506.7010970115661621093750 HTTP/1.1" 499 0 "-" "WordPress/7.0; https://simplipay.earth"
103.231.7.194 - - [05/Aug/2026:01:15:06 +0000] "GET / HTTP/1.1" 200 27984 "-" "NOC-Monitor/1.0 (+https://github.com/)"
52.4.149.131 - - [05/Aug/2026:01:20:02 +0000] "POST /wp-cron.php?doing_wp_cron=1785892802.2894740104675292968750 HTTP/1.1" 499 0 "-" "WordPress/7.0; https://simplipay.earth"
103.231.7.194 - - [05/Aug/2026:01:20:02 +0000] "GET / HTTP/1.1" 200 27984 "-" "NOC-Monitor/1.0 (+https://github.com/)"
52.4.149.131 - - [05/Aug/2026:01:23:43 +0000] "POST /wp-cron.php?doing_wp_cron=1785893023.2144010066986083984375 HTTP/1.1" 499 0 "-" "WordPress/7.0; https://simplipay.earth"
43.135.133.241 - - [05/Aug/2026:01:23:43 +0000] "GET / HTTP/1.1" 301 5 "http://www.simplipay.earth" "Mozilla/5.0 (iPhone; CPU iPhone OS 13_2_3 like Mac OS X) AppleWebKit/605.1.15 (KHTML, like Gecko) Version/13.0.3 Mobile/15E148 Safari/604.1"
43.135.133.241 - - [05/Aug/2026:01:23:44 +0000] "GET / HTTP/1.1" 200 27984 "https://www.simplipay.earth/" "Mozilla/5.0 (iPhone; CPU iPhone OS 13_2_3 like Mac OS X) AppleWebKit/605.1.15 (KHTML, like Gecko) Version/13.0.3 Mobile/15E148 Safari/604.1"
52.4.149.131 - - [05/Aug/2026:01:25:04 +0000] "POST /wp-cron.php?doing_wp_cron=1785893104.5625870227813720703125 HTTP/1.1" 499 0 "-" "WordPress/7.0; https://simplipay.earth"
103.231.7.194 - - [05/Aug/2026:01:25:04 +0000] "GET / HTTP/1.1" 200 27984 "-" "NOC-Monitor/1.0 (+https://github.com/)"
52.4.149.131 - - [05/Aug/2026:01:30:02 +0000] "POST /wp-cron.php?doing_wp_cron=1785893402.9542150497436523437500 HTTP/1.1" 499 0 "-" "WordPress/7.0; https://simplipay.earth"
103.231.7.194 - - [05/Aug/2026:01:30:02 +0000] "GET / HTTP/1.1" 200 27984 "-" "NOC-Monitor/1.0 (+https://github.com/)"
52.4.149.131 - - [05/Aug/2026:01:35:05 +0000] "POST /wp-cron.php?doing_wp_cron=1785893705.4826140403747558593750 HTTP/1.1" 499 0 "-" "WordPress/7.0; https://simplipay.earth"
103.231.7.194 - - [05/Aug/2026:01:35:05 +0000] "GET / HTTP/1.1" 200 27984 "-" "NOC-Monitor/1.0 (+https://github.com/)"
52.4.149.131 - - [05/Aug/2026:01:40:02 +0000] "POST /wp-cron.php?doing_wp_cron=1785894002.5083789825439453125000 HTTP/1.1" 499 0 "-" "WordPress/7.0; https://simplipay.earth"
103.231.7.194 - - [05/Aug/2026:01:40:02 +0000] "GET / HTTP/1.1" 200 27984 "-" "NOC-Monitor/1.0 (+https://github.com/)"
52.4.149.131 - - [05/Aug/2026:01:45:04 +0000] "POST /wp-cron.php?doing_wp_cron=1785894304.5266330242156982421875 HTTP/1.1" 499 0 "-" "WordPress/7.0; https://simplipay.earth"
103.231.7.194 - - [05/Aug/2026:01:45:04 +0000] "GET / HTTP/1.1" 200 27984 "-" "NOC-Monitor/1.0 (+https://github.com/)"
52.4.149.131 - - [05/Aug/2026:01:50:02 +0000] "POST /wp-cron.php?doing_wp_cron=1785894602.8919689655303955078125 HTTP/1.1" 499 0 "-" "WordPress/7.0; https://simplipay.earth"
103.231.7.194 - - [05/Aug/2026:01:50:02 +0000] "GET / HTTP/1.1" 200 27984 "-" "NOC-Monitor/1.0 (+https://github.com/)"
52.4.149.131 - - [05/Aug/2026:01:52:51 +0000] "POST /wp-cron.php?doing_wp_cron=1785894771.0171649456024169921875 HTTP/1.1" 499 0 "-" "WordPress/7.0; https://simplipay.earth"
74.125.150.38 - - [05/Aug/2026:01:52:51 +0000] "GET /privacy-policy/ HTTP/1.1" 200 26944 "-" "PlayStore-Google"
74.125.150.32 - - [05/Aug/2026:01:52:51 +0000] "GET /privacy-policy/ HTTP/1.1" 200 26944 "-" "PlayStore-Google"
74.125.150.38 - - [05/Aug/2026:01:52:51 +0000] "GET /wp-content/plugins/sina-extension-for-elementor/assets/css/sina-header-footer.min.css?ver=3.8.2 HTTP/1.1" 200 1603 "https://simplipay.earth/privacy-policy/" "PlayStore-Google"
74.125.150.38 - - [05/Aug/2026:01:52:51 +0000] "GET /wp-content/plugins/elementor/assets/css/frontend.min.css?ver=4.0.8 HTTP/1.1" 200 9069 "https://simplipay.earth/privacy-policy/" "PlayStore-Google"
74.125.150.38 - - [05/Aug/2026:01:52:52 +0000] "GET /wp-content/themes/twentytwentyfive/style.css?ver=1.0 HTTP/1.1" 200 1210 "https://simplipay.earth/privacy-policy/" "PlayStore-Google"
74.125.150.32 - - [05/Aug/2026:01:52:52 +0000] "GET /wp-content/plugins/elementor/assets/css/widget-social-icons.min.css?ver=4.0.8 HTTP/1.1" 200 1214 "https://simplipay.earth/privacy-policy/" "PlayStore-Google"
74.125.150.39 - - [05/Aug/2026:01:52:52 +0000] "GET /wp-content/plugins/elementskit-lite/widgets/init/assets/css/widget-styles.css?ver=3.7.9 HTTP/1.1" 200 70827 "https://simplipay.earth/privacy-policy/" "PlayStore-Google"
74.125.150.32 - - [05/Aug/2026:01:52:52 +0000] "GET /wp-content/uploads/elementor/css/post-12.css?ver=1785769416 HTTP/1.1" 200 2043 "https://simplipay.earth/privacy-policy/" "PlayStore-Google"
74.125.150.39 - - [05/Aug/2026:01:52:52 +0000] "GET /wp-content/uploads/elementor/css/post-2196.css?ver=1785773963 HTTP/1.1" 200 915 "https://simplipay.earth/privacy-policy/" "PlayStore-Google"
74.125.150.39 - - [05/Aug/2026:01:52:52 +0000] "GET /wp-content/plugins/elementor/assets/css/widget-heading.min.css?ver=4.0.8 HTTP/1.1" 200 560 "https://simplipay.earth/privacy-policy/" "PlayStore-Google"
74.125.150.38 - - [05/Aug/2026:01:52:52 +0000] "GET /wp-content/plugins/elementor/assets/js/webpack.runtime.min.js?ver=4.0.8 HTTP/1.1" 200 2605 "https://simplipay.earth/privacy-policy/" "PlayStore-Google"
74.125.150.39 - - [05/Aug/2026:01:52:52 +0000] "GET /wp-includes/js/jquery/jquery.min.js?ver=3.7.1 HTTP/1.1" 200 35451 "https://simplipay.earth/privacy-policy/" "PlayStore-Google"
74.125.150.32 - - [05/Aug/2026:01:52:52 +0000] "GET /wp-content/plugins/elementor-pro/assets/css/widget-nav-menu.min.css?ver=3.25.5 HTTP/1.1" 200 4091 "https://simplipay.earth/privacy-policy/" "PlayStore-Google"
74.125.150.38 - - [05/Aug/2026:01:52:52 +0000] "GET /wp-content/uploads/elementor/css/post-80.css?ver=1785769416 HTTP/1.1" 200 1389 "https://simplipay.earth/privacy-policy/" "PlayStore-Google"
74.125.150.38 - - [05/Aug/2026:01:52:52 +0000] "GET /wp-content/plugins/elementor-pro/assets/lib/smartmenus/jquery.smartmenus.min.js?ver=1.2.1 HTTP/1.1" 200 8398 "https://simplipay.earth/privacy-policy/" "PlayStore-Google"
74.125.150.38 - - [05/Aug/2026:01:52:53 +0000] "GET /wp-content/uploads/elementor/css/post-89.css?ver=1785769416 HTTP/1.1" 200 1098 "https://simplipay.earth/privacy-policy/" "PlayStore-Google"
74.125.150.39 - - [05/Aug/2026:01:52:53 +0000] "GET /wp-content/plugins/elementskit-lite/widgets/init/assets/js/widget-scripts.js?ver=3.7.9 HTTP/1.1" 200 49941 "https://simplipay.earth/privacy-policy/" "PlayStore-Google"
74.125.150.39 - - [05/Aug/2026:01:52:53 +0000] "GET /wp-includes/js/dist/hooks.min.js?ver=7496969728ca0f95732d HTTP/1.1" 200 1909 "https://simplipay.earth/privacy-policy/" "PlayStore-Google"
74.125.150.39 - - [05/Aug/2026:01:52:53 +0000] "GET /wp-content/plugins/elementskit-lite/libs/framework/assets/js/frontend-script.js?ver=3.7.9 HTTP/1.1" 200 40 "https://simplipay.earth/privacy-policy/" "PlayStore-Google"
74.125.150.38 - - [05/Aug/2026:01:52:53 +0000] "GET /wp-content/plugins/elementor-pro/assets/js/elements-handlers.min.js?ver=3.25.5 HTTP/1.1" 200 12105 "https://simplipay.earth/privacy-policy/" "PlayStore-Google"
74.125.150.38 - - [05/Aug/2026:01:52:53 +0000] "GET /wp-content/plugins/elementskit-lite/widgets/init/assets/css/responsive.css?ver=3.7.9 HTTP/1.1" 200 4076 "https://simplipay.earth/privacy-policy/" "PlayStore-Google"
74.125.150.38 - - [05/Aug/2026:01:52:53 +0000] "GET /wp-content/plugins/elementor/assets/lib/animations/styles/fadeInUp.min.css?ver=4.0.8 HTTP/1.1" 200 130 "https://simplipay.earth/privacy-policy/" "PlayStore-Google"
74.125.150.39 - - [05/Aug/2026:01:52:53 +0000] "GET /wp-includes/js/jquery/ui/core.min.js?ver=1.13.3 HTTP/1.1" 200 7954 "https://simplipay.earth/privacy-policy/" "PlayStore-Google"
74.125.150.39 - - [05/Aug/2026:01:52:53 +0000] "GET /wp-includes/js/jquery/jquery-migrate.min.js?ver=3.4.1 HTTP/1.1" 200 5355 "https://simplipay.earth/privacy-policy/" "PlayStore-Google"
74.125.150.39 - - [05/Aug/2026:01:52:53 +0000] "GET /wp-content/plugins/elementskit-lite/widgets/init/assets/js/elementor.js?ver=3.7.9 HTTP/1.1" 200 6869 "https://simplipay.earth/privacy-policy/" "PlayStore-Google"
74.125.150.38 - - [05/Aug/2026:01:52:54 +0000] "GET /wp-content/plugins/elementor/assets/css/widget-image.min.css?ver=4.0.8 HTTP/1.1" 200 214 "https://simplipay.earth/privacy-policy/" "PlayStore-Google"
74.125.150.39 - - [05/Aug/2026:01:52:54 +0000] "GET /wp-content/plugins/elementor/assets/css/conditionals/apple-webkit.min.css?ver=4.0.8 HTTP/1.1" 200 686 "https://simplipay.earth/privacy-policy/" "PlayStore-Google"
74.125.150.38 - - [05/Aug/2026:01:52:54 +0000] "GET /wp-content/plugins/elementor-pro/assets/css/conditionals/popup.min.css?ver=3.25.5 HTTP/1.1" 200 995 "https://simplipay.earth/privacy-policy/" "PlayStore-Google"
74.125.150.39 - - [05/Aug/2026:01:52:54 +0000] "GET /wp-content/plugins/elementor-pro/assets/js/webpack-pro.runtime.min.js?ver=3.25.5 HTTP/1.1" 200 2960 "https://simplipay.earth/privacy-policy/" "PlayStore-Google"
74.125.150.39 - - [05/Aug/2026:01:52:54 +0000] "GET /wp-includes/js/dist/i18n.min.js?ver=781d11515ad3d91786ec HTTP/1.1" 200 2574 "https://simplipay.earth/privacy-policy/" "PlayStore-Google"
74.125.150.38 - - [05/Aug/2026:01:52:54 +0000] "GET /wp-content/plugins/elementskit-lite/modules/elementskit-icon-pack/assets/css/ekiticons.css?ver=3.7.9 HTTP/1.1" 200 11840 "https://simplipay.earth/privacy-policy/" "PlayStore-Google"
74.125.150.38 - - [05/Aug/2026:01:52:54 +0000] "GET /wp-content/plugins/elementor/assets/js/frontend.min.js?ver=4.0.8 HTTP/1.1" 200 11879 "https://simplipay.earth/privacy-policy/" "PlayStore-Google"
74.125.150.38 - - [05/Aug/2026:01:52:54 +0000] "GET /wp-content/plugins/elementor-pro/assets/js/frontend.min.js?ver=3.25.5 HTTP/1.1" 200 7762 "https://simplipay.earth/privacy-policy/" "PlayStore-Google"
74.125.150.38 - - [05/Aug/2026:01:52:54 +0000] "GET /wp-content/plugins/elementskit-lite/widgets/init/assets/js/animate-circle.min.js?ver=3.7.9 HTTP/1.1" 200 681 "https://simplipay.earth/privacy-policy/" "PlayStore-Google"
74.125.150.39 - - [05/Aug/2026:01:52:55 +0000] "GET /wp-content/plugins/elementor/assets/js/frontend-modules.min.js?ver=4.0.8 HTTP/1.1" 200 18685 "https://simplipay.earth/privacy-policy/" "PlayStore-Google"
74.125.150.38 - - [05/Aug/2026:01:52:55 +0000] "GET /wp-includes/js/dist/script-modules/block-library/navigation/view.min.js?ver=96a846e1d7b789c39ab9 HTTP/1.1" 200 1194 "https://simplipay.earth/privacy-policy/" "PlayStore-Google"
74.125.150.39 - - [05/Aug/2026:01:52:55 +0000] "GET /wp-includes/js/dist/script-modules/interactivity/index.min.js?ver=efaa5193bbad9c60ffd1 HTTP/1.1" 200 17090 "https://simplipay.earth/privacy-policy/" "PlayStore-Google"
74.125.150.38 - - [05/Aug/2026:01:52:55 +0000] "GET /wp-content/uploads/2025/09/bg_img.png HTTP/1.1" 200 3504 "https://simplipay.earth/wp-content/uploads/elementor/css/post-2196.css?ver=1785773963" "PlayStore-Google"
74.125.150.38 - - [05/Aug/2026:01:52:55 +0000] "GET /wp-content/plugins/elementor/assets/js/shared-frontend-handlers.03caa53373b56d3bab67.bundle.min.js HTTP/1.1" 200 2942 "https://simplipay.earth/privacy-policy/" "PlayStore-Google"
74.125.150.39 - - [05/Aug/2026:01:52:55 +0000] "GET /wp-content/plugins/elementor/assets/js/text-editor.45609661e409413f1cef.bundle.min.js HTTP/1.1" 200 679 "https://simplipay.earth/privacy-policy/" "PlayStore-Google"
52.4.149.131 - - [05/Aug/2026:01:55:05 +0000] "POST /wp-cron.php?doing_wp_cron=1785894905.8849360942840576171875 HTTP/1.1" 499 0 "-" "WordPress/7.0; https://simplipay.earth"
103.231.7.194 - - [05/Aug/2026:01:55:05 +0000] "GET / HTTP/1.1" 200 27984 "-" "NOC-Monitor/1.0 (+https://github.com/)"
156.245.246.154 - - [05/Aug/2026:01:55:15 +0000] "GET /index.php?rest_route=/wp/v2/posts&per_page=100&_fields=id%2Ccomment_status&page=1 HTTP/1.1" 200 400 "https://simplipay.earth" "Mozilla/5.0 (iPhone; CPU iPhone OS 18_3_2 like Mac OS X) AppleWebKit/605.1.15 (KHTML, like Gecko) Version/18.3.1 Mobile/15E148 Safari/604.1"
156.245.246.154 - - [05/Aug/2026:01:55:19 +0000] "POST /wp-comments-post.php HTTP/1.1" 302 5 "https://simplipay.earth" "Mozilla/5.0 (iPhone; CPU iPhone OS 18_3_2 like Mac OS X) AppleWebKit/605.1.15 (KHTML, like Gecko) Version/18.3.1 Mobile/15E148 Safari/604.1"
52.4.149.131 - - [05/Aug/2026:02:00:02 +0000] "POST /wp-cron.php?doing_wp_cron=1785895202.5305619239807128906250 HTTP/1.1" 499 0 "-" "WordPress/7.0; https://simplipay.earth"
103.231.7.194 - - [05/Aug/2026:02:00:02 +0000] "GET / HTTP/1.1" 200 27984 "-" "NOC-Monitor/1.0 (+https://github.com/)"
52.4.149.131 - - [05/Aug/2026:02:05:05 +0000] "POST /wp-cron.php?doing_wp_cron=1785895505.3170750141143798828125 HTTP/1.1" 499 0 "-" "WordPress/7.0; https://simplipay.earth"
103.231.7.194 - - [05/Aug/2026:02:05:05 +0000] "GET / HTTP/1.1" 200 27984 "-" "NOC-Monitor/1.0 (+https://github.com/)"
52.4.149.131 - - [05/Aug/2026:02:10:02 +0000] "POST /wp-cron.php?doing_wp_cron=1785895802.3411529064178466796875 HTTP/1.1" 499 0 "-" "WordPress/7.0; https://simplipay.earth"
103.231.7.194 - - [05/Aug/2026:02:10:02 +0000] "GET / HTTP/1.1" 200 27984 "-" "NOC-Monitor/1.0 (+https://github.com/)"
52.4.149.131 - - [05/Aug/2026:02:10:56 +0000] "POST /wp-cron.php?doing_wp_cron=1785895856.4601840972900390625000 HTTP/1.1" 499 0 "-" "WordPress/7.0; https://simplipay.earth"
51.68.236.68 - - [05/Aug/2026:02:10:56 +0000] "GET / HTTP/1.1" 200 27984 "-" "Mozilla/5.0 (compatible; MJ12bot/v2.0.5; http://mj12bot.com/)"
52.4.149.131 - - [05/Aug/2026:02:15:05 +0000] "POST /wp-cron.php?doing_wp_cron=1785896105.6243460178375244140625 HTTP/1.1" 499 0 "-" "WordPress/7.0; https://simplipay.earth"
103.231.7.194 - - [05/Aug/2026:02:15:05 +0000] "GET / HTTP/1.1" 200 27984 "-" "NOC-Monitor/1.0 (+https://github.com/)"
103.231.7.194 - - [05/Aug/2026:02:20:02 +0000] "GET / HTTP/1.1" 200 27984 "-" "NOC-Monitor/1.0 (+https://github.com/)"
52.4.149.131 - - [05/Aug/2026:02:20:03 +0000] "POST /wp-cron.php?doing_wp_cron=1785896403.4645619392395019531250 HTTP/1.1" 499 0 "-" "WordPress/7.0; https://simplipay.earth"
52.4.149.131 - - [05/Aug/2026:02:25:13 +0000] "POST /wp-cron.php?doing_wp_cron=1785896713.6778581142425537109375 HTTP/1.1" 499 0 "-" "WordPress/7.0; https://simplipay.earth"
103.231.7.194 - - [05/Aug/2026:02:25:13 +0000] "GET / HTTP/1.1" 200 27984 "-" "NOC-Monitor/1.0 (+https://github.com/)"
52.4.149.131 - - [05/Aug/2026:02:30:05 +0000] "POST /wp-cron.php?doing_wp_cron=1785897005.3616859912872314453125 HTTP/1.1" 499 0 "-" "WordPress/7.0; https://simplipay.earth"
103.231.7.194 - - [05/Aug/2026:02:30:05 +0000] "GET / HTTP/1.1" 200 27984 "-" "NOC-Monitor/1.0 (+https://github.com/)"
52.4.149.131 - - [05/Aug/2026:02:35:11 +0000] "POST /wp-cron.php?doing_wp_cron=1785897311.7641921043395996093750 HTTP/1.1" 499 0 "-" "WordPress/7.0; https://simplipay.earth"
103.231.7.194 - - [05/Aug/2026:02:35:11 +0000] "GET / HTTP/1.1" 200 27984 "-" "NOC-Monitor/1.0 (+https://github.com/)"
52.4.149.131 - - [05/Aug/2026:02:40:06 +0000] "POST /wp-cron.php?doing_wp_cron=1785897606.9423849582672119140625 HTTP/1.1" 499 0 "-" "WordPress/7.0; https://simplipay.earth"
103.231.7.194 - - [05/Aug/2026:02:40:06 +0000] "GET / HTTP/1.1" 200 27984 "-" "NOC-Monitor/1.0 (+https://github.com/)"
52.4.149.131 - - [05/Aug/2026:02:45:14 +0000] "POST /wp-cron.php?doing_wp_cron=1785897914.0750069618225097656250 HTTP/1.1" 499 0 "-" "WordPress/7.0; https://simplipay.earth"
103.231.7.194 - - [05/Aug/2026:02:45:14 +0000] "GET / HTTP/1.1" 200 27984 "-" "NOC-Monitor/1.0 (+https://github.com/)"
52.4.149.131 - - [05/Aug/2026:02:50:02 +0000] "POST /wp-cron.php?doing_wp_cron=1785898202.9435620307922363281250 HTTP/1.1" 499 0 "-" "WordPress/7.0; https://simplipay.earth"
103.231.7.194 - - [05/Aug/2026:02:50:02 +0000] "GET / HTTP/1.1" 200 27984 "-" "NOC-Monitor/1.0 (+https://github.com/)"
163.7.12.51 - - [05/Aug/2026:02:50:27 +0000] "GET / HTTP/1.1" 200 151895 "-" "Mozilla/5.0 (Windows NT 10.0; Win64; x64) AppleWebKit/537.36 (KHTML, like Gecko) Chrome/126.0.0.0 Safari/537.36"
163.7.12.51 - - [05/Aug/2026:02:50:28 +0000] "GET /wp-json/batch/v1 HTTP/1.1" 404 125 "-" "Mozilla/5.0 (Windows NT 10.0; Win64; x64) AppleWebKit/537.36 (KHTML, like Gecko) Chrome/126.0.0.0 Safari/537.36"
163.7.12.51 - - [05/Aug/2026:02:50:29 +0000] "GET /?rest_route=/batch/v1 HTTP/1.1" 404 125 "-" "Mozilla/5.0 (Windows NT 10.0; Win64; x64) AppleWebKit/537.36 (KHTML, like Gecko) Chrome/126.0.0.0 Safari/537.36"
163.7.12.51 - - [05/Aug/2026:02:50:30 +0000] "POST /?rest_route=/batch/v1 HTTP/1.1" 207 461 "-" "Mozilla/5.0 (Windows NT 10.0; Win64; x64) AppleWebKit/537.36 (KHTML, like Gecko) Chrome/126.0.0.0 Safari/537.36"
52.4.149.131 - - [05/Aug/2026:02:55:07 +0000] "POST /wp-cron.php?doing_wp_cron=1785898507.8004829883575439453125 HTTP/1.1" 499 0 "-" "WordPress/7.0; https://simplipay.earth"
103.231.7.194 - - [05/Aug/2026:02:55:07 +0000] "GET / HTTP/1.1" 200 27984 "-" "NOC-Monitor/1.0 (+https://github.com/)"
52.4.149.131 - - [05/Aug/2026:02:56:47 +0000] "POST /wp-cron.php?doing_wp_cron=1785898607.4839239120483398437500 HTTP/1.1" 499 0 "-" "WordPress/7.0; https://simplipay.earth"
74.7.243.250 - - [05/Aug/2026:02:56:47 +0000] "GET / HTTP/2.0" 200 27971 "-" "Mozilla/5.0 AppleWebKit/537.36 (KHTML, like Gecko; compatible; GPTBot/1.4; +https://openai.com/gptbot)"
74.7.243.250 - - [05/Aug/2026:02:56:52 +0000] "GET /wp-content/uploads/elementor/css/post-12.css?ver=1785769416 HTTP/2.0" 200 2031 "https://simplipay.earth/" "Mozilla/5.0 AppleWebKit/537.36 (KHTML, like Gecko; compatible; GPTBot/1.4; +https://openai.com/gptbot)"
74.7.243.250 - - [05/Aug/2026:02:56:55 +0000] "GET /wp-content/uploads/elementor/css/post-8.css?ver=1785769415 HTTP/2.0" 200 10371 "https://simplipay.earth/" "Mozilla/5.0 AppleWebKit/537.36 (KHTML, like Gecko; compatible; GPTBot/1.4; +https://openai.com/gptbot)"
74.7.243.250 - - [05/Aug/2026:02:56:57 +0000] "GET /wp-content/uploads/elementor/css/post-80.css?ver=1785769416 HTTP/2.0" 200 1377 "https://simplipay.earth/" "Mozilla/5.0 AppleWebKit/537.36 (KHTML, like Gecko; compatible; GPTBot/1.4; +https://openai.com/gptbot)"
74.7.243.250 - - [05/Aug/2026:02:56:59 +0000] "GET /wp-content/uploads/elementor/css/post-89.css?ver=1785769416 HTTP/2.0" 200 1086 "https://simplipay.earth/" "Mozilla/5.0 AppleWebKit/537.36 (KHTML, like Gecko; compatible; GPTBot/1.4; +https://openai.com/gptbot)"
52.4.149.131 - - [05/Aug/2026:03:00:05 +0000] "POST /wp-cron.php?doing_wp_cron=1785898805.7684640884399414062500 HTTP/1.1" 499 0 "-" "WordPress/7.0; https://simplipay.earth"
103.231.7.194 - - [05/Aug/2026:03:00:05 +0000] "GET / HTTP/1.1" 200 27984 "-" "NOC-Monitor/1.0 (+https://github.com/)"
52.4.149.131 - - [05/Aug/2026:03:05:07 +0000] "POST /wp-cron.php?doing_wp_cron=1785899107.8473379611968994140625 HTTP/1.1" 499 0 "-" "WordPress/7.0; https://simplipay.earth"
103.231.7.194 - - [05/Aug/2026:03:05:07 +0000] "GET / HTTP/1.1" 200 27984 "-" "NOC-Monitor/1.0 (+https://github.com/)"
52.4.149.131 - - [05/Aug/2026:03:10:03 +0000] "POST /wp-cron.php?doing_wp_cron=1785899403.9377999305725097656250 HTTP/1.1" 499 0 "-" "WordPress/7.0; https://simplipay.earth"
103.231.7.194 - - [05/Aug/2026:03:10:03 +0000] "GET / HTTP/1.1" 200 27984 "-" "NOC-Monitor/1.0 (+https://github.com/)"
52.4.149.131 - - [05/Aug/2026:03:12:19 +0000] "POST /wp-cron.php?doing_wp_cron=1785899539.6458139419555664062500 HTTP/1.1" 499 0 "-" "WordPress/7.0; https://simplipay.earth"
23.94.175.150 - - [05/Aug/2026:03:12:19 +0000] "GET /wp-login.php HTTP/1.1" 200 5643 "-" "Mozilla/5.0 (compatible; MSIE 9.0; Windows NT 6.1; Trident/5.0)"
23.94.175.150 - - [05/Aug/2026:03:12:36 +0000] "POST /wp-login.php HTTP/1.1" 200 6032 "-" "Mozilla/5.0 (Windows NT 6.1; Win64; x64; rv:64.0) Gecko/20100101 Firefox/64.0"
52.4.149.131 - - [05/Aug/2026:03:15:11 +0000] "POST /wp-cron.php?doing_wp_cron=1785899711.2029879093170166015625 HTTP/1.1" 499 0 "-" "WordPress/7.0; https://simplipay.earth"
103.231.7.194 - - [05/Aug/2026:03:15:11 +0000] "GET / HTTP/1.1" 200 27984 "-" "NOC-Monitor/1.0 (+https://github.com/)"
52.4.149.131 - - [05/Aug/2026:03:20:03 +0000] "POST /wp-cron.php?doing_wp_cron=1785900003.7732400894165039062500 HTTP/1.1" 499 0 "-" "WordPress/7.0; https://simplipay.earth"
103.231.7.194 - - [05/Aug/2026:03:20:03 +0000] "GET / HTTP/1.1" 200 27984 "-" "NOC-Monitor/1.0 (+https://github.com/)"
52.4.149.131 - - [05/Aug/2026:03:25:10 +0000] "POST /wp-cron.php?doing_wp_cron=1785900310.6179718971252441406250 HTTP/1.1" 499 0 "-" "WordPress/7.0; https://simplipay.earth"
103.231.7.194 - - [05/Aug/2026:03:25:10 +0000] "GET / HTTP/1.1" 200 27984 "-" "NOC-Monitor/1.0 (+https://github.com/)"
52.4.149.131 - - [05/Aug/2026:03:30:05 +0000] "POST /wp-cron.php?doing_wp_cron=1785900605.2453339099884033203125 HTTP/1.1" 499 0 "-" "WordPress/7.0; https://simplipay.earth"
103.231.7.194 - - [05/Aug/2026:03:30:05 +0000] "GET / HTTP/1.1" 200 27984 "-" "NOC-Monitor/1.0 (+https://github.com/)"
52.4.149.131 - - [05/Aug/2026:03:35:08 +0000] "POST /wp-cron.php?doing_wp_cron=1785900908.9314188957214355468750 HTTP/1.1" 499 0 "-" "WordPress/7.0; https://simplipay.earth"
103.231.7.194 - - [05/Aug/2026:03:35:08 +0000] "GET / HTTP/1.1" 200 27984 "-" "NOC-Monitor/1.0 (+https://github.com/)"
52.4.149.131 - - [05/Aug/2026:03:40:04 +0000] "POST /wp-cron.php?doing_wp_cron=1785901204.4948039054870605468750 HTTP/1.1" 499 0 "-" "WordPress/7.0; https://simplipay.earth"
103.231.7.194 - - [05/Aug/2026:03:40:04 +0000] "GET / HTTP/1.1" 200 27984 "-" "NOC-Monitor/1.0 (+https://github.com/)"
52.4.149.131 - - [05/Aug/2026:03:45:11 +0000] "POST /wp-cron.php?doing_wp_cron=1785901510.9878480434417724609375 HTTP/1.1" 499 0 "-" "WordPress/7.0; https://simplipay.earth"
103.231.7.194 - - [05/Aug/2026:03:45:11 +0000] "GET / HTTP/1.1" 200 27984 "-" "NOC-Monitor/1.0 (+https://github.com/)"
52.4.149.131 - - [05/Aug/2026:03:50:04 +0000] "POST /wp-cron.php?doing_wp_cron=1785901804.0283908843994140625000 HTTP/1.1" 499 0 "-" "WordPress/7.0; https://simplipay.earth"
103.231.7.194 - - [05/Aug/2026:03:50:04 +0000] "GET / HTTP/1.1" 200 27984 "-" "NOC-Monitor/1.0 (+https://github.com/)"
52.4.149.131 - - [05/Aug/2026:03:55:10 +0000] "POST /wp-cron.php?doing_wp_cron=1785902110.6937038898468017578125 HTTP/1.1" 499 0 "-" "WordPress/7.0; https://simplipay.earth"
103.231.7.194 - - [05/Aug/2026:03:55:10 +0000] "GET / HTTP/1.1" 200 27984 "-" "NOC-Monitor/1.0 (+https://github.com/)"
52.4.149.131 - - [05/Aug/2026:04:00:04 +0000] "POST /wp-cron.php?doing_wp_cron=1785902404.1981749534606933593750 HTTP/1.1" 499 0 "-" "WordPress/7.0; https://simplipay.earth"
103.231.7.194 - - [05/Aug/2026:04:00:04 +0000] "GET / HTTP/1.1" 200 27984 "-" "NOC-Monitor/1.0 (+https://github.com/)"
52.4.149.131 - - [05/Aug/2026:04:05:08 +0000] "POST /wp-cron.php?doing_wp_cron=1785902708.3238790035247802734375 HTTP/1.1" 499 0 "-" "WordPress/7.0; https://simplipay.earth"
103.231.7.194 - - [05/Aug/2026:04:05:08 +0000] "GET / HTTP/1.1" 200 27984 "-" "NOC-Monitor/1.0 (+https://github.com/)"
52.4.149.131 - - [05/Aug/2026:04:07:53 +0000] "POST /wp-cron.php?doing_wp_cron=1785902873.3051800727844238281250 HTTP/1.1" 499 0 "-" "WordPress/7.0; https://simplipay.earth"
1.14.110.85 - - [05/Aug/2026:04:07:53 +0000] "GET / HTTP/1.1" 301 5 "http://www.simplipay.earth" "Mozilla/5.0 (iPhone; CPU iPhone OS 13_2_3 like Mac OS X) AppleWebKit/605.1.15 (KHTML, like Gecko) Version/13.0.3 Mobile/15E148 Safari/604.1"
1.14.110.85 - - [05/Aug/2026:04:07:56 +0000] "GET / HTTP/1.1" 200 27984 "https://www.simplipay.earth/" "Mozilla/5.0 (iPhone; CPU iPhone OS 13_2_3 like Mac OS X) AppleWebKit/605.1.15 (KHTML, like Gecko) Version/13.0.3 Mobile/15E148 Safari/604.1"
52.4.149.131 - - [05/Aug/2026:04:10:04 +0000] "POST /wp-cron.php?doing_wp_cron=1785903004.4905219078063964843750 HTTP/1.1" 499 0 "-" "WordPress/7.0; https://simplipay.earth"
103.231.7.194 - - [05/Aug/2026:04:10:04 +0000] "GET / HTTP/1.1" 200 27984 "-" "NOC-Monitor/1.0 (+https://github.com/)"
52.4.149.131 - - [05/Aug/2026:04:12:11 +0000] "POST /wp-cron.php?doing_wp_cron=1785903131.3985650539398193359375 HTTP/1.1" 499 0 "-" "WordPress/7.0; https://simplipay.earth"
85.208.96.207 - - [05/Aug/2026:04:12:11 +0000] "GET /2026/03/21/ HTTP/1.1" 200 17393 "-" "Mozilla/5.0 (compatible; SemrushBot/7~bl; +http://www.semrush.com/bot.html)"
52.4.149.131 - - [05/Aug/2026:04:15:08 +0000] "POST /wp-cron.php?doing_wp_cron=1785903308.4394869804382324218750 HTTP/1.1" 499 0 "-" "WordPress/7.0; https://simplipay.earth"
103.231.7.194 - - [05/Aug/2026:04:15:08 +0000] "GET / HTTP/1.1" 200 27984 "-" "NOC-Monitor/1.0 (+https://github.com/)"
52.4.149.131 - - [05/Aug/2026:04:20:03 +0000] "POST /wp-cron.php?doing_wp_cron=1785903603.5493159294128417968750 HTTP/1.1" 499 0 "-" "WordPress/7.0; https://simplipay.earth"
103.231.7.194 - - [05/Aug/2026:04:20:03 +0000] "GET / HTTP/1.1" 200 27984 "-" "NOC-Monitor/1.0 (+https://github.com/)"
52.4.149.131 - - [05/Aug/2026:04:25:10 +0000] "POST /wp-cron.php?doing_wp_cron=1785903910.7391870021820068359375 HTTP/1.1" 499 0 "-" "WordPress/7.0; https://simplipay.earth"
103.231.7.194 - - [05/Aug/2026:04:25:10 +0000] "GET / HTTP/1.1" 200 27984 "-" "NOC-Monitor/1.0 (+https://github.com/)"
103.231.7.194 - - [05/Aug/2026:04:30:03 +0000] "GET / HTTP/1.1" 200 27984 "-" "NOC-Monitor/1.0 (+https://github.com/)"
52.4.149.131 - - [05/Aug/2026:04:30:03 +0000] "POST /wp-cron.php?doing_wp_cron=1785904203.8612489700317382812500 HTTP/1.1" 499 0 "-" "WordPress/7.0; https://simplipay.earth"
52.4.149.131 - - [05/Aug/2026:04:32:36 +0000] "POST /wp-cron.php?doing_wp_cron=1785904356.5392019748687744140625 HTTP/1.1" 499 0 "-" "WordPress/7.0; https://simplipay.earth"
207.175.13.211 - - [05/Aug/2026:04:32:36 +0000] "GET / HTTP/1.1" 200 27984 "-" "Mozilla/5.0 (Macintosh; Intel Mac OS X 10.11; rv:52.0) Gecko/20100101 Firefox/52.0"
207.175.13.211 - - [05/Aug/2026:04:32:39 +0000] "GET / HTTP/1.1" 301 5 "-" "Mozilla/5.0 (Macintosh; Intel Mac OS X 10.11; rv:52.0) Gecko/20100101 Firefox/52.0"
207.175.13.211 - - [05/Aug/2026:04:32:41 +0000] "GET /contact-us/ HTTP/1.1" 200 19889 "-" "Mozilla/5.0 (Macintosh; Intel Mac OS X 10.11; rv:52.0) Gecko/20100101 Firefox/52.0"
52.4.149.131 - - [05/Aug/2026:04:32:45 +0000] "POST /wp-cron.php?doing_wp_cron=1785904365.6324200630187988281250 HTTP/1.1" 499 0 "-" "WordPress/7.0; https://simplipay.earth"
77.75.76.164 - - [05/Aug/2026:04:32:45 +0000] "GET /features/ HTTP/1.1" 200 26631 "-" "Mozilla/5.0 (compatible; SeznamBot/4.0; +https://o-seznam.cz/napoveda/vyhledavani/en/seznambot-crawler/)"
207.175.13.211 - - [05/Aug/2026:04:32:46 +0000] "GET /wp-includes/js/dist/script-modules/block-library/navigation/view.min.js?ver=96a846e1d7b789c39ab9 HTTP/1.1" 200 1194 "-" "Mozilla/5.0 (Macintosh; Intel Mac OS X 10.11; rv:52.0) Gecko/20100101 Firefox/52.0"
207.175.13.211 - - [05/Aug/2026:04:32:49 +0000] "GET /privacy-policy/ HTTP/1.1" 200 26944 "-" "Mozilla/5.0 (Macintosh; Intel Mac OS X 10.11; rv:52.0) Gecko/20100101 Firefox/52.0"
207.175.13.211 - - [05/Aug/2026:04:32:52 +0000] "GET /terms-of-service/ HTTP/1.1" 200 33387 "-" "Mozilla/5.0 (Macintosh; Intel Mac OS X 10.11; rv:52.0) Gecko/20100101 Firefox/52.0"
207.175.13.211 - - [05/Aug/2026:04:32:53 +0000] "GET /delete-account/ HTTP/1.1" 200 18995 "-" "Mozilla/5.0 (Macintosh; Intel Mac OS X 10.11; rv:52.0) Gecko/20100101 Firefox/52.0"
207.175.13.211 - - [05/Aug/2026:04:33:08 +0000] "GET /licence/ HTTP/1.1" 200 33665 "-" "Mozilla/5.0 (Macintosh; Intel Mac OS X 10.11; rv:52.0) Gecko/20100101 Firefox/52.0"
207.175.13.211 - - [05/Aug/2026:04:33:08 +0000] "GET /features/ HTTP/1.1" 200 26502 "-" "Mozilla/5.0 (Macintosh; Intel Mac OS X 10.11; rv:52.0) Gecko/20100101 Firefox/52.0"
207.175.13.211 - - [05/Aug/2026:04:33:10 +0000] "GET /wp-content/plugins/elementskit-lite/widgets/init/assets/js/%25url%25 HTTP/1.1" 404 14584 "-" "Mozilla/5.0 (Macintosh; Intel Mac OS X 10.11; rv:52.0) Gecko/20100101 Firefox/52.0"
207.175.13.211 - - [05/Aug/2026:04:33:13 +0000] "GET / HTTP/1.1" 200 27984 "-" "Python/3.11 aiohttp/3.14.1"
207.175.13.211 - - [05/Aug/2026:04:33:15 +0000] "GET / HTTP/1.1" 200 27984 "-" "Python/3.11 aiohttp/3.14.1"
207.175.13.211 - - [05/Aug/2026:04:33:16 +0000] "GET / HTTP/1.1" 200 27984 "-" "Python/3.11 aiohttp/3.14.1"
52.4.149.131 - - [05/Aug/2026:04:35:14 +0000] "POST /wp-cron.php?doing_wp_cron=1785904514.3591530323028564453125 HTTP/1.1" 499 0 "-" "WordPress/7.0; https://simplipay.earth"
103.231.7.194 - - [05/Aug/2026:04:35:14 +0000] "GET / HTTP/1.1" 200 27984 "-" "NOC-Monitor/1.0 (+https://github.com/)"
52.4.149.131 - - [05/Aug/2026:04:39:15 +0000] "POST /wp-cron.php?doing_wp_cron=1785904755.7040150165557861328125 HTTP/1.1" 499 0 "-" "WordPress/7.0; https://simplipay.earth"
66.249.88.72 - - [05/Aug/2026:04:39:15 +0000] "GET /privacy-policy/ HTTP/1.1" 200 26944 "-" "Google"
52.4.149.131 - - [05/Aug/2026:04:40:03 +0000] "POST /wp-cron.php?doing_wp_cron=1785904803.8104219436645507812500 HTTP/1.1" 499 0 "-" "WordPress/7.0; https://simplipay.earth"
103.231.7.194 - - [05/Aug/2026:04:40:03 +0000] "GET / HTTP/1.1" 200 27984 "-" "NOC-Monitor/1.0 (+https://github.com/)"
52.4.149.131 - - [05/Aug/2026:04:45:11 +0000] "POST /wp-cron.php?doing_wp_cron=1785905111.0394129753112792968750 HTTP/1.1" 499 0 "-" "WordPress/7.0; https://simplipay.earth"
103.231.7.194 - - [05/Aug/2026:04:45:11 +0000] "GET / HTTP/1.1" 200 27984 "-" "NOC-Monitor/1.0 (+https://github.com/)"
103.231.7.194 - - [05/Aug/2026:04:50:05 +0000] "GET / HTTP/1.1" 200 27984 "-" "NOC-Monitor/1.0 (+https://github.com/)"
52.4.149.131 - - [05/Aug/2026:04:50:05 +0000] "POST /wp-cron.php?doing_wp_cron=1785905405.5688760280609130859375 HTTP/1.1" 499 0 "-" "WordPress/7.0; https://simplipay.earth"
52.4.149.131 - - [05/Aug/2026:04:55:17 +0000] "POST /wp-cron.php?doing_wp_cron=1785905717.1146769523620605468750 HTTP/1.1" 499 0 "-" "WordPress/7.0; https://simplipay.earth"
103.231.7.194 - - [05/Aug/2026:04:55:17 +0000] "GET / HTTP/1.1" 200 27984 "-" "NOC-Monitor/1.0 (+https://github.com/)"
52.4.149.131 - - [05/Aug/2026:04:56:32 +0000] "POST /wp-cron.php?doing_wp_cron=1785905792.3712689876556396484375 HTTP/1.1" 499 0 "-" "WordPress/7.0; https://simplipay.earth"
175.100.83.232 - - [05/Aug/2026:04:56:34 +0000] "POST /?rest_route=/batch/v1 HTTP/1.1" 207 998735 "-" "wp2shell"
52.4.149.131 - - [05/Aug/2026:05:00:03 +0000] "POST /wp-cron.php?doing_wp_cron=1785906003.6305088996887207031250 HTTP/1.1" 499 0 "-" "WordPress/7.0; https://simplipay.earth"
103.231.7.194 - - [05/Aug/2026:05:00:03 +0000] "GET / HTTP/1.1" 200 27984 "-" "NOC-Monitor/1.0 (+https://github.com/)"
52.4.149.131 - - [05/Aug/2026:05:05:08 +0000] "POST /wp-cron.php?doing_wp_cron=1785906308.4583380222320556640625 HTTP/1.1" 499 0 "-" "WordPress/7.0; https://simplipay.earth"
103.231.7.194 - - [05/Aug/2026:05:05:08 +0000] "GET / HTTP/1.1" 200 27984 "-" "NOC-Monitor/1.0 (+https://github.com/)"
52.4.149.131 - - [05/Aug/2026:05:10:04 +0000] "POST /wp-cron.php?doing_wp_cron=1785906604.0133650302886962890625 HTTP/1.1" 499 0 "-" "WordPress/7.0; https://simplipay.earth"
103.231.7.194 - - [05/Aug/2026:05:10:04 +0000] "GET / HTTP/1.1" 200 27984 "-" "NOC-Monitor/1.0 (+https://github.com/)"
52.4.149.131 - - [05/Aug/2026:05:15:12 +0000] "POST /wp-cron.php?doing_wp_cron=1785906912.6595890522003173828125 HTTP/1.1" 499 0 "-" "WordPress/7.0; https://simplipay.earth"
103.231.7.194 - - [05/Aug/2026:05:15:12 +0000] "GET / HTTP/1.1" 200 27984 "-" "NOC-Monitor/1.0 (+https://github.com/)"
52.4.149.131 - - [05/Aug/2026:05:18:23 +0000] "POST /wp-cron.php?doing_wp_cron=1785907103.6253709793090820312500 HTTP/1.1" 499 0 "-" "WordPress/7.0; https://simplipay.earth"
108.162.245.42 - - [05/Aug/2026:05:18:23 +0000] "GET / HTTP/2.0" 200 27971 "-" "Mozilla/5.0 (Macintosh; Intel Mac OS X 10_15_7) AppleWebKit/537.36 (KHTML, like Gecko) Chrome/147.0.0.0 Safari/537.36 CloudflareWebScanner/1.0"
52.4.149.131 - - [05/Aug/2026:05:20:03 +0000] "POST /wp-cron.php?doing_wp_cron=1785907203.8513500690460205078125 HTTP/1.1" 499 0 "-" "WordPress/7.0; https://simplipay.earth"
103.231.7.194 - - [05/Aug/2026:05:20:03 +0000] "GET / HTTP/1.1" 200 27984 "-" "NOC-Monitor/1.0 (+https://github.com/)"
180.102.110.150 - - [05/Aug/2026:05:20:06 +0000] "GET / HTTP/1.1" 301 5 "-" "Sogou web spider/4.0(+http://www.sogou.com/docs/help/webmasters.htm#07)"
180.102.110.150 - - [05/Aug/2026:05:20:08 +0000] "GET / HTTP/1.1" 200 27984 "-" "Sogou web spider/4.0(+http://www.sogou.com/docs/help/webmasters.htm#07)"
52.4.149.131 - - [05/Aug/2026:05:22:20 +0000] "POST /wp-cron.php?doing_wp_cron=1785907340.7568669319152832031250 HTTP/1.1" 499 0 "-" "WordPress/7.0; https://simplipay.earth"
49.51.204.74 - - [05/Aug/2026:05:22:20 +0000] "GET / HTTP/1.1" 301 5 "http://www.simplipay.earth" "Mozilla/5.0 (iPhone; CPU iPhone OS 13_2_3 like Mac OS X) AppleWebKit/605.1.15 (KHTML, like Gecko) Version/13.0.3 Mobile/15E148 Safari/604.1"
49.51.204.74 - - [05/Aug/2026:05:22:21 +0000] "GET / HTTP/1.1" 200 27984 "https://www.simplipay.earth/" "Mozilla/5.0 (iPhone; CPU iPhone OS 13_2_3 like Mac OS X) AppleWebKit/605.1.15 (KHTML, like Gecko) Version/13.0.3 Mobile/15E148 Safari/604.1"
52.4.149.131 - - [05/Aug/2026:05:25:09 +0000] "POST /wp-cron.php?doing_wp_cron=1785907509.2204151153564453125000 HTTP/1.1" 499 0 "-" "WordPress/7.0; https://simplipay.earth"
103.231.7.194 - - [05/Aug/2026:05:25:09 +0000] "GET / HTTP/1.1" 200 27984 "-" "NOC-Monitor/1.0 (+https://github.com/)"
52.4.149.131 - - [05/Aug/2026:05:30:04 +0000] "POST /wp-cron.php?doing_wp_cron=1785907804.6750230789184570312500 HTTP/1.1" 499 0 "-" "WordPress/7.0; https://simplipay.earth"
103.231.7.194 - - [05/Aug/2026:05:30:04 +0000] "GET / HTTP/1.1" 200 27984 "-" "NOC-Monitor/1.0 (+https://github.com/)"
52.4.149.131 - - [05/Aug/2026:05:35:09 +0000] "POST /wp-cron.php?doing_wp_cron=1785908109.4994499683380126953125 HTTP/1.1" 499 0 "-" "WordPress/7.0; https://simplipay.earth"
103.231.7.194 - - [05/Aug/2026:05:35:09 +0000] "GET / HTTP/1.1" 200 27984 "-" "NOC-Monitor/1.0 (+https://github.com/)"
52.4.149.131 - - [05/Aug/2026:05:40:05 +0000] "POST /wp-cron.php?doing_wp_cron=1785908404.9899570941925048828125 HTTP/1.1" 499 0 "-" "WordPress/7.0; https://simplipay.earth"
103.231.7.194 - - [05/Aug/2026:05:40:05 +0000] "GET / HTTP/1.1" 200 27984 "-" "NOC-Monitor/1.0 (+https://github.com/)"
52.4.149.131 - - [05/Aug/2026:05:44:35 +0000] "POST /wp-cron.php?doing_wp_cron=1785908675.2009360790252685546875 HTTP/1.1" 499 0 "-" "WordPress/7.0; https://simplipay.earth"
170.168.96.186 - - [05/Aug/2026:05:44:35 +0000] "GET /wp-login.php HTTP/1.1" 200 2025 "-" "Mozilla/5.0 (Windows NT 10.0; Win64; x64) AppleWebKit/537.36 (KHTML, like Gecko) Chrome/122.0.0.0 Safari/537.36 Edg/122.0.0.0"
170.168.96.186 - - [05/Aug/2026:05:44:35 +0000] "POST /wp-login.php HTTP/1.1" 200 2196 "https://simplipay.earth/wp-login.php" "Mozilla/5.0 (Windows NT 10.0; Win64; x64) AppleWebKit/537.36 (KHTML, like Gecko) Chrome/122.0.0.0 Safari/537.36 Edg/122.0.0.0"
170.168.96.186 - - [05/Aug/2026:05:44:35 +0000] "GET / HTTP/1.1" 200 27984 "-" "Mozilla/5.0 (Windows NT 10.0; Win64; x64) AppleWebKit/537.36 (KHTML, like Gecko) Chrome/122.0.0.0 Safari/537.36 Edg/122.0.0.0"
52.4.149.131 - - [05/Aug/2026:05:45:09 +0000] "POST /wp-cron.php?doing_wp_cron=1785908709.1793990135192871093750 HTTP/1.1" 499 0 "-" "WordPress/7.0; https://simplipay.earth"
103.231.7.194 - - [05/Aug/2026:05:45:09 +0000] "GET / HTTP/1.1" 200 27984 "-" "NOC-Monitor/1.0 (+https://github.com/)"
52.4.149.131 - - [05/Aug/2026:05:50:04 +0000] "POST /wp-cron.php?doing_wp_cron=1785909004.7847690582275390625000 HTTP/1.1" 499 0 "-" "WordPress/7.0; https://simplipay.earth"
103.231.7.194 - - [05/Aug/2026:05:50:04 +0000] "GET / HTTP/1.1" 200 27984 "-" "NOC-Monitor/1.0 (+https://github.com/)"
52.4.149.131 - - [05/Aug/2026:05:55:23 +0000] "POST /wp-cron.php?doing_wp_cron=1785909323.1105151176452636718750 HTTP/1.1" 499 0 "-" "WordPress/7.0; https://simplipay.earth"
103.231.7.194 - - [05/Aug/2026:05:55:23 +0000] "GET / HTTP/1.1" 200 27984 "-" "NOC-Monitor/1.0 (+https://github.com/)"
52.4.149.131 - - [05/Aug/2026:06:00:04 +0000] "POST /wp-cron.php?doing_wp_cron=1785909604.6891429424285888671875 HTTP/1.1" 499 0 "-" "WordPress/7.0; https://simplipay.earth"
103.231.7.194 - - [05/Aug/2026:06:00:04 +0000] "GET / HTTP/1.1" 200 27984 "-" "NOC-Monitor/1.0 (+https://github.com/)"
52.4.149.131 - - [05/Aug/2026:06:05:06 +0000] "POST /wp-cron.php?doing_wp_cron=1785909906.0322120189666748046875 HTTP/1.1" 499 0 "-" "WordPress/7.0; https://simplipay.earth"
103.231.7.194 - - [05/Aug/2026:06:05:06 +0000] "GET / HTTP/1.1" 200 27984 "-" "NOC-Monitor/1.0 (+https://github.com/)"
52.4.149.131 - - [05/Aug/2026:06:09:32 +0000] "POST /wp-cron.php?doing_wp_cron=1785910172.8506889343261718750000 HTTP/1.1" 499 0 "-" "WordPress/7.0; https://simplipay.earth"
204.12.241.186 - - [05/Aug/2026:06:09:32 +0000] "GET /wp-login.php HTTP/1.1" 200 5643 "-" "Mozilla/5.0 (compatible; MSIE 9.0; Windows NT 6.1; Trident/5.0)"
52.4.149.131 - - [05/Aug/2026:06:09:51 +0000] "POST /wp-cron.php?doing_wp_cron=1785910191.8018660545349121093750 HTTP/1.1" 499 0 "-" "WordPress/7.0; https://simplipay.earth"
204.12.241.186 - - [05/Aug/2026:06:09:51 +0000] "POST /wp-login.php HTTP/1.1" 200 6032 "-" "Mozilla/5.0 (Windows NT 6.1; Win64; x64; rv:64.0) Gecko/20100101 Firefox/64.0"
103.231.7.194 - - [05/Aug/2026:06:10:02 +0000] "GET / HTTP/1.1" 200 27984 "-" "NOC-Monitor/1.0 (+https://github.com/)"
52.4.149.131 - - [05/Aug/2026:06:15:11 +0000] "POST /wp-cron.php?doing_wp_cron=1785910511.4627659320831298828125 HTTP/1.1" 499 0 "-" "WordPress/7.0; https://simplipay.earth"
103.231.7.194 - - [05/Aug/2026:06:15:11 +0000] "GET / HTTP/1.1" 200 27984 "-" "NOC-Monitor/1.0 (+https://github.com/)"
52.4.149.131 - - [05/Aug/2026:06:20:05 +0000] "POST /wp-cron.php?doing_wp_cron=1785910805.2508320808410644531250 HTTP/1.1" 499 0 "-" "WordPress/7.0; https://simplipay.earth"
103.231.7.194 - - [05/Aug/2026:06:20:05 +0000] "GET / HTTP/1.1" 200 27984 "-" "NOC-Monitor/1.0 (+https://github.com/)"
52.4.149.131 - - [05/Aug/2026:06:25:09 +0000] "POST /wp-cron.php?doing_wp_cron=1785911109.1463670730590820312500 HTTP/1.1" 499 0 "-" "WordPress/7.0; https://simplipay.earth"
103.231.7.194 - - [05/Aug/2026:06:25:09 +0000] "GET / HTTP/1.1" 200 27984 "-" "NOC-Monitor/1.0 (+https://github.com/)"
52.4.149.131 - - [05/Aug/2026:06:30:03 +0000] "POST /wp-cron.php?doing_wp_cron=1785911403.4409329891204833984375 HTTP/1.1" 499 0 "-" "WordPress/7.0; https://simplipay.earth"
103.231.7.194 - - [05/Aug/2026:06:30:03 +0000] "GET / HTTP/1.1" 200 27984 "-" "NOC-Monitor/1.0 (+https://github.com/)"
52.4.149.131 - - [05/Aug/2026:06:35:06 +0000] "POST /wp-cron.php?doing_wp_cron=1785911706.0954010486602783203125 HTTP/1.1" 499 0 "-" "WordPress/7.0; https://simplipay.earth"
103.231.7.194 - - [05/Aug/2026:06:35:06 +0000] "GET / HTTP/1.1" 200 27984 "-" "NOC-Monitor/1.0 (+https://github.com/)"
52.4.149.131 - - [05/Aug/2026:06:40:06 +0000] "POST /wp-cron.php?doing_wp_cron=1785912006.3977060317993164062500 HTTP/1.1" 499 0 "-" "WordPress/7.0; https://simplipay.earth"
103.231.7.194 - - [05/Aug/2026:06:40:06 +0000] "GET / HTTP/1.1" 200 27984 "-" "NOC-Monitor/1.0 (+https://github.com/)"
52.4.149.131 - - [05/Aug/2026:06:45:05 +0000] "POST /wp-cron.php?doing_wp_cron=1785912305.7998020648956298828125 HTTP/1.1" 499 0 "-" "WordPress/7.0; https://simplipay.earth"
103.231.7.194 - - [05/Aug/2026:06:45:05 +0000] "GET / HTTP/1.1" 200 27984 "-" "NOC-Monitor/1.0 (+https://github.com/)"
52.4.149.131 - - [05/Aug/2026:06:50:02 +0000] "POST /wp-cron.php?doing_wp_cron=1785912602.4962029457092285156250 HTTP/1.1" 499 0 "-" "WordPress/7.0; https://simplipay.earth"
103.231.7.194 - - [05/Aug/2026:06:50:02 +0000] "GET / HTTP/1.1" 200 27984 "-" "NOC-Monitor/1.0 (+https://github.com/)"
52.4.149.131 - - [05/Aug/2026:06:51:34 +0000] "POST /wp-cron.php?doing_wp_cron=1785912694.5405430793762207031250 HTTP/1.1" 499 0 "-" "WordPress/7.0; https://simplipay.earth"
197.234.147.84 - - [05/Aug/2026:06:51:34 +0000] "GET /sample-page/ HTTP/1.1" 404 14584 "-" "Mozilla/5.0 (Macintosh; Intel Mac OS X 10_15_1) AppleWebKit/537.36 (KHTML, like Gecko) Chrome/80.0.3987.122 Safari/537.36"
52.4.149.131 - - [05/Aug/2026:06:55:05 +0000] "POST /wp-cron.php?doing_wp_cron=1785912905.9231228828430175781250 HTTP/1.1" 499 0 "-" "WordPress/7.0; https://simplipay.earth"
103.231.7.194 - - [05/Aug/2026:06:55:05 +0000] "GET / HTTP/1.1" 200 27984 "-" "NOC-Monitor/1.0 (+https://github.com/)"
103.231.7.194 - - [05/Aug/2026:07:00:02 +0000] "GET / HTTP/1.1" 200 27984 "-" "NOC-Monitor/1.0 (+https://github.com/)"
52.4.149.131 - - [05/Aug/2026:07:00:02 +0000] "POST /wp-cron.php?doing_wp_cron=1785913202.5399610996246337890625 HTTP/1.1" 499 0 "-" "WordPress/7.0; https://simplipay.earth"
52.4.149.131 - - [05/Aug/2026:07:05:14 +0000] "POST /wp-cron.php?doing_wp_cron=1785913514.5676310062408447265625 HTTP/1.1" 499 0 "-" "WordPress/7.0; https://simplipay.earth"
103.231.7.194 - - [05/Aug/2026:07:05:14 +0000] "GET / HTTP/1.1" 200 27984 "-" "NOC-Monitor/1.0 (+https://github.com/)"
52.4.149.131 - - [05/Aug/2026:07:10:03 +0000] "POST /wp-cron.php?doing_wp_cron=1785913803.5184810161590576171875 HTTP/1.1" 499 0 "-" "WordPress/7.0; https://simplipay.earth"
103.231.7.194 - - [05/Aug/2026:07:10:03 +0000] "GET / HTTP/1.1" 200 27984 "-" "NOC-Monitor/1.0 (+https://github.com/)"
52.4.149.131 - - [05/Aug/2026:07:15:07 +0000] "POST /wp-cron.php?doing_wp_cron=1785914107.8951249122619628906250 HTTP/1.1" 499 0 "-" "WordPress/7.0; https://simplipay.earth"
103.231.7.194 - - [05/Aug/2026:07:15:07 +0000] "GET / HTTP/1.1" 200 27984 "-" "NOC-Monitor/1.0 (+https://github.com/)"
52.4.149.131 - - [05/Aug/2026:07:20:02 +0000] "POST /wp-cron.php?doing_wp_cron=1785914402.3865180015563964843750 HTTP/1.1" 499 0 "-" "WordPress/7.0; https://simplipay.earth"
103.231.7.194 - - [05/Aug/2026:07:20:02 +0000] "GET / HTTP/1.1" 200 27984 "-" "NOC-Monitor/1.0 (+https://github.com/)"
52.4.149.131 - - [05/Aug/2026:07:25:05 +0000] "POST /wp-cron.php?doing_wp_cron=1785914705.4366259574890136718750 HTTP/1.1" 499 0 "-" "WordPress/7.0; https://simplipay.earth"
103.231.7.194 - - [05/Aug/2026:07:25:05 +0000] "GET / HTTP/1.1" 200 27984 "-" "NOC-Monitor/1.0 (+https://github.com/)"
52.4.149.131 - - [05/Aug/2026:07:30:02 +0000] "POST /wp-cron.php?doing_wp_cron=1785915002.5203509330749511718750 HTTP/1.1" 499 0 "-" "WordPress/7.0; https://simplipay.earth"
103.231.7.194 - - [05/Aug/2026:07:30:02 +0000] "GET / HTTP/1.1" 200 27984 "-" "NOC-Monitor/1.0 (+https://github.com/)"
52.4.149.131 - - [05/Aug/2026:07:34:48 +0000] "POST /wp-cron.php?doing_wp_cron=1785915288.9640429019927978515625 HTTP/1.1" 499 0 "-" "WordPress/7.0; https://simplipay.earth"
209.50.175.54 - - [05/Aug/2026:07:34:48 +0000] "GET /contact-us/ HTTP/1.1" 200 19889 "https://simplipay.earth/" "Mozilla/5.0 (Windows NT 10.0; Win64; x64) AppleWebKit/537.36 (KHTML, like Gecko) Chrome/142.0.0.0 Safari/537.36"
103.231.7.194 - - [05/Aug/2026:07:35:06 +0000] "GET / HTTP/1.1" 200 27984 "-" "NOC-Monitor/1.0 (+https://github.com/)"
52.4.149.131 - - [05/Aug/2026:07:40:02 +0000] "POST /wp-cron.php?doing_wp_cron=1785915602.8501141071319580078125 HTTP/1.1" 499 0 "-" "WordPress/7.0; https://simplipay.earth"
103.231.7.194 - - [05/Aug/2026:07:40:02 +0000] "GET / HTTP/1.1" 200 27984 "-" "NOC-Monitor/1.0 (+https://github.com/)"
52.4.149.131 - - [05/Aug/2026:07:45:05 +0000] "POST /wp-cron.php?doing_wp_cron=1785915905.2751629352569580078125 HTTP/1.1" 499 0 "-" "WordPress/7.0; https://simplipay.earth"
103.231.7.194 - - [05/Aug/2026:07:45:05 +0000] "GET / HTTP/1.1" 200 27984 "-" "NOC-Monitor/1.0 (+https://github.com/)"
195.158.211.153 - - [05/Aug/2026:07:46:57 +0000] "GET /app-ads.txt HTTP/1.1" 404 564 "-" "Mozilla/5.0 (Macintosh; Intel Mac OS X 10_15_7) AppleWebKit/537.36 (KHTML, like Gecko) Chrome/124.0.0.0 Safari/537.36"
52.4.149.131 - - [05/Aug/2026:07:50:02 +0000] "POST /wp-cron.php?doing_wp_cron=1785916202.7715830802917480468750 HTTP/1.1" 499 0 "-" "WordPress/7.0; https://simplipay.earth"
103.231.7.194 - - [05/Aug/2026:07:50:02 +0000] "GET / HTTP/1.1" 200 27984 "-" "NOC-Monitor/1.0 (+https://github.com/)"
52.4.149.131 - - [05/Aug/2026:07:55:05 +0000] "POST /wp-cron.php?doing_wp_cron=1785916505.6397759914398193359375 HTTP/1.1" 499 0 "-" "WordPress/7.0; https://simplipay.earth"
103.231.7.194 - - [05/Aug/2026:07:55:05 +0000] "GET / HTTP/1.1" 200 27984 "-" "NOC-Monitor/1.0 (+https://github.com/)"
52.4.149.131 - - [05/Aug/2026:08:00:03 +0000] "POST /wp-cron.php?doing_wp_cron=1785916803.2876119613647460937500 HTTP/1.1" 499 0 "-" "WordPress/7.0; https://simplipay.earth"
103.231.7.194 - - [05/Aug/2026:08:00:03 +0000] "GET / HTTP/1.1" 200 27984 "-" "NOC-Monitor/1.0 (+https://github.com/)"
52.4.149.131 - - [05/Aug/2026:08:05:05 +0000] "POST /wp-cron.php?doing_wp_cron=1785917105.0869979858398437500000 HTTP/1.1" 499 0 "-" "WordPress/7.0; https://simplipay.earth"
103.231.7.194 - - [05/Aug/2026:08:05:05 +0000] "GET / HTTP/1.1" 200 27984 "-" "NOC-Monitor/1.0 (+https://github.com/)"
52.4.149.131 - - [05/Aug/2026:08:10:02 +0000] "POST /wp-cron.php?doing_wp_cron=1785917402.7437229156494140625000 HTTP/1.1" 499 0 "-" "WordPress/7.0; https://simplipay.earth"
103.231.7.194 - - [05/Aug/2026:08:10:02 +0000] "GET / HTTP/1.1" 200 27984 "-" "NOC-Monitor/1.0 (+https://github.com/)"
