195.178.110.108 - - [05/Aug/2026:11:46:28 +0000] "GET /wp-content/themes/nx_th_8eac8d/nx-up.php HTTP/1.1" 404 47 "https://simplipay.earth/wp-login.php" "Mozilla/5.0 (Windows NT 10.0; Win64; x64; rv:124.0) Gecko/20100101 Firefox/124.0"
195.178.110.108 - - [05/Aug/2026:11:46:30 +0000] "GET /wp-content/themes/nx_th_8eac8d/nx-up.php HTTP/1.1" 404 47 "https://simplipay.earth/wp-login.php" "Mozilla/5.0 (Windows NT 10.0; Win64; x64; rv:124.0) Gecko/20100101 Firefox/124.0"
195.178.110.108 - - [05/Aug/2026:11:46:31 +0000] "GET /wp-content/themes/nx_th_8eac8d/nx-up.php HTTP/1.1" 404 47 "https://simplipay.earth/wp-login.php" "Mozilla/5.0 (Windows NT 10.0; Win64; x64; rv:124.0) Gecko/20100101 Firefox/124.0"
195.178.110.108 - - [05/Aug/2026:11:46:33 +0000] "GET /wp-content/themes/nx_th_8eac8d/nx-up.php HTTP/1.1" 404 47 "https://simplipay.earth/wp-login.php" "Mozilla/5.0 (Windows NT 10.0; Win64; x64; rv:124.0) Gecko/20100101 Firefox/124.0"
195.178.110.108 - - [05/Aug/2026:11:46:33 +0000] "GET /wp-admin/theme-install.php HTTP/1.1" 200 55276 "https://simplipay.earth/wp-login.php" "Mozilla/5.0 (Windows NT 10.0; Win64; x64; rv:124.0) Gecko/20100101 Firefox/124.0"
195.178.110.108 - - [05/Aug/2026:11:46:35 +0000] "POST /wp-admin/update.php?action=upload-theme HTTP/1.1" 200 49346 "https://simplipay.earth/wp-login.php" "Mozilla/5.0 (Windows NT 10.0; Win64; x64; rv:124.0) Gecko/20100101 Firefox/124.0"
195.178.110.108 - - [05/Aug/2026:11:46:35 +0000] "GET /wp-content/themes/nx_th_8eac8d/nx-up.php HTTP/1.1" 404 47 "https://simplipay.earth/wp-login.php" "Mozilla/5.0 (Windows NT 10.0; Win64; x64; rv:124.0) Gecko/20100101 Firefox/124.0"
195.178.110.108 - - [05/Aug/2026:11:46:36 +0000] "GET /wp-content/themes/nx_th_8eac8d/nx-up.php HTTP/1.1" 404 47 "https://simplipay.earth/wp-login.php" "Mozilla/5.0 (Windows NT 10.0; Win64; x64; rv:124.0) Gecko/20100101 Firefox/124.0"
195.178.110.108 - - [05/Aug/2026:11:46:38 +0000] "GET /wp-content/themes/nx_th_8eac8d/nx-up.php HTTP/1.1" 404 47 "https://simplipay.earth/wp-login.php" "Mozilla/5.0 (Windows NT 10.0; Win64; x64; rv:124.0) Gecko/20100101 Firefox/124.0"
195.178.110.108 - - [05/Aug/2026:11:46:39 +0000] "GET /wp-content/themes/nx_th_8eac8d/nx-up.php HTTP/1.1" 404 47 "https://simplipay.earth/wp-login.php" "Mozilla/5.0 (Windows NT 10.0; Win64; x64; rv:124.0) Gecko/20100101 Firefox/124.0"
195.178.110.108 - - [05/Aug/2026:11:46:40 +0000] "GET /wp-admin/ HTTP/1.1" 200 67957 "https://simplipay.earth/wp-login.php" "Mozilla/5.0 (Windows NT 10.0; Win64; x64; rv:124.0) Gecko/20100101 Firefox/124.0"
195.178.110.108 - - [05/Aug/2026:11:46:41 +0000] "POST /wp-json/wp/v2/plugins HTTP/1.1" 403 111 "https://simplipay.earth/wp-admin/plugin-install.php" "Mozilla/5.0 (Windows NT 10.0; Win64; x64; rv:124.0) Gecko/20100101 Firefox/124.0"
195.178.110.108 - - [05/Aug/2026:11:46:41 +0000] "POST /?rest_route=/wp/v2/plugins HTTP/1.1" 403 111 "https://simplipay.earth/wp-admin/plugin-install.php" "Mozilla/5.0 (Windows NT 10.0; Win64; x64; rv:124.0) Gecko/20100101 Firefox/124.0"
195.178.110.108 - - [05/Aug/2026:11:46:41 +0000] "GET /wp-admin/plugin-editor.php HTTP/1.1" 200 60754 "https://simplipay.earth/wp-login.php" "Mozilla/5.0 (Windows NT 10.0; Win64; x64; rv:124.0) Gecko/20100101 Firefox/124.0"
195.178.110.108 - - [05/Aug/2026:11:46:42 +0000] "POST /wp-admin/plugin-editor.php HTTP/1.1" 500 2566 "https://simplipay.earth/wp-login.php" "Mozilla/5.0 (Windows NT 10.0; Win64; x64; rv:124.0) Gecko/20100101 Firefox/124.0"
195.178.110.108 - - [05/Aug/2026:11:46:42 +0000] "GET /wp-content/plugins/nx_up_43beadea/nx_up_43beadea.php HTTP/1.1" 404 47 "https://simplipay.earth/wp-login.php" "Mozilla/5.0 (Windows NT 10.0; Win64; x64; rv:124.0) Gecko/20100101 Firefox/124.0"
195.178.110.108 - - [05/Aug/2026:11:46:44 +0000] "GET /wp-content/plugins/nx_up_43beadea/nx_up_43beadea.php HTTP/1.1" 404 47 "https://simplipay.earth/wp-login.php" "Mozilla/5.0 (Windows NT 10.0; Win64; x64; rv:124.0) Gecko/20100101 Firefox/124.0"
195.178.110.108 - - [05/Aug/2026:11:46:45 +0000] "GET /wp-content/plugins/nx_up_43beadea/nx_up_43beadea.php HTTP/1.1" 404 47 "https://simplipay.earth/wp-login.php" "Mozilla/5.0 (Windows NT 10.0; Win64; x64; rv:124.0) Gecko/20100101 Firefox/124.0"
52.4.149.131 - - [05/Aug/2026:11:46:46 +0000] "POST /wp-cron.php?doing_wp_cron=1785930406.2741029262542724609375 HTTP/1.1" 499 0 "-" "WordPress/7.0; https://simplipay.earth"
195.178.110.108 - - [05/Aug/2026:11:46:46 +0000] "POST /wp-admin/plugin-editor.php HTTP/1.1" 500 2603 "https://simplipay.earth/wp-login.php" "Mozilla/5.0 (Windows NT 10.0; Win64; x64; rv:124.0) Gecko/20100101 Firefox/124.0"
195.178.110.108 - - [05/Aug/2026:11:46:46 +0000] "GET /wp-content/plugins/nx_up_43beadea/nx_up_43beadea.php HTTP/1.1" 404 47 "https://simplipay.earth/wp-login.php" "Mozilla/5.0 (Windows NT 10.0; Win64; x64; rv:124.0) Gecko/20100101 Firefox/124.0"
195.178.110.108 - - [05/Aug/2026:11:46:48 +0000] "GET /wp-content/plugins/nx_up_43beadea/nx_up_43beadea.php HTTP/1.1" 404 47 "https://simplipay.earth/wp-login.php" "Mozilla/5.0 (Windows NT 10.0; Win64; x64; rv:124.0) Gecko/20100101 Firefox/124.0"
195.178.110.108 - - [05/Aug/2026:11:46:49 +0000] "GET /wp-content/plugins/nx_up_43beadea/nx_up_43beadea.php HTTP/1.1" 404 47 "https://simplipay.earth/wp-login.php" "Mozilla/5.0 (Windows NT 10.0; Win64; x64; rv:124.0) Gecko/20100101 Firefox/124.0"
195.178.110.108 - - [05/Aug/2026:11:46:50 +0000] "GET /wp-admin/theme-editor.php HTTP/1.1" 200 58718 "https://simplipay.earth/wp-login.php" "Mozilla/5.0 (Windows NT 10.0; Win64; x64; rv:124.0) Gecko/20100101 Firefox/124.0"
195.178.110.108 - - [05/Aug/2026:11:46:51 +0000] "POST /wp-admin/theme-editor.php HTTP/1.1" 500 2566 "https://simplipay.earth/wp-login.php" "Mozilla/5.0 (Windows NT 10.0; Win64; x64; rv:124.0) Gecko/20100101 Firefox/124.0"
195.178.110.108 - - [05/Aug/2026:11:46:51 +0000] "GET /wp-content/themes/twentytwentyfive/nx-up.php HTTP/1.1" 404 47 "https://simplipay.earth/wp-login.php" "Mozilla/5.0 (Windows NT 10.0; Win64; x64; rv:124.0) Gecko/20100101 Firefox/124.0"
195.178.110.108 - - [05/Aug/2026:11:46:52 +0000] "GET /wp-content/themes/twentytwentyfive/nx-up.php HTTP/1.1" 404 47 "https://simplipay.earth/wp-login.php" "Mozilla/5.0 (Windows NT 10.0; Win64; x64; rv:124.0) Gecko/20100101 Firefox/124.0"
195.178.110.108 - - [05/Aug/2026:11:46:54 +0000] "GET /wp-content/themes/twentytwentyfive/nx-up.php HTTP/1.1" 404 47 "https://simplipay.earth/wp-login.php" "Mozilla/5.0 (Windows NT 10.0; Win64; x64; rv:124.0) Gecko/20100101 Firefox/124.0"
195.178.110.108 - - [05/Aug/2026:11:46:59 +0000] "GET /wp-admin/plugin-install.php?tab=upload HTTP/1.1" 200 51476 "https://simplipay.earth/wp-login.php" "Mozilla/5.0 (Windows NT 10.0; Win64; x64; rv:124.0) Gecko/20100101 Firefox/124.0"
195.178.110.108 - - [05/Aug/2026:11:47:01 +0000] "POST /wp-admin/update.php?action=upload-plugin HTTP/1.1" 200 49429 "https://simplipay.earth/wp-login.php" "Mozilla/5.0 (Windows NT 10.0; Win64; x64; rv:124.0) Gecko/20100101 Firefox/124.0"
195.178.110.108 - - [05/Aug/2026:11:47:01 +0000] "GET /wp-content/plugins/nx_up_51ef9a56/nx_up_51ef9a56.php HTTP/1.1" 404 47 "https://simplipay.earth/wp-login.php" "Mozilla/5.0 (Windows NT 10.0; Win64; x64; rv:124.0) Gecko/20100101 Firefox/124.0"
195.178.110.108 - - [05/Aug/2026:11:47:02 +0000] "GET /wp-content/plugins/nx_up_51ef9a56/nx_up_51ef9a56.php HTTP/1.1" 404 47 "https://simplipay.earth/wp-login.php" "Mozilla/5.0 (Windows NT 10.0; Win64; x64; rv:124.0) Gecko/20100101 Firefox/124.0"
195.178.110.108 - - [05/Aug/2026:11:47:04 +0000] "GET /wp-content/plugins/nx_up_51ef9a56/nx_up_51ef9a56.php HTTP/1.1" 404 47 "https://simplipay.earth/wp-login.php" "Mozilla/5.0 (Windows NT 10.0; Win64; x64; rv:124.0) Gecko/20100101 Firefox/124.0"
195.178.110.108 - - [05/Aug/2026:11:47:05 +0000] "GET /wp-content/plugins/nx_up_51ef9a56/nx_up_51ef9a56.php HTTP/1.1" 404 47 "https://simplipay.earth/wp-login.php" "Mozilla/5.0 (Windows NT 10.0; Win64; x64; rv:124.0) Gecko/20100101 Firefox/124.0"
195.178.110.108 - - [05/Aug/2026:11:47:06 +0000] "GET /wp-content/plugins/nx_up_51ef9a56/nx_up_51ef9a56.php HTTP/1.1" 404 47 "https://simplipay.earth/wp-login.php" "Mozilla/5.0 (Windows NT 10.0; Win64; x64; rv:124.0) Gecko/20100101 Firefox/124.0"
195.178.110.108 - - [05/Aug/2026:11:47:07 +0000] "GET /wp-content/plugins/nx_up_51ef9a56/nx_up_51ef9a56.php HTTP/1.1" 404 47 "https://simplipay.earth/wp-login.php" "Mozilla/5.0 (Windows NT 10.0; Win64; x64; rv:124.0) Gecko/20100101 Firefox/124.0"
195.178.110.108 - - [05/Aug/2026:11:47:09 +0000] "GET /wp-content/plugins/nx_up_51ef9a56/nx_up_51ef9a56.php HTTP/1.1" 404 47 "https://simplipay.earth/wp-login.php" "Mozilla/5.0 (Windows NT 10.0; Win64; x64; rv:124.0) Gecko/20100101 Firefox/124.0"
195.178.110.108 - - [05/Aug/2026:11:47:09 +0000] "GET /wp-admin/plugin-install.php HTTP/1.1" 200 58259 "https://simplipay.earth/wp-login.php" "Mozilla/5.0 (Windows NT 10.0; Win64; x64; rv:124.0) Gecko/20100101 Firefox/124.0"
195.178.110.108 - - [05/Aug/2026:11:47:11 +0000] "POST /wp-admin/update.php?action=upload-plugin HTTP/1.1" 200 49416 "https://simplipay.earth/wp-login.php" "Mozilla/5.0 (Windows NT 10.0; Win64; x64; rv:124.0) Gecko/20100101 Firefox/124.0"
195.178.110.108 - - [05/Aug/2026:11:47:11 +0000] "GET /wp-content/plugins/nx_up_51ef9a56/nx_up_51ef9a56.php HTTP/1.1" 404 47 "https://simplipay.earth/wp-login.php" "Mozilla/5.0 (Windows NT 10.0; Win64; x64; rv:124.0) Gecko/20100101 Firefox/124.0"
195.178.110.108 - - [05/Aug/2026:11:47:13 +0000] "GET /wp-content/plugins/nx_up_51ef9a56/nx_up_51ef9a56.php HTTP/1.1" 404 47 "https://simplipay.earth/wp-login.php" "Mozilla/5.0 (Windows NT 10.0; Win64; x64; rv:124.0) Gecko/20100101 Firefox/124.0"
195.178.110.108 - - [05/Aug/2026:11:47:14 +0000] "GET /wp-content/plugins/nx_up_51ef9a56/nx_up_51ef9a56.php HTTP/1.1" 404 47 "https://simplipay.earth/wp-login.php" "Mozilla/5.0 (Windows NT 10.0; Win64; x64; rv:124.0) Gecko/20100101 Firefox/124.0"
195.178.110.108 - - [05/Aug/2026:11:47:16 +0000] "GET /wp-content/plugins/nx_up_51ef9a56/nx_up_51ef9a56.php HTTP/1.1" 404 47 "https://simplipay.earth/wp-login.php" "Mozilla/5.0 (Windows NT 10.0; Win64; x64; rv:124.0) Gecko/20100101 Firefox/124.0"
195.178.110.108 - - [05/Aug/2026:11:47:16 +0000] "GET /wp-content/plugins/nx_up_51ef9a56/nx_up_51ef9a56.php HTTP/1.1" 404 47 "https://simplipay.earth/wp-login.php" "Mozilla/5.0 (Windows NT 10.0; Win64; x64; rv:124.0) Gecko/20100101 Firefox/124.0"
195.178.110.108 - - [05/Aug/2026:11:47:17 +0000] "GET /wp-content/plugins/nx_up_51ef9a56/nx_up_51ef9a56.php HTTP/1.1" 404 47 "https://simplipay.earth/wp-login.php" "Mozilla/5.0 (Windows NT 10.0; Win64; x64; rv:124.0) Gecko/20100101 Firefox/124.0"
195.178.110.108 - - [05/Aug/2026:11:47:19 +0000] "GET /wp-content/plugins/nx_up_51ef9a56/nx_up_51ef9a56.php HTTP/1.1" 404 47 "https://simplipay.earth/wp-login.php" "Mozilla/5.0 (Windows NT 10.0; Win64; x64; rv:124.0) Gecko/20100101 Firefox/124.0"
195.178.110.108 - - [05/Aug/2026:11:47:19 +0000] "GET /wp-admin/theme-install.php?tab=upload HTTP/1.1" 200 55291 "https://simplipay.earth/wp-login.php" "Mozilla/5.0 (Windows NT 10.0; Win64; x64; rv:124.0) Gecko/20100101 Firefox/124.0"
195.178.110.108 - - [05/Aug/2026:11:47:21 +0000] "POST /wp-admin/update.php?action=upload-theme HTTP/1.1" 200 49350 "https://simplipay.earth/wp-login.php" "Mozilla/5.0 (Windows NT 10.0; Win64; x64; rv:124.0) Gecko/20100101 Firefox/124.0"
195.178.110.108 - - [05/Aug/2026:11:47:21 +0000] "GET /wp-content/themes/nx_th_90690e/nx-up.php HTTP/1.1" 404 47 "https://simplipay.earth/wp-login.php" "Mozilla/5.0 (Windows NT 10.0; Win64; x64; rv:124.0) Gecko/20100101 Firefox/124.0"
195.178.110.108 - - [05/Aug/2026:11:47:22 +0000] "GET /wp-content/themes/nx_th_90690e/nx-up.php HTTP/1.1" 404 47 "https://simplipay.earth/wp-login.php" "Mozilla/5.0 (Windows NT 10.0; Win64; x64; rv:124.0) Gecko/20100101 Firefox/124.0"
195.178.110.108 - - [05/Aug/2026:11:47:24 +0000] "GET /wp-content/themes/nx_th_90690e/nx-up.php HTTP/1.1" 404 47 "https://simplipay.earth/wp-login.php" "Mozilla/5.0 (Windows NT 10.0; Win64; x64; rv:124.0) Gecko/20100101 Firefox/124.0"
195.178.110.108 - - [05/Aug/2026:11:47:25 +0000] "GET /wp-content/themes/nx_th_90690e/nx-up.php HTTP/1.1" 404 47 "https://simplipay.earth/wp-login.php" "Mozilla/5.0 (Windows NT 10.0; Win64; x64; rv:124.0) Gecko/20100101 Firefox/124.0"
195.178.110.108 - - [05/Aug/2026:11:47:26 +0000] "GET /wp-admin/theme-install.php HTTP/1.1" 200 55276 "https://simplipay.earth/wp-login.php" "Mozilla/5.0 (Windows NT 10.0; Win64; x64; rv:124.0) Gecko/20100101 Firefox/124.0"
195.178.110.108 - - [05/Aug/2026:11:47:27 +0000] "POST /wp-admin/update.php?action=upload-theme HTTP/1.1" 200 49348 "https://simplipay.earth/wp-login.php" "Mozilla/5.0 (Windows NT 10.0; Win64; x64; rv:124.0) Gecko/20100101 Firefox/124.0"
195.178.110.108 - - [05/Aug/2026:11:47:27 +0000] "GET /wp-content/themes/nx_th_90690e/nx-up.php HTTP/1.1" 404 47 "https://simplipay.earth/wp-login.php" "Mozilla/5.0 (Windows NT 10.0; Win64; x64; rv:124.0) Gecko/20100101 Firefox/124.0"
195.178.110.108 - - [05/Aug/2026:11:47:29 +0000] "GET /wp-content/themes/nx_th_90690e/nx-up.php HTTP/1.1" 404 47 "https://simplipay.earth/wp-login.php" "Mozilla/5.0 (Windows NT 10.0; Win64; x64; rv:124.0) Gecko/20100101 Firefox/124.0"
195.178.110.108 - - [05/Aug/2026:11:47:30 +0000] "GET /wp-content/themes/nx_th_90690e/nx-up.php HTTP/1.1" 404 47 "https://simplipay.earth/wp-login.php" "Mozilla/5.0 (Windows NT 10.0; Win64; x64; rv:124.0) Gecko/20100101 Firefox/124.0"
195.178.110.108 - - [05/Aug/2026:11:47:32 +0000] "GET /wp-content/themes/nx_th_90690e/nx-up.php HTTP/1.1" 404 47 "https://simplipay.earth/wp-login.php" "Mozilla/5.0 (Windows NT 10.0; Win64; x64; rv:124.0) Gecko/20100101 Firefox/124.0"
195.178.110.108 - - [05/Aug/2026:11:47:33 +0000] "GET /wp-admin/ HTTP/1.1" 200 67957 "https://simplipay.earth/wp-login.php" "Mozilla/5.0 (Windows NT 10.0; Win64; x64; rv:124.0) Gecko/20100101 Firefox/124.0"
195.178.110.108 - - [05/Aug/2026:11:47:33 +0000] "POST /wp-json/wp/v2/plugins HTTP/1.1" 403 111 "https://simplipay.earth/wp-admin/plugin-install.php" "Mozilla/5.0 (Windows NT 10.0; Win64; x64; rv:124.0) Gecko/20100101 Firefox/124.0"
195.178.110.108 - - [05/Aug/2026:11:47:34 +0000] "POST /?rest_route=/wp/v2/plugins HTTP/1.1" 403 111 "https://simplipay.earth/wp-admin/plugin-install.php" "Mozilla/5.0 (Windows NT 10.0; Win64; x64; rv:124.0) Gecko/20100101 Firefox/124.0"
195.178.110.108 - - [05/Aug/2026:11:47:34 +0000] "GET /wp-admin/plugin-editor.php HTTP/1.1" 200 60754 "https://simplipay.earth/wp-login.php" "Mozilla/5.0 (Windows NT 10.0; Win64; x64; rv:124.0) Gecko/20100101 Firefox/124.0"
195.178.110.108 - - [05/Aug/2026:11:47:35 +0000] "POST /wp-admin/plugin-editor.php HTTP/1.1" 500 2566 "https://simplipay.earth/wp-login.php" "Mozilla/5.0 (Windows NT 10.0; Win64; x64; rv:124.0) Gecko/20100101 Firefox/124.0"
195.178.110.108 - - [05/Aug/2026:11:47:35 +0000] "GET /wp-content/plugins/nx_up_51ef9a56/nx_up_51ef9a56.php HTTP/1.1" 404 47 "https://simplipay.earth/wp-login.php" "Mozilla/5.0 (Windows NT 10.0; Win64; x64; rv:124.0) Gecko/20100101 Firefox/124.0"
195.178.110.108 - - [05/Aug/2026:11:47:38 +0000] "GET /wp-content/plugins/nx_up_51ef9a56/nx_up_51ef9a56.php HTTP/1.1" 404 47 "https://simplipay.earth/wp-login.php" "Mozilla/5.0 (Windows NT 10.0; Win64; x64; rv:124.0) Gecko/20100101 Firefox/124.0"
195.178.110.108 - - [05/Aug/2026:11:47:39 +0000] "GET /wp-content/plugins/nx_up_51ef9a56/nx_up_51ef9a56.php HTTP/1.1" 404 47 "https://simplipay.earth/wp-login.php" "Mozilla/5.0 (Windows NT 10.0; Win64; x64; rv:124.0) Gecko/20100101 Firefox/124.0"
195.178.110.108 - - [05/Aug/2026:11:47:40 +0000] "POST /wp-admin/plugin-editor.php HTTP/1.1" 500 2603 "https://simplipay.earth/wp-login.php" "Mozilla/5.0 (Windows NT 10.0; Win64; x64; rv:124.0) Gecko/20100101 Firefox/124.0"
195.178.110.108 - - [05/Aug/2026:11:47:40 +0000] "GET /wp-content/plugins/nx_up_51ef9a56/nx_up_51ef9a56.php HTTP/1.1" 404 47 "https://simplipay.earth/wp-login.php" "Mozilla/5.0 (Windows NT 10.0; Win64; x64; rv:124.0) Gecko/20100101 Firefox/124.0"
195.178.110.108 - - [05/Aug/2026:11:47:41 +0000] "GET /wp-content/plugins/nx_up_51ef9a56/nx_up_51ef9a56.php HTTP/1.1" 404 47 "https://simplipay.earth/wp-login.php" "Mozilla/5.0 (Windows NT 10.0; Win64; x64; rv:124.0) Gecko/20100101 Firefox/124.0"
195.178.110.108 - - [05/Aug/2026:11:47:43 +0000] "GET /wp-content/plugins/nx_up_51ef9a56/nx_up_51ef9a56.php HTTP/1.1" 404 47 "https://simplipay.earth/wp-login.php" "Mozilla/5.0 (Windows NT 10.0; Win64; x64; rv:124.0) Gecko/20100101 Firefox/124.0"
195.178.110.108 - - [05/Aug/2026:11:47:43 +0000] "GET /wp-admin/theme-editor.php HTTP/1.1" 200 58718 "https://simplipay.earth/wp-login.php" "Mozilla/5.0 (Windows NT 10.0; Win64; x64; rv:124.0) Gecko/20100101 Firefox/124.0"
195.178.110.108 - - [05/Aug/2026:11:47:44 +0000] "POST /wp-admin/theme-editor.php HTTP/1.1" 500 2566 "https://simplipay.earth/wp-login.php" "Mozilla/5.0 (Windows NT 10.0; Win64; x64; rv:124.0) Gecko/20100101 Firefox/124.0"
195.178.110.108 - - [05/Aug/2026:11:47:44 +0000] "GET /wp-content/themes/twentytwentyfive/nx-up.php HTTP/1.1" 404 47 "https://simplipay.earth/wp-login.php" "Mozilla/5.0 (Windows NT 10.0; Win64; x64; rv:124.0) Gecko/20100101 Firefox/124.0"
195.178.110.108 - - [05/Aug/2026:11:47:46 +0000] "GET /wp-content/themes/twentytwentyfive/nx-up.php HTTP/1.1" 404 47 "https://simplipay.earth/wp-login.php" "Mozilla/5.0 (Windows NT 10.0; Win64; x64; rv:124.0) Gecko/20100101 Firefox/124.0"
195.178.110.108 - - [05/Aug/2026:11:47:47 +0000] "GET /wp-content/themes/twentytwentyfive/nx-up.php HTTP/1.1" 404 47 "https://simplipay.earth/wp-login.php" "Mozilla/5.0 (Windows NT 10.0; Win64; x64; rv:124.0) Gecko/20100101 Firefox/124.0"
52.4.149.131 - - [05/Aug/2026:11:47:53 +0000] "POST /wp-cron.php?doing_wp_cron=1785930473.4310009479522705078125 HTTP/1.1" 499 0 "-" "WordPress/7.0; https://simplipay.earth"
195.178.110.108 - - [05/Aug/2026:11:47:53 +0000] "GET /wp-admin/plugin-install.php?tab=upload HTTP/1.1" 200 51476 "https://simplipay.earth/wp-login.php" "Mozilla/5.0 (Windows NT 10.0; Win64; x64; rv:124.0) Gecko/20100101 Firefox/124.0"
195.178.110.108 - - [05/Aug/2026:11:47:54 +0000] "POST /wp-admin/update.php?action=upload-plugin HTTP/1.1" 200 49428 "https://simplipay.earth/wp-login.php" "Mozilla/5.0 (Windows NT 10.0; Win64; x64; rv:124.0) Gecko/20100101 Firefox/124.0"
195.178.110.108 - - [05/Aug/2026:11:47:54 +0000] "GET /wp-content/plugins/nx_up_12060fba/nx_up_12060fba.php HTTP/1.1" 404 47 "https://simplipay.earth/wp-login.php" "Mozilla/5.0 (Windows NT 10.0; Win64; x64; rv:124.0) Gecko/20100101 Firefox/124.0"
195.178.110.108 - - [05/Aug/2026:11:47:56 +0000] "GET /wp-content/plugins/nx_up_12060fba/nx_up_12060fba.php HTTP/1.1" 404 47 "https://simplipay.earth/wp-login.php" "Mozilla/5.0 (Windows NT 10.0; Win64; x64; rv:124.0) Gecko/20100101 Firefox/124.0"
195.178.110.108 - - [05/Aug/2026:11:47:57 +0000] "GET /wp-content/plugins/nx_up_12060fba/nx_up_12060fba.php HTTP/1.1" 404 47 "https://simplipay.earth/wp-login.php" "Mozilla/5.0 (Windows NT 10.0; Win64; x64; rv:124.0) Gecko/20100101 Firefox/124.0"
195.178.110.108 - - [05/Aug/2026:11:47:59 +0000] "GET /wp-content/plugins/nx_up_12060fba/nx_up_12060fba.php HTTP/1.1" 404 47 "https://simplipay.earth/wp-login.php" "Mozilla/5.0 (Windows NT 10.0; Win64; x64; rv:124.0) Gecko/20100101 Firefox/124.0"
195.178.110.108 - - [05/Aug/2026:11:47:59 +0000] "GET /wp-content/plugins/nx_up_12060fba/nx_up_12060fba.php HTTP/1.1" 404 47 "https://simplipay.earth/wp-login.php" "Mozilla/5.0 (Windows NT 10.0; Win64; x64; rv:124.0) Gecko/20100101 Firefox/124.0"
195.178.110.108 - - [05/Aug/2026:11:48:01 +0000] "GET /wp-content/plugins/nx_up_12060fba/nx_up_12060fba.php HTTP/1.1" 404 47 "https://simplipay.earth/wp-login.php" "Mozilla/5.0 (Windows NT 10.0; Win64; x64; rv:124.0) Gecko/20100101 Firefox/124.0"
195.178.110.108 - - [05/Aug/2026:11:48:02 +0000] "GET /wp-content/plugins/nx_up_12060fba/nx_up_12060fba.php HTTP/1.1" 404 47 "https://simplipay.earth/wp-login.php" "Mozilla/5.0 (Windows NT 10.0; Win64; x64; rv:124.0) Gecko/20100101 Firefox/124.0"
195.178.110.108 - - [05/Aug/2026:11:48:03 +0000] "GET /wp-admin/plugin-install.php HTTP/1.1" 200 58260 "https://simplipay.earth/wp-login.php" "Mozilla/5.0 (Windows NT 10.0; Win64; x64; rv:124.0) Gecko/20100101 Firefox/124.0"
195.178.110.108 - - [05/Aug/2026:11:48:04 +0000] "POST /wp-admin/update.php?action=upload-plugin HTTP/1.1" 200 49416 "https://simplipay.earth/wp-login.php" "Mozilla/5.0 (Windows NT 10.0; Win64; x64; rv:124.0) Gecko/20100101 Firefox/124.0"
195.178.110.108 - - [05/Aug/2026:11:48:04 +0000] "GET /wp-content/plugins/nx_up_12060fba/nx_up_12060fba.php HTTP/1.1" 404 47 "https://simplipay.earth/wp-login.php" "Mozilla/5.0 (Windows NT 10.0; Win64; x64; rv:124.0) Gecko/20100101 Firefox/124.0"
195.178.110.108 - - [05/Aug/2026:11:48:06 +0000] "GET /wp-content/plugins/nx_up_12060fba/nx_up_12060fba.php HTTP/1.1" 404 47 "https://simplipay.earth/wp-login.php" "Mozilla/5.0 (Windows NT 10.0; Win64; x64; rv:124.0) Gecko/20100101 Firefox/124.0"
195.178.110.108 - - [05/Aug/2026:11:48:07 +0000] "GET /wp-content/plugins/nx_up_12060fba/nx_up_12060fba.php HTTP/1.1" 404 47 "https://simplipay.earth/wp-login.php" "Mozilla/5.0 (Windows NT 10.0; Win64; x64; rv:124.0) Gecko/20100101 Firefox/124.0"
195.178.110.108 - - [05/Aug/2026:11:48:09 +0000] "GET /wp-content/plugins/nx_up_12060fba/nx_up_12060fba.php HTTP/1.1" 404 47 "https://simplipay.earth/wp-login.php" "Mozilla/5.0 (Windows NT 10.0; Win64; x64; rv:124.0) Gecko/20100101 Firefox/124.0"
195.178.110.108 - - [05/Aug/2026:11:48:09 +0000] "GET /wp-content/plugins/nx_up_12060fba/nx_up_12060fba.php HTTP/1.1" 404 47 "https://simplipay.earth/wp-login.php" "Mozilla/5.0 (Windows NT 10.0; Win64; x64; rv:124.0) Gecko/20100101 Firefox/124.0"
195.178.110.108 - - [05/Aug/2026:11:48:11 +0000] "GET /wp-content/plugins/nx_up_12060fba/nx_up_12060fba.php HTTP/1.1" 404 47 "https://simplipay.earth/wp-login.php" "Mozilla/5.0 (Windows NT 10.0; Win64; x64; rv:124.0) Gecko/20100101 Firefox/124.0"
195.178.110.108 - - [05/Aug/2026:11:48:12 +0000] "GET /wp-content/plugins/nx_up_12060fba/nx_up_12060fba.php HTTP/1.1" 404 47 "https://simplipay.earth/wp-login.php" "Mozilla/5.0 (Windows NT 10.0; Win64; x64; rv:124.0) Gecko/20100101 Firefox/124.0"
195.178.110.108 - - [05/Aug/2026:11:48:13 +0000] "GET /wp-admin/theme-install.php?tab=upload HTTP/1.1" 200 55307 "https://simplipay.earth/wp-login.php" "Mozilla/5.0 (Windows NT 10.0; Win64; x64; rv:124.0) Gecko/20100101 Firefox/124.0"
195.178.110.108 - - [05/Aug/2026:11:48:14 +0000] "POST /wp-admin/update.php?action=upload-theme HTTP/1.1" 200 49361 "https://simplipay.earth/wp-login.php" "Mozilla/5.0 (Windows NT 10.0; Win64; x64; rv:124.0) Gecko/20100101 Firefox/124.0"
195.178.110.108 - - [05/Aug/2026:11:48:14 +0000] "GET /wp-content/themes/nx_th_cff40f/nx-up.php HTTP/1.1" 404 47 "https://simplipay.earth/wp-login.php" "Mozilla/5.0 (Windows NT 10.0; Win64; x64; rv:124.0) Gecko/20100101 Firefox/124.0"
195.178.110.108 - - [05/Aug/2026:11:48:16 +0000] "GET /wp-content/themes/nx_th_cff40f/nx-up.php HTTP/1.1" 404 47 "https://simplipay.earth/wp-login.php" "Mozilla/5.0 (Windows NT 10.0; Win64; x64; rv:124.0) Gecko/20100101 Firefox/124.0"
195.178.110.108 - - [05/Aug/2026:11:48:17 +0000] "GET /wp-content/themes/nx_th_cff40f/nx-up.php HTTP/1.1" 404 47 "https://simplipay.earth/wp-login.php" "Mozilla/5.0 (Windows NT 10.0; Win64; x64; rv:124.0) Gecko/20100101 Firefox/124.0"
195.178.110.108 - - [05/Aug/2026:11:48:19 +0000] "GET /wp-content/themes/nx_th_cff40f/nx-up.php HTTP/1.1" 404 47 "https://simplipay.earth/wp-login.php" "Mozilla/5.0 (Windows NT 10.0; Win64; x64; rv:124.0) Gecko/20100101 Firefox/124.0"
195.178.110.108 - - [05/Aug/2026:11:48:19 +0000] "GET /wp-admin/theme-install.php HTTP/1.1" 200 55260 "https://simplipay.earth/wp-login.php" "Mozilla/5.0 (Windows NT 10.0; Win64; x64; rv:124.0) Gecko/20100101 Firefox/124.0"
195.178.110.108 - - [05/Aug/2026:11:48:21 +0000] "POST /wp-admin/update.php?action=upload-theme HTTP/1.1" 200 49334 "https://simplipay.earth/wp-login.php" "Mozilla/5.0 (Windows NT 10.0; Win64; x64; rv:124.0) Gecko/20100101 Firefox/124.0"
195.178.110.108 - - [05/Aug/2026:11:48:21 +0000] "GET /wp-content/themes/nx_th_cff40f/nx-up.php HTTP/1.1" 404 47 "https://simplipay.earth/wp-login.php" "Mozilla/5.0 (Windows NT 10.0; Win64; x64; rv:124.0) Gecko/20100101 Firefox/124.0"
195.178.110.108 - - [05/Aug/2026:11:48:23 +0000] "GET /wp-content/themes/nx_th_cff40f/nx-up.php HTTP/1.1" 404 47 "https://simplipay.earth/wp-login.php" "Mozilla/5.0 (Windows NT 10.0; Win64; x64; rv:124.0) Gecko/20100101 Firefox/124.0"
195.178.110.108 - - [05/Aug/2026:11:48:24 +0000] "GET /wp-content/themes/nx_th_cff40f/nx-up.php HTTP/1.1" 404 47 "https://simplipay.earth/wp-login.php" "Mozilla/5.0 (Windows NT 10.0; Win64; x64; rv:124.0) Gecko/20100101 Firefox/124.0"
195.178.110.108 - - [05/Aug/2026:11:48:25 +0000] "GET /wp-content/themes/nx_th_cff40f/nx-up.php HTTP/1.1" 404 47 "https://simplipay.earth/wp-login.php" "Mozilla/5.0 (Windows NT 10.0; Win64; x64; rv:124.0) Gecko/20100101 Firefox/124.0"
195.178.110.108 - - [05/Aug/2026:11:48:26 +0000] "GET /wp-admin/ HTTP/1.1" 200 67957 "https://simplipay.earth/wp-login.php" "Mozilla/5.0 (Windows NT 10.0; Win64; x64; rv:124.0) Gecko/20100101 Firefox/124.0"
195.178.110.108 - - [05/Aug/2026:11:48:27 +0000] "POST /wp-json/wp/v2/plugins HTTP/1.1" 403 111 "https://simplipay.earth/wp-admin/plugin-install.php" "Mozilla/5.0 (Windows NT 10.0; Win64; x64; rv:124.0) Gecko/20100101 Firefox/124.0"
195.178.110.108 - - [05/Aug/2026:11:48:27 +0000] "POST /?rest_route=/wp/v2/plugins HTTP/1.1" 403 111 "https://simplipay.earth/wp-admin/plugin-install.php" "Mozilla/5.0 (Windows NT 10.0; Win64; x64; rv:124.0) Gecko/20100101 Firefox/124.0"
195.178.110.108 - - [05/Aug/2026:11:48:28 +0000] "GET /wp-admin/plugin-editor.php HTTP/1.1" 200 60754 "https://simplipay.earth/wp-login.php" "Mozilla/5.0 (Windows NT 10.0; Win64; x64; rv:124.0) Gecko/20100101 Firefox/124.0"
195.178.110.108 - - [05/Aug/2026:11:48:28 +0000] "POST /wp-admin/plugin-editor.php HTTP/1.1" 500 2566 "https://simplipay.earth/wp-login.php" "Mozilla/5.0 (Windows NT 10.0; Win64; x64; rv:124.0) Gecko/20100101 Firefox/124.0"
195.178.110.108 - - [05/Aug/2026:11:48:29 +0000] "GET /wp-content/plugins/nx_up_12060fba/nx_up_12060fba.php HTTP/1.1" 404 47 "https://simplipay.earth/wp-login.php" "Mozilla/5.0 (Windows NT 10.0; Win64; x64; rv:124.0) Gecko/20100101 Firefox/124.0"
195.178.110.108 - - [05/Aug/2026:11:48:30 +0000] "GET /wp-content/plugins/nx_up_12060fba/nx_up_12060fba.php HTTP/1.1" 404 47 "https://simplipay.earth/wp-login.php" "Mozilla/5.0 (Windows NT 10.0; Win64; x64; rv:124.0) Gecko/20100101 Firefox/124.0"
195.178.110.108 - - [05/Aug/2026:11:48:32 +0000] "GET /wp-content/plugins/nx_up_12060fba/nx_up_12060fba.php HTTP/1.1" 404 47 "https://simplipay.earth/wp-login.php" "Mozilla/5.0 (Windows NT 10.0; Win64; x64; rv:124.0) Gecko/20100101 Firefox/124.0"
195.178.110.108 - - [05/Aug/2026:11:48:32 +0000] "POST /wp-admin/plugin-editor.php HTTP/1.1" 500 2603 "https://simplipay.earth/wp-login.php" "Mozilla/5.0 (Windows NT 10.0; Win64; x64; rv:124.0) Gecko/20100101 Firefox/124.0"
195.178.110.108 - - [05/Aug/2026:11:48:32 +0000] "GET /wp-content/plugins/nx_up_12060fba/nx_up_12060fba.php HTTP/1.1" 404 47 "https://simplipay.earth/wp-login.php" "Mozilla/5.0 (Windows NT 10.0; Win64; x64; rv:124.0) Gecko/20100101 Firefox/124.0"
195.178.110.108 - - [05/Aug/2026:11:48:34 +0000] "GET /wp-content/plugins/nx_up_12060fba/nx_up_12060fba.php HTTP/1.1" 404 47 "https://simplipay.earth/wp-login.php" "Mozilla/5.0 (Windows NT 10.0; Win64; x64; rv:124.0) Gecko/20100101 Firefox/124.0"
195.178.110.108 - - [05/Aug/2026:11:48:35 +0000] "GET /wp-content/plugins/nx_up_12060fba/nx_up_12060fba.php HTTP/1.1" 404 47 "https://simplipay.earth/wp-login.php" "Mozilla/5.0 (Windows NT 10.0; Win64; x64; rv:124.0) Gecko/20100101 Firefox/124.0"
195.178.110.108 - - [05/Aug/2026:11:48:36 +0000] "GET /wp-admin/theme-editor.php HTTP/1.1" 200 58718 "https://simplipay.earth/wp-login.php" "Mozilla/5.0 (Windows NT 10.0; Win64; x64; rv:124.0) Gecko/20100101 Firefox/124.0"
195.178.110.108 - - [05/Aug/2026:11:48:37 +0000] "POST /wp-admin/theme-editor.php HTTP/1.1" 500 2566 "https://simplipay.earth/wp-login.php" "Mozilla/5.0 (Windows NT 10.0; Win64; x64; rv:124.0) Gecko/20100101 Firefox/124.0"
195.178.110.108 - - [05/Aug/2026:11:48:37 +0000] "GET /wp-content/themes/twentytwentyfive/nx-up.php HTTP/1.1" 404 47 "https://simplipay.earth/wp-login.php" "Mozilla/5.0 (Windows NT 10.0; Win64; x64; rv:124.0) Gecko/20100101 Firefox/124.0"
195.178.110.108 - - [05/Aug/2026:11:48:38 +0000] "GET /wp-content/themes/twentytwentyfive/nx-up.php HTTP/1.1" 404 47 "https://simplipay.earth/wp-login.php" "Mozilla/5.0 (Windows NT 10.0; Win64; x64; rv:124.0) Gecko/20100101 Firefox/124.0"
195.178.110.108 - - [05/Aug/2026:11:48:40 +0000] "GET /wp-content/themes/twentytwentyfive/nx-up.php HTTP/1.1" 404 47 "https://simplipay.earth/wp-login.php" "Mozilla/5.0 (Windows NT 10.0; Win64; x64; rv:124.0) Gecko/20100101 Firefox/124.0"
52.4.149.131 - - [05/Aug/2026:11:50:06 +0000] "POST /wp-cron.php?doing_wp_cron=1785930606.2575960159301757812500 HTTP/1.1" 499 0 "-" "WordPress/7.0; https://simplipay.earth"
103.231.7.194 - - [05/Aug/2026:11:50:06 +0000] "GET / HTTP/1.1" 200 27873 "-" "NOC-Monitor/1.0 (+https://github.com/)"
52.4.149.131 - - [05/Aug/2026:11:55:07 +0000] "POST /wp-cron.php?doing_wp_cron=1785930907.5270469188690185546875 HTTP/1.1" 499 0 "-" "WordPress/7.0; https://simplipay.earth"
103.231.7.194 - - [05/Aug/2026:11:55:07 +0000] "GET / HTTP/1.1" 200 27874 "-" "NOC-Monitor/1.0 (+https://github.com/)"
52.4.149.131 - - [05/Aug/2026:12:00:04 +0000] "POST /wp-cron.php?doing_wp_cron=1785931203.9978070259094238281250 HTTP/1.1" 499 0 "-" "WordPress/7.0; https://simplipay.earth"
103.231.7.194 - - [05/Aug/2026:12:00:04 +0000] "GET / HTTP/1.1" 200 27873 "-" "NOC-Monitor/1.0 (+https://github.com/)"
52.4.149.131 - - [05/Aug/2026:12:05:05 +0000] "POST /wp-cron.php?doing_wp_cron=1785931505.4973928928375244140625 HTTP/1.1" 499 0 "-" "WordPress/7.0; https://simplipay.earth"
103.231.7.194 - - [05/Aug/2026:12:05:05 +0000] "GET / HTTP/1.1" 200 27873 "-" "NOC-Monitor/1.0 (+https://github.com/)"
52.4.149.131 - - [05/Aug/2026:12:10:02 +0000] "POST /wp-cron.php?doing_wp_cron=1785931802.4806408882141113281250 HTTP/1.1" 499 0 "-" "WordPress/7.0; https://simplipay.earth"
103.231.7.194 - - [05/Aug/2026:12:10:02 +0000] "GET / HTTP/1.1" 200 27873 "-" "NOC-Monitor/1.0 (+https://github.com/)"
52.4.149.131 - - [05/Aug/2026:12:15:09 +0000] "POST /wp-cron.php?doing_wp_cron=1785932109.3871018886566162109375 HTTP/1.1" 499 0 "-" "WordPress/7.0; https://simplipay.earth"
103.231.7.194 - - [05/Aug/2026:12:15:09 +0000] "GET / HTTP/1.1" 200 27873 "-" "NOC-Monitor/1.0 (+https://github.com/)"
52.4.149.131 - - [05/Aug/2026:12:20:05 +0000] "POST /wp-cron.php?doing_wp_cron=1785932405.4735109806060791015625 HTTP/1.1" 499 0 "-" "WordPress/7.0; https://simplipay.earth"
103.231.7.194 - - [05/Aug/2026:12:20:05 +0000] "GET / HTTP/1.1" 200 27873 "-" "NOC-Monitor/1.0 (+https://github.com/)"
52.4.149.131 - - [05/Aug/2026:12:23:46 +0000] "POST /wp-cron.php?doing_wp_cron=1785932626.2145099639892578125000 HTTP/1.1" 499 0 "-" "WordPress/7.0; https://simplipay.earth"
195.178.110.108 - - [05/Aug/2026:12:23:46 +0000] "POST /index.php?rest_route=/batch/v1 HTTP/1.1" 207 27 "https://simplipay.earth/" "Mozilla/5.0 (Windows NT 10.0; Win64; x64; rv:124.0) Gecko/20100101 Firefox/124.0"
195.178.110.108 - - [05/Aug/2026:12:23:46 +0000] "POST /index.php?rest_route=/batch/v1 HTTP/1.1" 207 2909 "https://simplipay.earth/" "Mozilla/5.0 (Windows NT 10.0; Win64; x64; rv:124.0) Gecko/20100101 Firefox/124.0"
195.178.110.108 - - [05/Aug/2026:12:23:47 +0000] "POST /index.php?rest_route=/batch/v1 HTTP/1.1" 207 3112 "https://simplipay.earth/" "Mozilla/5.0 (Windows NT 10.0; Win64; x64; rv:124.0) Gecko/20100101 Firefox/124.0"
195.178.110.108 - - [05/Aug/2026:12:23:47 +0000] "POST /index.php?rest_route=/batch/v1 HTTP/1.1" 207 3013 "https://simplipay.earth/" "Mozilla/5.0 (Windows NT 10.0; Win64; x64; rv:124.0) Gecko/20100101 Firefox/124.0"
195.178.110.108 - - [05/Aug/2026:12:23:48 +0000] "POST /index.php?rest_route=/batch/v1 HTTP/1.1" 207 3008 "https://simplipay.earth/" "Mozilla/5.0 (Windows NT 10.0; Win64; x64; rv:124.0) Gecko/20100101 Firefox/124.0"
195.178.110.108 - - [05/Aug/2026:12:23:48 +0000] "POST /index.php?rest_route=/batch/v1 HTTP/1.1" 207 3813 "https://simplipay.earth/" "Mozilla/5.0 (Windows NT 10.0; Win64; x64; rv:124.0) Gecko/20100101 Firefox/124.0"
195.178.110.108 - - [05/Aug/2026:12:23:48 +0000] "POST /index.php?rest_route=/batch/v1 HTTP/1.1" 207 3815 "https://simplipay.earth/" "Mozilla/5.0 (Windows NT 10.0; Win64; x64; rv:124.0) Gecko/20100101 Firefox/124.0"
195.178.110.108 - - [05/Aug/2026:12:23:49 +0000] "POST /index.php?rest_route=/batch/v1 HTTP/1.1" 207 3815 "https://simplipay.earth/" "Mozilla/5.0 (Windows NT 10.0; Win64; x64; rv:124.0) Gecko/20100101 Firefox/124.0"
195.178.110.108 - - [05/Aug/2026:12:23:49 +0000] "POST /index.php?rest_route=/batch/v1 HTTP/1.1" 207 3360 "https://simplipay.earth/" "Mozilla/5.0 (Windows NT 10.0; Win64; x64; rv:124.0) Gecko/20100101 Firefox/124.0"
195.178.110.108 - - [05/Aug/2026:12:23:50 +0000] "POST /index.php?rest_route=/batch/v1 HTTP/1.1" 207 3010 "https://simplipay.earth/" "Mozilla/5.0 (Windows NT 10.0; Win64; x64; rv:124.0) Gecko/20100101 Firefox/124.0"
195.178.110.108 - - [05/Aug/2026:12:23:51 +0000] "POST /index.php?rest_route=/batch/v1 HTTP/1.1" 207 3010 "https://simplipay.earth/" "Mozilla/5.0 (Windows NT 10.0; Win64; x64; rv:124.0) Gecko/20100101 Firefox/124.0"
195.178.110.108 - - [05/Aug/2026:12:23:53 +0000] "POST /index.php?rest_route=/batch/v1 HTTP/1.1" 207 3010 "https://simplipay.earth/" "Mozilla/5.0 (Windows NT 10.0; Win64; x64; rv:124.0) Gecko/20100101 Firefox/124.0"
195.178.110.108 - - [05/Aug/2026:12:23:53 +0000] "POST /index.php?rest_route=/batch/v1 HTTP/1.1" 207 2998 "https://simplipay.earth/" "Mozilla/5.0 (Windows NT 10.0; Win64; x64; rv:124.0) Gecko/20100101 Firefox/124.0"
195.178.110.108 - - [05/Aug/2026:12:23:55 +0000] "POST /index.php?rest_route=/batch/v1 HTTP/1.1" 207 2998 "https://simplipay.earth/" "Mozilla/5.0 (Windows NT 10.0; Win64; x64; rv:124.0) Gecko/20100101 Firefox/124.0"
195.178.110.108 - - [05/Aug/2026:12:23:57 +0000] "POST /index.php?rest_route=/batch/v1 HTTP/1.1" 207 2998 "https://simplipay.earth/" "Mozilla/5.0 (Windows NT 10.0; Win64; x64; rv:124.0) Gecko/20100101 Firefox/124.0"
195.178.110.108 - - [05/Aug/2026:12:23:57 +0000] "POST /index.php?rest_route=/batch/v1 HTTP/1.1" 207 3002 "https://simplipay.earth/" "Mozilla/5.0 (Windows NT 10.0; Win64; x64; rv:124.0) Gecko/20100101 Firefox/124.0"
195.178.110.108 - - [05/Aug/2026:12:23:58 +0000] "POST /index.php?rest_route=/batch/v1 HTTP/1.1" 207 3002 "https://simplipay.earth/" "Mozilla/5.0 (Windows NT 10.0; Win64; x64; rv:124.0) Gecko/20100101 Firefox/124.0"
195.178.110.108 - - [05/Aug/2026:12:24:00 +0000] "POST /index.php?rest_route=/batch/v1 HTTP/1.1" 207 3002 "https://simplipay.earth/" "Mozilla/5.0 (Windows NT 10.0; Win64; x64; rv:124.0) Gecko/20100101 Firefox/124.0"
195.178.110.108 - - [05/Aug/2026:12:24:01 +0000] "POST /index.php?rest_route=/batch/v1 HTTP/1.1" 207 2990 "https://simplipay.earth/" "Mozilla/5.0 (Windows NT 10.0; Win64; x64; rv:124.0) Gecko/20100101 Firefox/124.0"
195.178.110.108 - - [05/Aug/2026:12:24:02 +0000] "POST /index.php?rest_route=/batch/v1 HTTP/1.1" 207 2990 "https://simplipay.earth/" "Mozilla/5.0 (Windows NT 10.0; Win64; x64; rv:124.0) Gecko/20100101 Firefox/124.0"
195.178.110.108 - - [05/Aug/2026:12:24:04 +0000] "POST /index.php?rest_route=/batch/v1 HTTP/1.1" 207 2990 "https://simplipay.earth/" "Mozilla/5.0 (Windows NT 10.0; Win64; x64; rv:124.0) Gecko/20100101 Firefox/124.0"
195.178.110.108 - - [05/Aug/2026:12:24:04 +0000] "POST /index.php?rest_route=/batch/v1 HTTP/1.1" 207 2996 "https://simplipay.earth/" "Mozilla/5.0 (Windows NT 10.0; Win64; x64; rv:124.0) Gecko/20100101 Firefox/124.0"
195.178.110.108 - - [05/Aug/2026:12:24:06 +0000] "POST /index.php?rest_route=/batch/v1 HTTP/1.1" 207 2996 "https://simplipay.earth/" "Mozilla/5.0 (Windows NT 10.0; Win64; x64; rv:124.0) Gecko/20100101 Firefox/124.0"
195.178.110.108 - - [05/Aug/2026:12:24:08 +0000] "POST /index.php?rest_route=/batch/v1 HTTP/1.1" 207 2996 "https://simplipay.earth/" "Mozilla/5.0 (Windows NT 10.0; Win64; x64; rv:124.0) Gecko/20100101 Firefox/124.0"
195.178.110.108 - - [05/Aug/2026:12:24:08 +0000] "POST /index.php?rest_route=/batch/v1 HTTP/1.1" 207 2984 "https://simplipay.earth/" "Mozilla/5.0 (Windows NT 10.0; Win64; x64; rv:124.0) Gecko/20100101 Firefox/124.0"
195.178.110.108 - - [05/Aug/2026:12:24:09 +0000] "POST /index.php?rest_route=/batch/v1 HTTP/1.1" 207 2984 "https://simplipay.earth/" "Mozilla/5.0 (Windows NT 10.0; Win64; x64; rv:124.0) Gecko/20100101 Firefox/124.0"
195.178.110.108 - - [05/Aug/2026:12:24:11 +0000] "POST /index.php?rest_route=/batch/v1 HTTP/1.1" 207 2984 "https://simplipay.earth/" "Mozilla/5.0 (Windows NT 10.0; Win64; x64; rv:124.0) Gecko/20100101 Firefox/124.0"
195.178.110.108 - - [05/Aug/2026:12:24:12 +0000] "POST /index.php?rest_route=/batch/v1 HTTP/1.1" 207 3022 "https://simplipay.earth/" "Mozilla/5.0 (Windows NT 10.0; Win64; x64; rv:124.0) Gecko/20100101 Firefox/124.0"
195.178.110.108 - - [05/Aug/2026:12:24:12 +0000] "POST /index.php?rest_route=/batch/v1 HTTP/1.1" 207 3094 "https://simplipay.earth/" "Mozilla/5.0 (Windows NT 10.0; Win64; x64; rv:124.0) Gecko/20100101 Firefox/124.0"
195.178.110.108 - - [05/Aug/2026:12:24:12 +0000] "POST /index.php?rest_route=/batch/v1 HTTP/1.1" 207 3014 "https://simplipay.earth/" "Mozilla/5.0 (Windows NT 10.0; Win64; x64; rv:124.0) Gecko/20100101 Firefox/124.0"
195.178.110.108 - - [05/Aug/2026:12:24:14 +0000] "POST /index.php?rest_route=/batch/v1 HTTP/1.1" 207 3014 "https://simplipay.earth/" "Mozilla/5.0 (Windows NT 10.0; Win64; x64; rv:124.0) Gecko/20100101 Firefox/124.0"
195.178.110.108 - - [05/Aug/2026:12:24:16 +0000] "POST /index.php?rest_route=/batch/v1 HTTP/1.1" 207 3014 "https://simplipay.earth/" "Mozilla/5.0 (Windows NT 10.0; Win64; x64; rv:124.0) Gecko/20100101 Firefox/124.0"
195.178.110.108 - - [05/Aug/2026:12:24:16 +0000] "POST /index.php?rest_route=/batch/v1 HTTP/1.1" 207 3002 "https://simplipay.earth/" "Mozilla/5.0 (Windows NT 10.0; Win64; x64; rv:124.0) Gecko/20100101 Firefox/124.0"
195.178.110.108 - - [05/Aug/2026:12:24:17 +0000] "POST /index.php?rest_route=/batch/v1 HTTP/1.1" 207 3002 "https://simplipay.earth/" "Mozilla/5.0 (Windows NT 10.0; Win64; x64; rv:124.0) Gecko/20100101 Firefox/124.0"
195.178.110.108 - - [05/Aug/2026:12:24:19 +0000] "POST /index.php?rest_route=/batch/v1 HTTP/1.1" 207 3002 "https://simplipay.earth/" "Mozilla/5.0 (Windows NT 10.0; Win64; x64; rv:124.0) Gecko/20100101 Firefox/124.0"
195.178.110.108 - - [05/Aug/2026:12:24:20 +0000] "POST /index.php?rest_route=/batch/v1 HTTP/1.1" 207 3002 "https://simplipay.earth/" "Mozilla/5.0 (Windows NT 10.0; Win64; x64; rv:124.0) Gecko/20100101 Firefox/124.0"
195.178.110.108 - - [05/Aug/2026:12:24:21 +0000] "POST /index.php?rest_route=/batch/v1 HTTP/1.1" 207 3002 "https://simplipay.earth/" "Mozilla/5.0 (Windows NT 10.0; Win64; x64; rv:124.0) Gecko/20100101 Firefox/124.0"
195.178.110.108 - - [05/Aug/2026:12:24:23 +0000] "POST /index.php?rest_route=/batch/v1 HTTP/1.1" 207 3002 "https://simplipay.earth/" "Mozilla/5.0 (Windows NT 10.0; Win64; x64; rv:124.0) Gecko/20100101 Firefox/124.0"
195.178.110.108 - - [05/Aug/2026:12:24:23 +0000] "POST /index.php?rest_route=/batch/v1 HTTP/1.1" 207 2990 "https://simplipay.earth/" "Mozilla/5.0 (Windows NT 10.0; Win64; x64; rv:124.0) Gecko/20100101 Firefox/124.0"
195.178.110.108 - - [05/Aug/2026:12:24:25 +0000] "POST /index.php?rest_route=/batch/v1 HTTP/1.1" 207 2990 "https://simplipay.earth/" "Mozilla/5.0 (Windows NT 10.0; Win64; x64; rv:124.0) Gecko/20100101 Firefox/124.0"
195.178.110.108 - - [05/Aug/2026:12:24:27 +0000] "POST /index.php?rest_route=/batch/v1 HTTP/1.1" 207 2990 "https://simplipay.earth/" "Mozilla/5.0 (Windows NT 10.0; Win64; x64; rv:124.0) Gecko/20100101 Firefox/124.0"
195.178.110.108 - - [05/Aug/2026:12:24:27 +0000] "POST /index.php?rest_route=/batch/v1 HTTP/1.1" 207 3016 "https://simplipay.earth/" "Mozilla/5.0 (Windows NT 10.0; Win64; x64; rv:124.0) Gecko/20100101 Firefox/124.0"
195.178.110.108 - - [05/Aug/2026:12:24:28 +0000] "POST /index.php?rest_route=/batch/v1 HTTP/1.1" 207 3016 "https://simplipay.earth/" "Mozilla/5.0 (Windows NT 10.0; Win64; x64; rv:124.0) Gecko/20100101 Firefox/124.0"
195.178.110.108 - - [05/Aug/2026:12:24:30 +0000] "POST /index.php?rest_route=/batch/v1 HTTP/1.1" 207 3016 "https://simplipay.earth/" "Mozilla/5.0 (Windows NT 10.0; Win64; x64; rv:124.0) Gecko/20100101 Firefox/124.0"
195.178.110.108 - - [05/Aug/2026:12:24:31 +0000] "POST /index.php?rest_route=/batch/v1 HTTP/1.1" 207 3004 "https://simplipay.earth/" "Mozilla/5.0 (Windows NT 10.0; Win64; x64; rv:124.0) Gecko/20100101 Firefox/124.0"
195.178.110.108 - - [05/Aug/2026:12:24:32 +0000] "POST /index.php?rest_route=/batch/v1 HTTP/1.1" 207 3004 "https://simplipay.earth/" "Mozilla/5.0 (Windows NT 10.0; Win64; x64; rv:124.0) Gecko/20100101 Firefox/124.0"
195.178.110.108 - - [05/Aug/2026:12:24:34 +0000] "POST /index.php?rest_route=/batch/v1 HTTP/1.1" 207 3004 "https://simplipay.earth/" "Mozilla/5.0 (Windows NT 10.0; Win64; x64; rv:124.0) Gecko/20100101 Firefox/124.0"
195.178.110.108 - - [05/Aug/2026:12:24:34 +0000] "POST /index.php?rest_route=/batch/v1 HTTP/1.1" 207 3008 "https://simplipay.earth/" "Mozilla/5.0 (Windows NT 10.0; Win64; x64; rv:124.0) Gecko/20100101 Firefox/124.0"
195.178.110.108 - - [05/Aug/2026:12:24:35 +0000] "POST /index.php?rest_route=/batch/v1 HTTP/1.1" 207 3813 "https://simplipay.earth/" "Mozilla/5.0 (Windows NT 10.0; Win64; x64; rv:124.0) Gecko/20100101 Firefox/124.0"
195.178.110.108 - - [05/Aug/2026:12:24:35 +0000] "POST /index.php?rest_route=/batch/v1 HTTP/1.1" 207 3815 "https://simplipay.earth/" "Mozilla/5.0 (Windows NT 10.0; Win64; x64; rv:124.0) Gecko/20100101 Firefox/124.0"
195.178.110.108 - - [05/Aug/2026:12:24:35 +0000] "POST /index.php?rest_route=/batch/v1 HTTP/1.1" 207 3815 "https://simplipay.earth/" "Mozilla/5.0 (Windows NT 10.0; Win64; x64; rv:124.0) Gecko/20100101 Firefox/124.0"
195.178.110.108 - - [05/Aug/2026:12:24:36 +0000] "POST /index.php?rest_route=/batch/v1 HTTP/1.1" 207 3360 "https://simplipay.earth/" "Mozilla/5.0 (Windows NT 10.0; Win64; x64; rv:124.0) Gecko/20100101 Firefox/124.0"
195.178.110.108 - - [05/Aug/2026:12:24:36 +0000] "POST /index.php?rest_route=/batch/v1 HTTP/1.1" 207 3010 "https://simplipay.earth/" "Mozilla/5.0 (Windows NT 10.0; Win64; x64; rv:124.0) Gecko/20100101 Firefox/124.0"
195.178.110.108 - - [05/Aug/2026:12:24:37 +0000] "POST /index.php?rest_route=/batch/v1 HTTP/1.1" 207 3010 "https://simplipay.earth/" "Mozilla/5.0 (Windows NT 10.0; Win64; x64; rv:124.0) Gecko/20100101 Firefox/124.0"
195.178.110.108 - - [05/Aug/2026:12:24:39 +0000] "POST /index.php?rest_route=/batch/v1 HTTP/1.1" 207 3010 "https://simplipay.earth/" "Mozilla/5.0 (Windows NT 10.0; Win64; x64; rv:124.0) Gecko/20100101 Firefox/124.0"
195.178.110.108 - - [05/Aug/2026:12:24:40 +0000] "POST /index.php?rest_route=/batch/v1 HTTP/1.1" 207 2998 "https://simplipay.earth/" "Mozilla/5.0 (Windows NT 10.0; Win64; x64; rv:124.0) Gecko/20100101 Firefox/124.0"
195.178.110.108 - - [05/Aug/2026:12:24:41 +0000] "POST /index.php?rest_route=/batch/v1 HTTP/1.1" 207 2998 "https://simplipay.earth/" "Mozilla/5.0 (Windows NT 10.0; Win64; x64; rv:124.0) Gecko/20100101 Firefox/124.0"
195.178.110.108 - - [05/Aug/2026:12:24:43 +0000] "POST /index.php?rest_route=/batch/v1 HTTP/1.1" 207 2998 "https://simplipay.earth/" "Mozilla/5.0 (Windows NT 10.0; Win64; x64; rv:124.0) Gecko/20100101 Firefox/124.0"
195.178.110.108 - - [05/Aug/2026:12:24:44 +0000] "POST /index.php?rest_route=/batch/v1 HTTP/1.1" 207 3002 "https://simplipay.earth/" "Mozilla/5.0 (Windows NT 10.0; Win64; x64; rv:124.0) Gecko/20100101 Firefox/124.0"
52.4.149.131 - - [05/Aug/2026:12:24:45 +0000] "POST /wp-cron.php?doing_wp_cron=1785932685.1716639995574951171875 HTTP/1.1" 499 0 "-" "WordPress/7.0; https://simplipay.earth"
195.178.110.108 - - [05/Aug/2026:12:24:45 +0000] "POST /index.php?rest_route=/batch/v1 HTTP/1.1" 207 3002 "https://simplipay.earth/" "Mozilla/5.0 (Windows NT 10.0; Win64; x64; rv:124.0) Gecko/20100101 Firefox/124.0"
195.178.110.108 - - [05/Aug/2026:12:24:47 +0000] "POST /index.php?rest_route=/batch/v1 HTTP/1.1" 207 3002 "https://simplipay.earth/" "Mozilla/5.0 (Windows NT 10.0; Win64; x64; rv:124.0) Gecko/20100101 Firefox/124.0"
195.178.110.108 - - [05/Aug/2026:12:24:47 +0000] "POST /index.php?rest_route=/batch/v1 HTTP/1.1" 207 2990 "https://simplipay.earth/" "Mozilla/5.0 (Windows NT 10.0; Win64; x64; rv:124.0) Gecko/20100101 Firefox/124.0"
195.178.110.108 - - [05/Aug/2026:12:24:48 +0000] "POST /index.php?rest_route=/batch/v1 HTTP/1.1" 207 2990 "https://simplipay.earth/" "Mozilla/5.0 (Windows NT 10.0; Win64; x64; rv:124.0) Gecko/20100101 Firefox/124.0"
195.178.110.108 - - [05/Aug/2026:12:24:50 +0000] "POST /index.php?rest_route=/batch/v1 HTTP/1.1" 207 2990 "https://simplipay.earth/" "Mozilla/5.0 (Windows NT 10.0; Win64; x64; rv:124.0) Gecko/20100101 Firefox/124.0"
103.231.7.194 - - [05/Aug/2026:12:25:08 +0000] "GET / HTTP/1.1" 200 27873 "-" "NOC-Monitor/1.0 (+https://github.com/)"
52.4.149.131 - - [05/Aug/2026:12:30:05 +0000] "POST /wp-cron.php?doing_wp_cron=1785933005.4768939018249511718750 HTTP/1.1" 499 0 "-" "WordPress/7.0; https://simplipay.earth"
103.231.7.194 - - [05/Aug/2026:12:30:05 +0000] "GET / HTTP/1.1" 200 27873 "-" "NOC-Monitor/1.0 (+https://github.com/)"
52.4.149.131 - - [05/Aug/2026:12:35:16 +0000] "POST /wp-cron.php?doing_wp_cron=1785933316.9705519676208496093750 HTTP/1.1" 499 0 "-" "WordPress/7.0; https://simplipay.earth"
103.231.7.194 - - [05/Aug/2026:12:35:16 +0000] "GET / HTTP/1.1" 200 27873 "-" "NOC-Monitor/1.0 (+https://github.com/)"
52.4.149.131 - - [05/Aug/2026:12:40:08 +0000] "POST /wp-cron.php?doing_wp_cron=1785933608.3634068965911865234375 HTTP/1.1" 499 0 "-" "WordPress/7.0; https://simplipay.earth"
103.231.7.194 - - [05/Aug/2026:12:40:08 +0000] "GET / HTTP/1.1" 200 27873 "-" "NOC-Monitor/1.0 (+https://github.com/)"
52.4.149.131 - - [05/Aug/2026:12:45:12 +0000] "POST /wp-cron.php?doing_wp_cron=1785933912.5625879764556884765625 HTTP/1.1" 499 0 "-" "WordPress/7.0; https://simplipay.earth"
103.231.7.194 - - [05/Aug/2026:12:45:12 +0000] "GET / HTTP/1.1" 200 27873 "-" "NOC-Monitor/1.0 (+https://github.com/)"
52.4.149.131 - - [05/Aug/2026:12:46:18 +0000] "POST /wp-cron.php?doing_wp_cron=1785933978.8228340148925781250000 HTTP/1.1" 499 0 "-" "WordPress/7.0; https://simplipay.earth"
43.165.127.225 - - [05/Aug/2026:12:46:18 +0000] "GET / HTTP/1.1" 301 5 "http://www.simplipay.earth" "Mozilla/5.0 (iPhone; CPU iPhone OS 13_2_3 like Mac OS X) AppleWebKit/605.1.15 (KHTML, like Gecko) Version/13.0.3 Mobile/15E148 Safari/604.1"
43.165.127.225 - - [05/Aug/2026:12:46:19 +0000] "GET / HTTP/1.1" 200 27873 "https://www.simplipay.earth/" "Mozilla/5.0 (iPhone; CPU iPhone OS 13_2_3 like Mac OS X) AppleWebKit/605.1.15 (KHTML, like Gecko) Version/13.0.3 Mobile/15E148 Safari/604.1"
52.4.149.131 - - [05/Aug/2026:12:55:13 +0000] "POST /wp-cron.php?doing_wp_cron=1785934513.7547318935394287109375 HTTP/1.1" 499 0 "-" "WordPress/7.0; https://simplipay.earth"
103.231.7.194 - - [05/Aug/2026:12:55:13 +0000] "GET / HTTP/1.1" 200 27873 "-" "NOC-Monitor/1.0 (+https://github.com/)"
52.4.149.131 - - [05/Aug/2026:12:59:20 +0000] "POST /wp-cron.php?doing_wp_cron=1785934760.8901770114898681640625 HTTP/1.1" 499 0 "-" "WordPress/7.0; https://simplipay.earth"
4.246.181.2 - - [05/Aug/2026:12:59:20 +0000] "GET / HTTP/1.1" 301 5 "-" "Mozilla/5.0 (Macintosh; Intel Mac OS X 10_15_7) AppleWebKit/537.36 (KHTML, like Gecko) Chrome/146.0.0.0 Safari/537.36"
4.246.181.2 - - [05/Aug/2026:12:59:21 +0000] "GET / HTTP/1.1" 200 27873 "-" "Mozilla/5.0 (Macintosh; Intel Mac OS X 10_15_7) AppleWebKit/537.36 (KHTML, like Gecko) Chrome/146.0.0.0 Safari/537.36"
4.246.181.2 - - [05/Aug/2026:12:59:22 +0000] "POST /?rest_route=/batch/v1&_w2s=c06a320d HTTP/1.1" 207 631 "-" "Mozilla/5.0 (Macintosh; Intel Mac OS X 10_15_7) AppleWebKit/537.36 (KHTML, like Gecko) Chrome/140.0.0.0 newsai/1.0 Safari/537.36"
4.246.181.2 - - [05/Aug/2026:12:59:22 +0000] "POST /?rest_route=/batch/v1&_w2s=282b1c61 HTTP/1.1" 207 3030 "-" "Mozilla/5.0 (Windows NT 10.0; Win64; x64) AppleWebKit/537.36 (KHTML, like Gecko) Chrome/145.0.0.0 Safari/537.36"
4.246.181.2 - - [05/Aug/2026:12:59:22 +0000] "POST /?rest_route=/batch/v1&_w2s=f6c7de75 HTTP/1.1" 207 3017 "-" "Mozilla/5.0 (Macintosh; Intel Mac OS X 10_15_7) AppleWebKit/537.36 (KHTML, like Gecko) Chrome/145.0.0.0 Safari/537.36"
4.246.181.2 - - [05/Aug/2026:12:59:22 +0000] "POST /?rest_route=/batch/v1&_w2s=137778a3 HTTP/1.1" 207 3351 "-" "Mozilla/5.0 (Windows NT 10.0; Win64; x64) AppleWebKit/537.36 (KHTML, like Gecko) Chrome/145.0.0.0 Safari/537.36"
4.246.181.2 - - [05/Aug/2026:12:59:23 +0000] "POST /?rest_route=/batch/v1&_w2s=aab2d16a HTTP/1.1" 207 612632 "-" "Mozilla/5.0 (Windows NT 10.0; Win64; x64) AppleWebKit/537.36 (KHTML, like Gecko) Chrome/145.0.0.0 Safari/537.36"
4.246.181.2 - - [05/Aug/2026:12:59:23 +0000] "POST /?rest_route=/batch/v1&_w2s=2b70c51e HTTP/1.1" 207 6963 "-" "Mozilla/5.0 (Macintosh; Intel Mac OS X 10_15_7) AppleWebKit/537.36 (KHTML, like Gecko) Chrome/145.0.0.0 Safari/537.36"
4.246.181.2 - - [05/Aug/2026:12:59:23 +0000] "POST /?rest_route=/batch/v1&_w2s=92e10548 HTTP/1.1" 207 6966 "-" "Mozilla/5.0 (Windows NT 10.0; Win64; x64) AppleWebKit/537.36 (KHTML, like Gecko) Chrome/145.0.0.0 Safari/537.36"
4.246.181.2 - - [05/Aug/2026:12:59:24 +0000] "POST /?rest_route=/batch/v1&_w2s=9dd294b1 HTTP/1.1" 207 6966 "-" "Mozilla/5.0 (Windows NT 10.0; Win64; x64) AppleWebKit/537.36 (KHTML, like Gecko) Chrome/143.0.0.0 Safari/537.36"
