4.246.181.2 - - [05/Aug/2026:12:59:24 +0000] "POST /?rest_route=/batch/v1&_w2s=b1bee513 HTTP/1.1" 207 6966 "-" "Mozilla/5.0 (Macintosh; Intel Mac OS X 10_15_7) AppleWebKit/537.36 (KHTML, like Gecko) Chrome/146.0.0.0 Safari/537.36"
4.246.181.2 - - [05/Aug/2026:12:59:24 +0000] "POST /?rest_route=/batch/v1&_w2s=6f647d6a HTTP/1.1" 207 6966 "-" "Mozilla/5.0 (Windows NT 10.0; Win64; x64) AppleWebKit/537.36 (KHTML, like Gecko) Chrome/145.0.0.0 Safari/537.36"
4.246.181.2 - - [05/Aug/2026:12:59:24 +0000] "POST /?rest_route=/batch/v1&_w2s=1c85941f HTTP/1.1" 207 6966 "-" "Mozilla/5.0 (Macintosh; Intel Mac OS X 10_15_7) AppleWebKit/537.36 (KHTML, like Gecko) Chrome/144.0.0.0 Safari/537.36"
4.246.181.2 - - [05/Aug/2026:12:59:24 +0000] "POST /?rest_route=/batch/v1&_w2s=7daaa81e HTTP/1.1" 207 6967 "-" "Mozilla/5.0 (Macintosh; Intel Mac OS X 10_15_7) AppleWebKit/537.36 (KHTML, like Gecko) Chrome/146.0.0.0 Safari/537.36"
4.246.181.2 - - [05/Aug/2026:12:59:24 +0000] "POST /?rest_route=/batch/v1&_w2s=a084ad8b HTTP/1.1" 207 4927 "-" "Mozilla/5.0 (Windows NT 10.0; Win64; x64) AppleWebKit/537.36 (KHTML, like Gecko) Chrome/144.0.0.0 Safari/537.36"
4.246.181.2 - - [05/Aug/2026:12:59:25 +0000] "POST /?rest_route=/batch/v1&_w2s=d8961977 HTTP/1.1" 207 6951 "-" "Mozilla/5.0 (Windows NT 10.0; Win64; x64) AppleWebKit/537.36 (KHTML, like Gecko) Chrome/142.0.0.0 Safari/537.36"
4.246.181.2 - - [05/Aug/2026:12:59:25 +0000] "POST /?rest_route=/batch/v1&_w2s=9916ce38 HTTP/1.1" 207 6954 "-" "Mozilla/5.0 (Windows NT 10.0; Win64; x64) AppleWebKit/537.36 (KHTML, like Gecko) Chrome/146.0.0.0 Safari/537.36"
4.246.181.2 - - [05/Aug/2026:12:59:25 +0000] "POST /?rest_route=/batch/v1&_w2s=b7045e21 HTTP/1.1" 207 6954 "-" "Mozilla/5.0 (Windows NT 10.0; Win64; x64) AppleWebKit/537.36 (KHTML, like Gecko) Chrome/146.0.0.0 Safari/537.36"
4.246.181.2 - - [05/Aug/2026:12:59:25 +0000] "POST /?rest_route=/batch/v1&_w2s=d464ea11 HTTP/1.1" 207 6954 "-" "Mozilla/5.0 (Windows NT 10.0; Win64; x64) AppleWebKit/537.36 (KHTML, like Gecko) Chrome/145.0.0.0 Safari/537.36"
4.246.181.2 - - [05/Aug/2026:12:59:25 +0000] "POST /?rest_route=/batch/v1&_w2s=a6a28a8b HTTP/1.1" 207 6954 "-" "Mozilla/5.0 (Windows NT 10.0; Win64; x64) AppleWebKit/537.36 (KHTML, like Gecko) Chrome/145.0.0.0 Safari/537.36"
4.246.181.2 - - [05/Aug/2026:12:59:26 +0000] "POST /?rest_route=/batch/v1&_w2s=79f96709 HTTP/1.1" 207 6954 "-" "Mozilla/5.0 (Windows NT 10.0; Win64; x64) AppleWebKit/537.36 (KHTML, like Gecko) Chrome/144.0.0.0 Safari/537.36"
4.246.181.2 - - [05/Aug/2026:12:59:26 +0000] "POST /?rest_route=/batch/v1&_w2s=dd09a391 HTTP/1.1" 207 6955 "-" "Mozilla/5.0 (Macintosh; Intel Mac OS X 10_15_7) AppleWebKit/537.36 (KHTML, like Gecko) Chrome/140.0.0.0 newsai/1.0 Safari/537.36"
4.246.181.2 - - [05/Aug/2026:12:59:26 +0000] "POST /?rest_route=/batch/v1&_w2s=fdecb259 HTTP/1.1" 207 6955 "-" "Mozilla/5.0 (Windows NT 10.0; Win64; x64) AppleWebKit/537.36 (KHTML, like Gecko) Chrome/145.0.0.0 Safari/537.36"
4.246.181.2 - - [05/Aug/2026:12:59:26 +0000] "POST /?rest_route=/batch/v1&_w2s=3e6a85da HTTP/1.1" 207 6955 "-" "Mozilla/5.0 (Windows NT 10.0; Win64; x64) AppleWebKit/537.36 (KHTML, like Gecko) Chrome/146.0.0.0 Safari/537.36"
4.246.181.2 - - [05/Aug/2026:12:59:26 +0000] "POST /?rest_route=/batch/v1&_w2s=f17455bb HTTP/1.1" 207 6955 "-" "Mozilla/5.0 (Windows NT 10.0; Win64; x64) AppleWebKit/537.36 (KHTML, like Gecko) Chrome/144.0.0.0 Safari/537.36"
4.246.181.2 - - [05/Aug/2026:12:59:27 +0000] "POST /?rest_route=/batch/v1&_w2s=32b33049 HTTP/1.1" 207 6955 "-" "Mozilla/5.0 (Macintosh; Intel Mac OS X 10_15_7) AppleWebKit/537.36 (KHTML, like Gecko) Chrome/146.0.0.0 Safari/537.36"
4.246.181.2 - - [05/Aug/2026:12:59:27 +0000] "POST /?rest_route=/batch/v1&_w2s=36e3eb13 HTTP/1.1" 207 6955 "-" "Mozilla/5.0 (Windows NT 10.0; Win64; x64) AppleWebKit/537.36 (KHTML, like Gecko) Chrome/145.0.0.0 Safari/537.36"
4.246.181.2 - - [05/Aug/2026:12:59:27 +0000] "POST /?rest_route=/batch/v1&_w2s=f3d30740 HTTP/1.1" 207 6955 "-" "Mozilla/5.0 (Windows NT 10.0; Win64; x64) AppleWebKit/537.36 (KHTML, like Gecko) Chrome/146.0.0.0 Safari/537.36"
4.246.181.2 - - [05/Aug/2026:12:59:27 +0000] "POST /?rest_route=/batch/v1&_w2s=0b01d51a HTTP/1.1" 207 6955 "-" "Mozilla/5.0 (Windows NT 10.0; Win64; x64) AppleWebKit/537.36 (KHTML, like Gecko) Chrome/146.0.0.0 Safari/537.36"
4.246.181.2 - - [05/Aug/2026:12:59:27 +0000] "POST /?rest_route=/batch/v1&_w2s=a97dc8e8 HTTP/1.1" 207 6955 "-" "Mozilla/5.0 (Macintosh; Intel Mac OS X 10_15_7) AppleWebKit/537.36 (KHTML, like Gecko) Chrome/145.0.0.0 Safari/537.36"
4.246.181.2 - - [05/Aug/2026:12:59:27 +0000] "POST /?rest_route=/batch/v1&_w2s=ae838c36 HTTP/1.1" 207 6955 "-" "Mozilla/5.0 (Windows NT 10.0; Win64; x64) AppleWebKit/537.36 (KHTML, like Gecko) Chrome/146.0.0.0 Safari/537.36"
4.246.181.2 - - [05/Aug/2026:12:59:27 +0000] "POST /?rest_route=/batch/v1&_w2s=2e6b82c3 HTTP/1.1" 207 6955 "-" "Mozilla/5.0 (Windows NT 10.0; Win64; x64) AppleWebKit/537.36 (KHTML, like Gecko) Chrome/145.0.0.0 Safari/537.36"
4.246.181.2 - - [05/Aug/2026:12:59:28 +0000] "POST /?rest_route=/batch/v1&_w2s=1a0166f6 HTTP/1.1" 207 6955 "-" "Mozilla/5.0 (Windows NT 10.0; Win64; x64) AppleWebKit/537.36 (KHTML, like Gecko) Chrome/146.0.0.0 Safari/537.36"
4.246.181.2 - - [05/Aug/2026:12:59:28 +0000] "POST /?rest_route=/batch/v1&_w2s=6c03a6e1 HTTP/1.1" 207 6955 "-" "Mozilla/5.0 (Windows NT 10.0; Win64; x64) AppleWebKit/537.36 (KHTML, like Gecko) Chrome/144.0.0.0 Safari/537.36"
4.246.181.2 - - [05/Aug/2026:12:59:28 +0000] "POST /?rest_route=/batch/v1&_w2s=90f476ea HTTP/1.1" 207 6955 "-" "Mozilla/5.0 (Macintosh; Intel Mac OS X 10_15_7) AppleWebKit/537.36 (KHTML, like Gecko) Chrome/145.0.0.0 Safari/537.36"
4.246.181.2 - - [05/Aug/2026:12:59:28 +0000] "POST /?rest_route=/batch/v1&_w2s=b77ce129 HTTP/1.1" 207 6955 "-" "Mozilla/5.0 (Windows NT 10.0; Win64; x64) AppleWebKit/537.36 (KHTML, like Gecko) Chrome/144.0.0.0 Safari/537.36"
4.246.181.2 - - [05/Aug/2026:12:59:28 +0000] "POST /?rest_route=/batch/v1&_w2s=e3679ab9 HTTP/1.1" 207 6955 "-" "Mozilla/5.0 (Windows NT 10.0; Win64; x64) AppleWebKit/537.36 (KHTML, like Gecko) Chrome/146.0.0.0 Safari/537.36"
4.246.181.2 - - [05/Aug/2026:12:59:29 +0000] "POST /?rest_route=/batch/v1&_w2s=51ceeb41 HTTP/1.1" 207 6955 "-" "Mozilla/5.0 (Macintosh; Intel Mac OS X 10_15_7) AppleWebKit/537.36 (KHTML, like Gecko) Chrome/146.0.0.0 Safari/537.36"
4.246.181.2 - - [05/Aug/2026:12:59:29 +0000] "POST /?rest_route=/batch/v1&_w2s=0acdd676 HTTP/1.1" 207 6955 "-" "Mozilla/5.0 (Macintosh; Intel Mac OS X 10_15_7) AppleWebKit/537.36 (KHTML, like Gecko) Chrome/146.0.0.0 Safari/537.36"
4.246.181.2 - - [05/Aug/2026:12:59:29 +0000] "POST /?rest_route=/batch/v1&_w2s=0e7e8b4a HTTP/1.1" 207 6955 "-" "Mozilla/5.0 (Windows NT 10.0; Win64; x64) AppleWebKit/537.36 (KHTML, like Gecko) Chrome/145.0.0.0 Safari/537.36"
4.246.181.2 - - [05/Aug/2026:12:59:29 +0000] "POST /?rest_route=/batch/v1&_w2s=b803a7d7 HTTP/1.1" 207 6955 "-" "Mozilla/5.0 (Windows NT 10.0; Win64; x64) AppleWebKit/537.36 (KHTML, like Gecko) Chrome/146.0.0.0 Safari/537.36"
4.246.181.2 - - [05/Aug/2026:12:59:29 +0000] "POST /?rest_route=/batch/v1&_w2s=ffbb6b12 HTTP/1.1" 207 6955 "-" "Mozilla/5.0 (Windows NT 10.0; Win64; x64) AppleWebKit/537.36 (KHTML, like Gecko) Chrome/145.0.0.0 Safari/537.36"
4.246.181.2 - - [05/Aug/2026:12:59:29 +0000] "POST /?rest_route=/batch/v1&_w2s=bc4d7c71 HTTP/1.1" 207 6955 "-" "Mozilla/5.0 (Macintosh; Intel Mac OS X 10_15_7) AppleWebKit/537.36 (KHTML, like Gecko) Chrome/146.0.0.0 Safari/537.36"
4.246.181.2 - - [05/Aug/2026:12:59:29 +0000] "POST /?rest_route=/batch/v1&_w2s=d3381153 HTTP/1.1" 207 6955 "-" "Mozilla/5.0 (Windows NT 10.0; Win64; x64) AppleWebKit/537.36 (KHTML, like Gecko) Chrome/145.0.0.0 Safari/537.36"
4.246.181.2 - - [05/Aug/2026:12:59:30 +0000] "POST /?rest_route=/batch/v1&_w2s=d9883a75 HTTP/1.1" 207 6955 "-" "Mozilla/5.0 (Macintosh; Intel Mac OS X 10_15_7) AppleWebKit/537.36 (KHTML, like Gecko) Chrome/146.0.0.0 Safari/537.36"
4.246.181.2 - - [05/Aug/2026:12:59:30 +0000] "POST /?rest_route=/batch/v1&_w2s=5788594d HTTP/1.1" 207 6955 "-" "Mozilla/5.0 (Windows NT 10.0; Win64; x64) AppleWebKit/537.36 (KHTML, like Gecko) Chrome/145.0.0.0 Safari/537.36"
4.246.181.2 - - [05/Aug/2026:12:59:30 +0000] "POST /?rest_route=/batch/v1&_w2s=50a07986 HTTP/1.1" 207 6955 "-" "Mozilla/5.0 (Windows NT 10.0; Win64; x64) AppleWebKit/537.36 (KHTML, like Gecko) Chrome/145.0.0.0 Safari/537.36"
4.246.181.2 - - [05/Aug/2026:12:59:30 +0000] "POST /?rest_route=/batch/v1&_w2s=3ec9da35 HTTP/1.1" 207 6955 "-" "Mozilla/5.0 (Macintosh; Intel Mac OS X 10_15_7) AppleWebKit/537.36 (KHTML, like Gecko) Chrome/146.0.0.0 Safari/537.36"
4.246.181.2 - - [05/Aug/2026:12:59:30 +0000] "POST /?rest_route=/batch/v1&_w2s=9eed1ce7 HTTP/1.1" 207 6955 "-" "Mozilla/5.0 (Macintosh; Intel Mac OS X 10_15_7) AppleWebKit/537.36 (KHTML, like Gecko) Chrome/143.0.0.0 Safari/537.36"
4.246.181.2 - - [05/Aug/2026:12:59:30 +0000] "POST /?rest_route=/batch/v1&_w2s=b5c61c24 HTTP/1.1" 207 6955 "-" "Mozilla/5.0 (Windows NT 10.0; Win64; x64) AppleWebKit/537.36 (KHTML, like Gecko) Chrome/145.0.0.0 Safari/537.36"
4.246.181.2 - - [05/Aug/2026:12:59:31 +0000] "POST /?rest_route=/batch/v1&_w2s=450313ff HTTP/1.1" 207 5201 "-" "Mozilla/5.0 (Macintosh; Intel Mac OS X 10_15_7) AppleWebKit/537.36 (KHTML, like Gecko) Chrome/145.0.0.0 Safari/537.36"
4.246.181.2 - - [05/Aug/2026:12:59:31 +0000] "POST /?rest_route=/batch/v1&_w2s=121207eb HTTP/1.1" 207 3035 "-" "Mozilla/5.0 (Windows NT 10.0; Win64; x64) AppleWebKit/537.36 (KHTML, like Gecko) Chrome/144.0.0.0 Safari/537.36"
4.246.181.2 - - [05/Aug/2026:12:59:31 +0000] "POST /?rest_route=/batch/v1&_w2s=6f9f7835 HTTP/1.1" 207 3023 "-" "Mozilla/5.0 (Macintosh; Intel Mac OS X 10_15_7) AppleWebKit/537.36 (KHTML, like Gecko) Chrome/145.0.0.0 Safari/537.36"
4.246.181.2 - - [05/Aug/2026:12:59:31 +0000] "POST /?rest_route=/batch/v1&_w2s=11396289 HTTP/1.1" 207 720 "-" "Mozilla/5.0 (Macintosh; Intel Mac OS X 10_15_7) AppleWebKit/537.36 (KHTML, like Gecko) Chrome/146.0.0.0 Safari/537.36"
4.246.181.2 - - [05/Aug/2026:12:59:31 +0000] "GET /wp-content/uploads/w2s_a5d18ced.php?t=85d400a720fffecf8331849987178f85&c=id HTTP/1.1" 404 47 "-" "Mozilla/5.0 (Windows NT 10.0; Win64; x64) AppleWebKit/537.36 (KHTML, like Gecko) Chrome/145.0.0.0 Safari/537.36"
4.246.181.2 - - [05/Aug/2026:12:59:31 +0000] "GET /?rest_route=/wp/v2/posts&per_page=1&_fields=link,author,id HTTP/1.1" 200 151 "-" "Mozilla/5.0 (Windows NT 10.0; Win64; x64) AppleWebKit/537.36 (KHTML, like Gecko) Chrome/147.0.0.0 Safari/537.36"
4.246.181.2 - - [05/Aug/2026:12:59:32 +0000] "POST /?rest_route=/batch/v1&_w2s=4f891850 HTTP/1.1" 207 3025 "-" "Mozilla/5.0 (Windows NT 10.0; Win64; x64) AppleWebKit/537.36 (KHTML, like Gecko) Chrome/145.0.0.0 Safari/537.36"
4.246.181.2 - - [05/Aug/2026:12:59:32 +0000] "POST /?rest_route=/batch/v1&_w2s=53d1304c HTTP/1.1" 207 3193 "-" "Mozilla/5.0 (Windows NT 10.0; Win64; x64) AppleWebKit/537.36 (KHTML, like Gecko) Chrome/144.0.0.0 Safari/537.36"
4.246.181.2 - - [05/Aug/2026:12:59:33 +0000] "POST /?rest_route=/batch/v1&customize=changeset&customize_changeset_uuid=e6fd980b-749c-4b44-8b35-22686adf91cc&_w2s=81e54a1b HTTP/1.1" 207 6208 "-" "Mozilla/5.0 (Windows NT 10.0; Win64; x64) AppleWebKit/537.36 (KHTML, like Gecko) Chrome/144.0.0.0 Safari/537.36"
4.246.181.2 - - [05/Aug/2026:12:59:34 +0000] "POST /?rest_route=/batch/v1&_w2s=bf13d834 HTTP/1.1" 207 3205 "-" "Mozilla/5.0 (Windows NT 10.0; Win64; x64) AppleWebKit/537.36 (KHTML, like Gecko) Chrome/146.0.0.0 Safari/537.36"
4.246.181.2 - - [05/Aug/2026:12:59:34 +0000] "POST /?rest_route=/batch/v1&_w2s=c7943f86 HTTP/1.1" 207 3015 "-" "Mozilla/5.0 (Windows NT 10.0; Win64; x64) AppleWebKit/537.36 (KHTML, like Gecko) Chrome/144.0.0.0 Safari/537.36"
4.246.181.2 - - [05/Aug/2026:12:59:34 +0000] "POST /?rest_route=/batch/v1&_w2s=b728d61b HTTP/1.1" 207 720 "-" "Mozilla/5.0 (Macintosh; Intel Mac OS X 10_15_7) AppleWebKit/537.36 (KHTML, like Gecko) Chrome/143.0.0.0 Safari/537.36"
4.246.181.2 - - [05/Aug/2026:12:59:34 +0000] "POST /?rest_route=/batch/v1&_w2s=10dc14a1 HTTP/1.1" 207 3193 "-" "Mozilla/5.0 (Macintosh; Intel Mac OS X 10_15_7) AppleWebKit/537.36 (KHTML, like Gecko) Chrome/145.0.0.0 Safari/537.36"
4.246.181.2 - - [05/Aug/2026:12:59:34 +0000] "POST /?rest_route=/batch/v1&_w2s=28f61f22 HTTP/1.1" 207 3199 "-" "Mozilla/5.0 (Windows NT 10.0; Win64; x64) AppleWebKit/537.36 (KHTML, like Gecko) Chrome/145.0.0.0 Safari/537.36"
4.246.181.2 - - [05/Aug/2026:12:59:35 +0000] "POST /?rest_route=/batch/v1&_w2s=c066f40c HTTP/1.1" 207 24538 "-" "Mozilla/5.0 (Windows NT 10.0; Win64; x64) AppleWebKit/537.36 (KHTML, like Gecko) Chrome/146.0.0.0 Safari/537.36"
4.246.181.2 - - [05/Aug/2026:12:59:37 +0000] "POST /?rest_route=/batch/v1&customize=changeset&customize_changeset_uuid=e6fd980b-749c-4b44-8b35-22686adf91cc&_w2s=ad905209 HTTP/1.1" 499 0 "-" "Mozilla/5.0 (Windows NT 10.0; Win64; x64) AppleWebKit/537.36 (KHTML, like Gecko) Chrome/146.0.0.0 Safari/537.36"
4.246.181.2 - - [05/Aug/2026:12:59:38 +0000] "POST /?rest_route=/batch/v1&_w2s=5eaec349 HTTP/1.1" 207 3059 "-" "Mozilla/5.0 (Windows NT 10.0; Win64; x64) AppleWebKit/537.36 (KHTML, like Gecko) Chrome/146.0.0.0 Safari/537.36"
4.246.181.2 - - [05/Aug/2026:12:59:38 +0000] "POST /wp-login.php HTTP/1.1" 200 2189 "-" "Mozilla/5.0 (Windows NT 10.0; Win64; x64) AppleWebKit/537.36 (KHTML, like Gecko) Chrome/146.0.0.0 Safari/537.36"
4.246.181.2 - - [05/Aug/2026:12:59:39 +0000] "GET /wp-admin/plugin-install.php?tab=upload HTTP/1.1" 200 51469 "-" "Mozilla/5.0 (Windows NT 10.0; Win64; x64) AppleWebKit/537.36 (KHTML, like Gecko) Chrome/145.0.0.0 Safari/537.36"
4.246.181.2 - - [05/Aug/2026:12:59:40 +0000] "POST /wp-admin/update.php?action=upload-plugin&_w2s=5cc6ca4f HTTP/1.1" 200 49477 "-" "Mozilla/5.0 (Windows NT 10.0; Win64; x64) AppleWebKit/537.36 (KHTML, like Gecko) Chrome/146.0.0.0 Safari/537.36"
4.246.181.2 - - [05/Aug/2026:12:59:40 +0000] "GET /wp-admin/plugins.php HTTP/1.1" 200 61684 "-" "Mozilla/5.0 (Windows NT 10.0; Win64; x64) AppleWebKit/537.36 (KHTML, like Gecko) Chrome/146.0.0.0 Safari/537.36"
4.246.181.2 - - [05/Aug/2026:12:59:40 +0000] "GET /wp-content/plugins/site-tweaks-a3d1c9b433/direct.php?_cb=063a7f9f&t=ada4cc4b86d20d22083eab824262666e&c=aWQ%3D HTTP/1.1" 404 47 "-" "Mozilla/5.0 (Windows NT 10.0; Win64; x64) AppleWebKit/537.36 (KHTML, like Gecko) Chrome/146.0.0.0 Safari/537.36"
4.246.181.2 - - [05/Aug/2026:12:59:41 +0000] "GET / HTTP/1.1" 301 5 "-" "Mozilla/5.0 (Macintosh; Intel Mac OS X 10_15_7) AppleWebKit/537.36 (KHTML, like Gecko) Chrome/144.0.0.0 Safari/537.36"
4.246.181.2 - - [05/Aug/2026:12:59:42 +0000] "GET / HTTP/1.1" 200 27869 "-" "Mozilla/5.0 (Macintosh; Intel Mac OS X 10_15_7) AppleWebKit/537.36 (KHTML, like Gecko) Chrome/144.0.0.0 Safari/537.36"
4.246.181.2 - - [05/Aug/2026:12:59:42 +0000] "GET /wp-content/plugins/site-tweaks-a3d1c9b433/direct.php?_cb=063a7f9f&t=ada4cc4b86d20d22083eab824262666e&c=aWQ%3D HTTP/1.1" 404 47 "-" "Mozilla/5.0 (Windows NT 10.0; Win64; x64) AppleWebKit/537.36 (KHTML, like Gecko) Chrome/146.0.0.0 Safari/537.36"
4.246.181.2 - - [05/Aug/2026:12:59:43 +0000] "POST /?rest_route=/wputils/v1/4792235acc92c19e696d6683&_w2s=a0e9c096 HTTP/1.1" 404 128 "-" "Mozilla/5.0 (Windows NT 10.0; Win64; x64) AppleWebKit/537.36 (KHTML, like Gecko) Chrome/146.0.0.0 Safari/537.36"
4.246.181.2 - - [05/Aug/2026:12:59:43 +0000] "GET /wp-admin/ HTTP/1.1" 200 67938 "-" "Mozilla/5.0 (Windows NT 10.0; Win64; x64) AppleWebKit/537.36 (KHTML, like Gecko) Chrome/145.0.0.0 Safari/537.36"
4.246.181.2 - - [05/Aug/2026:12:59:44 +0000] "POST /wp-json/wp/v2/plugins/code-snippets/code-snippets?_wpnonce=41f85785e7&_w2s=7206b78d HTTP/1.1" 404 104 "-" "Mozilla/5.0 (Windows NT 10.0; Win64; x64) AppleWebKit/537.36 (KHTML, like Gecko) Chrome/145.0.0.0 Safari/537.36"
4.246.181.2 - - [05/Aug/2026:12:59:44 +0000] "POST /?rest_route=/wp/v2/plugins/code-snippets/code-snippets&_wpnonce=41f85785e7&_w2s=b81a6c7d HTTP/1.1" 404 104 "-" "Mozilla/5.0 (Windows NT 10.0; Win64; x64) AppleWebKit/537.36 (KHTML, like Gecko) Chrome/145.0.0.0 Safari/537.36"
52.4.149.131 - - [05/Aug/2026:12:59:45 +0000] "POST /wp-cron.php?doing_wp_cron=1785934785.3394339084625244140625 HTTP/1.1" 499 0 "-" "WordPress/7.0; https://simplipay.earth"
4.246.181.2 - - [05/Aug/2026:12:59:45 +0000] "POST /wp-json/wp/v2/plugins?_wpnonce=41f85785e7&_w2s=9f385d2d HTTP/1.1" 500 199 "-" "Mozilla/5.0 (Windows NT 10.0; Win64; x64) AppleWebKit/537.36 (KHTML, like Gecko) Chrome/145.0.0.0 Safari/537.36"
4.246.181.2 - - [05/Aug/2026:12:59:45 +0000] "GET /wp-admin/ HTTP/1.1" 200 67942 "-" "Mozilla/5.0 (Windows NT 10.0; Win64; x64) AppleWebKit/537.36 (KHTML, like Gecko) Chrome/146.0.0.0 Safari/537.36"
4.246.181.2 - - [05/Aug/2026:12:59:46 +0000] "POST /wp-json/wp/v2/media?_w2s=03618eb9 HTTP/1.1" 400 206 "-" "Mozilla/5.0 (Windows NT 10.0; Win64; x64) AppleWebKit/537.36 (KHTML, like Gecko) Chrome/145.0.0.0 Safari/537.36"
103.231.7.194 - - [05/Aug/2026:13:00:07 +0000] "GET / HTTP/1.1" 200 27870 "-" "NOC-Monitor/1.0 (+https://github.com/)"
52.4.149.131 - - [05/Aug/2026:13:05:07 +0000] "POST /wp-cron.php?doing_wp_cron=1785935107.9692320823669433593750 HTTP/1.1" 499 0 "-" "WordPress/7.0; https://simplipay.earth"
103.231.7.194 - - [05/Aug/2026:13:05:07 +0000] "GET / HTTP/1.1" 200 27876 "-" "NOC-Monitor/1.0 (+https://github.com/)"
52.4.149.131 - - [05/Aug/2026:13:10:03 +0000] "POST /wp-cron.php?doing_wp_cron=1785935403.9221119880676269531250 HTTP/1.1" 499 0 "-" "WordPress/7.0; https://simplipay.earth"
103.231.7.194 - - [05/Aug/2026:13:10:03 +0000] "GET / HTTP/1.1" 200 27876 "-" "NOC-Monitor/1.0 (+https://github.com/)"
52.4.149.131 - - [05/Aug/2026:13:15:13 +0000] "POST /wp-cron.php?doing_wp_cron=1785935713.7718980312347412109375 HTTP/1.1" 499 0 "-" "WordPress/7.0; https://simplipay.earth"
103.231.7.194 - - [05/Aug/2026:13:15:13 +0000] "GET / HTTP/1.1" 200 27876 "-" "NOC-Monitor/1.0 (+https://github.com/)"
52.4.149.131 - - [05/Aug/2026:13:20:06 +0000] "POST /wp-cron.php?doing_wp_cron=1785936006.0165009498596191406250 HTTP/1.1" 499 0 "-" "WordPress/7.0; https://simplipay.earth"
103.231.7.194 - - [05/Aug/2026:13:20:06 +0000] "GET / HTTP/1.1" 200 27876 "-" "NOC-Monitor/1.0 (+https://github.com/)"
52.4.149.131 - - [05/Aug/2026:13:25:07 +0000] "POST /wp-cron.php?doing_wp_cron=1785936307.4071679115295410156250 HTTP/1.1" 499 0 "-" "WordPress/7.0; https://simplipay.earth"
103.231.7.194 - - [05/Aug/2026:13:25:07 +0000] "GET / HTTP/1.1" 200 27876 "-" "NOC-Monitor/1.0 (+https://github.com/)"
52.4.149.131 - - [05/Aug/2026:13:30:03 +0000] "POST /wp-cron.php?doing_wp_cron=1785936603.6677420139312744140625 HTTP/1.1" 499 0 "-" "WordPress/7.0; https://simplipay.earth"
103.231.7.194 - - [05/Aug/2026:13:30:03 +0000] "GET / HTTP/1.1" 200 27876 "-" "NOC-Monitor/1.0 (+https://github.com/)"
52.4.149.131 - - [05/Aug/2026:13:31:36 +0000] "POST /wp-cron.php?doing_wp_cron=1785936696.6049499511718750000000 HTTP/1.1" 499 0 "-" "WordPress/7.0; https://simplipay.earth"
195.178.110.108 - - [05/Aug/2026:13:31:36 +0000] "POST /index.php?rest_route=/batch/v1 HTTP/1.1" 207 27 "https://simplipay.earth/" "Mozilla/5.0 (Windows NT 10.0; Win64; x64; rv:124.0) Gecko/20100101 Firefox/124.0"
195.178.110.108 - - [05/Aug/2026:13:31:37 +0000] "POST /index.php?rest_route=/batch/v1 HTTP/1.1" 207 2909 "https://simplipay.earth/" "Mozilla/5.0 (Windows NT 10.0; Win64; x64; rv:124.0) Gecko/20100101 Firefox/124.0"
195.178.110.108 - - [05/Aug/2026:13:31:37 +0000] "POST /index.php?rest_route=/batch/v1 HTTP/1.1" 207 3112 "https://simplipay.earth/" "Mozilla/5.0 (Windows NT 10.0; Win64; x64; rv:124.0) Gecko/20100101 Firefox/124.0"
195.178.110.108 - - [05/Aug/2026:13:31:38 +0000] "POST /index.php?rest_route=/batch/v1 HTTP/1.1" 207 3013 "https://simplipay.earth/" "Mozilla/5.0 (Windows NT 10.0; Win64; x64; rv:124.0) Gecko/20100101 Firefox/124.0"
195.178.110.108 - - [05/Aug/2026:13:31:38 +0000] "POST /index.php?rest_route=/batch/v1 HTTP/1.1" 207 3008 "https://simplipay.earth/" "Mozilla/5.0 (Windows NT 10.0; Win64; x64; rv:124.0) Gecko/20100101 Firefox/124.0"
195.178.110.108 - - [05/Aug/2026:13:31:38 +0000] "POST /index.php?rest_route=/batch/v1 HTTP/1.1" 207 3813 "https://simplipay.earth/" "Mozilla/5.0 (Windows NT 10.0; Win64; x64; rv:124.0) Gecko/20100101 Firefox/124.0"
195.178.110.108 - - [05/Aug/2026:13:31:39 +0000] "POST /index.php?rest_route=/batch/v1 HTTP/1.1" 207 3815 "https://simplipay.earth/" "Mozilla/5.0 (Windows NT 10.0; Win64; x64; rv:124.0) Gecko/20100101 Firefox/124.0"
195.178.110.108 - - [05/Aug/2026:13:31:39 +0000] "POST /index.php?rest_route=/batch/v1 HTTP/1.1" 207 3815 "https://simplipay.earth/" "Mozilla/5.0 (Windows NT 10.0; Win64; x64; rv:124.0) Gecko/20100101 Firefox/124.0"
195.178.110.108 - - [05/Aug/2026:13:31:40 +0000] "POST /index.php?rest_route=/batch/v1 HTTP/1.1" 207 3360 "https://simplipay.earth/" "Mozilla/5.0 (Windows NT 10.0; Win64; x64; rv:124.0) Gecko/20100101 Firefox/124.0"
195.178.110.108 - - [05/Aug/2026:13:31:40 +0000] "POST /index.php?rest_route=/batch/v1 HTTP/1.1" 207 3010 "https://simplipay.earth/" "Mozilla/5.0 (Windows NT 10.0; Win64; x64; rv:124.0) Gecko/20100101 Firefox/124.0"
195.178.110.108 - - [05/Aug/2026:13:31:41 +0000] "POST /index.php?rest_route=/batch/v1 HTTP/1.1" 207 3010 "https://simplipay.earth/" "Mozilla/5.0 (Windows NT 10.0; Win64; x64; rv:124.0) Gecko/20100101 Firefox/124.0"
195.178.110.108 - - [05/Aug/2026:13:31:43 +0000] "POST /index.php?rest_route=/batch/v1 HTTP/1.1" 207 3010 "https://simplipay.earth/" "Mozilla/5.0 (Windows NT 10.0; Win64; x64; rv:124.0) Gecko/20100101 Firefox/124.0"
195.178.110.108 - - [05/Aug/2026:13:31:44 +0000] "POST /index.php?rest_route=/batch/v1 HTTP/1.1" 207 2998 "https://simplipay.earth/" "Mozilla/5.0 (Windows NT 10.0; Win64; x64; rv:124.0) Gecko/20100101 Firefox/124.0"
52.4.149.131 - - [05/Aug/2026:13:31:45 +0000] "POST /wp-cron.php?doing_wp_cron=1785936705.3497900962829589843750 HTTP/1.1" 499 0 "-" "WordPress/7.0; https://simplipay.earth"
195.178.110.108 - - [05/Aug/2026:13:31:45 +0000] "POST /index.php?rest_route=/batch/v1 HTTP/1.1" 207 2998 "https://simplipay.earth/" "Mozilla/5.0 (Windows NT 10.0; Win64; x64; rv:124.0) Gecko/20100101 Firefox/124.0"
52.4.149.131 - - [05/Aug/2026:13:31:47 +0000] "POST /wp-cron.php?doing_wp_cron=1785936707.3962960243225097656250 HTTP/1.1" 499 0 "-" "WordPress/7.0; https://simplipay.earth"
195.178.110.108 - - [05/Aug/2026:13:31:47 +0000] "POST /index.php?rest_route=/batch/v1 HTTP/1.1" 207 2998 "https://simplipay.earth/" "Mozilla/5.0 (Windows NT 10.0; Win64; x64; rv:124.0) Gecko/20100101 Firefox/124.0"
195.178.110.108 - - [05/Aug/2026:13:31:47 +0000] "POST /index.php?rest_route=/batch/v1 HTTP/1.1" 207 3002 "https://simplipay.earth/" "Mozilla/5.0 (Windows NT 10.0; Win64; x64; rv:124.0) Gecko/20100101 Firefox/124.0"
195.178.110.108 - - [05/Aug/2026:13:31:49 +0000] "POST /index.php?rest_route=/batch/v1 HTTP/1.1" 207 3002 "https://simplipay.earth/" "Mozilla/5.0 (Windows NT 10.0; Win64; x64; rv:124.0) Gecko/20100101 Firefox/124.0"
195.178.110.108 - - [05/Aug/2026:13:31:51 +0000] "POST /index.php?rest_route=/batch/v1 HTTP/1.1" 207 3002 "https://simplipay.earth/" "Mozilla/5.0 (Windows NT 10.0; Win64; x64; rv:124.0) Gecko/20100101 Firefox/124.0"
195.178.110.108 - - [05/Aug/2026:13:31:51 +0000] "POST /index.php?rest_route=/batch/v1 HTTP/1.1" 207 2990 "https://simplipay.earth/" "Mozilla/5.0 (Windows NT 10.0; Win64; x64; rv:124.0) Gecko/20100101 Firefox/124.0"
195.178.110.108 - - [05/Aug/2026:13:31:52 +0000] "POST /index.php?rest_route=/batch/v1 HTTP/1.1" 207 2990 "https://simplipay.earth/" "Mozilla/5.0 (Windows NT 10.0; Win64; x64; rv:124.0) Gecko/20100101 Firefox/124.0"
195.178.110.108 - - [05/Aug/2026:13:31:54 +0000] "POST /index.php?rest_route=/batch/v1 HTTP/1.1" 207 2990 "https://simplipay.earth/" "Mozilla/5.0 (Windows NT 10.0; Win64; x64; rv:124.0) Gecko/20100101 Firefox/124.0"
195.178.110.108 - - [05/Aug/2026:13:31:55 +0000] "POST /index.php?rest_route=/batch/v1 HTTP/1.1" 207 2996 "https://simplipay.earth/" "Mozilla/5.0 (Windows NT 10.0; Win64; x64; rv:124.0) Gecko/20100101 Firefox/124.0"
195.178.110.108 - - [05/Aug/2026:13:31:56 +0000] "POST /index.php?rest_route=/batch/v1 HTTP/1.1" 207 2996 "https://simplipay.earth/" "Mozilla/5.0 (Windows NT 10.0; Win64; x64; rv:124.0) Gecko/20100101 Firefox/124.0"
52.4.149.131 - - [05/Aug/2026:13:31:58 +0000] "POST /wp-cron.php?doing_wp_cron=1785936718.4249451160430908203125 HTTP/1.1" 499 0 "-" "WordPress/7.0; https://simplipay.earth"
195.178.110.108 - - [05/Aug/2026:13:31:58 +0000] "POST /index.php?rest_route=/batch/v1 HTTP/1.1" 207 2996 "https://simplipay.earth/" "Mozilla/5.0 (Windows NT 10.0; Win64; x64; rv:124.0) Gecko/20100101 Firefox/124.0"
195.178.110.108 - - [05/Aug/2026:13:31:58 +0000] "POST /index.php?rest_route=/batch/v1 HTTP/1.1" 207 2984 "https://simplipay.earth/" "Mozilla/5.0 (Windows NT 10.0; Win64; x64; rv:124.0) Gecko/20100101 Firefox/124.0"
195.178.110.108 - - [05/Aug/2026:13:32:00 +0000] "POST /index.php?rest_route=/batch/v1 HTTP/1.1" 207 2984 "https://simplipay.earth/" "Mozilla/5.0 (Windows NT 10.0; Win64; x64; rv:124.0) Gecko/20100101 Firefox/124.0"
195.178.110.108 - - [05/Aug/2026:13:32:02 +0000] "POST /index.php?rest_route=/batch/v1 HTTP/1.1" 207 2984 "https://simplipay.earth/" "Mozilla/5.0 (Windows NT 10.0; Win64; x64; rv:124.0) Gecko/20100101 Firefox/124.0"
195.178.110.108 - - [05/Aug/2026:13:32:02 +0000] "POST /index.php?rest_route=/batch/v1 HTTP/1.1" 207 3022 "https://simplipay.earth/" "Mozilla/5.0 (Windows NT 10.0; Win64; x64; rv:124.0) Gecko/20100101 Firefox/124.0"
195.178.110.108 - - [05/Aug/2026:13:32:03 +0000] "POST /index.php?rest_route=/batch/v1 HTTP/1.1" 207 3094 "https://simplipay.earth/" "Mozilla/5.0 (Windows NT 10.0; Win64; x64; rv:124.0) Gecko/20100101 Firefox/124.0"
195.178.110.108 - - [05/Aug/2026:13:32:03 +0000] "POST /index.php?rest_route=/batch/v1 HTTP/1.1" 207 3014 "https://simplipay.earth/" "Mozilla/5.0 (Windows NT 10.0; Win64; x64; rv:124.0) Gecko/20100101 Firefox/124.0"
195.178.110.108 - - [05/Aug/2026:13:32:04 +0000] "POST /index.php?rest_route=/batch/v1 HTTP/1.1" 207 3014 "https://simplipay.earth/" "Mozilla/5.0 (Windows NT 10.0; Win64; x64; rv:124.0) Gecko/20100101 Firefox/124.0"
195.178.110.108 - - [05/Aug/2026:13:32:06 +0000] "POST /index.php?rest_route=/batch/v1 HTTP/1.1" 207 3014 "https://simplipay.earth/" "Mozilla/5.0 (Windows NT 10.0; Win64; x64; rv:124.0) Gecko/20100101 Firefox/124.0"
52.4.149.131 - - [05/Aug/2026:13:32:07 +0000] "POST /wp-cron.php?doing_wp_cron=1785936727.0242600440979003906250 HTTP/1.1" 499 0 "-" "WordPress/7.0; https://simplipay.earth"
195.178.110.108 - - [05/Aug/2026:13:32:07 +0000] "POST /index.php?rest_route=/batch/v1 HTTP/1.1" 207 3002 "https://simplipay.earth/" "Mozilla/5.0 (Windows NT 10.0; Win64; x64; rv:124.0) Gecko/20100101 Firefox/124.0"
195.178.110.108 - - [05/Aug/2026:13:32:08 +0000] "POST /index.php?rest_route=/batch/v1 HTTP/1.1" 207 3002 "https://simplipay.earth/" "Mozilla/5.0 (Windows NT 10.0; Win64; x64; rv:124.0) Gecko/20100101 Firefox/124.0"
195.178.110.108 - - [05/Aug/2026:13:32:10 +0000] "POST /index.php?rest_route=/batch/v1 HTTP/1.1" 207 3002 "https://simplipay.earth/" "Mozilla/5.0 (Windows NT 10.0; Win64; x64; rv:124.0) Gecko/20100101 Firefox/124.0"
195.178.110.108 - - [05/Aug/2026:13:32:10 +0000] "POST /index.php?rest_route=/batch/v1 HTTP/1.1" 207 3002 "https://simplipay.earth/" "Mozilla/5.0 (Windows NT 10.0; Win64; x64; rv:124.0) Gecko/20100101 Firefox/124.0"
195.178.110.108 - - [05/Aug/2026:13:32:12 +0000] "POST /index.php?rest_route=/batch/v1 HTTP/1.1" 207 3002 "https://simplipay.earth/" "Mozilla/5.0 (Windows NT 10.0; Win64; x64; rv:124.0) Gecko/20100101 Firefox/124.0"
52.4.149.131 - - [05/Aug/2026:13:32:13 +0000] "POST /wp-cron.php?doing_wp_cron=1785936733.9777419567108154296875 HTTP/1.1" 499 0 "-" "WordPress/7.0; https://simplipay.earth"
195.178.110.108 - - [05/Aug/2026:13:32:14 +0000] "POST /index.php?rest_route=/batch/v1 HTTP/1.1" 207 3002 "https://simplipay.earth/" "Mozilla/5.0 (Windows NT 10.0; Win64; x64; rv:124.0) Gecko/20100101 Firefox/124.0"
195.178.110.108 - - [05/Aug/2026:13:32:14 +0000] "POST /index.php?rest_route=/batch/v1 HTTP/1.1" 207 2990 "https://simplipay.earth/" "Mozilla/5.0 (Windows NT 10.0; Win64; x64; rv:124.0) Gecko/20100101 Firefox/124.0"
195.178.110.108 - - [05/Aug/2026:13:32:15 +0000] "POST /index.php?rest_route=/batch/v1 HTTP/1.1" 207 2990 "https://simplipay.earth/" "Mozilla/5.0 (Windows NT 10.0; Win64; x64; rv:124.0) Gecko/20100101 Firefox/124.0"
195.178.110.108 - - [05/Aug/2026:13:32:17 +0000] "POST /index.php?rest_route=/batch/v1 HTTP/1.1" 207 2990 "https://simplipay.earth/" "Mozilla/5.0 (Windows NT 10.0; Win64; x64; rv:124.0) Gecko/20100101 Firefox/124.0"
195.178.110.108 - - [05/Aug/2026:13:32:18 +0000] "POST /index.php?rest_route=/batch/v1 HTTP/1.1" 207 3016 "https://simplipay.earth/" "Mozilla/5.0 (Windows NT 10.0; Win64; x64; rv:124.0) Gecko/20100101 Firefox/124.0"
195.178.110.108 - - [05/Aug/2026:13:32:19 +0000] "POST /index.php?rest_route=/batch/v1 HTTP/1.1" 207 3016 "https://simplipay.earth/" "Mozilla/5.0 (Windows NT 10.0; Win64; x64; rv:124.0) Gecko/20100101 Firefox/124.0"
195.178.110.108 - - [05/Aug/2026:13:32:21 +0000] "POST /index.php?rest_route=/batch/v1 HTTP/1.1" 207 3016 "https://simplipay.earth/" "Mozilla/5.0 (Windows NT 10.0; Win64; x64; rv:124.0) Gecko/20100101 Firefox/124.0"
195.178.110.108 - - [05/Aug/2026:13:32:21 +0000] "POST /index.php?rest_route=/batch/v1 HTTP/1.1" 207 3004 "https://simplipay.earth/" "Mozilla/5.0 (Windows NT 10.0; Win64; x64; rv:124.0) Gecko/20100101 Firefox/124.0"
195.178.110.108 - - [05/Aug/2026:13:32:22 +0000] "POST /index.php?rest_route=/batch/v1 HTTP/1.1" 207 3004 "https://simplipay.earth/" "Mozilla/5.0 (Windows NT 10.0; Win64; x64; rv:124.0) Gecko/20100101 Firefox/124.0"
195.178.110.108 - - [05/Aug/2026:13:32:24 +0000] "POST /index.php?rest_route=/batch/v1 HTTP/1.1" 207 3004 "https://simplipay.earth/" "Mozilla/5.0 (Windows NT 10.0; Win64; x64; rv:124.0) Gecko/20100101 Firefox/124.0"
195.178.110.108 - - [05/Aug/2026:13:32:25 +0000] "POST /index.php?rest_route=/batch/v1 HTTP/1.1" 207 3008 "https://simplipay.earth/" "Mozilla/5.0 (Windows NT 10.0; Win64; x64; rv:124.0) Gecko/20100101 Firefox/124.0"
195.178.110.108 - - [05/Aug/2026:13:32:25 +0000] "POST /index.php?rest_route=/batch/v1 HTTP/1.1" 207 3813 "https://simplipay.earth/" "Mozilla/5.0 (Windows NT 10.0; Win64; x64; rv:124.0) Gecko/20100101 Firefox/124.0"
195.178.110.108 - - [05/Aug/2026:13:32:26 +0000] "POST /index.php?rest_route=/batch/v1 HTTP/1.1" 207 3815 "https://simplipay.earth/" "Mozilla/5.0 (Windows NT 10.0; Win64; x64; rv:124.0) Gecko/20100101 Firefox/124.0"
195.178.110.108 - - [05/Aug/2026:13:32:26 +0000] "POST /index.php?rest_route=/batch/v1 HTTP/1.1" 207 3815 "https://simplipay.earth/" "Mozilla/5.0 (Windows NT 10.0; Win64; x64; rv:124.0) Gecko/20100101 Firefox/124.0"
195.178.110.108 - - [05/Aug/2026:13:32:27 +0000] "POST /index.php?rest_route=/batch/v1 HTTP/1.1" 207 3360 "https://simplipay.earth/" "Mozilla/5.0 (Windows NT 10.0; Win64; x64; rv:124.0) Gecko/20100101 Firefox/124.0"
195.178.110.108 - - [05/Aug/2026:13:32:27 +0000] "POST /index.php?rest_route=/batch/v1 HTTP/1.1" 207 3010 "https://simplipay.earth/" "Mozilla/5.0 (Windows NT 10.0; Win64; x64; rv:124.0) Gecko/20100101 Firefox/124.0"
195.178.110.108 - - [05/Aug/2026:13:32:28 +0000] "POST /index.php?rest_route=/batch/v1 HTTP/1.1" 207 3010 "https://simplipay.earth/" "Mozilla/5.0 (Windows NT 10.0; Win64; x64; rv:124.0) Gecko/20100101 Firefox/124.0"
195.178.110.108 - - [05/Aug/2026:13:32:30 +0000] "POST /index.php?rest_route=/batch/v1 HTTP/1.1" 207 3010 "https://simplipay.earth/" "Mozilla/5.0 (Windows NT 10.0; Win64; x64; rv:124.0) Gecko/20100101 Firefox/124.0"
195.178.110.108 - - [05/Aug/2026:13:32:31 +0000] "POST /index.php?rest_route=/batch/v1 HTTP/1.1" 207 2998 "https://simplipay.earth/" "Mozilla/5.0 (Windows NT 10.0; Win64; x64; rv:124.0) Gecko/20100101 Firefox/124.0"
195.178.110.108 - - [05/Aug/2026:13:32:32 +0000] "POST /index.php?rest_route=/batch/v1 HTTP/1.1" 207 2998 "https://simplipay.earth/" "Mozilla/5.0 (Windows NT 10.0; Win64; x64; rv:124.0) Gecko/20100101 Firefox/124.0"
195.178.110.108 - - [05/Aug/2026:13:32:34 +0000] "POST /index.php?rest_route=/batch/v1 HTTP/1.1" 207 2998 "https://simplipay.earth/" "Mozilla/5.0 (Windows NT 10.0; Win64; x64; rv:124.0) Gecko/20100101 Firefox/124.0"
195.178.110.108 - - [05/Aug/2026:13:32:34 +0000] "POST /index.php?rest_route=/batch/v1 HTTP/1.1" 207 3002 "https://simplipay.earth/" "Mozilla/5.0 (Windows NT 10.0; Win64; x64; rv:124.0) Gecko/20100101 Firefox/124.0"
195.178.110.108 - - [05/Aug/2026:13:32:35 +0000] "POST /index.php?rest_route=/batch/v1 HTTP/1.1" 207 3002 "https://simplipay.earth/" "Mozilla/5.0 (Windows NT 10.0; Win64; x64; rv:124.0) Gecko/20100101 Firefox/124.0"
195.178.110.108 - - [05/Aug/2026:13:32:37 +0000] "POST /index.php?rest_route=/batch/v1 HTTP/1.1" 207 3002 "https://simplipay.earth/" "Mozilla/5.0 (Windows NT 10.0; Win64; x64; rv:124.0) Gecko/20100101 Firefox/124.0"
195.178.110.108 - - [05/Aug/2026:13:32:38 +0000] "POST /index.php?rest_route=/batch/v1 HTTP/1.1" 207 2990 "https://simplipay.earth/" "Mozilla/5.0 (Windows NT 10.0; Win64; x64; rv:124.0) Gecko/20100101 Firefox/124.0"
52.4.149.131 - - [05/Aug/2026:13:32:39 +0000] "POST /wp-cron.php?doing_wp_cron=1785936759.4365670680999755859375 HTTP/1.1" 499 0 "-" "WordPress/7.0; https://simplipay.earth"
195.178.110.108 - - [05/Aug/2026:13:32:39 +0000] "POST /index.php?rest_route=/batch/v1 HTTP/1.1" 207 2990 "https://simplipay.earth/" "Mozilla/5.0 (Windows NT 10.0; Win64; x64; rv:124.0) Gecko/20100101 Firefox/124.0"
195.178.110.108 - - [05/Aug/2026:13:32:41 +0000] "POST /index.php?rest_route=/batch/v1 HTTP/1.1" 207 2990 "https://simplipay.earth/" "Mozilla/5.0 (Windows NT 10.0; Win64; x64; rv:124.0) Gecko/20100101 Firefox/124.0"
52.4.149.131 - - [05/Aug/2026:13:35:05 +0000] "POST /wp-cron.php?doing_wp_cron=1785936905.8731830120086669921875 HTTP/1.1" 499 0 "-" "WordPress/7.0; https://simplipay.earth"
103.231.7.194 - - [05/Aug/2026:13:35:05 +0000] "GET / HTTP/1.1" 200 27876 "-" "NOC-Monitor/1.0 (+https://github.com/)"
52.4.149.131 - - [05/Aug/2026:13:40:02 +0000] "POST /wp-cron.php?doing_wp_cron=1785937202.8341190814971923828125 HTTP/1.1" 499 0 "-" "WordPress/7.0; https://simplipay.earth"
103.231.7.194 - - [05/Aug/2026:13:40:02 +0000] "GET / HTTP/1.1" 200 27876 "-" "NOC-Monitor/1.0 (+https://github.com/)"
52.4.149.131 - - [05/Aug/2026:13:45:14 +0000] "POST /wp-cron.php?doing_wp_cron=1785937514.8724629878997802734375 HTTP/1.1" 499 0 "-" "WordPress/7.0; https://simplipay.earth"
103.231.7.194 - - [05/Aug/2026:13:45:14 +0000] "GET / HTTP/1.1" 200 27876 "-" "NOC-Monitor/1.0 (+https://github.com/)"
52.4.149.131 - - [05/Aug/2026:13:47:39 +0000] "POST /wp-cron.php?doing_wp_cron=1785937658.9849569797515869140625 HTTP/1.1" 499 0 "-" "WordPress/7.0; https://simplipay.earth"
198.235.24.27 - - [05/Aug/2026:13:47:39 +0000] "GET / HTTP/1.1" 200 151212 "-" "Hello from Palo Alto Networks, find out more about our scans in https://docs-cortex.paloaltonetworks.com/r/1/Cortex-Xpanse/Scanning-activity"
52.4.149.131 - - [05/Aug/2026:13:50:03 +0000] "POST /wp-cron.php?doing_wp_cron=1785937803.2843298912048339843750 HTTP/1.1" 499 0 "-" "WordPress/7.0; https://simplipay.earth"
103.231.7.194 - - [05/Aug/2026:13:50:03 +0000] "GET / HTTP/1.1" 200 27876 "-" "NOC-Monitor/1.0 (+https://github.com/)"
52.4.149.131 - - [05/Aug/2026:13:51:37 +0000] "POST /wp-cron.php?doing_wp_cron=1785937897.0648450851440429687500 HTTP/1.1" 499 0 "-" "WordPress/7.0; https://simplipay.earth"
162.231.111.228 - - [05/Aug/2026:13:51:37 +0000] "GET /2026/03/21/ HTTP/2.0" 200 17408 "https://simplipay.earth" "Mozilla/5.0 (Windows NT 10.0; Win64; x64) AppleWebKit/537.36 (KHTML, like Gecko) Chrome/142.0.0.0 Safari/537.36"
52.4.149.131 - - [05/Aug/2026:13:55:06 +0000] "POST /wp-cron.php?doing_wp_cron=1785938106.5273530483245849609375 HTTP/1.1" 499 0 "-" "WordPress/7.0; https://simplipay.earth"
103.231.7.194 - - [05/Aug/2026:13:55:06 +0000] "GET / HTTP/1.1" 200 27989 "-" "NOC-Monitor/1.0 (+https://github.com/)"
52.4.149.131 - - [05/Aug/2026:13:56:55 +0000] "POST /wp-cron.php?doing_wp_cron=1785938215.1531410217285156250000 HTTP/1.1" 499 0 "-" "WordPress/7.0; https://simplipay.earth"
57.141.0.71 - - [05/Aug/2026:13:56:55 +0000] "GET /sample-page/embed/ HTTP/2.0" 404 14489 "https://aelia.academy/" "Mozilla/5.0 (Windows NT 10.0; Win64; x64) AppleWebKit/537.36 (KHTML, like Gecko) Chrome/145.0.0.0 Safari/537.36 (compatible; meta-externalagent/1.1 (+https://developers.facebook.com/docs/sharing/webmasters/crawler))"
57.141.0.50 - - [05/Aug/2026:13:56:55 +0000] "GET /wp-content/plugins/elementor/assets/css/frontend.min.css?ver=4.0.8 HTTP/2.0" 200 9056 "-" "meta-externalagent/1.1 (+https://developers.facebook.com/docs/sharing/webmasters/crawler)"
57.141.0.29 - - [05/Aug/2026:13:56:55 +0000] "GET /wp-content/plugins/elementor/assets/css/conditionals/apple-webkit.min.css?ver=4.0.8 HTTP/2.0" 200 674 "-" "meta-externalagent/1.1 (+https://developers.facebook.com/docs/sharing/webmasters/crawler)"
57.141.0.61 - - [05/Aug/2026:13:56:55 +0000] "GET /wp-content/plugins/elementor/assets/css/widget-image.min.css?ver=4.0.8 HTTP/2.0" 200 214 "-" "meta-externalagent/1.1 (+https://developers.facebook.com/docs/sharing/webmasters/crawler)"
57.141.0.55 - - [05/Aug/2026:13:56:55 +0000] "GET /wp-content/plugins/elementor/assets/css/widget-social-icons.min.css?ver=4.0.8 HTTP/2.0" 200 1202 "-" "meta-externalagent/1.1 (+https://developers.facebook.com/docs/sharing/webmasters/crawler)"
57.141.0.18 - - [05/Aug/2026:13:56:55 +0000] "GET /wp-content/plugins/elementskit-lite/widgets/init/assets/css/widget-styles.css?ver=3.7.9 HTTP/2.0" 200 70798 "-" "meta-externalagent/1.1 (+https://developers.facebook.com/docs/sharing/webmasters/crawler)"
57.141.0.43 - - [05/Aug/2026:13:56:55 +0000] "GET /wp-content/plugins/elementskit-lite/widgets/init/assets/css/responsive.css?ver=3.7.9 HTTP/2.0" 200 4064 "-" "meta-externalagent/1.1 (+https://developers.facebook.com/docs/sharing/webmasters/crawler)"
57.141.0.3 - - [05/Aug/2026:13:56:55 +0000] "GET /wp-content/plugins/elementskit-lite/modules/elementskit-icon-pack/assets/css/ekiticons.css?ver=3.7.9 HTTP/2.0" 200 11827 "-" "meta-externalagent/1.1 (+https://developers.facebook.com/docs/sharing/webmasters/crawler)"
57.141.0.41 - - [05/Aug/2026:13:56:55 +0000] "GET /wp-content/themes/twentytwentyfive/style.css?ver=1.0 HTTP/2.0" 200 1198 "-" "meta-externalagent/1.1 (+https://developers.facebook.com/docs/sharing/webmasters/crawler)"
57.141.0.33 - - [05/Aug/2026:13:56:55 +0000] "GET /wp-includes/js/jquery/jquery-migrate.min.js?ver=3.4.1 HTTP/2.0" 200 5342 "-" "meta-externalagent/1.1 (+https://developers.facebook.com/docs/sharing/webmasters/crawler)"
57.141.0.16 - - [05/Aug/2026:13:56:55 +0000] "GET /wp-content/uploads/elementor/css/post-70.css?ver=1785938215 HTTP/2.0" 200 1227 "-" "meta-externalagent/1.1 (+https://developers.facebook.com/docs/sharing/webmasters/crawler)"
57.141.0.5 - - [05/Aug/2026:13:56:55 +0000] "GET /wp-content/uploads/elementor/css/post-89.css?ver=1785934807 HTTP/2.0" 200 1086 "-" "meta-externalagent/1.1 (+https://developers.facebook.com/docs/sharing/webmasters/crawler)"
57.141.0.41 - - [05/Aug/2026:13:56:55 +0000] "GET /wp-content/plugins/sina-extension-for-elementor/assets/css/sina-header-footer.min.css?ver=3.8.2 HTTP/2.0" 200 1591 "-" "meta-externalagent/1.1 (+https://developers.facebook.com/docs/sharing/webmasters/crawler)"
57.141.0.40 - - [05/Aug/2026:13:56:55 +0000] "GET /wp-includes/js/jquery/jquery.min.js?ver=3.7.1 HTTP/2.0" 200 35438 "-" "meta-externalagent/1.1 (+https://developers.facebook.com/docs/sharing/webmasters/crawler)"
57.141.0.64 - - [05/Aug/2026:13:56:55 +0000] "GET /wp-content/plugins/elementor/assets/lib/animations/styles/fadeInUp.min.css?ver=4.0.8 HTTP/2.0" 200 130 "-" "meta-externalagent/1.1 (+https://developers.facebook.com/docs/sharing/webmasters/crawler)"
57.141.0.1 - - [05/Aug/2026:13:56:55 +0000] "GET /wp-content/uploads/elementor/css/post-12.css?ver=1785934807 HTTP/2.0" 200 2031 "-" "meta-externalagent/1.1 (+https://developers.facebook.com/docs/sharing/webmasters/crawler)"
57.141.0.3 - - [05/Aug/2026:13:56:55 +0000] "GET /wp-content/uploads/2025/02/simplipay.svg HTTP/2.0" 200 5498 "-" "meta-externalagent/1.1 (+https://developers.facebook.com/docs/sharing/webmasters/crawler)"
57.141.0.34 - - [05/Aug/2026:13:56:55 +0000] "GET /wp-content/uploads/elementor/css/post-80.css?ver=1785934807 HTTP/2.0" 200 1377 "-" "meta-externalagent/1.1 (+https://developers.facebook.com/docs/sharing/webmasters/crawler)"
57.141.0.66 - - [05/Aug/2026:13:56:55 +0000] "GET /wp-content/plugins/elementor-pro/assets/css/conditionals/popup.min.css?ver=3.25.5 HTTP/2.0" 200 995 "-" "meta-externalagent/1.1 (+https://developers.facebook.com/docs/sharing/webmasters/crawler)"
57.141.0.30 - - [05/Aug/2026:13:56:55 +0000] "GET /wp-content/plugins/elementor-pro/assets/css/widget-nav-menu.min.css?ver=3.25.5 HTTP/2.0" 200 4079 "-" "meta-externalagent/1.1 (+https://developers.facebook.com/docs/sharing/webmasters/crawler)"
57.141.0.69 - - [05/Aug/2026:13:56:55 +0000] "GET /wp-content/plugins/elementor/assets/css/widget-heading.min.css?ver=4.0.8 HTTP/2.0" 200 560 "-" "meta-externalagent/1.1 (+https://developers.facebook.com/docs/sharing/webmasters/crawler)"
57.141.0.5 - - [05/Aug/2026:13:56:55 +0000] "GET /wp-content/plugins/elementor/assets/js/webpack.runtime.min.js?ver=4.0.8 HTTP/2.0" 200 2593 "-" "meta-externalagent/1.1 (+https://developers.facebook.com/docs/sharing/webmasters/crawler)"
57.141.0.38 - - [05/Aug/2026:13:56:55 +0000] "GET /wp-content/plugins/elementor/assets/js/frontend-modules.min.js?ver=4.0.8 HTTP/2.0" 200 18672 "-" "meta-externalagent/1.1 (+https://developers.facebook.com/docs/sharing/webmasters/crawler)"
57.141.0.15 - - [05/Aug/2026:13:56:55 +0000] "GET /wp-includes/js/jquery/ui/core.min.js?ver=1.13.3 HTTP/2.0" 200 7941 "-" "meta-externalagent/1.1 (+https://developers.facebook.com/docs/sharing/webmasters/crawler)"
57.141.0.56 - - [05/Aug/2026:13:56:55 +0000] "GET /wp-content/plugins/elementor/assets/js/frontend.min.js?ver=4.0.8 HTTP/2.0" 200 11866 "-" "meta-externalagent/1.1 (+https://developers.facebook.com/docs/sharing/webmasters/crawler)"
57.141.0.69 - - [05/Aug/2026:13:56:55 +0000] "GET /wp-content/plugins/elementskit-lite/libs/framework/assets/js/frontend-script.js?ver=3.7.9 HTTP/2.0" 200 40 "-" "meta-externalagent/1.1 (+https://developers.facebook.com/docs/sharing/webmasters/crawler)"
57.141.0.43 - - [05/Aug/2026:13:56:55 +0000] "GET /wp-content/plugins/elementor-pro/assets/lib/smartmenus/jquery.smartmenus.min.js?ver=1.2.1 HTTP/2.0" 200 8385 "-" "meta-externalagent/1.1 (+https://developers.facebook.com/docs/sharing/webmasters/crawler)"
57.141.0.56 - - [05/Aug/2026:13:56:55 +0000] "GET /wp-content/plugins/elementor-pro/assets/js/frontend.min.js?ver=3.25.5 HTTP/2.0" 200 7749 "-" "meta-externalagent/1.1 (+https://developers.facebook.com/docs/sharing/webmasters/crawler)"
57.141.0.56 - - [05/Aug/2026:13:56:55 +0000] "GET /wp-content/plugins/elementskit-lite/widgets/init/assets/js/widget-scripts.js?ver=3.7.9 HTTP/2.0" 200 49920 "-" "meta-externalagent/1.1 (+https://developers.facebook.com/docs/sharing/webmasters/crawler)"
57.141.0.19 - - [05/Aug/2026:13:56:55 +0000] "GET /wp-content/plugins/elementskit-lite/widgets/init/assets/js/elementor.js?ver=3.7.9 HTTP/2.0" 200 6856 "-" "meta-externalagent/1.1 (+https://developers.facebook.com/docs/sharing/webmasters/crawler)"
57.141.0.43 - - [05/Aug/2026:13:56:55 +0000] "GET /wp-includes/js/dist/hooks.min.js?ver=7496969728ca0f95732d HTTP/2.0" 200 1897 "-" "meta-externalagent/1.1 (+https://developers.facebook.com/docs/sharing/webmasters/crawler)"
57.141.0.22 - - [05/Aug/2026:13:56:55 +0000] "GET /wp-content/plugins/elementskit-lite/widgets/init/assets/js/animate-circle.min.js?ver=3.7.9 HTTP/2.0" 200 681 "-" "meta-externalagent/1.1 (+https://developers.facebook.com/docs/sharing/webmasters/crawler)"
57.141.0.6 - - [05/Aug/2026:13:56:55 +0000] "GET /wp-content/plugins/elementor-pro/assets/js/webpack-pro.runtime.min.js?ver=3.25.5 HTTP/2.0" 200 2948 "-" "meta-externalagent/1.1 (+https://developers.facebook.com/docs/sharing/webmasters/crawler)"
57.141.0.40 - - [05/Aug/2026:13:56:55 +0000] "GET /wp-includes/js/dist/i18n.min.js?ver=781d11515ad3d91786ec HTTP/2.0" 200 2562 "-" "meta-externalagent/1.1 (+https://developers.facebook.com/docs/sharing/webmasters/crawler)"
57.141.0.1 - - [05/Aug/2026:13:56:55 +0000] "GET /wp-content/plugins/elementor/assets/js/shared-frontend-handlers.03caa53373b56d3bab67.bundle.min.js HTTP/2.0" 200 2930 "-" "meta-externalagent/1.1 (+https://developers.facebook.com/docs/sharing/webmasters/crawler)"
57.141.0.68 - - [05/Aug/2026:13:56:55 +0000] "GET /wp-content/uploads/2025/02/bg_img.png HTTP/2.0" 200 3504 "https://simplipay.earth/wp-content/uploads/elementor/css/post-70.css?ver=1785938215" "meta-externalagent/1.1 (+https://developers.facebook.com/docs/sharing/webmasters/crawler)"
57.141.0.38 - - [05/Aug/2026:13:56:55 +0000] "GET /wp-includes/js/wp-emoji-release.min.js?ver=7.0 HTTP/2.0" 200 6293 "-" "meta-externalagent/1.1 (+https://developers.facebook.com/docs/sharing/webmasters/crawler)"
57.141.0.27 - - [05/Aug/2026:13:56:55 +0000] "GET /wp-content/plugins/elementor/assets/js/text-editor.45609661e409413f1cef.bundle.min.js HTTP/2.0" 200 667 "-" "meta-externalagent/1.1 (+https://developers.facebook.com/docs/sharing/webmasters/crawler)"
52.4.149.131 - - [05/Aug/2026:14:00:04 +0000] "POST /wp-cron.php?doing_wp_cron=1785938404.0947120189666748046875 HTTP/1.1" 499 0 "-" "WordPress/7.0; https://simplipay.earth"
103.231.7.194 - - [05/Aug/2026:14:00:04 +0000] "GET / HTTP/1.1" 200 27989 "-" "NOC-Monitor/1.0 (+https://github.com/)"
52.4.149.131 - - [05/Aug/2026:14:05:05 +0000] "POST /wp-cron.php?doing_wp_cron=1785938705.5308289527893066406250 HTTP/1.1" 499 0 "-" "WordPress/7.0; https://simplipay.earth"
103.231.7.194 - - [05/Aug/2026:14:05:05 +0000] "GET / HTTP/1.1" 200 27989 "-" "NOC-Monitor/1.0 (+https://github.com/)"
52.4.149.131 - - [05/Aug/2026:14:10:02 +0000] "POST /wp-cron.php?doing_wp_cron=1785939002.5650289058685302734375 HTTP/1.1" 499 0 "-" "WordPress/7.0; https://simplipay.earth"
103.231.7.194 - - [05/Aug/2026:14:10:02 +0000] "GET / HTTP/1.1" 200 27989 "-" "NOC-Monitor/1.0 (+https://github.com/)"
52.4.149.131 - - [05/Aug/2026:14:15:14 +0000] "POST /wp-cron.php?doing_wp_cron=1785939314.9538791179656982421875 HTTP/1.1" 499 0 "-" "WordPress/7.0; https://simplipay.earth"
103.231.7.194 - - [05/Aug/2026:14:15:14 +0000] "GET / HTTP/1.1" 200 27989 "-" "NOC-Monitor/1.0 (+https://github.com/)"
52.4.149.131 - - [05/Aug/2026:14:20:04 +0000] "POST /wp-cron.php?doing_wp_cron=1785939604.6234939098358154296875 HTTP/1.1" 499 0 "-" "WordPress/7.0; https://simplipay.earth"
103.231.7.194 - - [05/Aug/2026:14:20:04 +0000] "GET / HTTP/1.1" 200 27989 "-" "NOC-Monitor/1.0 (+https://github.com/)"
103.231.7.194 - - [05/Aug/2026:14:25:07 +0000] "GET / HTTP/1.1" 200 27989 "-" "NOC-Monitor/1.0 (+https://github.com/)"
52.4.149.131 - - [05/Aug/2026:14:25:08 +0000] "POST /wp-cron.php?doing_wp_cron=1785939908.4851520061492919921875 HTTP/1.1" 499 0 "-" "WordPress/7.0; https://simplipay.earth"
52.4.149.131 - - [05/Aug/2026:14:29:39 +0000] "POST /wp-cron.php?doing_wp_cron=1785940179.3064520359039306640625 HTTP/1.1" 499 0 "-" "WordPress/7.0; https://simplipay.earth"
142.93.10.38 - - [05/Aug/2026:14:29:39 +0000] "GET / HTTP/1.1" 200 27989 "-" "Mozilla/5.0 (Windows NT 10.0; Win64; x64) AppleWebKit/537.36"
142.93.10.38 - - [05/Aug/2026:14:29:39 +0000] "POST /?rest_route=/batch/v1 HTTP/1.1" 207 3165 "-" "Mozilla/5.0 (Windows NT 10.0; Win64; x64) AppleWebKit/537.36"
142.93.10.38 - - [05/Aug/2026:14:29:40 +0000] "POST /?rest_route=/batch/v1 HTTP/1.1" 207 3165 "-" "Mozilla/5.0 (Windows NT 10.0; Win64; x64) AppleWebKit/537.36"
142.93.10.38 - - [05/Aug/2026:14:29:40 +0000] "POST /?rest_route=/batch/v1 HTTP/1.1" 207 3165 "-" "Mozilla/5.0 (Windows NT 10.0; Win64; x64) AppleWebKit/537.36"
142.93.10.38 - - [05/Aug/2026:14:29:42 +0000] "POST /?rest_route=/batch/v1 HTTP/1.1" 207 89240 "-" "Mozilla/5.0 (Windows NT 10.0; Win64; x64) AppleWebKit/537.36"
142.93.10.38 - - [05/Aug/2026:14:29:42 +0000] "POST /?rest_route=/batch/v1 HTTP/1.1" 207 89240 "-" "Mozilla/5.0 (Windows NT 10.0; Win64; x64) AppleWebKit/537.36"
142.93.10.38 - - [05/Aug/2026:14:29:44 +0000] "POST /?rest_route=/batch/v1 HTTP/1.1" 207 89325 "-" "Mozilla/5.0 (Windows NT 10.0; Win64; x64) AppleWebKit/537.36"
52.4.149.131 - - [05/Aug/2026:14:29:46 +0000] "POST /wp-cron.php?doing_wp_cron=1785940186.1197690963745117187500 HTTP/1.1" 499 0 "-" "WordPress/7.0; https://simplipay.earth"
142.93.10.38 - - [05/Aug/2026:14:29:46 +0000] "POST /?rest_route=/batch/v1 HTTP/1.1" 207 89350 "-" "Mozilla/5.0 (Windows NT 10.0; Win64; x64) AppleWebKit/537.36"
142.93.10.38 - - [05/Aug/2026:14:29:46 +0000] "POST /?rest_route=/batch/v1 HTTP/1.1" 207 89350 "-" "Mozilla/5.0 (Windows NT 10.0; Win64; x64) AppleWebKit/537.36"
142.93.10.38 - - [05/Aug/2026:14:29:46 +0000] "POST /?rest_route=/batch/v1 HTTP/1.1" 207 89350 "-" "Mozilla/5.0 (Windows NT 10.0; Win64; x64) AppleWebKit/537.36"
142.93.10.38 - - [05/Aug/2026:14:29:47 +0000] "POST /?rest_route=/batch/v1 HTTP/1.1" 207 89350 "-" "Mozilla/5.0 (Windows NT 10.0; Win64; x64) AppleWebKit/537.36"
142.93.10.38 - - [05/Aug/2026:14:29:49 +0000] "POST /?rest_route=/batch/v1 HTTP/1.1" 207 89350 "-" "Mozilla/5.0 (Windows NT 10.0; Win64; x64) AppleWebKit/537.36"
142.93.10.38 - - [05/Aug/2026:14:29:49 +0000] "POST /?rest_route=/batch/v1 HTTP/1.1" 207 89366 "-" "Mozilla/5.0 (Windows NT 10.0; Win64; x64) AppleWebKit/537.36"
142.93.10.38 - - [05/Aug/2026:14:29:51 +0000] "POST /?rest_route=/batch/v1 HTTP/1.1" 207 89366 "-" "Mozilla/5.0 (Windows NT 10.0; Win64; x64) AppleWebKit/537.36"
142.93.10.38 - - [05/Aug/2026:14:29:51 +0000] "POST /?rest_route=/batch/v1 HTTP/1.1" 207 89366 "-" "Mozilla/5.0 (Windows NT 10.0; Win64; x64) AppleWebKit/537.36"
