52.4.149.131 - - [05/Aug/2026:08:13:18 +0000] "POST /wp-cron.php?doing_wp_cron=1785917598.3518431186676025390625 HTTP/1.1" 499 0 "-" "WordPress/7.0; https://simplipay.earth"
20.242.40.9 - - [05/Aug/2026:08:13:18 +0000] "GET / HTTP/1.1" 200 27984 "-" "Mozilla/5.0 (Linux; Android 14; Pixel 8) AppleWebKit/537.36 (KHTML, like Gecko) Chrome/124.0.0.0 Mobile Safari/537.36"
20.242.40.9 - - [05/Aug/2026:08:13:18 +0000] "GET /contact-us/ HTTP/1.1" 200 19889 "https://simplipay.earth/" "Mozilla/5.0 (Linux; Android 14; Pixel 8) AppleWebKit/537.36 (KHTML, like Gecko) Chrome/124.0.0.0 Mobile Safari/537.36"
20.242.40.9 - - [05/Aug/2026:08:13:18 +0000] "GET /wp-includes/js/jquery/jquery.min.js?ver=3.7.1 HTTP/1.1" 200 35451 "https://simplipay.earth/" "Mozilla/5.0 (Linux; Android 14; Pixel 8) AppleWebKit/537.36 (KHTML, like Gecko) Chrome/124.0.0.0 Mobile Safari/537.36"
20.242.40.9 - - [05/Aug/2026:08:13:18 +0000] "GET /wp-content/plugins/elementor/assets/css/frontend.min.css?ver=4.0.8 HTTP/1.1" 200 9069 "https://simplipay.earth/" "Mozilla/5.0 (Linux; Android 14; Pixel 8) AppleWebKit/537.36 (KHTML, like Gecko) Chrome/124.0.0.0 Mobile Safari/537.36"
20.242.40.9 - - [05/Aug/2026:08:13:19 +0000] "GET /delete-account/ HTTP/1.1" 200 19003 "https://simplipay.earth/" "Mozilla/5.0 (Linux; Android 14; Pixel 8) AppleWebKit/537.36 (KHTML, like Gecko) Chrome/124.0.0.0 Mobile Safari/537.36"
20.242.40.9 - - [05/Aug/2026:08:13:19 +0000] "GET /wp-includes/js/jquery/jquery-migrate.min.js?ver=3.4.1 HTTP/1.1" 200 5355 "https://simplipay.earth/" "Mozilla/5.0 (Linux; Android 14; Pixel 8) AppleWebKit/537.36 (KHTML, like Gecko) Chrome/124.0.0.0 Mobile Safari/537.36"
20.242.40.9 - - [05/Aug/2026:08:13:19 +0000] "GET /wp-content/uploads/elementor/css/post-8.css?ver=1785769415 HTTP/1.1" 200 10384 "https://simplipay.earth/" "Mozilla/5.0 (Linux; Android 14; Pixel 8) AppleWebKit/537.36 (KHTML, like Gecko) Chrome/124.0.0.0 Mobile Safari/537.36"
20.242.40.9 - - [05/Aug/2026:08:13:19 +0000] "GET /features/ HTTP/1.1" 200 26502 "https://simplipay.earth/" "Mozilla/5.0 (Linux; Android 14; Pixel 8) AppleWebKit/537.36 (KHTML, like Gecko) Chrome/124.0.0.0 Mobile Safari/537.36"
20.242.40.9 - - [05/Aug/2026:08:13:19 +0000] "GET /wp-includes/js/dist/script-modules/interactivity/index.min.js?ver=efaa5193bbad9c60ffd1 HTTP/1.1" 200 17090 "https://simplipay.earth/" "Mozilla/5.0 (Linux; Android 14; Pixel 8) AppleWebKit/537.36 (KHTML, like Gecko) Chrome/124.0.0.0 Mobile Safari/537.36"
20.242.40.9 - - [05/Aug/2026:08:13:19 +0000] "GET /wp-content/plugins/elementor/assets/lib/animations/styles/fadeInUp.min.css?ver=4.0.8 HTTP/1.1" 200 130 "https://simplipay.earth/" "Mozilla/5.0 (Linux; Android 14; Pixel 8) AppleWebKit/537.36 (KHTML, like Gecko) Chrome/124.0.0.0 Mobile Safari/537.36"
20.242.40.9 - - [05/Aug/2026:08:13:20 +0000] "GET /licence/ HTTP/1.1" 200 33768 "https://simplipay.earth/" "Mozilla/5.0 (Linux; Android 14; Pixel 8) AppleWebKit/537.36 (KHTML, like Gecko) Chrome/124.0.0.0 Mobile Safari/537.36"
20.242.40.9 - - [05/Aug/2026:08:13:20 +0000] "GET /wp-includes/js/dist/script-modules/block-library/navigation/view.min.js?ver=96a846e1d7b789c39ab9 HTTP/1.1" 200 1194 "https://simplipay.earth/" "Mozilla/5.0 (Linux; Android 14; Pixel 8) AppleWebKit/537.36 (KHTML, like Gecko) Chrome/124.0.0.0 Mobile Safari/537.36"
20.242.40.9 - - [05/Aug/2026:08:13:20 +0000] "GET /wp-content/plugins/elementor/assets/lib/animations/styles/fadeInRight.min.css?ver=4.0.8 HTTP/1.1" 200 139 "https://simplipay.earth/" "Mozilla/5.0 (Linux; Android 14; Pixel 8) AppleWebKit/537.36 (KHTML, like Gecko) Chrome/124.0.0.0 Mobile Safari/537.36"
20.242.40.9 - - [05/Aug/2026:08:13:20 +0000] "GET /privacy-policy/ HTTP/1.1" 200 26944 "https://simplipay.earth/" "Mozilla/5.0 (Linux; Android 14; Pixel 8) AppleWebKit/537.36 (KHTML, like Gecko) Chrome/124.0.0.0 Mobile Safari/537.36"
20.242.40.9 - - [05/Aug/2026:08:13:20 +0000] "GET /wp-content/plugins/elementor/assets/js/webpack.runtime.min.js?ver=4.0.8 HTTP/1.1" 200 2605 "https://simplipay.earth/" "Mozilla/5.0 (Linux; Android 14; Pixel 8) AppleWebKit/537.36 (KHTML, like Gecko) Chrome/124.0.0.0 Mobile Safari/537.36"
20.242.40.9 - - [05/Aug/2026:08:13:20 +0000] "GET /wp-content/plugins/elementor/assets/lib/animations/styles/fadeIn.min.css?ver=4.0.8 HTTP/1.1" 200 77 "https://simplipay.earth/" "Mozilla/5.0 (Linux; Android 14; Pixel 8) AppleWebKit/537.36 (KHTML, like Gecko) Chrome/124.0.0.0 Mobile Safari/537.36"
20.242.40.9 - - [05/Aug/2026:08:13:20 +0000] "GET /terms-of-service/ HTTP/1.1" 200 33387 "https://simplipay.earth/" "Mozilla/5.0 (Linux; Android 14; Pixel 8) AppleWebKit/537.36 (KHTML, like Gecko) Chrome/124.0.0.0 Mobile Safari/537.36"
20.242.40.9 - - [05/Aug/2026:08:13:20 +0000] "GET /wp-content/plugins/elementor/assets/js/frontend-modules.min.js?ver=4.0.8 HTTP/1.1" 200 18685 "https://simplipay.earth/" "Mozilla/5.0 (Linux; Android 14; Pixel 8) AppleWebKit/537.36 (KHTML, like Gecko) Chrome/124.0.0.0 Mobile Safari/537.36"
20.242.40.9 - - [05/Aug/2026:08:13:21 +0000] "GET /wp-includes/js/dist/script-modules/block-library/navigation/@wordpress/interactivity HTTP/1.1" 404 14584 "https://simplipay.earth/" "Mozilla/5.0 (Linux; Android 14; Pixel 8) AppleWebKit/537.36 (KHTML, like Gecko) Chrome/124.0.0.0 Mobile Safari/537.36"
20.242.40.9 - - [05/Aug/2026:08:13:22 +0000] "GET /wp-content/plugins/elementor/assets/lib/animations/styles/fadeInLeft.min.css?ver=4.0.8 HTTP/1.1" 200 137 "https://simplipay.earth/" "Mozilla/5.0 (Linux; Android 14; Pixel 8) AppleWebKit/537.36 (KHTML, like Gecko) Chrome/124.0.0.0 Mobile Safari/537.36"
20.242.40.9 - - [05/Aug/2026:08:13:22 +0000] "GET /wp-content/plugins/elementor/assets/lib/animations/styles/fadeInDown.min.css?ver=4.0.8 HTTP/1.1" 200 137 "https://simplipay.earth/" "Mozilla/5.0 (Linux; Android 14; Pixel 8) AppleWebKit/537.36 (KHTML, like Gecko) Chrome/124.0.0.0 Mobile Safari/537.36"
20.242.40.9 - - [05/Aug/2026:08:13:22 +0000] "GET /wp-includes/js/jquery/ui/core.min.js?ver=1.13.3 HTTP/1.1" 200 7954 "https://simplipay.earth/" "Mozilla/5.0 (Linux; Android 14; Pixel 8) AppleWebKit/537.36 (KHTML, like Gecko) Chrome/124.0.0.0 Mobile Safari/537.36"
20.242.40.9 - - [05/Aug/2026:08:13:22 +0000] "GET /wp-content/plugins/sina-extension-for-elementor/assets/css/sina-header-footer.min.css?ver=3.8.2 HTTP/1.1" 200 1603 "https://simplipay.earth/" "Mozilla/5.0 (Linux; Android 14; Pixel 8) AppleWebKit/537.36 (KHTML, like Gecko) Chrome/124.0.0.0 Mobile Safari/537.36"
20.242.40.9 - - [05/Aug/2026:08:13:22 +0000] "GET /wp-content/plugins/elementor/assets/js/frontend.min.js?ver=4.0.8 HTTP/1.1" 200 11879 "https://simplipay.earth/" "Mozilla/5.0 (Linux; Android 14; Pixel 8) AppleWebKit/537.36 (KHTML, like Gecko) Chrome/124.0.0.0 Mobile Safari/537.36"
20.242.40.9 - - [05/Aug/2026:08:13:22 +0000] "GET /wp-content/themes/twentytwentyfive/style.css?ver=1.0 HTTP/1.1" 200 1210 "https://simplipay.earth/" "Mozilla/5.0 (Linux; Android 14; Pixel 8) AppleWebKit/537.36 (KHTML, like Gecko) Chrome/124.0.0.0 Mobile Safari/537.36"
20.242.40.9 - - [05/Aug/2026:08:13:22 +0000] "GET /wp-content/plugins/elementor-pro/assets/lib/smartmenus/jquery.smartmenus.min.js?ver=1.2.1 HTTP/1.1" 200 8398 "https://simplipay.earth/" "Mozilla/5.0 (Linux; Android 14; Pixel 8) AppleWebKit/537.36 (KHTML, like Gecko) Chrome/124.0.0.0 Mobile Safari/537.36"
20.242.40.9 - - [05/Aug/2026:08:13:22 +0000] "GET /wp-content/plugins/elementskit-lite/libs/framework/assets/js/frontend-script.js?ver=3.7.9 HTTP/1.1" 200 40 "https://simplipay.earth/" "Mozilla/5.0 (Linux; Android 14; Pixel 8) AppleWebKit/537.36 (KHTML, like Gecko) Chrome/124.0.0.0 Mobile Safari/537.36"
20.242.40.9 - - [05/Aug/2026:08:13:22 +0000] "GET /wp-content/plugins/elementor/assets/css/widget-image.min.css?ver=4.0.8 HTTP/1.1" 200 214 "https://simplipay.earth/" "Mozilla/5.0 (Linux; Android 14; Pixel 8) AppleWebKit/537.36 (KHTML, like Gecko) Chrome/124.0.0.0 Mobile Safari/537.36"
20.242.40.9 - - [05/Aug/2026:08:13:22 +0000] "GET /wp-content/plugins/elementor-pro/assets/css/widget-nav-menu.min.css?ver=3.25.5 HTTP/1.1" 200 4091 "https://simplipay.earth/" "Mozilla/5.0 (Linux; Android 14; Pixel 8) AppleWebKit/537.36 (KHTML, like Gecko) Chrome/124.0.0.0 Mobile Safari/537.36"
20.242.40.9 - - [05/Aug/2026:08:13:22 +0000] "GET /wp-content/plugins/elementor-pro/assets/js/webpack-pro.runtime.min.js?ver=3.25.5 HTTP/1.1" 200 2960 "https://simplipay.earth/" "Mozilla/5.0 (Linux; Android 14; Pixel 8) AppleWebKit/537.36 (KHTML, like Gecko) Chrome/124.0.0.0 Mobile Safari/537.36"
20.242.40.9 - - [05/Aug/2026:08:13:22 +0000] "GET /wp-content/plugins/elementor/assets/css/conditionals/apple-webkit.min.css?ver=4.0.8 HTTP/1.1" 200 686 "https://simplipay.earth/" "Mozilla/5.0 (Linux; Android 14; Pixel 8) AppleWebKit/537.36 (KHTML, like Gecko) Chrome/124.0.0.0 Mobile Safari/537.36"
20.242.40.9 - - [05/Aug/2026:08:13:22 +0000] "GET /wp-content/plugins/elementskit-lite/widgets/init/assets/js/widget-scripts.js?ver=3.7.9 HTTP/1.1" 200 49941 "https://simplipay.earth/" "Mozilla/5.0 (Linux; Android 14; Pixel 8) AppleWebKit/537.36 (KHTML, like Gecko) Chrome/124.0.0.0 Mobile Safari/537.36"
20.242.40.9 - - [05/Aug/2026:08:13:22 +0000] "GET /wp-content/plugins/elementor/assets/css/widget-social-icons.min.css?ver=4.0.8 HTTP/1.1" 200 1214 "https://simplipay.earth/" "Mozilla/5.0 (Linux; Android 14; Pixel 8) AppleWebKit/537.36 (KHTML, like Gecko) Chrome/124.0.0.0 Mobile Safari/537.36"
20.242.40.9 - - [05/Aug/2026:08:13:22 +0000] "GET /wp-includes/js/dist/hooks.min.js?ver=7496969728ca0f95732d HTTP/1.1" 200 1909 "https://simplipay.earth/" "Mozilla/5.0 (Linux; Android 14; Pixel 8) AppleWebKit/537.36 (KHTML, like Gecko) Chrome/124.0.0.0 Mobile Safari/537.36"
20.242.40.9 - - [05/Aug/2026:08:13:22 +0000] "GET /wp-includes/js/dist/i18n.min.js?ver=781d11515ad3d91786ec HTTP/1.1" 200 2574 "https://simplipay.earth/" "Mozilla/5.0 (Linux; Android 14; Pixel 8) AppleWebKit/537.36 (KHTML, like Gecko) Chrome/124.0.0.0 Mobile Safari/537.36"
20.242.40.9 - - [05/Aug/2026:08:13:22 +0000] "GET /wp-content/plugins/elementor/assets/css/widget-heading.min.css?ver=4.0.8 HTTP/1.1" 200 560 "https://simplipay.earth/" "Mozilla/5.0 (Linux; Android 14; Pixel 8) AppleWebKit/537.36 (KHTML, like Gecko) Chrome/124.0.0.0 Mobile Safari/537.36"
20.242.40.9 - - [05/Aug/2026:08:13:22 +0000] "GET /wp-content/plugins/elementor-pro/assets/js/frontend.min.js?ver=3.25.5 HTTP/1.1" 200 7762 "https://simplipay.earth/" "Mozilla/5.0 (Linux; Android 14; Pixel 8) AppleWebKit/537.36 (KHTML, like Gecko) Chrome/124.0.0.0 Mobile Safari/537.36"
20.242.40.9 - - [05/Aug/2026:08:13:22 +0000] "GET /wp-content/uploads/elementor/css/post-12.css?ver=1785769416 HTTP/1.1" 200 2043 "https://simplipay.earth/" "Mozilla/5.0 (Linux; Android 14; Pixel 8) AppleWebKit/537.36 (KHTML, like Gecko) Chrome/124.0.0.0 Mobile Safari/537.36"
20.242.40.9 - - [05/Aug/2026:08:13:22 +0000] "GET /wp-content/plugins/elementor-pro/assets/css/conditionals/popup.min.css?ver=3.25.5 HTTP/1.1" 200 995 "https://simplipay.earth/" "Mozilla/5.0 (Linux; Android 14; Pixel 8) AppleWebKit/537.36 (KHTML, like Gecko) Chrome/124.0.0.0 Mobile Safari/537.36"
20.242.40.9 - - [05/Aug/2026:08:13:22 +0000] "GET /wp-content/plugins/elementor-pro/assets/js/elements-handlers.min.js?ver=3.25.5 HTTP/1.1" 200 12105 "https://simplipay.earth/" "Mozilla/5.0 (Linux; Android 14; Pixel 8) AppleWebKit/537.36 (KHTML, like Gecko) Chrome/124.0.0.0 Mobile Safari/537.36"
20.242.40.9 - - [05/Aug/2026:08:13:22 +0000] "GET /wp-content/plugins/elementskit-lite/widgets/init/assets/js/animate-circle.min.js?ver=3.7.9 HTTP/1.1" 200 681 "https://simplipay.earth/" "Mozilla/5.0 (Linux; Android 14; Pixel 8) AppleWebKit/537.36 (KHTML, like Gecko) Chrome/124.0.0.0 Mobile Safari/537.36"
20.242.40.9 - - [05/Aug/2026:08:13:22 +0000] "GET /wp-content/plugins/elementskit-lite/widgets/init/assets/js/elementor.js?ver=3.7.9 HTTP/1.1" 200 6869 "https://simplipay.earth/" "Mozilla/5.0 (Linux; Android 14; Pixel 8) AppleWebKit/537.36 (KHTML, like Gecko) Chrome/124.0.0.0 Mobile Safari/537.36"
52.4.149.131 - - [05/Aug/2026:08:15:06 +0000] "POST /wp-cron.php?doing_wp_cron=1785917706.1349608898162841796875 HTTP/1.1" 499 0 "-" "WordPress/7.0; https://simplipay.earth"
103.231.7.194 - - [05/Aug/2026:08:15:06 +0000] "GET / HTTP/1.1" 200 27984 "-" "NOC-Monitor/1.0 (+https://github.com/)"
52.4.149.131 - - [05/Aug/2026:08:20:02 +0000] "POST /wp-cron.php?doing_wp_cron=1785918002.6161010265350341796875 HTTP/1.1" 499 0 "-" "WordPress/7.0; https://simplipay.earth"
103.231.7.194 - - [05/Aug/2026:08:20:02 +0000] "GET / HTTP/1.1" 200 27984 "-" "NOC-Monitor/1.0 (+https://github.com/)"
162.158.90.212 - - [05/Aug/2026:08:21:51 +0000] "GET / HTTP/2.0" 200 27971 "-" "Mozilla/5.0 (Macintosh; Intel Mac OS X 10_15_7) AppleWebKit/537.36 (KHTML, like Gecko) Chrome/147.0.0.0 Safari/537.36 CloudflareWebScanner/1.0"
52.4.149.131 - - [05/Aug/2026:08:21:52 +0000] "POST /wp-cron.php?doing_wp_cron=1785918112.5111520290374755859375 HTTP/1.1" 499 0 "-" "WordPress/7.0; https://simplipay.earth"
52.4.149.131 - - [05/Aug/2026:08:25:05 +0000] "POST /wp-cron.php?doing_wp_cron=1785918305.5998499393463134765625 HTTP/1.1" 499 0 "-" "WordPress/7.0; https://simplipay.earth"
103.231.7.194 - - [05/Aug/2026:08:25:05 +0000] "GET / HTTP/1.1" 200 27984 "-" "NOC-Monitor/1.0 (+https://github.com/)"
52.4.149.131 - - [05/Aug/2026:08:30:02 +0000] "POST /wp-cron.php?doing_wp_cron=1785918602.4644250869750976562500 HTTP/1.1" 499 0 "-" "WordPress/7.0; https://simplipay.earth"
103.231.7.194 - - [05/Aug/2026:08:30:02 +0000] "GET / HTTP/1.1" 200 27984 "-" "NOC-Monitor/1.0 (+https://github.com/)"
52.4.149.131 - - [05/Aug/2026:08:35:05 +0000] "POST /wp-cron.php?doing_wp_cron=1785918905.2566149234771728515625 HTTP/1.1" 499 0 "-" "WordPress/7.0; https://simplipay.earth"
103.231.7.194 - - [05/Aug/2026:08:35:05 +0000] "GET / HTTP/1.1" 200 27984 "-" "NOC-Monitor/1.0 (+https://github.com/)"
52.4.149.131 - - [05/Aug/2026:08:40:06 +0000] "POST /wp-cron.php?doing_wp_cron=1785919205.9922289848327636718750 HTTP/1.1" 499 0 "-" "WordPress/7.0; https://simplipay.earth"
103.231.7.194 - - [05/Aug/2026:08:40:06 +0000] "GET / HTTP/1.1" 200 27984 "-" "NOC-Monitor/1.0 (+https://github.com/)"
52.4.149.131 - - [05/Aug/2026:08:45:06 +0000] "POST /wp-cron.php?doing_wp_cron=1785919506.9504349231719970703125 HTTP/1.1" 499 0 "-" "WordPress/7.0; https://simplipay.earth"
103.231.7.194 - - [05/Aug/2026:08:45:06 +0000] "GET / HTTP/1.1" 200 27984 "-" "NOC-Monitor/1.0 (+https://github.com/)"
52.4.149.131 - - [05/Aug/2026:08:50:05 +0000] "POST /wp-cron.php?doing_wp_cron=1785919805.8675479888916015625000 HTTP/1.1" 499 0 "-" "WordPress/7.0; https://simplipay.earth"
103.231.7.194 - - [05/Aug/2026:08:50:05 +0000] "GET / HTTP/1.1" 200 27984 "-" "NOC-Monitor/1.0 (+https://github.com/)"
52.4.149.131 - - [05/Aug/2026:08:55:17 +0000] "POST /wp-cron.php?doing_wp_cron=1785920117.5371580123901367187500 HTTP/1.1" 499 0 "-" "WordPress/7.0; https://simplipay.earth"
103.231.7.194 - - [05/Aug/2026:08:55:17 +0000] "GET / HTTP/1.1" 200 27984 "-" "NOC-Monitor/1.0 (+https://github.com/)"
52.4.149.131 - - [05/Aug/2026:09:00:08 +0000] "POST /wp-cron.php?doing_wp_cron=1785920408.3499119281768798828125 HTTP/1.1" 499 0 "-" "WordPress/7.0; https://simplipay.earth"
103.231.7.194 - - [05/Aug/2026:09:00:08 +0000] "GET / HTTP/1.1" 200 27984 "-" "NOC-Monitor/1.0 (+https://github.com/)"
52.4.149.131 - - [05/Aug/2026:09:05:20 +0000] "POST /wp-cron.php?doing_wp_cron=1785920720.8925199508666992187500 HTTP/1.1" 499 0 "-" "WordPress/7.0; https://simplipay.earth"
103.231.7.194 - - [05/Aug/2026:09:05:20 +0000] "GET / HTTP/1.1" 200 27984 "-" "NOC-Monitor/1.0 (+https://github.com/)"
52.4.149.131 - - [05/Aug/2026:09:10:03 +0000] "POST /wp-cron.php?doing_wp_cron=1785921003.1726610660552978515625 HTTP/1.1" 499 0 "-" "WordPress/7.0; https://simplipay.earth"
103.231.7.194 - - [05/Aug/2026:09:10:03 +0000] "GET / HTTP/1.1" 200 27984 "-" "NOC-Monitor/1.0 (+https://github.com/)"
43.157.38.131 - - [05/Aug/2026:09:10:28 +0000] "GET / HTTP/1.1" 301 5 "http://www.simplipay.earth" "Mozilla/5.0 (iPhone; CPU iPhone OS 13_2_3 like Mac OS X) AppleWebKit/605.1.15 (KHTML, like Gecko) Version/13.0.3 Mobile/15E148 Safari/604.1"
43.157.38.131 - - [05/Aug/2026:09:10:29 +0000] "GET / HTTP/1.1" 200 27984 "https://www.simplipay.earth/" "Mozilla/5.0 (iPhone; CPU iPhone OS 13_2_3 like Mac OS X) AppleWebKit/605.1.15 (KHTML, like Gecko) Version/13.0.3 Mobile/15E148 Safari/604.1"
52.4.149.131 - - [05/Aug/2026:09:13:23 +0000] "POST /wp-cron.php?doing_wp_cron=1785921203.3894538879394531250000 HTTP/1.1" 499 0 "-" "WordPress/7.0; https://simplipay.earth"
45.227.255.90 - - [05/Aug/2026:09:13:23 +0000] "GET /wp-login.php?wp_lang=en_US HTTP/2.0" 200 2013 "-" "Mozilla/5.0 (Windows NT 10.0; Win64; x64) AppleWebKit/537.36 (KHTML, like Gecko) Chrome/124.0.6367.207 Safari/537.36"
45.227.255.90 - - [05/Aug/2026:09:13:23 +0000] "POST /wp-login.php?wp_lang=en_US HTTP/2.0" 200 2185 "https://simplipay.earth/wp-login.php?wp_lang=en_US" "Mozilla/5.0 (Windows NT 10.0; Win64; x64) AppleWebKit/537.36 (KHTML, like Gecko) Chrome/124.0.6367.207 Safari/537.36"
52.4.149.131 - - [05/Aug/2026:09:15:05 +0000] "POST /wp-cron.php?doing_wp_cron=1785921305.4599521160125732421875 HTTP/1.1" 499 0 "-" "WordPress/7.0; https://simplipay.earth"
103.231.7.194 - - [05/Aug/2026:09:15:05 +0000] "GET / HTTP/1.1" 200 27984 "-" "NOC-Monitor/1.0 (+https://github.com/)"
52.4.149.131 - - [05/Aug/2026:09:20:02 +0000] "POST /wp-cron.php?doing_wp_cron=1785921602.4692530632019042968750 HTTP/1.1" 499 0 "-" "WordPress/7.0; https://simplipay.earth"
103.231.7.194 - - [05/Aug/2026:09:20:02 +0000] "GET / HTTP/1.1" 200 27984 "-" "NOC-Monitor/1.0 (+https://github.com/)"
52.4.149.131 - - [05/Aug/2026:09:23:01 +0000] "POST /wp-cron.php?doing_wp_cron=1785921781.0944740772247314453125 HTTP/1.1" 499 0 "-" "WordPress/7.0; https://simplipay.earth"
66.249.68.32 - - [05/Aug/2026:09:23:01 +0000] "GET /privacy-policy/ HTTP/1.1" 200 26944 "-" "Mozilla/5.0 (compatible; Googlebot/2.1; +http://www.google.com/bot.html)"
52.4.149.131 - - [05/Aug/2026:09:25:05 +0000] "POST /wp-cron.php?doing_wp_cron=1785921905.6386930942535400390625 HTTP/1.1" 499 0 "-" "WordPress/7.0; https://simplipay.earth"
103.231.7.194 - - [05/Aug/2026:09:25:05 +0000] "GET / HTTP/1.1" 200 27984 "-" "NOC-Monitor/1.0 (+https://github.com/)"
52.4.149.131 - - [05/Aug/2026:09:30:02 +0000] "POST /wp-cron.php?doing_wp_cron=1785922202.2321190834045410156250 HTTP/1.1" 499 0 "-" "WordPress/7.0; https://simplipay.earth"
103.231.7.194 - - [05/Aug/2026:09:30:02 +0000] "GET / HTTP/1.1" 200 27984 "-" "NOC-Monitor/1.0 (+https://github.com/)"
52.4.149.131 - - [05/Aug/2026:09:35:18 +0000] "POST /wp-cron.php?doing_wp_cron=1785922518.6378850936889648437500 HTTP/1.1" 499 0 "-" "WordPress/7.0; https://simplipay.earth"
103.231.7.194 - - [05/Aug/2026:09:35:18 +0000] "GET / HTTP/1.1" 200 27984 "-" "NOC-Monitor/1.0 (+https://github.com/)"
52.4.149.131 - - [05/Aug/2026:09:40:03 +0000] "POST /wp-cron.php?doing_wp_cron=1785922803.3331201076507568359375 HTTP/1.1" 499 0 "-" "WordPress/7.0; https://simplipay.earth"
103.231.7.194 - - [05/Aug/2026:09:40:03 +0000] "GET / HTTP/1.1" 200 27984 "-" "NOC-Monitor/1.0 (+https://github.com/)"
52.4.149.131 - - [05/Aug/2026:09:45:06 +0000] "POST /wp-cron.php?doing_wp_cron=1785923106.1721780300140380859375 HTTP/1.1" 499 0 "-" "WordPress/7.0; https://simplipay.earth"
103.231.7.194 - - [05/Aug/2026:09:45:06 +0000] "GET / HTTP/1.1" 200 27984 "-" "NOC-Monitor/1.0 (+https://github.com/)"
52.4.149.131 - - [05/Aug/2026:09:50:07 +0000] "POST /wp-cron.php?doing_wp_cron=1785923407.8183710575103759765625 HTTP/1.1" 499 0 "-" "WordPress/7.0; https://simplipay.earth"
103.231.7.194 - - [05/Aug/2026:09:50:07 +0000] "GET / HTTP/1.1" 200 27984 "-" "NOC-Monitor/1.0 (+https://github.com/)"
52.4.149.131 - - [05/Aug/2026:09:55:14 +0000] "POST /wp-cron.php?doing_wp_cron=1785923714.0076971054077148437500 HTTP/1.1" 499 0 "-" "WordPress/7.0; https://simplipay.earth"
103.231.7.194 - - [05/Aug/2026:09:55:14 +0000] "GET / HTTP/1.1" 200 27984 "-" "NOC-Monitor/1.0 (+https://github.com/)"
52.4.149.131 - - [05/Aug/2026:10:00:05 +0000] "POST /wp-cron.php?doing_wp_cron=1785924005.6756739616394042968750 HTTP/1.1" 499 0 "-" "WordPress/7.0; https://simplipay.earth"
103.231.7.194 - - [05/Aug/2026:10:00:05 +0000] "GET / HTTP/1.1" 200 27984 "-" "NOC-Monitor/1.0 (+https://github.com/)"
52.4.149.131 - - [05/Aug/2026:10:05:09 +0000] "POST /wp-cron.php?doing_wp_cron=1785924309.1636629104614257812500 HTTP/1.1" 499 0 "-" "WordPress/7.0; https://simplipay.earth"
103.231.7.194 - - [05/Aug/2026:10:05:09 +0000] "GET / HTTP/1.1" 200 27984 "-" "NOC-Monitor/1.0 (+https://github.com/)"
52.4.149.131 - - [05/Aug/2026:10:10:04 +0000] "POST /wp-cron.php?doing_wp_cron=1785924604.3826699256896972656250 HTTP/1.1" 499 0 "-" "WordPress/7.0; https://simplipay.earth"
103.231.7.194 - - [05/Aug/2026:10:10:04 +0000] "GET / HTTP/1.1" 200 27984 "-" "NOC-Monitor/1.0 (+https://github.com/)"
52.4.149.131 - - [05/Aug/2026:10:15:11 +0000] "POST /wp-cron.php?doing_wp_cron=1785924911.7155489921569824218750 HTTP/1.1" 499 0 "-" "WordPress/7.0; https://simplipay.earth"
103.231.7.194 - - [05/Aug/2026:10:15:11 +0000] "GET / HTTP/1.1" 200 27984 "-" "NOC-Monitor/1.0 (+https://github.com/)"
52.4.149.131 - - [05/Aug/2026:10:20:03 +0000] "POST /wp-cron.php?doing_wp_cron=1785925203.0111999511718750000000 HTTP/1.1" 499 0 "-" "WordPress/7.0; https://simplipay.earth"
103.231.7.194 - - [05/Aug/2026:10:20:03 +0000] "GET / HTTP/1.1" 200 27984 "-" "NOC-Monitor/1.0 (+https://github.com/)"
52.4.149.131 - - [05/Aug/2026:10:25:04 +0000] "POST /wp-cron.php?doing_wp_cron=1785925504.7733359336853027343750 HTTP/1.1" 499 0 "-" "WordPress/7.0; https://simplipay.earth"
103.231.7.194 - - [05/Aug/2026:10:25:04 +0000] "GET / HTTP/1.1" 200 27984 "-" "NOC-Monitor/1.0 (+https://github.com/)"
86.153.65.77 - - [05/Aug/2026:10:25:17 +0000] "POST /wp-json/batch/v1 HTTP/1.1" 207 27 "-" "Mozilla/5.0 (Windows NT 10.0; Win64; x64) AppleWebKit/537.36"
86.153.65.77 - - [05/Aug/2026:10:25:17 +0000] "POST /wp-json/batch/v1 HTTP/1.1" 207 27 "-" "Mozilla/5.0 (Windows NT 10.0; Win64; x64) AppleWebKit/537.36"
86.153.65.77 - - [05/Aug/2026:10:25:20 +0000] "POST /wp-json/batch/v1 HTTP/1.1" 207 998721 "-" "Mozilla/5.0 (Windows NT 10.0; Win64; x64) AppleWebKit/537.36"
143.198.182.95 - - [05/Aug/2026:10:25:44 +0000] "GET / HTTP/1.1" 200 27984 "-" "Mozilla/5.0 (X11; Linux x86_64) AppleWebKit/537.36 (KHTML, like Gecko) Chrome/150.0.0.0 Safari/537.36"
52.4.149.131 - - [05/Aug/2026:10:30:12 +0000] "POST /wp-cron.php?doing_wp_cron=1785925812.3938469886779785156250 HTTP/1.1" 499 0 "-" "WordPress/7.0; https://simplipay.earth"
103.231.7.194 - - [05/Aug/2026:10:30:12 +0000] "GET / HTTP/1.1" 200 27984 "-" "NOC-Monitor/1.0 (+https://github.com/)"
52.4.149.131 - - [05/Aug/2026:10:35:08 +0000] "POST /wp-cron.php?doing_wp_cron=1785926108.5131070613861083984375 HTTP/1.1" 499 0 "-" "WordPress/7.0; https://simplipay.earth"
103.231.7.194 - - [05/Aug/2026:10:35:08 +0000] "GET / HTTP/1.1" 200 27984 "-" "NOC-Monitor/1.0 (+https://github.com/)"
52.4.149.131 - - [05/Aug/2026:10:40:14 +0000] "POST /wp-cron.php?doing_wp_cron=1785926414.0753939151763916015625 HTTP/1.1" 499 0 "-" "WordPress/7.0; https://simplipay.earth"
103.231.7.194 - - [05/Aug/2026:10:40:14 +0000] "GET / HTTP/1.1" 200 27984 "-" "NOC-Monitor/1.0 (+https://github.com/)"
52.4.149.131 - - [05/Aug/2026:10:45:16 +0000] "POST /wp-cron.php?doing_wp_cron=1785926716.4301331043243408203125 HTTP/1.1" 499 0 "-" "WordPress/7.0; https://simplipay.earth"
103.231.7.194 - - [05/Aug/2026:10:45:16 +0000] "GET / HTTP/1.1" 200 27984 "-" "NOC-Monitor/1.0 (+https://github.com/)"
52.4.149.131 - - [05/Aug/2026:10:50:06 +0000] "POST /wp-cron.php?doing_wp_cron=1785927006.6767029762268066406250 HTTP/1.1" 499 0 "-" "WordPress/7.0; https://simplipay.earth"
103.231.7.194 - - [05/Aug/2026:10:50:06 +0000] "GET / HTTP/1.1" 200 27984 "-" "NOC-Monitor/1.0 (+https://github.com/)"
52.4.149.131 - - [05/Aug/2026:10:51:16 +0000] "POST /wp-cron.php?doing_wp_cron=1785927076.5865709781646728515625 HTTP/1.1" 499 0 "-" "WordPress/7.0; https://simplipay.earth"
195.178.110.108 - - [05/Aug/2026:10:51:16 +0000] "GET / HTTP/1.1" 200 27984 "https://simplipay.earth/" "Mozilla/5.0 (Windows NT 10.0; Win64; x64; rv:124.0) Gecko/20100101 Firefox/124.0"
195.178.110.108 - - [05/Aug/2026:10:51:17 +0000] "GET /wp-login.php HTTP/1.1" 200 2025 "https://simplipay.earth/" "Mozilla/5.0 (Windows NT 10.0; Win64; x64; rv:124.0) Gecko/20100101 Firefox/124.0"
195.178.110.108 - - [05/Aug/2026:10:51:17 +0000] "GET / HTTP/1.1" 200 27984 "https://simplipay.earth/" "Mozilla/5.0 (Windows NT 10.0; Win64; x64; rv:124.0) Gecko/20100101 Firefox/124.0"
195.178.110.108 - - [05/Aug/2026:10:51:18 +0000] "GET /wp-content/plugins/wordfence/ HTTP/1.1" 404 14584 "https://simplipay.earth/" "Mozilla/5.0 (Windows NT 10.0; Win64; x64; rv:124.0) Gecko/20100101 Firefox/124.0"
195.178.110.108 - - [05/Aug/2026:10:51:18 +0000] "GET / HTTP/1.1" 200 27984 "https://simplipay.earth/" "Mozilla/5.0 (Windows NT 10.0; Win64; x64; rv:124.0) Gecko/20100101 Firefox/124.0"
195.178.110.108 - - [05/Aug/2026:10:51:19 +0000] "POST /index.php?rest_route=/batch/v1 HTTP/1.1" 207 27 "https://simplipay.earth/" "Mozilla/5.0 (Windows NT 10.0; Win64; x64; rv:124.0) Gecko/20100101 Firefox/124.0"
195.178.110.108 - - [05/Aug/2026:10:51:19 +0000] "POST /index.php?rest_route=/batch/v1 HTTP/1.1" 207 2909 "https://simplipay.earth/" "Mozilla/5.0 (Windows NT 10.0; Win64; x64; rv:124.0) Gecko/20100101 Firefox/124.0"
195.178.110.108 - - [05/Aug/2026:10:51:20 +0000] "POST /index.php?rest_route=/batch/v1 HTTP/1.1" 207 3112 "https://simplipay.earth/" "Mozilla/5.0 (Windows NT 10.0; Win64; x64; rv:124.0) Gecko/20100101 Firefox/124.0"
195.178.110.108 - - [05/Aug/2026:10:51:20 +0000] "POST /index.php?rest_route=/batch/v1 HTTP/1.1" 207 3013 "https://simplipay.earth/" "Mozilla/5.0 (Windows NT 10.0; Win64; x64; rv:124.0) Gecko/20100101 Firefox/124.0"
195.178.110.108 - - [05/Aug/2026:10:51:21 +0000] "POST /index.php?rest_route=/batch/v1 HTTP/1.1" 207 3225 "https://simplipay.earth/" "Mozilla/5.0 (Windows NT 10.0; Win64; x64; rv:124.0) Gecko/20100101 Firefox/124.0"
195.178.110.108 - - [05/Aug/2026:10:51:22 +0000] "POST /index.php?rest_route=/batch/v1 HTTP/1.1" 207 3225 "https://simplipay.earth/" "Mozilla/5.0 (Windows NT 10.0; Win64; x64; rv:124.0) Gecko/20100101 Firefox/124.0"
195.178.110.108 - - [05/Aug/2026:10:51:24 +0000] "POST /index.php?rest_route=/batch/v1 HTTP/1.1" 207 3225 "https://simplipay.earth/" "Mozilla/5.0 (Windows NT 10.0; Win64; x64; rv:124.0) Gecko/20100101 Firefox/124.0"
195.178.110.108 - - [05/Aug/2026:10:51:24 +0000] "POST /index.php?rest_route=/batch/v1 HTTP/1.1" 207 3000 "https://simplipay.earth/" "Mozilla/5.0 (Windows NT 10.0; Win64; x64; rv:124.0) Gecko/20100101 Firefox/124.0"
195.178.110.108 - - [05/Aug/2026:10:51:25 +0000] "POST /index.php?rest_route=/batch/v1 HTTP/1.1" 207 5063 "https://simplipay.earth/" "Mozilla/5.0 (Windows NT 10.0; Win64; x64; rv:124.0) Gecko/20100101 Firefox/124.0"
195.178.110.108 - - [05/Aug/2026:10:51:25 +0000] "POST /index.php?rest_route=/batch/v1 HTTP/1.1" 207 5065 "https://simplipay.earth/" "Mozilla/5.0 (Windows NT 10.0; Win64; x64; rv:124.0) Gecko/20100101 Firefox/124.0"
195.178.110.108 - - [05/Aug/2026:10:51:26 +0000] "POST /index.php?rest_route=/batch/v1 HTTP/1.1" 207 4410 "https://simplipay.earth/" "Mozilla/5.0 (Windows NT 10.0; Win64; x64; rv:124.0) Gecko/20100101 Firefox/124.0"
195.178.110.108 - - [05/Aug/2026:10:51:26 +0000] "POST /index.php?rest_route=/batch/v1 HTTP/1.1" 207 3004 "https://simplipay.earth/" "Mozilla/5.0 (Windows NT 10.0; Win64; x64; rv:124.0) Gecko/20100101 Firefox/124.0"
195.178.110.108 - - [05/Aug/2026:10:51:27 +0000] "POST /index.php?rest_route=/batch/v1 HTTP/1.1" 207 3004 "https://simplipay.earth/" "Mozilla/5.0 (Windows NT 10.0; Win64; x64; rv:124.0) Gecko/20100101 Firefox/124.0"
195.178.110.108 - - [05/Aug/2026:10:51:29 +0000] "POST /index.php?rest_route=/batch/v1 HTTP/1.1" 207 3004 "https://simplipay.earth/" "Mozilla/5.0 (Windows NT 10.0; Win64; x64; rv:124.0) Gecko/20100101 Firefox/124.0"
195.178.110.108 - - [05/Aug/2026:10:51:30 +0000] "POST /index.php?rest_route=/batch/v1 HTTP/1.1" 207 3001 "https://simplipay.earth/" "Mozilla/5.0 (Windows NT 10.0; Win64; x64; rv:124.0) Gecko/20100101 Firefox/124.0"
195.178.110.108 - - [05/Aug/2026:10:51:31 +0000] "POST /index.php?rest_route=/batch/v1 HTTP/1.1" 207 3001 "https://simplipay.earth/" "Mozilla/5.0 (Windows NT 10.0; Win64; x64; rv:124.0) Gecko/20100101 Firefox/124.0"
195.178.110.108 - - [05/Aug/2026:10:51:33 +0000] "POST /index.php?rest_route=/batch/v1 HTTP/1.1" 207 3001 "https://simplipay.earth/" "Mozilla/5.0 (Windows NT 10.0; Win64; x64; rv:124.0) Gecko/20100101 Firefox/124.0"
195.178.110.108 - - [05/Aug/2026:10:51:33 +0000] "POST /index.php?rest_route=/batch/v1 HTTP/1.1" 207 3002 "https://simplipay.earth/" "Mozilla/5.0 (Windows NT 10.0; Win64; x64; rv:124.0) Gecko/20100101 Firefox/124.0"
195.178.110.108 - - [05/Aug/2026:10:51:34 +0000] "POST /index.php?rest_route=/batch/v1 HTTP/1.1" 207 3002 "https://simplipay.earth/" "Mozilla/5.0 (Windows NT 10.0; Win64; x64; rv:124.0) Gecko/20100101 Firefox/124.0"
195.178.110.108 - - [05/Aug/2026:10:51:36 +0000] "POST /index.php?rest_route=/batch/v1 HTTP/1.1" 207 3002 "https://simplipay.earth/" "Mozilla/5.0 (Windows NT 10.0; Win64; x64; rv:124.0) Gecko/20100101 Firefox/124.0"
195.178.110.108 - - [05/Aug/2026:10:51:37 +0000] "POST /index.php?rest_route=/batch/v1 HTTP/1.1" 207 2999 "https://simplipay.earth/" "Mozilla/5.0 (Windows NT 10.0; Win64; x64; rv:124.0) Gecko/20100101 Firefox/124.0"
195.178.110.108 - - [05/Aug/2026:10:51:38 +0000] "POST /index.php?rest_route=/batch/v1 HTTP/1.1" 207 2999 "https://simplipay.earth/" "Mozilla/5.0 (Windows NT 10.0; Win64; x64; rv:124.0) Gecko/20100101 Firefox/124.0"
195.178.110.108 - - [05/Aug/2026:10:51:40 +0000] "POST /index.php?rest_route=/batch/v1 HTTP/1.1" 207 2999 "https://simplipay.earth/" "Mozilla/5.0 (Windows NT 10.0; Win64; x64; rv:124.0) Gecko/20100101 Firefox/124.0"
195.178.110.108 - - [05/Aug/2026:10:51:40 +0000] "POST /index.php?rest_route=/batch/v1 HTTP/1.1" 207 3002 "https://simplipay.earth/" "Mozilla/5.0 (Windows NT 10.0; Win64; x64; rv:124.0) Gecko/20100101 Firefox/124.0"
195.178.110.108 - - [05/Aug/2026:10:51:42 +0000] "POST /index.php?rest_route=/batch/v1 HTTP/1.1" 207 3002 "https://simplipay.earth/" "Mozilla/5.0 (Windows NT 10.0; Win64; x64; rv:124.0) Gecko/20100101 Firefox/124.0"
195.178.110.108 - - [05/Aug/2026:10:51:44 +0000] "POST /index.php?rest_route=/batch/v1 HTTP/1.1" 207 3002 "https://simplipay.earth/" "Mozilla/5.0 (Windows NT 10.0; Win64; x64; rv:124.0) Gecko/20100101 Firefox/124.0"
195.178.110.108 - - [05/Aug/2026:10:51:44 +0000] "POST /index.php?rest_route=/batch/v1 HTTP/1.1" 207 2999 "https://simplipay.earth/" "Mozilla/5.0 (Windows NT 10.0; Win64; x64; rv:124.0) Gecko/20100101 Firefox/124.0"
52.4.149.131 - - [05/Aug/2026:10:51:45 +0000] "POST /wp-cron.php?doing_wp_cron=1785927105.6286280155181884765625 HTTP/1.1" 499 0 "-" "WordPress/7.0; https://simplipay.earth"
195.178.110.108 - - [05/Aug/2026:10:51:45 +0000] "POST /index.php?rest_route=/batch/v1 HTTP/1.1" 207 2999 "https://simplipay.earth/" "Mozilla/5.0 (Windows NT 10.0; Win64; x64; rv:124.0) Gecko/20100101 Firefox/124.0"
195.178.110.108 - - [05/Aug/2026:10:51:47 +0000] "POST /index.php?rest_route=/batch/v1 HTTP/1.1" 207 2999 "https://simplipay.earth/" "Mozilla/5.0 (Windows NT 10.0; Win64; x64; rv:124.0) Gecko/20100101 Firefox/124.0"
195.178.110.108 - - [05/Aug/2026:10:51:48 +0000] "POST /index.php?rest_route=/batch/v1 HTTP/1.1" 207 3014 "https://simplipay.earth/" "Mozilla/5.0 (Windows NT 10.0; Win64; x64; rv:124.0) Gecko/20100101 Firefox/124.0"
195.178.110.108 - - [05/Aug/2026:10:51:49 +0000] "POST /index.php?rest_route=/batch/v1 HTTP/1.1" 207 3014 "https://simplipay.earth/" "Mozilla/5.0 (Windows NT 10.0; Win64; x64; rv:124.0) Gecko/20100101 Firefox/124.0"
195.178.110.108 - - [05/Aug/2026:10:51:51 +0000] "POST /index.php?rest_route=/batch/v1 HTTP/1.1" 207 3014 "https://simplipay.earth/" "Mozilla/5.0 (Windows NT 10.0; Win64; x64; rv:124.0) Gecko/20100101 Firefox/124.0"
195.178.110.108 - - [05/Aug/2026:10:51:51 +0000] "POST /index.php?rest_route=/batch/v1 HTTP/1.1" 207 3011 "https://simplipay.earth/" "Mozilla/5.0 (Windows NT 10.0; Win64; x64; rv:124.0) Gecko/20100101 Firefox/124.0"
195.178.110.108 - - [05/Aug/2026:10:51:52 +0000] "POST /index.php?rest_route=/batch/v1 HTTP/1.1" 207 3011 "https://simplipay.earth/" "Mozilla/5.0 (Windows NT 10.0; Win64; x64; rv:124.0) Gecko/20100101 Firefox/124.0"
195.178.110.108 - - [05/Aug/2026:10:51:54 +0000] "POST /index.php?rest_route=/batch/v1 HTTP/1.1" 207 3011 "https://simplipay.earth/" "Mozilla/5.0 (Windows NT 10.0; Win64; x64; rv:124.0) Gecko/20100101 Firefox/124.0"
195.178.110.108 - - [05/Aug/2026:10:51:55 +0000] "POST /index.php?rest_route=/batch/v1 HTTP/1.1" 207 2988 "https://simplipay.earth/" "Mozilla/5.0 (Windows NT 10.0; Win64; x64; rv:124.0) Gecko/20100101 Firefox/124.0"
195.178.110.108 - - [05/Aug/2026:10:51:56 +0000] "POST /index.php?rest_route=/batch/v1 HTTP/1.1" 207 2988 "https://simplipay.earth/" "Mozilla/5.0 (Windows NT 10.0; Win64; x64; rv:124.0) Gecko/20100101 Firefox/124.0"
195.178.110.108 - - [05/Aug/2026:10:51:58 +0000] "POST /index.php?rest_route=/batch/v1 HTTP/1.1" 207 2988 "https://simplipay.earth/" "Mozilla/5.0 (Windows NT 10.0; Win64; x64; rv:124.0) Gecko/20100101 Firefox/124.0"
195.178.110.108 - - [05/Aug/2026:10:51:58 +0000] "POST /index.php?rest_route=/batch/v1 HTTP/1.1" 207 2985 "https://simplipay.earth/" "Mozilla/5.0 (Windows NT 10.0; Win64; x64; rv:124.0) Gecko/20100101 Firefox/124.0"
195.178.110.108 - - [05/Aug/2026:10:52:00 +0000] "POST /index.php?rest_route=/batch/v1 HTTP/1.1" 207 2985 "https://simplipay.earth/" "Mozilla/5.0 (Windows NT 10.0; Win64; x64; rv:124.0) Gecko/20100101 Firefox/124.0"
195.178.110.108 - - [05/Aug/2026:10:52:02 +0000] "POST /index.php?rest_route=/batch/v1 HTTP/1.1" 207 2985 "https://simplipay.earth/" "Mozilla/5.0 (Windows NT 10.0; Win64; x64; rv:124.0) Gecko/20100101 Firefox/124.0"
195.178.110.108 - - [05/Aug/2026:10:52:02 +0000] "POST /index.php?rest_route=/batch/v1 HTTP/1.1" 207 2980 "https://simplipay.earth/" "Mozilla/5.0 (Windows NT 10.0; Win64; x64; rv:124.0) Gecko/20100101 Firefox/124.0"
195.178.110.108 - - [05/Aug/2026:10:52:03 +0000] "POST /index.php?rest_route=/batch/v1 HTTP/1.1" 207 2980 "https://simplipay.earth/" "Mozilla/5.0 (Windows NT 10.0; Win64; x64; rv:124.0) Gecko/20100101 Firefox/124.0"
195.178.110.108 - - [05/Aug/2026:10:52:05 +0000] "POST /index.php?rest_route=/batch/v1 HTTP/1.1" 207 2980 "https://simplipay.earth/" "Mozilla/5.0 (Windows NT 10.0; Win64; x64; rv:124.0) Gecko/20100101 Firefox/124.0"
195.178.110.108 - - [05/Aug/2026:10:52:06 +0000] "POST /index.php?rest_route=/batch/v1 HTTP/1.1" 207 2977 "https://simplipay.earth/" "Mozilla/5.0 (Windows NT 10.0; Win64; x64; rv:124.0) Gecko/20100101 Firefox/124.0"
195.178.110.108 - - [05/Aug/2026:10:52:07 +0000] "POST /index.php?rest_route=/batch/v1 HTTP/1.1" 207 2977 "https://simplipay.earth/" "Mozilla/5.0 (Windows NT 10.0; Win64; x64; rv:124.0) Gecko/20100101 Firefox/124.0"
195.178.110.108 - - [05/Aug/2026:10:52:09 +0000] "POST /index.php?rest_route=/batch/v1 HTTP/1.1" 207 2977 "https://simplipay.earth/" "Mozilla/5.0 (Windows NT 10.0; Win64; x64; rv:124.0) Gecko/20100101 Firefox/124.0"
195.178.110.108 - - [05/Aug/2026:10:52:09 +0000] "POST /index.php?rest_route=/batch/v1 HTTP/1.1" 207 2994 "https://simplipay.earth/" "Mozilla/5.0 (Windows NT 10.0; Win64; x64; rv:124.0) Gecko/20100101 Firefox/124.0"
195.178.110.108 - - [05/Aug/2026:10:52:11 +0000] "POST /index.php?rest_route=/batch/v1 HTTP/1.1" 207 2994 "https://simplipay.earth/" "Mozilla/5.0 (Windows NT 10.0; Win64; x64; rv:124.0) Gecko/20100101 Firefox/124.0"
195.178.110.108 - - [05/Aug/2026:10:52:13 +0000] "POST /index.php?rest_route=/batch/v1 HTTP/1.1" 207 2994 "https://simplipay.earth/" "Mozilla/5.0 (Windows NT 10.0; Win64; x64; rv:124.0) Gecko/20100101 Firefox/124.0"
195.178.110.108 - - [05/Aug/2026:10:52:13 +0000] "POST /index.php?rest_route=/batch/v1 HTTP/1.1" 207 2991 "https://simplipay.earth/" "Mozilla/5.0 (Windows NT 10.0; Win64; x64; rv:124.0) Gecko/20100101 Firefox/124.0"
195.178.110.108 - - [05/Aug/2026:10:52:14 +0000] "POST /index.php?rest_route=/batch/v1 HTTP/1.1" 207 2991 "https://simplipay.earth/" "Mozilla/5.0 (Windows NT 10.0; Win64; x64; rv:124.0) Gecko/20100101 Firefox/124.0"
195.178.110.108 - - [05/Aug/2026:10:52:16 +0000] "POST /index.php?rest_route=/batch/v1 HTTP/1.1" 207 2991 "https://simplipay.earth/" "Mozilla/5.0 (Windows NT 10.0; Win64; x64; rv:124.0) Gecko/20100101 Firefox/124.0"
195.178.110.108 - - [05/Aug/2026:10:52:17 +0000] "POST /index.php?rest_route=/batch/v1 HTTP/1.1" 207 2990 "https://simplipay.earth/" "Mozilla/5.0 (Windows NT 10.0; Win64; x64; rv:124.0) Gecko/20100101 Firefox/124.0"
195.178.110.108 - - [05/Aug/2026:10:52:18 +0000] "POST /index.php?rest_route=/batch/v1 HTTP/1.1" 207 2990 "https://simplipay.earth/" "Mozilla/5.0 (Windows NT 10.0; Win64; x64; rv:124.0) Gecko/20100101 Firefox/124.0"
195.178.110.108 - - [05/Aug/2026:10:52:20 +0000] "POST /index.php?rest_route=/batch/v1 HTTP/1.1" 207 2990 "https://simplipay.earth/" "Mozilla/5.0 (Windows NT 10.0; Win64; x64; rv:124.0) Gecko/20100101 Firefox/124.0"
195.178.110.108 - - [05/Aug/2026:10:52:20 +0000] "POST /index.php?rest_route=/batch/v1 HTTP/1.1" 207 2987 "https://simplipay.earth/" "Mozilla/5.0 (Windows NT 10.0; Win64; x64; rv:124.0) Gecko/20100101 Firefox/124.0"
195.178.110.108 - - [05/Aug/2026:10:52:22 +0000] "POST /index.php?rest_route=/batch/v1 HTTP/1.1" 207 2987 "https://simplipay.earth/" "Mozilla/5.0 (Windows NT 10.0; Win64; x64; rv:124.0) Gecko/20100101 Firefox/124.0"
195.178.110.108 - - [05/Aug/2026:10:52:24 +0000] "POST /index.php?rest_route=/batch/v1 HTTP/1.1" 207 2987 "https://simplipay.earth/" "Mozilla/5.0 (Windows NT 10.0; Win64; x64; rv:124.0) Gecko/20100101 Firefox/124.0"
195.178.110.108 - - [05/Aug/2026:10:52:24 +0000] "POST /index.php?rest_route=/batch/v1 HTTP/1.1" 207 2982 "https://simplipay.earth/" "Mozilla/5.0 (Windows NT 10.0; Win64; x64; rv:124.0) Gecko/20100101 Firefox/124.0"
195.178.110.108 - - [05/Aug/2026:10:52:24 +0000] "POST /index.php?rest_route=/batch/v1 HTTP/1.1" 207 631 "https://simplipay.earth/" "Mozilla/5.0 (Windows NT 10.0; Win64; x64; rv:124.0) Gecko/20100101 Firefox/124.0"
195.178.110.108 - - [05/Aug/2026:10:52:25 +0000] "POST /index.php?rest_route=/batch/v1 HTTP/1.1" 207 2909 "https://simplipay.earth/" "Mozilla/5.0 (Windows NT 10.0; Win64; x64; rv:124.0) Gecko/20100101 Firefox/124.0"
195.178.110.108 - - [05/Aug/2026:10:52:25 +0000] "POST /index.php?rest_route=/batch/v1 HTTP/1.1" 207 3097 "https://simplipay.earth/" "Mozilla/5.0 (Windows NT 10.0; Win64; x64; rv:124.0) Gecko/20100101 Firefox/124.0"
195.178.110.108 - - [05/Aug/2026:10:52:25 +0000] "POST /index.php?rest_route=/batch/v1 HTTP/1.1" 207 2982 "https://simplipay.earth/" "Mozilla/5.0 (Windows NT 10.0; Win64; x64; rv:124.0) Gecko/20100101 Firefox/124.0"
195.178.110.108 - - [05/Aug/2026:10:52:26 +0000] "POST /index.php?rest_route=/batch/v1 HTTP/1.1" 207 3146 "https://simplipay.earth/" "Mozilla/5.0 (Windows NT 10.0; Win64; x64; rv:124.0) Gecko/20100101 Firefox/124.0"
195.178.110.108 - - [05/Aug/2026:10:52:26 +0000] "GET /?rest_route=/wp/v2/posts&per_page=1&_fields=link HTTP/1.1" 200 134 "https://simplipay.earth/" "Mozilla/5.0 (Windows NT 10.0; Win64; x64; rv:124.0) Gecko/20100101 Firefox/124.0"
195.178.110.108 - - [05/Aug/2026:10:52:26 +0000] "POST /index.php?rest_route=/batch/v1 HTTP/1.1" 207 6192 "https://simplipay.earth/" "Mozilla/5.0 (Windows NT 10.0; Win64; x64; rv:124.0) Gecko/20100101 Firefox/124.0"
195.178.110.108 - - [05/Aug/2026:10:52:27 +0000] "POST /index.php?rest_route=/batch/v1 HTTP/1.1" 207 2982 "https://simplipay.earth/" "Mozilla/5.0 (Windows NT 10.0; Win64; x64; rv:124.0) Gecko/20100101 Firefox/124.0"
195.178.110.108 - - [05/Aug/2026:10:52:28 +0000] "POST /index.php?rest_route=/batch/v1 HTTP/1.1" 207 2979 "https://simplipay.earth/" "Mozilla/5.0 (Windows NT 10.0; Win64; x64; rv:124.0) Gecko/20100101 Firefox/124.0"
195.178.110.108 - - [05/Aug/2026:10:52:28 +0000] "POST /index.php?rest_route=/batch/v1 HTTP/1.1" 207 3095 "https://simplipay.earth/" "Mozilla/5.0 (Windows NT 10.0; Win64; x64; rv:124.0) Gecko/20100101 Firefox/124.0"
195.178.110.108 - - [05/Aug/2026:10:52:28 +0000] "POST /index.php?rest_route=/batch/v1 HTTP/1.1" 207 3095 "https://simplipay.earth/" "Mozilla/5.0 (Windows NT 10.0; Win64; x64; rv:124.0) Gecko/20100101 Firefox/124.0"
195.178.110.108 - - [05/Aug/2026:10:52:29 +0000] "POST /index.php?rest_route=/batch/v1 HTTP/1.1" 207 3095 "https://simplipay.earth/" "Mozilla/5.0 (Windows NT 10.0; Win64; x64; rv:124.0) Gecko/20100101 Firefox/124.0"
195.178.110.108 - - [05/Aug/2026:10:52:29 +0000] "POST /index.php?rest_route=/batch/v1 HTTP/1.1" 207 2979 "https://simplipay.earth/" "Mozilla/5.0 (Windows NT 10.0; Win64; x64; rv:124.0) Gecko/20100101 Firefox/124.0"
195.178.110.108 - - [05/Aug/2026:10:52:29 +0000] "POST /index.php?rest_route=/batch/v1 HTTP/1.1" 207 3657 "https://simplipay.earth/" "Mozilla/5.0 (Windows NT 10.0; Win64; x64; rv:124.0) Gecko/20100101 Firefox/124.0"
195.178.110.108 - - [05/Aug/2026:10:52:30 +0000] "POST /index.php?rest_route=/batch/v1 HTTP/1.1" 207 3024 "https://simplipay.earth/" "Mozilla/5.0 (Windows NT 10.0; Win64; x64; rv:124.0) Gecko/20100101 Firefox/124.0"
195.178.110.108 - - [05/Aug/2026:10:52:30 +0000] "POST /index.php?rest_route=/batch/v1 HTTP/1.1" 207 3005 "https://simplipay.earth/" "Mozilla/5.0 (Windows NT 10.0; Win64; x64; rv:124.0) Gecko/20100101 Firefox/124.0"
195.178.110.108 - - [05/Aug/2026:10:52:31 +0000] "POST /index.php?rest_route=/batch/v1 HTTP/1.1" 207 2979 "https://simplipay.earth/" "Mozilla/5.0 (Windows NT 10.0; Win64; x64; rv:124.0) Gecko/20100101 Firefox/124.0"
195.178.110.108 - - [05/Aug/2026:10:52:31 +0000] "POST /index.php?rest_route=/batch/v1 HTTP/1.1" 207 3525 "https://simplipay.earth/" "Mozilla/5.0 (Windows NT 10.0; Win64; x64; rv:124.0) Gecko/20100101 Firefox/124.0"
195.178.110.108 - - [05/Aug/2026:10:52:31 +0000] "POST /index.php?rest_route=/batch/v1 HTTP/1.1" 207 3005 "https://simplipay.earth/" "Mozilla/5.0 (Windows NT 10.0; Win64; x64; rv:124.0) Gecko/20100101 Firefox/124.0"
195.178.110.108 - - [05/Aug/2026:10:52:32 +0000] "POST /index.php?rest_route=/batch/v1 HTTP/1.1" 207 3525 "https://simplipay.earth/" "Mozilla/5.0 (Windows NT 10.0; Win64; x64; rv:124.0) Gecko/20100101 Firefox/124.0"
195.178.110.108 - - [05/Aug/2026:10:52:33 +0000] "POST /index.php?rest_route=/batch/v1 HTTP/1.1" 207 3005 "https://simplipay.earth/" "Mozilla/5.0 (Windows NT 10.0; Win64; x64; rv:124.0) Gecko/20100101 Firefox/124.0"
195.178.110.108 - - [05/Aug/2026:10:52:34 +0000] "POST /index.php?rest_route=/batch/v1 HTTP/1.1" 207 3005 "https://simplipay.earth/" "Mozilla/5.0 (Windows NT 10.0; Win64; x64; rv:124.0) Gecko/20100101 Firefox/124.0"
195.178.110.108 - - [05/Aug/2026:10:52:34 +0000] "POST /index.php?rest_route=/batch/v1 HTTP/1.1" 207 3525 "https://simplipay.earth/" "Mozilla/5.0 (Windows NT 10.0; Win64; x64; rv:124.0) Gecko/20100101 Firefox/124.0"
195.178.110.108 - - [05/Aug/2026:10:52:35 +0000] "POST /index.php?rest_route=/batch/v1 HTTP/1.1" 207 3005 "https://simplipay.earth/" "Mozilla/5.0 (Windows NT 10.0; Win64; x64; rv:124.0) Gecko/20100101 Firefox/124.0"
195.178.110.108 - - [05/Aug/2026:10:52:37 +0000] "POST /index.php?rest_route=/batch/v1 HTTP/1.1" 207 3005 "https://simplipay.earth/" "Mozilla/5.0 (Windows NT 10.0; Win64; x64; rv:124.0) Gecko/20100101 Firefox/124.0"
195.178.110.108 - - [05/Aug/2026:10:52:37 +0000] "POST /index.php?rest_route=/batch/v1 HTTP/1.1" 207 3015 "https://simplipay.earth/" "Mozilla/5.0 (Windows NT 10.0; Win64; x64; rv:124.0) Gecko/20100101 Firefox/124.0"
195.178.110.108 - - [05/Aug/2026:10:52:39 +0000] "POST /index.php?rest_route=/batch/v1 HTTP/1.1" 207 3015 "https://simplipay.earth/" "Mozilla/5.0 (Windows NT 10.0; Win64; x64; rv:124.0) Gecko/20100101 Firefox/124.0"
195.178.110.108 - - [05/Aug/2026:10:52:41 +0000] "POST /index.php?rest_route=/batch/v1 HTTP/1.1" 207 3015 "https://simplipay.earth/" "Mozilla/5.0 (Windows NT 10.0; Win64; x64; rv:124.0) Gecko/20100101 Firefox/124.0"
195.178.110.108 - - [05/Aug/2026:10:52:42 +0000] "POST /index.php?rest_route=/batch/v1 HTTP/1.1" 207 3019 "https://simplipay.earth/" "Mozilla/5.0 (Windows NT 10.0; Win64; x64; rv:124.0) Gecko/20100101 Firefox/124.0"
195.178.110.108 - - [05/Aug/2026:10:52:42 +0000] "GET /wp-login.php HTTP/1.1" 200 2025 "https://simplipay.earth/wp-login.php" "Mozilla/5.0 (Windows NT 10.0; Win64; x64; rv:124.0) Gecko/20100101 Firefox/124.0"
195.178.110.108 - - [05/Aug/2026:10:52:43 +0000] "POST /wp-login.php HTTP/1.1" 302 5 "https://simplipay.earth/wp-login.php" "Mozilla/5.0 (Windows NT 10.0; Win64; x64; rv:124.0) Gecko/20100101 Firefox/124.0"
195.178.110.108 - - [05/Aug/2026:10:52:44 +0000] "GET /wp-admin/ HTTP/1.1" 200 67932 "https://simplipay.earth/wp-login.php" "Mozilla/5.0 (Windows NT 10.0; Win64; x64; rv:124.0) Gecko/20100101 Firefox/124.0"
52.4.149.131 - - [05/Aug/2026:10:52:45 +0000] "POST /wp-cron.php?doing_wp_cron=1785927165.4346699714660644531250 HTTP/1.1" 499 0 "-" "WordPress/7.0; https://simplipay.earth"
195.178.110.108 - - [05/Aug/2026:10:52:45 +0000] "GET /wp-admin/users.php HTTP/1.1" 200 55463 "https://simplipay.earth/wp-login.php" "Mozilla/5.0 (Windows NT 10.0; Win64; x64; rv:124.0) Gecko/20100101 Firefox/124.0"
195.178.110.108 - - [05/Aug/2026:10:52:48 +0000] "GET /wp-login.php HTTP/1.1" 200 2025 "https://simplipay.earth/wp-login.php" "Mozilla/5.0 (Windows NT 10.0; Win64; x64; rv:124.0) Gecko/20100101 Firefox/124.0"
195.178.110.108 - - [05/Aug/2026:10:52:48 +0000] "POST /wp-login.php HTTP/1.1" 302 5 "https://simplipay.earth/wp-login.php" "Mozilla/5.0 (Windows NT 10.0; Win64; x64; rv:124.0) Gecko/20100101 Firefox/124.0"
195.178.110.108 - - [05/Aug/2026:10:52:49 +0000] "GET /wp-admin/ HTTP/1.1" 200 67937 "https://simplipay.earth/wp-login.php" "Mozilla/5.0 (Windows NT 10.0; Win64; x64; rv:124.0) Gecko/20100101 Firefox/124.0"
195.178.110.108 - - [05/Aug/2026:10:52:50 +0000] "GET /wp-admin/users.php HTTP/1.1" 200 55473 "https://simplipay.earth/wp-login.php" "Mozilla/5.0 (Windows NT 10.0; Win64; x64; rv:124.0) Gecko/20100101 Firefox/124.0"
195.178.110.108 - - [05/Aug/2026:10:52:50 +0000] "GET /wp-admin/plugin-install.php?tab=upload HTTP/1.1" 200 51448 "https://simplipay.earth/wp-login.php" "Mozilla/5.0 (Windows NT 10.0; Win64; x64; rv:124.0) Gecko/20100101 Firefox/124.0"
195.178.110.108 - - [05/Aug/2026:10:52:53 +0000] "POST /wp-admin/update.php?action=upload-plugin HTTP/1.1" 200 49418 "https://simplipay.earth/wp-login.php" "Mozilla/5.0 (Windows NT 10.0; Win64; x64; rv:124.0) Gecko/20100101 Firefox/124.0"
195.178.110.108 - - [05/Aug/2026:10:52:53 +0000] "GET /wp-content/plugins/nx_up_f4179682/nx_up_f4179682.php HTTP/1.1" 404 47 "https://simplipay.earth/wp-login.php" "Mozilla/5.0 (Windows NT 10.0; Win64; x64; rv:124.0) Gecko/20100101 Firefox/124.0"
195.178.110.108 - - [05/Aug/2026:10:52:54 +0000] "GET /wp-content/plugins/nx_up_f4179682/nx_up_f4179682.php HTTP/1.1" 404 47 "https://simplipay.earth/wp-login.php" "Mozilla/5.0 (Windows NT 10.0; Win64; x64; rv:124.0) Gecko/20100101 Firefox/124.0"
195.178.110.108 - - [05/Aug/2026:10:52:56 +0000] "GET /wp-content/plugins/nx_up_f4179682/nx_up_f4179682.php HTTP/1.1" 404 47 "https://simplipay.earth/wp-login.php" "Mozilla/5.0 (Windows NT 10.0; Win64; x64; rv:124.0) Gecko/20100101 Firefox/124.0"
195.178.110.108 - - [05/Aug/2026:10:52:57 +0000] "GET /wp-content/plugins/nx_up_f4179682/nx_up_f4179682.php HTTP/1.1" 404 47 "https://simplipay.earth/wp-login.php" "Mozilla/5.0 (Windows NT 10.0; Win64; x64; rv:124.0) Gecko/20100101 Firefox/124.0"
195.178.110.108 - - [05/Aug/2026:10:52:58 +0000] "GET /wp-content/plugins/nx_up_f4179682/nx_up_f4179682.php HTTP/1.1" 404 47 "https://simplipay.earth/wp-login.php" "Mozilla/5.0 (Windows NT 10.0; Win64; x64; rv:124.0) Gecko/20100101 Firefox/124.0"
195.178.110.108 - - [05/Aug/2026:10:52:59 +0000] "GET /wp-content/plugins/nx_up_f4179682/nx_up_f4179682.php HTTP/1.1" 404 47 "https://simplipay.earth/wp-login.php" "Mozilla/5.0 (Windows NT 10.0; Win64; x64; rv:124.0) Gecko/20100101 Firefox/124.0"
195.178.110.108 - - [05/Aug/2026:10:53:01 +0000] "GET /wp-content/plugins/nx_up_f4179682/nx_up_f4179682.php HTTP/1.1" 404 47 "https://simplipay.earth/wp-login.php" "Mozilla/5.0 (Windows NT 10.0; Win64; x64; rv:124.0) Gecko/20100101 Firefox/124.0"
195.178.110.108 - - [05/Aug/2026:10:53:01 +0000] "GET /wp-admin/plugin-install.php HTTP/1.1" 200 58261 "https://simplipay.earth/wp-login.php" "Mozilla/5.0 (Windows NT 10.0; Win64; x64; rv:124.0) Gecko/20100101 Firefox/124.0"
195.178.110.108 - - [05/Aug/2026:10:53:03 +0000] "POST /wp-admin/update.php?action=upload-plugin HTTP/1.1" 200 49420 "https://simplipay.earth/wp-login.php" "Mozilla/5.0 (Windows NT 10.0; Win64; x64; rv:124.0) Gecko/20100101 Firefox/124.0"
195.178.110.108 - - [05/Aug/2026:10:53:03 +0000] "GET /wp-content/plugins/nx_up_f4179682/nx_up_f4179682.php HTTP/1.1" 404 47 "https://simplipay.earth/wp-login.php" "Mozilla/5.0 (Windows NT 10.0; Win64; x64; rv:124.0) Gecko/20100101 Firefox/124.0"
195.178.110.108 - - [05/Aug/2026:10:53:04 +0000] "GET /wp-content/plugins/nx_up_f4179682/nx_up_f4179682.php HTTP/1.1" 404 47 "https://simplipay.earth/wp-login.php" "Mozilla/5.0 (Windows NT 10.0; Win64; x64; rv:124.0) Gecko/20100101 Firefox/124.0"
195.178.110.108 - - [05/Aug/2026:10:53:06 +0000] "GET /wp-content/plugins/nx_up_f4179682/nx_up_f4179682.php HTTP/1.1" 404 47 "https://simplipay.earth/wp-login.php" "Mozilla/5.0 (Windows NT 10.0; Win64; x64; rv:124.0) Gecko/20100101 Firefox/124.0"
195.178.110.108 - - [05/Aug/2026:10:53:07 +0000] "GET /wp-content/plugins/nx_up_f4179682/nx_up_f4179682.php HTTP/1.1" 404 47 "https://simplipay.earth/wp-login.php" "Mozilla/5.0 (Windows NT 10.0; Win64; x64; rv:124.0) Gecko/20100101 Firefox/124.0"
